[INFO] cloning repository https://github.com/AntonisManiatis/yatter
[INFO] running `Command { std: "git" "-c" "credential.helper=" "-c" "credential.helper=/workspace/cargo-home/bin/git-credential-null" "clone" "--bare" "https://github.com/AntonisManiatis/yatter" "/workspace/cache/git-repos/https%3A%2F%2Fgithub.com%2FAntonisManiatis%2Fyatter", kill_on_drop: false }`
[INFO] [stderr] Cloning into bare repository '/workspace/cache/git-repos/https%3A%2F%2Fgithub.com%2FAntonisManiatis%2Fyatter'...
[INFO] running `Command { std: "git" "rev-parse" "HEAD", kill_on_drop: false }`
[INFO] [stdout] b56e5ad81ce40bf7b0ec1e59515f2a09482e046a
[INFO] testing AntonisManiatis/yatter against 1.83.0 for beta-1.84.0-4-retry
[INFO] running `Command { std: "git" "clone" "/workspace/cache/git-repos/https%3A%2F%2Fgithub.com%2FAntonisManiatis%2Fyatter" "/workspace/builds/worker-7-tc1/source", kill_on_drop: false }`
[INFO] [stderr] Cloning into '/workspace/builds/worker-7-tc1/source'...
[INFO] [stderr] done.
[INFO] validating manifest of git repo https://github.com/AntonisManiatis/yatter on toolchain 1.83.0
[INFO] running `Command { std: CARGO_HOME="/workspace/cargo-home" RUSTUP_HOME="/workspace/rustup-home" "/workspace/cargo-home/bin/cargo" "+1.83.0" "metadata" "--manifest-path" "Cargo.toml" "--no-deps", kill_on_drop: false }`
[INFO] started tweaking git repo https://github.com/AntonisManiatis/yatter
[INFO] finished tweaking git repo https://github.com/AntonisManiatis/yatter
[INFO] tweaked toml for git repo https://github.com/AntonisManiatis/yatter written to /workspace/builds/worker-7-tc1/source/Cargo.toml
[INFO] crate git repo https://github.com/AntonisManiatis/yatter already has a lockfile, it will not be regenerated
[INFO] running `Command { std: CARGO_HOME="/workspace/cargo-home" RUSTUP_HOME="/workspace/rustup-home" "/workspace/cargo-home/bin/cargo" "+1.83.0" "fetch" "--manifest-path" "Cargo.toml", kill_on_drop: false }`
[INFO] [stderr]     Blocking waiting for file lock on package cache
[INFO] [stderr]  Downloading crates ...
[INFO] [stderr]   Downloaded quote v1.0.25
[INFO] [stderr]   Downloaded cxxbridge-flags v1.0.92
[INFO] [stderr]   Downloaded cxxbridge-macro v1.0.92
[INFO] [stderr]   Downloaded io-lifetimes v1.0.7
[INFO] [stderr]   Downloaded cxx-build v1.0.92
[INFO] [stderr]   Downloaded clap v4.1.9
[INFO] [stderr]   Downloaded cxx v1.0.92
[INFO] running `Command { std: "docker" "create" "-v" "/var/lib/crater-agent-workspace/builds/worker-7-tc1/target:/opt/rustwide/target:rw,Z" "-v" "/var/lib/crater-agent-workspace/builds/worker-7-tc1/source:/opt/rustwide/workdir:ro,Z" "-v" "/var/lib/crater-agent-workspace/cargo-home:/opt/rustwide/cargo-home:ro,Z" "-v" "/var/lib/crater-agent-workspace/rustup-home:/opt/rustwide/rustup-home:ro,Z" "-e" "SOURCE_DIR=/opt/rustwide/workdir" "-e" "CARGO_TARGET_DIR=/opt/rustwide/target" "-e" "CARGO_HOME=/opt/rustwide/cargo-home" "-e" "RUSTUP_HOME=/opt/rustwide/rustup-home" "-w" "/opt/rustwide/workdir" "-m" "1610612736" "--user" "0:0" "--network" "none" "ghcr.io/rust-lang/crates-build-env/linux@sha256:f3a9d4ad9d972b27faf3965f35b62e55ba32bbce8f20bc8fe909558a86702fde" "/opt/rustwide/cargo-home/bin/cargo" "+1.83.0" "metadata" "--no-deps" "--format-version=1", kill_on_drop: false }`
[INFO] [stdout] 7c663b8ac69a245f37219e2c5ffd3f75e97509c78a9e580c24f1753ca4922384
[INFO] running `Command { std: "docker" "start" "-a" "7c663b8ac69a245f37219e2c5ffd3f75e97509c78a9e580c24f1753ca4922384", kill_on_drop: false }`
[INFO] running `Command { std: "docker" "inspect" "7c663b8ac69a245f37219e2c5ffd3f75e97509c78a9e580c24f1753ca4922384", kill_on_drop: false }`
[INFO] running `Command { std: "docker" "rm" "-f" "7c663b8ac69a245f37219e2c5ffd3f75e97509c78a9e580c24f1753ca4922384", kill_on_drop: false }`
[INFO] [stdout] 7c663b8ac69a245f37219e2c5ffd3f75e97509c78a9e580c24f1753ca4922384
[INFO] running `Command { std: "docker" "create" "-v" "/var/lib/crater-agent-workspace/builds/worker-7-tc1/target:/opt/rustwide/target:rw,Z" "-v" "/var/lib/crater-agent-workspace/builds/worker-7-tc1/source:/opt/rustwide/workdir:ro,Z" "-v" "/var/lib/crater-agent-workspace/cargo-home:/opt/rustwide/cargo-home:ro,Z" "-v" "/var/lib/crater-agent-workspace/rustup-home:/opt/rustwide/rustup-home:ro,Z" "-e" "SOURCE_DIR=/opt/rustwide/workdir" "-e" "CARGO_TARGET_DIR=/opt/rustwide/target" "-e" "CARGO_INCREMENTAL=0" "-e" "RUST_BACKTRACE=full" "-e" "RUSTFLAGS=--cap-lints=warn" "-e" "RUSTDOCFLAGS=--cap-lints=warn" "-e" "CARGO_HOME=/opt/rustwide/cargo-home" "-e" "RUSTUP_HOME=/opt/rustwide/rustup-home" "-w" "/opt/rustwide/workdir" "-m" "1610612736" "--user" "0:0" "--network" "none" "ghcr.io/rust-lang/crates-build-env/linux@sha256:f3a9d4ad9d972b27faf3965f35b62e55ba32bbce8f20bc8fe909558a86702fde" "/opt/rustwide/cargo-home/bin/cargo" "+1.83.0" "build" "--frozen" "--message-format=json", kill_on_drop: false }`
[INFO] [stdout] 2e777ed6a8df60041869807533ee145aed9055b969c79355eee21f060dd0df27
[INFO] running `Command { std: "docker" "start" "-a" "2e777ed6a8df60041869807533ee145aed9055b969c79355eee21f060dd0df27", kill_on_drop: false }`
[INFO] [stderr]    Compiling libc v0.2.140
[INFO] [stderr]    Compiling proc-macro2 v1.0.52
[INFO] [stderr]    Compiling unicode-ident v1.0.8
[INFO] [stderr]    Compiling quote v1.0.25
[INFO] [stderr]    Compiling syn v1.0.109
[INFO] [stderr]    Compiling io-lifetimes v1.0.7
[INFO] [stderr]    Compiling rustix v0.36.9
[INFO] [stderr]    Compiling bitflags v1.3.2
[INFO] [stderr]    Compiling linux-raw-sys v0.1.4
[INFO] [stderr]    Compiling heck v0.4.1
[INFO] [stderr]    Compiling os_str_bytes v6.4.1
[INFO] [stderr]    Compiling strsim v0.10.0
[INFO] [stderr]    Compiling iana-time-zone v0.1.53
[INFO] [stderr]    Compiling once_cell v1.17.1
[INFO] [stderr]    Compiling proc-macro-error-attr v1.0.4
[INFO] [stderr]    Compiling proc-macro-error v1.0.4
[INFO] [stderr]    Compiling num-traits v0.2.15
[INFO] [stderr]    Compiling num-integer v0.1.45
[INFO] [stderr]    Compiling clap_lex v0.3.3
[INFO] [stderr]    Compiling termcolor v1.2.0
[INFO] [stderr]    Compiling time v0.1.45
[INFO] [stderr]    Compiling chrono v0.4.24
[INFO] [stderr]    Compiling is-terminal v0.4.4
[INFO] [stderr]    Compiling clap_derive v4.1.9
[INFO] [stderr]    Compiling clap v4.1.9
[INFO] [stderr]    Compiling yatter v0.1.0 (/opt/rustwide/workdir)
[INFO] [stdout] warning: unused variable: `f`
[INFO] [stdout]   --> src/services/tracking.rs:40:19
[INFO] [stdout]    |
[INFO] [stdout] 40 |     fn fmt(&self, f: &mut std::fmt::Formatter<'_>) -> std::fmt::Result {
[INFO] [stdout]    |                   ^ help: if this is intentional, prefix it with an underscore: `_f`
[INFO] [stdout]    |
[INFO] [stdout]    = note: `#[warn(unused_variables)]` on by default
[INFO] [stdout] 
[INFO] [stdout] 
[INFO] [stdout] warning: unused variable: `f`
[INFO] [stdout]   --> src/services/tracking.rs:72:19
[INFO] [stdout]    |
[INFO] [stdout] 72 |     fn fmt(&self, f: &mut std::fmt::Formatter<'_>) -> std::fmt::Result {
[INFO] [stdout]    |                   ^ help: if this is intentional, prefix it with an underscore: `_f`
[INFO] [stdout] 
[INFO] [stdout] 
[INFO] [stdout] warning: unused variable: `target_project`
[INFO] [stdout]    --> src/services/tracking.rs:153:15
[INFO] [stdout]     |
[INFO] [stdout] 153 | pub fn status(target_project: Option<PathBuf>) -> Result<(), StatusError> {
[INFO] [stdout]     |               ^^^^^^^^^^^^^^ help: if this is intentional, prefix it with an underscore: `_target_project`
[INFO] [stdout] 
[INFO] [stdout] 
[INFO] [stderr]     Finished `dev` profile [unoptimized + debuginfo] target(s) in 19.09s
[INFO] running `Command { std: "docker" "inspect" "2e777ed6a8df60041869807533ee145aed9055b969c79355eee21f060dd0df27", kill_on_drop: false }`
[INFO] running `Command { std: "docker" "rm" "-f" "2e777ed6a8df60041869807533ee145aed9055b969c79355eee21f060dd0df27", kill_on_drop: false }`
[INFO] [stdout] 2e777ed6a8df60041869807533ee145aed9055b969c79355eee21f060dd0df27
[INFO] running `Command { std: "docker" "create" "-v" "/var/lib/crater-agent-workspace/builds/worker-7-tc1/target:/opt/rustwide/target:rw,Z" "-v" "/var/lib/crater-agent-workspace/builds/worker-7-tc1/source:/opt/rustwide/workdir:ro,Z" "-v" "/var/lib/crater-agent-workspace/cargo-home:/opt/rustwide/cargo-home:ro,Z" "-v" "/var/lib/crater-agent-workspace/rustup-home:/opt/rustwide/rustup-home:ro,Z" "-e" "SOURCE_DIR=/opt/rustwide/workdir" "-e" "CARGO_TARGET_DIR=/opt/rustwide/target" "-e" "CARGO_INCREMENTAL=0" "-e" "RUST_BACKTRACE=full" "-e" "RUSTFLAGS=--cap-lints=warn" "-e" "RUSTDOCFLAGS=--cap-lints=warn" "-e" "CARGO_HOME=/opt/rustwide/cargo-home" "-e" "RUSTUP_HOME=/opt/rustwide/rustup-home" "-w" "/opt/rustwide/workdir" "-m" "1610612736" "--user" "0:0" "--network" "none" "ghcr.io/rust-lang/crates-build-env/linux@sha256:f3a9d4ad9d972b27faf3965f35b62e55ba32bbce8f20bc8fe909558a86702fde" "/opt/rustwide/cargo-home/bin/cargo" "+1.83.0" "test" "--frozen" "--no-run" "--message-format=json", kill_on_drop: false }`
[INFO] [stdout] 92557ec57f4e1dcfbe1d68ce4b229fe8776f32c2101d115471ea627cdb31e9cf
[INFO] running `Command { std: "docker" "start" "-a" "92557ec57f4e1dcfbe1d68ce4b229fe8776f32c2101d115471ea627cdb31e9cf", kill_on_drop: false }`
[INFO] [stderr]    Compiling yatter v0.1.0 (/opt/rustwide/workdir)
[INFO] [stdout] warning: unused variable: `f`
[INFO] [stdout]   --> src/services/tracking.rs:40:19
[INFO] [stdout]    |
[INFO] [stdout] 40 |     fn fmt(&self, f: &mut std::fmt::Formatter<'_>) -> std::fmt::Result {
[INFO] [stdout]    |                   ^ help: if this is intentional, prefix it with an underscore: `_f`
[INFO] [stdout]    |
[INFO] [stdout]    = note: `#[warn(unused_variables)]` on by default
[INFO] [stdout] 
[INFO] [stdout] 
[INFO] [stdout] warning: unused variable: `f`
[INFO] [stdout]   --> src/services/tracking.rs:72:19
[INFO] [stdout]    |
[INFO] [stdout] 72 |     fn fmt(&self, f: &mut std::fmt::Formatter<'_>) -> std::fmt::Result {
[INFO] [stdout]    |                   ^ help: if this is intentional, prefix it with an underscore: `_f`
[INFO] [stdout] 
[INFO] [stdout] 
[INFO] [stdout] warning: unused variable: `target_project`
[INFO] [stdout]    --> src/services/tracking.rs:153:15
[INFO] [stdout]     |
[INFO] [stdout] 153 | pub fn status(target_project: Option<PathBuf>) -> Result<(), StatusError> {
[INFO] [stdout]     |               ^^^^^^^^^^^^^^ help: if this is intentional, prefix it with an underscore: `_target_project`
[INFO] [stdout] 
[INFO] [stdout] 
[INFO] [stdout] warning: unused variable: `f`
[INFO] [stdout]   --> src/services/tracking.rs:40:19
[INFO] [stdout]    |
[INFO] [stdout] 40 |     fn fmt(&self, f: &mut std::fmt::Formatter<'_>) -> std::fmt::Result {
[INFO] [stdout]    |                   ^ help: if this is intentional, prefix it with an underscore: `_f`
[INFO] [stdout]    |
[INFO] [stdout]    = note: `#[warn(unused_variables)]` on by default
[INFO] [stdout] 
[INFO] [stdout] 
[INFO] [stdout] warning: unused variable: `f`
[INFO] [stdout]   --> src/services/tracking.rs:72:19
[INFO] [stdout]    |
[INFO] [stdout] 72 |     fn fmt(&self, f: &mut std::fmt::Formatter<'_>) -> std::fmt::Result {
[INFO] [stdout]    |                   ^ help: if this is intentional, prefix it with an underscore: `_f`
[INFO] [stdout] 
[INFO] [stdout] 
[INFO] [stdout] warning: unused variable: `target_project`
[INFO] [stdout]    --> src/services/tracking.rs:153:15
[INFO] [stdout]     |
[INFO] [stdout] 153 | pub fn status(target_project: Option<PathBuf>) -> Result<(), StatusError> {
[INFO] [stdout]     |               ^^^^^^^^^^^^^^ help: if this is intentional, prefix it with an underscore: `_target_project`
[INFO] [stdout] 
[INFO] [stdout] 
[INFO] [stderr]     Finished `test` profile [unoptimized + debuginfo] target(s) in 1.39s
[INFO] running `Command { std: "docker" "inspect" "92557ec57f4e1dcfbe1d68ce4b229fe8776f32c2101d115471ea627cdb31e9cf", kill_on_drop: false }`
[INFO] running `Command { std: "docker" "rm" "-f" "92557ec57f4e1dcfbe1d68ce4b229fe8776f32c2101d115471ea627cdb31e9cf", kill_on_drop: false }`
[INFO] [stdout] 92557ec57f4e1dcfbe1d68ce4b229fe8776f32c2101d115471ea627cdb31e9cf
[INFO] running `Command { std: "docker" "create" "-v" "/var/lib/crater-agent-workspace/builds/worker-7-tc1/target:/opt/rustwide/target:rw,Z" "-v" "/var/lib/crater-agent-workspace/builds/worker-7-tc1/source:/opt/rustwide/workdir:ro,Z" "-v" "/var/lib/crater-agent-workspace/cargo-home:/opt/rustwide/cargo-home:ro,Z" "-v" "/var/lib/crater-agent-workspace/rustup-home:/opt/rustwide/rustup-home:ro,Z" "-e" "SOURCE_DIR=/opt/rustwide/workdir" "-e" "CARGO_TARGET_DIR=/opt/rustwide/target" "-e" "CARGO_INCREMENTAL=0" "-e" "RUST_BACKTRACE=full" "-e" "RUSTFLAGS=--cap-lints=warn" "-e" "RUSTDOCFLAGS=--cap-lints=warn" "-e" "CARGO_HOME=/opt/rustwide/cargo-home" "-e" "RUSTUP_HOME=/opt/rustwide/rustup-home" "-w" "/opt/rustwide/workdir" "-m" "1610612736" "--user" "0:0" "--network" "none" "ghcr.io/rust-lang/crates-build-env/linux@sha256:f3a9d4ad9d972b27faf3965f35b62e55ba32bbce8f20bc8fe909558a86702fde" "/opt/rustwide/cargo-home/bin/cargo" "+1.83.0" "test" "--frozen", kill_on_drop: false }`
[INFO] [stdout] 866e0158a3ee44b19f003944daa7aa91c0af29db42b3982d824284446caee217
[INFO] running `Command { std: "docker" "start" "-a" "866e0158a3ee44b19f003944daa7aa91c0af29db42b3982d824284446caee217", kill_on_drop: false }`
[INFO] [stderr] warning: unused variable: `f`
[INFO] [stderr]   --> src/services/tracking.rs:40:19
[INFO] [stderr]    |
[INFO] [stderr] 40 |     fn fmt(&self, f: &mut std::fmt::Formatter<'_>) -> std::fmt::Result {
[INFO] [stderr]    |                   ^ help: if this is intentional, prefix it with an underscore: `_f`
[INFO] [stderr]    |
[INFO] [stderr]    = note: `#[warn(unused_variables)]` on by default
[INFO] [stderr] 
[INFO] [stderr] warning: unused variable: `f`
[INFO] [stderr]   --> src/services/tracking.rs:72:19
[INFO] [stderr]    |
[INFO] [stderr] 72 |     fn fmt(&self, f: &mut std::fmt::Formatter<'_>) -> std::fmt::Result {
[INFO] [stderr]    |                   ^ help: if this is intentional, prefix it with an underscore: `_f`
[INFO] [stderr] 
[INFO] [stderr] warning: unused variable: `target_project`
[INFO] [stderr]    --> src/services/tracking.rs:153:15
[INFO] [stderr]     |
[INFO] [stderr] 153 | pub fn status(target_project: Option<PathBuf>) -> Result<(), StatusError> {
[INFO] [stderr]     |               ^^^^^^^^^^^^^^ help: if this is intentional, prefix it with an underscore: `_target_project`
[INFO] [stderr] 
[INFO] [stderr] warning: `yatter` (lib) generated 3 warnings
[INFO] [stderr] warning: `yatter` (lib test) generated 3 warnings (3 duplicates)
[INFO] [stderr]     Finished `test` profile [unoptimized + debuginfo] target(s) in 0.07s
[INFO] [stderr]      Running unittests src/lib.rs (/opt/rustwide/target/debug/deps/yatter-551d1bb0f85bd1b3)
[INFO] [stdout] 
[INFO] [stdout] running 15 tests
[INFO] [stdout] test entities::tests::appending_a_date_entry_into_an_empty_sheet_also_creates_a_slot_with_a_start_time_for_that_date ... ok
[INFO] [stdout] test parser::tests::parsing_a_date_line_that_has_no_slots_is_valid ... ok
[INFO] [stdout] test entities::tests::appending_a_date_entry_to_a_non_empty_sheet_that_has_a_slot_completed_creates_another ... ok
[INFO] [stdout] test parser::tests::parsing_a_line_that_does_not_start_with_a_dash_is_ignored ... ok
[INFO] [stdout] test parser::tests::parsing_an_empty_text_gives_an_empty_time_sheet ... ok
[INFO] [stdout] test parser::tests::a_line_ ... ok
[INFO] [stdout] test entities::tests::appending_a_date_entry_to_a_non_empty_sheet_updates_the_slots_end_time_for_that_date ... ok
[INFO] [stdout] test parser::tests::printing::to_text_for_a_time_entry_prints_time_with_correct_zeros_if_hour_or_minute_is_single_digit ... ok
[INFO] [stdout] test parser::tests::printing::to_text_writes ... ok
[INFO] [stdout] test parser::tests::parsing_an_incomplete_time_entry_returns_none ... ok
[INFO] [stdout] test parser::tests::try_parsing_an_incomplete_time_slot ... ok
[INFO] [stdout] test parser::tests::parsing_a_date_line_is_not_affected_by_whitespaces ... ok
[INFO] [stdout] test parser::tests::parsing_a_single_date_line_gives_a_time_sheet_with_one_entry ... ok
[INFO] [stdout] test parser::tests::try_parsing_a_valid_time_entry ... ok
[INFO] [stdout] test parser::tests::try_parsing_a_valid_time_slot ... ok
[INFO] [stderr]      Running unittests src/main.rs (/opt/rustwide/target/debug/deps/yatter-07e5e0c48d1b010a)
[INFO] [stdout] 
[INFO] [stdout] test result: ok. 15 passed; 0 failed; 0 ignored; 0 measured; 0 filtered out; finished in 0.02s
[INFO] [stdout] 
[INFO] [stdout] 
[INFO] [stdout] running 0 tests
[INFO] [stdout] 
[INFO] [stdout] test result: ok. 0 passed; 0 failed; 0 ignored; 0 measured; 0 filtered out; finished in 0.00s
[INFO] [stdout] 
[INFO] [stderr]      Running tests/integration_test.rs (/opt/rustwide/target/debug/deps/integration_test-3dcd66f2ea63d28b)
[INFO] [stdout] 
[INFO] [stdout] running 4 tests
[INFO] [stdout] test punching_in_a_directory_that_is_not_initialized_returns_a_project_not_found_error ... ok
[INFO] [stdout] test providing_a_target_directory_uses_that_as_root_for_the_hours_dir ... FAILED
[INFO] [stdout] test punching_without_providing_any_args_creates_the_hours_dir_in_the_current_working_dir ... FAILED
[INFO] [stdout] test init_creates_a_directory_in_the_specified_path_if_it_not_exists ... FAILED
[INFO] [stdout] 
[INFO] [stdout] failures:
[INFO] [stdout] 
[INFO] [stdout] ---- providing_a_target_directory_uses_that_as_root_for_the_hours_dir stdout ----
[INFO] [stdout] Error: DirError
[INFO] [stdout] 
[INFO] [stdout] ---- punching_without_providing_any_args_creates_the_hours_dir_in_the_current_working_dir stdout ----
[INFO] [stdout] Error: DirError
[INFO] [stdout] 
[INFO] [stdout] ---- init_creates_a_directory_in_the_specified_path_if_it_not_exists stdout ----
[INFO] [stdout] thread 'init_creates_a_directory_in_the_specified_path_if_it_not_exists' panicked at tests/integration_test.rs:33:5:
[INFO] [stdout] assertion failed: result.is_ok()
[INFO] [stdout] stack backtrace:
[INFO] [stdout]    0:     0x58ad121959aa - std::backtrace_rs::backtrace::libunwind::trace::h5a5b8284f2d0c266
[INFO] [stdout]                                at /rustc/90b35a6239c3d8bdabc530a6a0816f7ff89a0aaf/library/std/src/../../backtrace/src/backtrace/libunwind.rs:116:5
[INFO] [stdout]    1:     0x58ad121959aa - std::backtrace_rs::backtrace::trace_unsynchronized::h76d4f1c9b0b875e3
[INFO] [stdout]                                at /rustc/90b35a6239c3d8bdabc530a6a0816f7ff89a0aaf/library/std/src/../../backtrace/src/backtrace/mod.rs:66:5
[INFO] [stdout]    2:     0x58ad121959aa - std::sys::backtrace::_print_fmt::hc4546b8364a537c6
[INFO] [stdout]                                at /rustc/90b35a6239c3d8bdabc530a6a0816f7ff89a0aaf/library/std/src/sys/backtrace.rs:66:9
[INFO] [stdout]    3:     0x58ad121959aa - <std::sys::backtrace::BacktraceLock::print::DisplayBacktrace as core::fmt::Display>::fmt::h5b6bd5631a6d1f6b
[INFO] [stdout]                                at /rustc/90b35a6239c3d8bdabc530a6a0816f7ff89a0aaf/library/std/src/sys/backtrace.rs:39:26
[INFO] [stdout]    4:     0x58ad121bbc33 - core::fmt::rt::Argument::fmt::h270f6602a2b96f62
[INFO] [stdout]                                at /rustc/90b35a6239c3d8bdabc530a6a0816f7ff89a0aaf/library/core/src/fmt/rt.rs:177:76
[INFO] [stdout]    5:     0x58ad121bbc33 - core::fmt::write::h7550c97b06c86515
[INFO] [stdout]                                at /rustc/90b35a6239c3d8bdabc530a6a0816f7ff89a0aaf/library/core/src/fmt/mod.rs:1186:21
[INFO] [stdout]    6:     0x58ad121929b3 - std::io::Write::write_fmt::h509ff860e5956e5e
[INFO] [stdout]                                at /rustc/90b35a6239c3d8bdabc530a6a0816f7ff89a0aaf/library/std/src/io/mod.rs:1839:15
[INFO] [stdout]    7:     0x58ad121957f2 - std::sys::backtrace::BacktraceLock::print::h2395ccd2c84ba3aa
[INFO] [stdout]                                at /rustc/90b35a6239c3d8bdabc530a6a0816f7ff89a0aaf/library/std/src/sys/backtrace.rs:42:9
[INFO] [stdout]    8:     0x58ad12196e0a - std::panicking::default_hook::{{closure}}::he19d4c7230e07961
[INFO] [stdout]                                at /rustc/90b35a6239c3d8bdabc530a6a0816f7ff89a0aaf/library/std/src/panicking.rs:268:22
[INFO] [stdout]    9:     0x58ad12196c14 - std::panicking::default_hook::hf614597d3c67bbdb
[INFO] [stdout]                                at /rustc/90b35a6239c3d8bdabc530a6a0816f7ff89a0aaf/library/std/src/panicking.rs:292:9
[INFO] [stdout]   10:     0x58ad121111c9 - <alloc::boxed::Box<F,A> as core::ops::function::Fn<Args>>::call::h39b51ce4599c23d1
[INFO] [stdout]                                at /rustc/90b35a6239c3d8bdabc530a6a0816f7ff89a0aaf/library/alloc/src/boxed.rs:2468:9
[INFO] [stdout]   11:     0x58ad121111c9 - test::test_main::{{closure}}::he977ae839a582784
[INFO] [stdout]                                at /rustc/90b35a6239c3d8bdabc530a6a0816f7ff89a0aaf/library/test/src/lib.rs:133:21
[INFO] [stdout]   12:     0x58ad121974a8 - <alloc::boxed::Box<F,A> as core::ops::function::Fn<Args>>::call::h9455091b6b06f9fb
[INFO] [stdout]                                at /rustc/90b35a6239c3d8bdabc530a6a0816f7ff89a0aaf/library/alloc/src/boxed.rs:2468:9
[INFO] [stdout]   13:     0x58ad121974a8 - std::panicking::rust_panic_with_hook::h8942133a8b252070
[INFO] [stdout]                                at /rustc/90b35a6239c3d8bdabc530a6a0816f7ff89a0aaf/library/std/src/panicking.rs:809:13
[INFO] [stdout]   14:     0x58ad12197236 - std::panicking::begin_panic_handler::{{closure}}::hb5f5963570096b29
[INFO] [stdout]                                at /rustc/90b35a6239c3d8bdabc530a6a0816f7ff89a0aaf/library/std/src/panicking.rs:667:13
[INFO] [stdout]   15:     0x58ad12195e89 - std::sys::backtrace::__rust_end_short_backtrace::h6208cedc1922feda
[INFO] [stdout]                                at /rustc/90b35a6239c3d8bdabc530a6a0816f7ff89a0aaf/library/std/src/sys/backtrace.rs:170:18
[INFO] [stdout]   16:     0x58ad12196efc - rust_begin_unwind
[INFO] [stdout]                                at /rustc/90b35a6239c3d8bdabc530a6a0816f7ff89a0aaf/library/std/src/panicking.rs:665:5
[INFO] [stdout]   17:     0x58ad120d6bd0 - core::panicking::panic_fmt::h0c3082644d1bf418
[INFO] [stdout]                                at /rustc/90b35a6239c3d8bdabc530a6a0816f7ff89a0aaf/library/core/src/panicking.rs:74:14
[INFO] [stdout]   18:     0x58ad120d6c5c - core::panicking::panic::h957f98c65a3b3074
[INFO] [stdout]                                at /rustc/90b35a6239c3d8bdabc530a6a0816f7ff89a0aaf/library/core/src/panicking.rs:148:5
[INFO] [stdout]   19:     0x58ad120d85df - integration_test::init_creates_a_directory_in_the_specified_path_if_it_not_exists::h99bf14704f0f5ab9
[INFO] [stdout]                                at /opt/rustwide/workdir/tests/integration_test.rs:33:5
[INFO] [stdout]   20:     0x58ad120d8537 - integration_test::init_creates_a_directory_in_the_specified_path_if_it_not_exists::{{closure}}::hce4a1dd3f877e2c8
[INFO] [stdout]                                at /opt/rustwide/workdir/tests/integration_test.rs:25:69
[INFO] [stdout]   21:     0x58ad120d7976 - core::ops::function::FnOnce::call_once::h0d686eae0f7cb952
[INFO] [stdout]                                at /rustc/90b35a6239c3d8bdabc530a6a0816f7ff89a0aaf/library/core/src/ops/function.rs:250:5
[INFO] [stdout]   22:     0x58ad12115b8b - core::ops::function::FnOnce::call_once::h109cf8051a59b34e
[INFO] [stdout]                                at /rustc/90b35a6239c3d8bdabc530a6a0816f7ff89a0aaf/library/core/src/ops/function.rs:250:5
[INFO] [stdout]   23:     0x58ad12115b8b - test::__rust_begin_short_backtrace::hf4fff89d377446ba
[INFO] [stdout]                                at /rustc/90b35a6239c3d8bdabc530a6a0816f7ff89a0aaf/library/test/src/lib.rs:621:18
[INFO] [stdout]   24:     0x58ad121153c7 - test::run_test_in_process::{{closure}}::h0e39181dd7ee5a43
[INFO] [stdout]                                at /rustc/90b35a6239c3d8bdabc530a6a0816f7ff89a0aaf/library/test/src/lib.rs:644:60
[INFO] [stdout]   25:     0x58ad121153c7 - <core::panic::unwind_safe::AssertUnwindSafe<F> as core::ops::function::FnOnce<()>>::call_once::hc5a66a30f0bdfd1f
[INFO] [stdout]                                at /rustc/90b35a6239c3d8bdabc530a6a0816f7ff89a0aaf/library/core/src/panic/unwind_safe.rs:272:9
[INFO] [stdout]   26:     0x58ad121153c7 - std::panicking::try::do_call::h873b7cf639554a5e
[INFO] [stdout]                                at /rustc/90b35a6239c3d8bdabc530a6a0816f7ff89a0aaf/library/std/src/panicking.rs:557:40
[INFO] [stdout]   27:     0x58ad121153c7 - std::panicking::try::hdb19862fad9c8bd1
[INFO] [stdout]                                at /rustc/90b35a6239c3d8bdabc530a6a0816f7ff89a0aaf/library/std/src/panicking.rs:520:19
[INFO] [stdout]   28:     0x58ad121153c7 - std::panic::catch_unwind::h281fe732d236d260
[INFO] [stdout]                                at /rustc/90b35a6239c3d8bdabc530a6a0816f7ff89a0aaf/library/std/src/panic.rs:358:14
[INFO] [stdout]   29:     0x58ad121153c7 - test::run_test_in_process::h949b6df8457ed338
[INFO] [stdout]                                at /rustc/90b35a6239c3d8bdabc530a6a0816f7ff89a0aaf/library/test/src/lib.rs:644:27
[INFO] [stdout]   30:     0x58ad121153c7 - test::run_test::{{closure}}::h52c556a6d4740e10
[INFO] [stdout]                                at /rustc/90b35a6239c3d8bdabc530a6a0816f7ff89a0aaf/library/test/src/lib.rs:565:43
[INFO] [stdout]   31:     0x58ad120da6a4 - test::run_test::{{closure}}::h4237f6381c45ccb9
[INFO] [stdout]                                at /rustc/90b35a6239c3d8bdabc530a6a0816f7ff89a0aaf/library/test/src/lib.rs:595:41
[INFO] [stdout]   32:     0x58ad120da6a4 - std::sys::backtrace::__rust_begin_short_backtrace::h505c97a579eca628
[INFO] [stdout]                                at /rustc/90b35a6239c3d8bdabc530a6a0816f7ff89a0aaf/library/std/src/sys/backtrace.rs:154:18
[INFO] [stdout]   33:     0x58ad120ddd6e - std::thread::Builder::spawn_unchecked_::{{closure}}::{{closure}}::h9e86b2e2bc107ea3
[INFO] [stdout]                                at /rustc/90b35a6239c3d8bdabc530a6a0816f7ff89a0aaf/library/std/src/thread/mod.rs:538:17
[INFO] [stdout]   34:     0x58ad120ddd6e - <core::panic::unwind_safe::AssertUnwindSafe<F> as core::ops::function::FnOnce<()>>::call_once::h8b06ddb275ff4a25
[INFO] [stdout]                                at /rustc/90b35a6239c3d8bdabc530a6a0816f7ff89a0aaf/library/core/src/panic/unwind_safe.rs:272:9
[INFO] [stdout]   35:     0x58ad120ddd6e - std::panicking::try::do_call::hb26ecd7cd9a9355d
[INFO] [stdout]                                at /rustc/90b35a6239c3d8bdabc530a6a0816f7ff89a0aaf/library/std/src/panicking.rs:557:40
[INFO] [stdout]   36:     0x58ad120ddd6e - std::panicking::try::h8ddeca9d705f9069
[INFO] [stdout]                                at /rustc/90b35a6239c3d8bdabc530a6a0816f7ff89a0aaf/library/std/src/panicking.rs:520:19
[INFO] [stdout]   37:     0x58ad120ddd6e - std::panic::catch_unwind::h49e1c33078844c46
[INFO] [stdout]                                at /rustc/90b35a6239c3d8bdabc530a6a0816f7ff89a0aaf/library/std/src/panic.rs:358:14
[INFO] [stdout]   38:     0x58ad120ddd6e - std::thread::Builder::spawn_unchecked_::{{closure}}::h6073db6ff56ad35d
[INFO] [stdout]                                at /rustc/90b35a6239c3d8bdabc530a6a0816f7ff89a0aaf/library/std/src/thread/mod.rs:537:30
[INFO] [stdout]   39:     0x58ad120ddd6e - core::ops::function::FnOnce::call_once{{vtable.shim}}::h2c5a5f3779c774f1
[INFO] [stdout]                                at /rustc/90b35a6239c3d8bdabc530a6a0816f7ff89a0aaf/library/core/src/ops/function.rs:250:5
[INFO] [stdout]   40:     0x58ad1219bd2b - <alloc::boxed::Box<F,A> as core::ops::function::FnOnce<Args>>::call_once::hf75717d9f28faebf
[INFO] [stdout]                                at /rustc/90b35a6239c3d8bdabc530a6a0816f7ff89a0aaf/library/alloc/src/boxed.rs:2454:9
[INFO] [stdout]   41:     0x58ad1219bd2b - <alloc::boxed::Box<F,A> as core::ops::function::FnOnce<Args>>::call_once::h7bd883a5f3c5f3c1
[INFO] [stdout]                                at /rustc/90b35a6239c3d8bdabc530a6a0816f7ff89a0aaf/library/alloc/src/boxed.rs:2454:9
[INFO] [stdout]   42:     0x58ad1219bd2b - std::sys::pal::unix::thread::Thread::new::thread_start::hcc78f3943333fa94
[INFO] [stdout]                                at /rustc/90b35a6239c3d8bdabc530a6a0816f7ff89a0aaf/library/std/src/sys/pal/unix/thread.rs:105:17
[INFO] [stdout]   43:     0x7f5cdee3bac3 - <unknown>
[INFO] [stdout]   44:     0x7f5cdeecca04 - clone
[INFO] [stdout]   45:                0x0 - <unknown>
[INFO] [stdout] 
[INFO] [stdout] 
[INFO] [stdout] failures:
[INFO] [stdout]     init_creates_a_directory_in_the_specified_path_if_it_not_exists
[INFO] [stdout]     providing_a_target_directory_uses_that_as_root_for_the_hours_dir
[INFO] [stdout]     punching_without_providing_any_args_creates_the_hours_dir_in_the_current_working_dir
[INFO] [stdout] 
[INFO] [stdout] test result: FAILED. 1 passed; 3 failed; 0 ignored; 0 measured; 0 filtered out; finished in 0.03s
[INFO] [stdout] 
[INFO] [stderr] error: test failed, to rerun pass `--test integration_test`
[INFO] running `Command { std: "docker" "inspect" "866e0158a3ee44b19f003944daa7aa91c0af29db42b3982d824284446caee217", kill_on_drop: false }`
[INFO] running `Command { std: "docker" "rm" "-f" "866e0158a3ee44b19f003944daa7aa91c0af29db42b3982d824284446caee217", kill_on_drop: false }`
[INFO] [stdout] 866e0158a3ee44b19f003944daa7aa91c0af29db42b3982d824284446caee217
