[INFO] cloning repository https://github.com/Andyson007/chess-tui
[INFO] running `Command { std: "git" "-c" "credential.helper=" "-c" "credential.helper=/workspace/cargo-home/bin/git-credential-null" "clone" "--bare" "https://github.com/Andyson007/chess-tui" "/workspace/cache/git-repos/https%3A%2F%2Fgithub.com%2FAndyson007%2Fchess-tui", kill_on_drop: false }`
[INFO] [stderr] Cloning into bare repository '/workspace/cache/git-repos/https%3A%2F%2Fgithub.com%2FAndyson007%2Fchess-tui'...
[INFO] running `Command { std: "git" "rev-parse" "HEAD", kill_on_drop: false }`
[INFO] [stdout] 74c9bd0af5f619fc89fb664e8b71770e3cc77b28
[INFO] testing Andyson007/chess-tui against 1.83.0 for beta-1.84.0-4-retry
[INFO] running `Command { std: "git" "clone" "/workspace/cache/git-repos/https%3A%2F%2Fgithub.com%2FAndyson007%2Fchess-tui" "/workspace/builds/worker-4-tc1/source", kill_on_drop: false }`
[INFO] [stderr] Cloning into '/workspace/builds/worker-4-tc1/source'...
[INFO] [stderr] done.
[INFO] validating manifest of git repo https://github.com/Andyson007/chess-tui on toolchain 1.83.0
[INFO] running `Command { std: CARGO_HOME="/workspace/cargo-home" RUSTUP_HOME="/workspace/rustup-home" "/workspace/cargo-home/bin/cargo" "+1.83.0" "metadata" "--manifest-path" "Cargo.toml" "--no-deps", kill_on_drop: false }`
[INFO] started tweaking git repo https://github.com/Andyson007/chess-tui
[INFO] finished tweaking git repo https://github.com/Andyson007/chess-tui
[INFO] tweaked toml for git repo https://github.com/Andyson007/chess-tui written to /workspace/builds/worker-4-tc1/source/Cargo.toml
[INFO] crate git repo https://github.com/Andyson007/chess-tui already has a lockfile, it will not be regenerated
[INFO] running `Command { std: CARGO_HOME="/workspace/cargo-home" RUSTUP_HOME="/workspace/rustup-home" "/workspace/cargo-home/bin/cargo" "+1.83.0" "fetch" "--manifest-path" "Cargo.toml", kill_on_drop: false }`
[INFO] [stderr]     Updating crates.io index
[INFO] [stderr]  Downloading crates ...
[INFO] [stderr]   Downloaded unicode-truncate v1.0.0
[INFO] [stderr]   Downloaded stability v0.2.0
[INFO] [stderr]   Downloaded strum v0.26.2
[INFO] [stderr]   Downloaded color-spantrace v0.2.1
[INFO] [stderr]   Downloaded tracing-error v0.2.0
[INFO] [stderr]   Downloaded cc v1.0.99
[INFO] [stderr]   Downloaded ratatui v0.27.0
[INFO] [stderr]   Downloaded color-eyre v0.6.3
[INFO] running `Command { std: "docker" "create" "-v" "/var/lib/crater-agent-workspace/builds/worker-4-tc1/target:/opt/rustwide/target:rw,Z" "-v" "/var/lib/crater-agent-workspace/builds/worker-4-tc1/source:/opt/rustwide/workdir:ro,Z" "-v" "/var/lib/crater-agent-workspace/cargo-home:/opt/rustwide/cargo-home:ro,Z" "-v" "/var/lib/crater-agent-workspace/rustup-home:/opt/rustwide/rustup-home:ro,Z" "-e" "SOURCE_DIR=/opt/rustwide/workdir" "-e" "CARGO_TARGET_DIR=/opt/rustwide/target" "-e" "CARGO_HOME=/opt/rustwide/cargo-home" "-e" "RUSTUP_HOME=/opt/rustwide/rustup-home" "-w" "/opt/rustwide/workdir" "-m" "1610612736" "--user" "0:0" "--network" "none" "ghcr.io/rust-lang/crates-build-env/linux@sha256:f3a9d4ad9d972b27faf3965f35b62e55ba32bbce8f20bc8fe909558a86702fde" "/opt/rustwide/cargo-home/bin/cargo" "+1.83.0" "metadata" "--no-deps" "--format-version=1", kill_on_drop: false }`
[INFO] [stdout] 7cd2d46dd17fd27fc15ea66252843200358d6fdb053567920d8fa095348539e9
[INFO] running `Command { std: "docker" "start" "-a" "7cd2d46dd17fd27fc15ea66252843200358d6fdb053567920d8fa095348539e9", kill_on_drop: false }`
[INFO] running `Command { std: "docker" "inspect" "7cd2d46dd17fd27fc15ea66252843200358d6fdb053567920d8fa095348539e9", kill_on_drop: false }`
[INFO] running `Command { std: "docker" "rm" "-f" "7cd2d46dd17fd27fc15ea66252843200358d6fdb053567920d8fa095348539e9", kill_on_drop: false }`
[INFO] [stdout] 7cd2d46dd17fd27fc15ea66252843200358d6fdb053567920d8fa095348539e9
[INFO] running `Command { std: "docker" "create" "-v" "/var/lib/crater-agent-workspace/builds/worker-4-tc1/target:/opt/rustwide/target:rw,Z" "-v" "/var/lib/crater-agent-workspace/builds/worker-4-tc1/source:/opt/rustwide/workdir:ro,Z" "-v" "/var/lib/crater-agent-workspace/cargo-home:/opt/rustwide/cargo-home:ro,Z" "-v" "/var/lib/crater-agent-workspace/rustup-home:/opt/rustwide/rustup-home:ro,Z" "-e" "SOURCE_DIR=/opt/rustwide/workdir" "-e" "CARGO_TARGET_DIR=/opt/rustwide/target" "-e" "CARGO_INCREMENTAL=0" "-e" "RUST_BACKTRACE=full" "-e" "RUSTFLAGS=--cap-lints=warn" "-e" "RUSTDOCFLAGS=--cap-lints=warn" "-e" "CARGO_HOME=/opt/rustwide/cargo-home" "-e" "RUSTUP_HOME=/opt/rustwide/rustup-home" "-w" "/opt/rustwide/workdir" "-m" "1610612736" "--user" "0:0" "--network" "none" "ghcr.io/rust-lang/crates-build-env/linux@sha256:f3a9d4ad9d972b27faf3965f35b62e55ba32bbce8f20bc8fe909558a86702fde" "/opt/rustwide/cargo-home/bin/cargo" "+1.83.0" "build" "--frozen" "--message-format=json", kill_on_drop: false }`
[INFO] [stdout] d87fb70b7aafa652687b4b6c8317c2810f7d58de9db2acb1667c413d7ace2752
[INFO] running `Command { std: "docker" "start" "-a" "d87fb70b7aafa652687b4b6c8317c2810f7d58de9db2acb1667c413d7ace2752", kill_on_drop: false }`
[INFO] [stderr]    Compiling proc-macro2 v1.0.85
[INFO] [stderr]    Compiling libc v0.2.155
[INFO] [stderr]    Compiling autocfg v1.3.0
[INFO] [stderr]    Compiling crossbeam-utils v0.8.20
[INFO] [stderr]    Compiling rustversion v1.0.17
[INFO] [stderr]    Compiling signal-hook v0.3.17
[INFO] [stderr]    Compiling zerocopy v0.7.34
[INFO] [stderr]    Compiling ahash v0.8.11
[INFO] [stderr]    Compiling tracing-core v0.1.32
[INFO] [stderr]    Compiling sharded-slab v0.1.7
[INFO] [stderr]    Compiling thread_local v1.1.8
[INFO] [stderr]    Compiling cc v1.0.99
[INFO] [stderr]    Compiling futures-core v0.3.30
[INFO] [stderr]    Compiling either v1.12.0
[INFO] [stderr]    Compiling log v0.4.21
[INFO] [stderr]    Compiling futures-task v0.3.30
[INFO] [stderr]    Compiling futures-channel v0.3.30
[INFO] [stderr]    Compiling allocator-api2 v0.2.18
[INFO] [stderr]    Compiling eyre v0.6.12
[INFO] [stderr]    Compiling futures-io v0.3.30
[INFO] [stderr]    Compiling serde v1.0.203
[INFO] [stderr]    Compiling gimli v0.28.1
[INFO] [stderr]    Compiling adler v1.0.2
[INFO] [stderr]    Compiling itertools v0.12.1
[INFO] [stderr]    Compiling lock_api v0.4.12
[INFO] [stderr]    Compiling slab v0.4.9
[INFO] [stderr]    Compiling miniz_oxide v0.7.3
[INFO] [stderr]    Compiling tracing v0.1.40
[INFO] [stderr]    Compiling object v0.32.2
[INFO] [stderr]    Compiling hashbrown v0.14.5
[INFO] [stderr]    Compiling owo-colors v3.5.0
[INFO] [stderr]    Compiling static_assertions v1.1.0
[INFO] [stderr]    Compiling indenter v0.3.3
[INFO] [stderr]    Compiling serde_json v1.0.117
[INFO] [stderr]    Compiling bitflags v2.5.0
[INFO] [stderr]    Compiling tracing-subscriber v0.3.18
[INFO] [stderr]    Compiling crossbeam-epoch v0.9.18
[INFO] [stderr]    Compiling quote v1.0.36
[INFO] [stderr]    Compiling unicode-width v0.1.13
[INFO] [stderr]    Compiling crossbeam-channel v0.5.13
[INFO] [stderr]    Compiling castaway v0.2.2
[INFO] [stderr]    Compiling compact_str v0.7.1
[INFO] [stderr]    Compiling crossbeam-queue v0.3.11
[INFO] [stderr]    Compiling itertools v0.13.0
[INFO] [stderr]    Compiling syn v2.0.66
[INFO] [stderr]    Compiling cassowary v0.3.0
[INFO] [stderr]    Compiling signal-hook-registry v1.4.2
[INFO] [stderr]    Compiling parking_lot_core v0.9.10
[INFO] [stderr]    Compiling mio v0.8.11
[INFO] [stderr]    Compiling crossbeam-deque v0.8.5
[INFO] [stderr]    Compiling lru v0.12.3
[INFO] [stderr]    Compiling parking_lot v0.12.3
[INFO] [stderr]    Compiling crossbeam v0.8.4
[INFO] [stderr]    Compiling backtrace v0.3.71
[INFO] [stderr]    Compiling signal-hook-mio v0.2.3
[INFO] [stderr]    Compiling tracing-error v0.2.0
[INFO] [stderr]    Compiling crossterm v0.27.0
[INFO] [stderr]    Compiling color-spantrace v0.2.1
[INFO] [stderr]    Compiling unicode-truncate v1.0.0
[INFO] [stderr]    Compiling addr2line v0.21.0
[INFO] [stderr]    Compiling futures-macro v0.3.30
[INFO] [stderr]    Compiling serde_derive v1.0.203
[INFO] [stderr]    Compiling strum_macros v0.26.4
[INFO] [stderr]    Compiling stability v0.2.0
[INFO] [stderr]    Compiling color-eyre v0.6.3
[INFO] [stderr]    Compiling futures-util v0.3.30
[INFO] [stderr]    Compiling strum v0.26.2
[INFO] [stderr]    Compiling ratatui v0.27.0
[INFO] [stderr]    Compiling futures-executor v0.3.30
[INFO] [stderr]    Compiling futures v0.3.30
[INFO] [stderr]    Compiling chess-tui v0.1.0 (/opt/rustwide/workdir)
[INFO] [stdout] warning: unused variable: `position`
[INFO] [stdout]  --> src/position/moves.rs:7:29
[INFO] [stdout]   |
[INFO] [stdout] 7 |     pub fn get_moves(&self, position: &Position) -> HashSet<Move> {
[INFO] [stdout]   |                             ^^^^^^^^ help: if this is intentional, prefix it with an underscore: `_position`
[INFO] [stdout]   |
[INFO] [stdout]   = note: `#[warn(unused_variables)]` on by default
[INFO] [stdout] 
[INFO] [stdout] 
[INFO] [stdout] warning: unused variable: `move`
[INFO] [stdout]   --> src/position/moves.rs:21:33
[INFO] [stdout]    |
[INFO] [stdout] 21 |     pub fn make_move(&mut self, r#move: Move) {
[INFO] [stdout]    |                                 ^^^^^^ help: if this is intentional, prefix it with an underscore: `_move`
[INFO] [stdout] 
[INFO] [stdout] 
[INFO] [stdout] warning: fields `turn`, `castling_rights`, `halfmove_count`, `movecount`, and `en_passant` are never read
[INFO] [stdout]   --> src/position/mod.rs:13:5
[INFO] [stdout]    |
[INFO] [stdout] 10 | pub struct Position {
[INFO] [stdout]    |            -------- fields in this struct
[INFO] [stdout] ...
[INFO] [stdout] 13 |     turn: Color,
[INFO] [stdout]    |     ^^^^
[INFO] [stdout] 14 |     castling_rights: CastingRights,
[INFO] [stdout]    |     ^^^^^^^^^^^^^^^
[INFO] [stdout] 15 |     halfmove_count: u8,
[INFO] [stdout]    |     ^^^^^^^^^^^^^^
[INFO] [stdout] 16 |     movecount: u64,
[INFO] [stdout]    |     ^^^^^^^^^
[INFO] [stdout] ...
[INFO] [stdout] 19 |     en_passant: Option<Square>,
[INFO] [stdout]    |     ^^^^^^^^^^
[INFO] [stdout]    |
[INFO] [stdout]    = note: `Position` has a derived impl for the trait `Debug`, but this is intentionally ignored during dead code analysis
[INFO] [stdout]    = note: `#[warn(dead_code)]` on by default
[INFO] [stdout] 
[INFO] [stdout] 
[INFO] [stdout] warning: fields `kingside_white`, `queenside_white`, `kingside_black`, and `queenside_black` are never read
[INFO] [stdout]   --> src/position/mod.rs:77:5
[INFO] [stdout]    |
[INFO] [stdout] 76 | struct CastingRights {
[INFO] [stdout]    |        ------------- fields in this struct
[INFO] [stdout] 77 |     kingside_white: bool,
[INFO] [stdout]    |     ^^^^^^^^^^^^^^
[INFO] [stdout] 78 |     queenside_white: bool,
[INFO] [stdout]    |     ^^^^^^^^^^^^^^^
[INFO] [stdout] 79 |     kingside_black: bool,
[INFO] [stdout]    |     ^^^^^^^^^^^^^^
[INFO] [stdout] 80 |     queenside_black: bool,
[INFO] [stdout]    |     ^^^^^^^^^^^^^^^
[INFO] [stdout]    |
[INFO] [stdout]    = note: `CastingRights` has a derived impl for the trait `Debug`, but this is intentionally ignored during dead code analysis
[INFO] [stdout] 
[INFO] [stdout] 
[INFO] [stdout] warning: method `to_string` is never used
[INFO] [stdout]   --> src/position/mod.rs:84:12
[INFO] [stdout]    |
[INFO] [stdout] 83 | impl CastingRights {
[INFO] [stdout]    | ------------------ method in this implementation
[INFO] [stdout] 84 |     pub fn to_string(&self) -> String {
[INFO] [stdout]    |            ^^^^^^^^^
[INFO] [stdout] 
[INFO] [stdout] 
[INFO] [stdout] warning: fields `length` and `evals` are never read
[INFO] [stdout]  --> src/engine/eval.rs:3:5
[INFO] [stdout]   |
[INFO] [stdout] 2 | pub struct Eval {
[INFO] [stdout]   |            ---- fields in this struct
[INFO] [stdout] 3 |     length: usize,
[INFO] [stdout]   |     ^^^^^^
[INFO] [stdout] 4 |     evals: [f64; 3],
[INFO] [stdout]   |     ^^^^^
[INFO] [stdout]   |
[INFO] [stdout]   = note: `Eval` has derived impls for the traits `Clone` and `Debug`, but these are intentionally ignored during dead code analysis
[INFO] [stdout] 
[INFO] [stdout] 
[INFO] [stderr]     Finished `dev` profile [unoptimized + debuginfo] target(s) in 34.65s
[INFO] running `Command { std: "docker" "inspect" "d87fb70b7aafa652687b4b6c8317c2810f7d58de9db2acb1667c413d7ace2752", kill_on_drop: false }`
[INFO] running `Command { std: "docker" "rm" "-f" "d87fb70b7aafa652687b4b6c8317c2810f7d58de9db2acb1667c413d7ace2752", kill_on_drop: false }`
[INFO] [stdout] d87fb70b7aafa652687b4b6c8317c2810f7d58de9db2acb1667c413d7ace2752
[INFO] running `Command { std: "docker" "create" "-v" "/var/lib/crater-agent-workspace/builds/worker-4-tc1/target:/opt/rustwide/target:rw,Z" "-v" "/var/lib/crater-agent-workspace/builds/worker-4-tc1/source:/opt/rustwide/workdir:ro,Z" "-v" "/var/lib/crater-agent-workspace/cargo-home:/opt/rustwide/cargo-home:ro,Z" "-v" "/var/lib/crater-agent-workspace/rustup-home:/opt/rustwide/rustup-home:ro,Z" "-e" "SOURCE_DIR=/opt/rustwide/workdir" "-e" "CARGO_TARGET_DIR=/opt/rustwide/target" "-e" "CARGO_INCREMENTAL=0" "-e" "RUST_BACKTRACE=full" "-e" "RUSTFLAGS=--cap-lints=warn" "-e" "RUSTDOCFLAGS=--cap-lints=warn" "-e" "CARGO_HOME=/opt/rustwide/cargo-home" "-e" "RUSTUP_HOME=/opt/rustwide/rustup-home" "-w" "/opt/rustwide/workdir" "-m" "1610612736" "--user" "0:0" "--network" "none" "ghcr.io/rust-lang/crates-build-env/linux@sha256:f3a9d4ad9d972b27faf3965f35b62e55ba32bbce8f20bc8fe909558a86702fde" "/opt/rustwide/cargo-home/bin/cargo" "+1.83.0" "test" "--frozen" "--no-run" "--message-format=json", kill_on_drop: false }`
[INFO] [stdout] 6c28c345a23a3eea4301c58aca2cba064bf6b2604b20f297a0bd2cb42b50668e
[INFO] running `Command { std: "docker" "start" "-a" "6c28c345a23a3eea4301c58aca2cba064bf6b2604b20f297a0bd2cb42b50668e", kill_on_drop: false }`
[INFO] [stdout] warning: unused variable: `position`
[INFO] [stdout]  --> src/position/moves.rs:7:29
[INFO] [stdout]   |
[INFO] [stdout] 7 |     pub fn get_moves(&self, position: &Position) -> HashSet<Move> {
[INFO] [stdout]   |                             ^^^^^^^^ help: if this is intentional, prefix it with an underscore: `_position`
[INFO] [stdout]   |
[INFO] [stdout]   = note: `#[warn(unused_variables)]` on by default
[INFO] [stdout] 
[INFO] [stdout] 
[INFO] [stdout] warning: unused variable: `move`
[INFO] [stdout]   --> src/position/moves.rs:21:33
[INFO] [stdout]    |
[INFO] [stdout] 21 |     pub fn make_move(&mut self, r#move: Move) {
[INFO] [stdout]    |                                 ^^^^^^ help: if this is intentional, prefix it with an underscore: `_move`
[INFO] [stdout] 
[INFO] [stdout] 
[INFO] [stdout] warning: fields `turn`, `castling_rights`, `halfmove_count`, `movecount`, and `en_passant` are never read
[INFO] [stdout]   --> src/position/mod.rs:13:5
[INFO] [stdout]    |
[INFO] [stdout] 10 | pub struct Position {
[INFO] [stdout]    |            -------- fields in this struct
[INFO] [stdout] ...
[INFO] [stdout] 13 |     turn: Color,
[INFO] [stdout]    |     ^^^^
[INFO] [stdout] 14 |     castling_rights: CastingRights,
[INFO] [stdout]    |     ^^^^^^^^^^^^^^^
[INFO] [stdout] 15 |     halfmove_count: u8,
[INFO] [stdout]    |     ^^^^^^^^^^^^^^
[INFO] [stdout] 16 |     movecount: u64,
[INFO] [stdout]    |     ^^^^^^^^^
[INFO] [stdout] ...
[INFO] [stdout] 19 |     en_passant: Option<Square>,
[INFO] [stdout]    |     ^^^^^^^^^^
[INFO] [stdout]    |
[INFO] [stdout]    = note: `Position` has a derived impl for the trait `Debug`, but this is intentionally ignored during dead code analysis
[INFO] [stdout]    = note: `#[warn(dead_code)]` on by default
[INFO] [stdout] 
[INFO] [stdout] 
[INFO] [stderr]    Compiling chess-tui v0.1.0 (/opt/rustwide/workdir)
[INFO] [stdout] warning: fields `kingside_white`, `queenside_white`, `kingside_black`, and `queenside_black` are never read
[INFO] [stdout]   --> src/position/mod.rs:77:5
[INFO] [stdout]    |
[INFO] [stdout] 76 | struct CastingRights {
[INFO] [stdout]    |        ------------- fields in this struct
[INFO] [stdout] 77 |     kingside_white: bool,
[INFO] [stdout]    |     ^^^^^^^^^^^^^^
[INFO] [stdout] 78 |     queenside_white: bool,
[INFO] [stdout]    |     ^^^^^^^^^^^^^^^
[INFO] [stdout] 79 |     kingside_black: bool,
[INFO] [stdout]    |     ^^^^^^^^^^^^^^
[INFO] [stdout] 80 |     queenside_black: bool,
[INFO] [stdout]    |     ^^^^^^^^^^^^^^^
[INFO] [stdout]    |
[INFO] [stdout]    = note: `CastingRights` has a derived impl for the trait `Debug`, but this is intentionally ignored during dead code analysis
[INFO] [stdout] 
[INFO] [stdout] 
[INFO] [stdout] warning: method `to_string` is never used
[INFO] [stdout]   --> src/position/mod.rs:84:12
[INFO] [stdout]    |
[INFO] [stdout] 83 | impl CastingRights {
[INFO] [stdout]    | ------------------ method in this implementation
[INFO] [stdout] 84 |     pub fn to_string(&self) -> String {
[INFO] [stdout]    |            ^^^^^^^^^
[INFO] [stdout] 
[INFO] [stdout] 
[INFO] [stdout] warning: fields `length` and `evals` are never read
[INFO] [stdout]  --> src/engine/eval.rs:3:5
[INFO] [stdout]   |
[INFO] [stdout] 2 | pub struct Eval {
[INFO] [stdout]   |            ---- fields in this struct
[INFO] [stdout] 3 |     length: usize,
[INFO] [stdout]   |     ^^^^^^
[INFO] [stdout] 4 |     evals: [f64; 3],
[INFO] [stdout]   |     ^^^^^
[INFO] [stdout]   |
[INFO] [stdout]   = note: `Eval` has derived impls for the traits `Clone` and `Debug`, but these are intentionally ignored during dead code analysis
[INFO] [stdout] 
[INFO] [stdout] 
[INFO] [stdout] warning: unused variable: `position`
[INFO] [stdout]  --> src/position/moves.rs:7:29
[INFO] [stdout]   |
[INFO] [stdout] 7 |     pub fn get_moves(&self, position: &Position) -> HashSet<Move> {
[INFO] [stdout]   |                             ^^^^^^^^ help: if this is intentional, prefix it with an underscore: `_position`
[INFO] [stdout]   |
[INFO] [stdout]   = note: `#[warn(unused_variables)]` on by default
[INFO] [stdout] 
[INFO] [stdout] 
[INFO] [stdout] warning: unused variable: `move`
[INFO] [stdout]   --> src/position/moves.rs:21:33
[INFO] [stdout]    |
[INFO] [stdout] 21 |     pub fn make_move(&mut self, r#move: Move) {
[INFO] [stdout]    |                                 ^^^^^^ help: if this is intentional, prefix it with an underscore: `_move`
[INFO] [stdout] 
[INFO] [stdout] 
[INFO] [stdout] warning: fields `turn`, `castling_rights`, `halfmove_count`, `movecount`, and `en_passant` are never read
[INFO] [stdout]   --> src/position/mod.rs:13:5
[INFO] [stdout]    |
[INFO] [stdout] 10 | pub struct Position {
[INFO] [stdout]    |            -------- fields in this struct
[INFO] [stdout] ...
[INFO] [stdout] 13 |     turn: Color,
[INFO] [stdout]    |     ^^^^
[INFO] [stdout] 14 |     castling_rights: CastingRights,
[INFO] [stdout]    |     ^^^^^^^^^^^^^^^
[INFO] [stdout] 15 |     halfmove_count: u8,
[INFO] [stdout]    |     ^^^^^^^^^^^^^^
[INFO] [stdout] 16 |     movecount: u64,
[INFO] [stdout]    |     ^^^^^^^^^
[INFO] [stdout] ...
[INFO] [stdout] 19 |     en_passant: Option<Square>,
[INFO] [stdout]    |     ^^^^^^^^^^
[INFO] [stdout]    |
[INFO] [stdout]    = note: `Position` has a derived impl for the trait `Debug`, but this is intentionally ignored during dead code analysis
[INFO] [stdout]    = note: `#[warn(dead_code)]` on by default
[INFO] [stdout] 
[INFO] [stdout] 
[INFO] [stdout] warning: fields `kingside_white`, `queenside_white`, `kingside_black`, and `queenside_black` are never read
[INFO] [stdout]   --> src/position/mod.rs:77:5
[INFO] [stdout]    |
[INFO] [stdout] 76 | struct CastingRights {
[INFO] [stdout]    |        ------------- fields in this struct
[INFO] [stdout] 77 |     kingside_white: bool,
[INFO] [stdout]    |     ^^^^^^^^^^^^^^
[INFO] [stdout] 78 |     queenside_white: bool,
[INFO] [stdout]    |     ^^^^^^^^^^^^^^^
[INFO] [stdout] 79 |     kingside_black: bool,
[INFO] [stdout]    |     ^^^^^^^^^^^^^^
[INFO] [stdout] 80 |     queenside_black: bool,
[INFO] [stdout]    |     ^^^^^^^^^^^^^^^
[INFO] [stdout]    |
[INFO] [stdout]    = note: `CastingRights` has a derived impl for the trait `Debug`, but this is intentionally ignored during dead code analysis
[INFO] [stdout] 
[INFO] [stdout] 
[INFO] [stdout] warning: method `to_string` is never used
[INFO] [stdout]   --> src/position/mod.rs:84:12
[INFO] [stdout]    |
[INFO] [stdout] 83 | impl CastingRights {
[INFO] [stdout]    | ------------------ method in this implementation
[INFO] [stdout] 84 |     pub fn to_string(&self) -> String {
[INFO] [stdout]    |            ^^^^^^^^^
[INFO] [stdout] 
[INFO] [stdout] 
[INFO] [stdout] warning: fields `length` and `evals` are never read
[INFO] [stdout]  --> src/engine/eval.rs:3:5
[INFO] [stdout]   |
[INFO] [stdout] 2 | pub struct Eval {
[INFO] [stdout]   |            ---- fields in this struct
[INFO] [stdout] 3 |     length: usize,
[INFO] [stdout]   |     ^^^^^^
[INFO] [stdout] 4 |     evals: [f64; 3],
[INFO] [stdout]   |     ^^^^^
[INFO] [stdout]   |
[INFO] [stdout]   = note: `Eval` has derived impls for the traits `Clone` and `Debug`, but these are intentionally ignored during dead code analysis
[INFO] [stdout] 
[INFO] [stdout] 
[INFO] [stderr]     Finished `test` profile [unoptimized + debuginfo] target(s) in 2.30s
[INFO] running `Command { std: "docker" "inspect" "6c28c345a23a3eea4301c58aca2cba064bf6b2604b20f297a0bd2cb42b50668e", kill_on_drop: false }`
[INFO] running `Command { std: "docker" "rm" "-f" "6c28c345a23a3eea4301c58aca2cba064bf6b2604b20f297a0bd2cb42b50668e", kill_on_drop: false }`
[INFO] [stdout] 6c28c345a23a3eea4301c58aca2cba064bf6b2604b20f297a0bd2cb42b50668e
[INFO] running `Command { std: "docker" "create" "-v" "/var/lib/crater-agent-workspace/builds/worker-4-tc1/target:/opt/rustwide/target:rw,Z" "-v" "/var/lib/crater-agent-workspace/builds/worker-4-tc1/source:/opt/rustwide/workdir:ro,Z" "-v" "/var/lib/crater-agent-workspace/cargo-home:/opt/rustwide/cargo-home:ro,Z" "-v" "/var/lib/crater-agent-workspace/rustup-home:/opt/rustwide/rustup-home:ro,Z" "-e" "SOURCE_DIR=/opt/rustwide/workdir" "-e" "CARGO_TARGET_DIR=/opt/rustwide/target" "-e" "CARGO_INCREMENTAL=0" "-e" "RUST_BACKTRACE=full" "-e" "RUSTFLAGS=--cap-lints=warn" "-e" "RUSTDOCFLAGS=--cap-lints=warn" "-e" "CARGO_HOME=/opt/rustwide/cargo-home" "-e" "RUSTUP_HOME=/opt/rustwide/rustup-home" "-w" "/opt/rustwide/workdir" "-m" "1610612736" "--user" "0:0" "--network" "none" "ghcr.io/rust-lang/crates-build-env/linux@sha256:f3a9d4ad9d972b27faf3965f35b62e55ba32bbce8f20bc8fe909558a86702fde" "/opt/rustwide/cargo-home/bin/cargo" "+1.83.0" "test" "--frozen", kill_on_drop: false }`
[INFO] [stdout] ac834f85c54df6a893d1b5626d63ec875167f5070b700af70d7a90e49d080e57
[INFO] running `Command { std: "docker" "start" "-a" "ac834f85c54df6a893d1b5626d63ec875167f5070b700af70d7a90e49d080e57", kill_on_drop: false }`
[INFO] [stderr] warning: unused variable: `position`
[INFO] [stderr]  --> src/position/moves.rs:7:29
[INFO] [stderr]   |
[INFO] [stderr] 7 |     pub fn get_moves(&self, position: &Position) -> HashSet<Move> {
[INFO] [stderr]   |                             ^^^^^^^^ help: if this is intentional, prefix it with an underscore: `_position`
[INFO] [stderr]   |
[INFO] [stderr]   = note: `#[warn(unused_variables)]` on by default
[INFO] [stderr] 
[INFO] [stderr] warning: unused variable: `move`
[INFO] [stderr]   --> src/position/moves.rs:21:33
[INFO] [stderr]    |
[INFO] [stderr] 21 |     pub fn make_move(&mut self, r#move: Move) {
[INFO] [stderr]    |                                 ^^^^^^ help: if this is intentional, prefix it with an underscore: `_move`
[INFO] [stderr] 
[INFO] [stderr] warning: fields `turn`, `castling_rights`, `halfmove_count`, `movecount`, and `en_passant` are never read
[INFO] [stderr]   --> src/position/mod.rs:13:5
[INFO] [stderr]    |
[INFO] [stderr] 10 | pub struct Position {
[INFO] [stderr]    |            -------- fields in this struct
[INFO] [stderr] ...
[INFO] [stderr] 13 |     turn: Color,
[INFO] [stderr]    |     ^^^^
[INFO] [stderr] 14 |     castling_rights: CastingRights,
[INFO] [stderr]    |     ^^^^^^^^^^^^^^^
[INFO] [stderr] 15 |     halfmove_count: u8,
[INFO] [stderr]    |     ^^^^^^^^^^^^^^
[INFO] [stderr] 16 |     movecount: u64,
[INFO] [stderr]    |     ^^^^^^^^^
[INFO] [stderr] ...
[INFO] [stderr] 19 |     en_passant: Option<Square>,
[INFO] [stderr]    |     ^^^^^^^^^^
[INFO] [stderr]    |
[INFO] [stderr]    = note: `Position` has a derived impl for the trait `Debug`, but this is intentionally ignored during dead code analysis
[INFO] [stderr]    = note: `#[warn(dead_code)]` on by default
[INFO] [stderr] 
[INFO] [stderr] warning: fields `kingside_white`, `queenside_white`, `kingside_black`, and `queenside_black` are never read
[INFO] [stderr]   --> src/position/mod.rs:77:5
[INFO] [stderr]    |
[INFO] [stderr] 76 | struct CastingRights {
[INFO] [stderr]    |        ------------- fields in this struct
[INFO] [stderr] 77 |     kingside_white: bool,
[INFO] [stderr]    |     ^^^^^^^^^^^^^^
[INFO] [stderr] 78 |     queenside_white: bool,
[INFO] [stderr]    |     ^^^^^^^^^^^^^^^
[INFO] [stderr] 79 |     kingside_black: bool,
[INFO] [stderr]    |     ^^^^^^^^^^^^^^
[INFO] [stderr] 80 |     queenside_black: bool,
[INFO] [stderr]    |     ^^^^^^^^^^^^^^^
[INFO] [stderr]    |
[INFO] [stderr]    = note: `CastingRights` has a derived impl for the trait `Debug`, but this is intentionally ignored during dead code analysis
[INFO] [stderr] 
[INFO] [stderr] warning: method `to_string` is never used
[INFO] [stderr]   --> src/position/mod.rs:84:12
[INFO] [stderr]    |
[INFO] [stderr] 83 | impl CastingRights {
[INFO] [stderr]    | ------------------ method in this implementation
[INFO] [stderr] 84 |     pub fn to_string(&self) -> String {
[INFO] [stderr]    |            ^^^^^^^^^
[INFO] [stderr] 
[INFO] [stderr] warning: fields `length` and `evals` are never read
[INFO] [stderr]  --> src/engine/eval.rs:3:5
[INFO] [stderr]   |
[INFO] [stderr] 2 | pub struct Eval {
[INFO] [stderr]   |            ---- fields in this struct
[INFO] [stderr] 3 |     length: usize,
[INFO] [stderr]   |     ^^^^^^
[INFO] [stderr] 4 |     evals: [f64; 3],
[INFO] [stderr]   |     ^^^^^
[INFO] [stderr]   |
[INFO] [stderr]   = note: `Eval` has derived impls for the traits `Clone` and `Debug`, but these are intentionally ignored during dead code analysis
[INFO] [stderr] 
[INFO] [stderr] warning: `chess-tui` (lib) generated 6 warnings
[INFO] [stderr] warning: `chess-tui` (lib test) generated 6 warnings (6 duplicates)
[INFO] [stderr]     Finished `test` profile [unoptimized + debuginfo] target(s) in 0.12s
[INFO] [stderr]      Running unittests src/lib.rs (/opt/rustwide/target/debug/deps/chess_tui-7c56aba9e336cad1)
[INFO] [stdout] 
[INFO] [stdout] running 3 tests
[INFO] [stdout] test engine::options::test::parse_options ... ok
[INFO] [stdout] test position::moves::test::notation ... ok
[INFO] [stdout] test engine::test::stockfish ... FAILED
[INFO] [stdout] 
[INFO] [stdout] failures:
[INFO] [stdout] 
[INFO] [stdout] ---- engine::test::stockfish stdout ----
[INFO] [stdout] thread '<unnamed>' panicked at src/engine/mod.rs:59:22:
[INFO] [stdout] called `Result::unwrap()` on an `Err` value: Os { code: 2, kind: NotFound, message: "No such file or directory" }
[INFO] [stdout] stack backtrace:
[INFO] [stdout]    0:     0x60931f70737a - std::backtrace_rs::backtrace::libunwind::trace::h5a5b8284f2d0c266
[INFO] [stdout]                                at /rustc/90b35a6239c3d8bdabc530a6a0816f7ff89a0aaf/library/std/src/../../backtrace/src/backtrace/libunwind.rs:116:5
[INFO] [stdout]    1:     0x60931f70737a - std::backtrace_rs::backtrace::trace_unsynchronized::h76d4f1c9b0b875e3
[INFO] [stdout]                                at /rustc/90b35a6239c3d8bdabc530a6a0816f7ff89a0aaf/library/std/src/../../backtrace/src/backtrace/mod.rs:66:5
[INFO] [stdout]    2:     0x60931f70737a - std::sys::backtrace::_print_fmt::hc4546b8364a537c6
[INFO] [stdout]                                at /rustc/90b35a6239c3d8bdabc530a6a0816f7ff89a0aaf/library/std/src/sys/backtrace.rs:66:9
[INFO] [stdout]    3:     0x60931f70737a - <std::sys::backtrace::BacktraceLock::print::DisplayBacktrace as core::fmt::Display>::fmt::h5b6bd5631a6d1f6b
[INFO] [stdout]                                at /rustc/90b35a6239c3d8bdabc530a6a0816f7ff89a0aaf/library/std/src/sys/backtrace.rs:39:26
[INFO] [stdout]    4:     0x60931f72dc83 - core::fmt::rt::Argument::fmt::h270f6602a2b96f62
[INFO] [stdout]                                at /rustc/90b35a6239c3d8bdabc530a6a0816f7ff89a0aaf/library/core/src/fmt/rt.rs:177:76
[INFO] [stdout]    5:     0x60931f72dc83 - core::fmt::write::h7550c97b06c86515
[INFO] [stdout]                                at /rustc/90b35a6239c3d8bdabc530a6a0816f7ff89a0aaf/library/core/src/fmt/mod.rs:1186:21
[INFO] [stdout]    6:     0x60931f704443 - std::io::Write::write_fmt::h509ff860e5956e5e
[INFO] [stdout]                                at /rustc/90b35a6239c3d8bdabc530a6a0816f7ff89a0aaf/library/std/src/io/mod.rs:1839:15
[INFO] [stdout]    7:     0x60931f7071c2 - std::sys::backtrace::BacktraceLock::print::h2395ccd2c84ba3aa
[INFO] [stdout]                                at /rustc/90b35a6239c3d8bdabc530a6a0816f7ff89a0aaf/library/std/src/sys/backtrace.rs:42:9
[INFO] [stdout]    8:     0x60931f7087da - std::panicking::default_hook::{{closure}}::he19d4c7230e07961
[INFO] [stdout]                                at /rustc/90b35a6239c3d8bdabc530a6a0816f7ff89a0aaf/library/std/src/panicking.rs:268:22
[INFO] [stdout]    9:     0x60931f7085e4 - std::panicking::default_hook::hf614597d3c67bbdb
[INFO] [stdout]                                at /rustc/90b35a6239c3d8bdabc530a6a0816f7ff89a0aaf/library/std/src/panicking.rs:292:9
[INFO] [stdout]   10:     0x60931f6bda19 - <alloc::boxed::Box<F,A> as core::ops::function::Fn<Args>>::call::h39b51ce4599c23d1
[INFO] [stdout]                                at /rustc/90b35a6239c3d8bdabc530a6a0816f7ff89a0aaf/library/alloc/src/boxed.rs:2468:9
[INFO] [stdout]   11:     0x60931f6bda19 - test::test_main::{{closure}}::he977ae839a582784
[INFO] [stdout]                                at /rustc/90b35a6239c3d8bdabc530a6a0816f7ff89a0aaf/library/test/src/lib.rs:133:21
[INFO] [stdout]   12:     0x60931f708e78 - <alloc::boxed::Box<F,A> as core::ops::function::Fn<Args>>::call::h9455091b6b06f9fb
[INFO] [stdout]                                at /rustc/90b35a6239c3d8bdabc530a6a0816f7ff89a0aaf/library/alloc/src/boxed.rs:2468:9
[INFO] [stdout]   13:     0x60931f708e78 - std::panicking::rust_panic_with_hook::h8942133a8b252070
[INFO] [stdout]                                at /rustc/90b35a6239c3d8bdabc530a6a0816f7ff89a0aaf/library/std/src/panicking.rs:809:13
[INFO] [stdout]   14:     0x60931f708c3a - std::panicking::begin_panic_handler::{{closure}}::hb5f5963570096b29
[INFO] [stdout]                                at /rustc/90b35a6239c3d8bdabc530a6a0816f7ff89a0aaf/library/std/src/panicking.rs:674:13
[INFO] [stdout]   15:     0x60931f707859 - std::sys::backtrace::__rust_end_short_backtrace::h6208cedc1922feda
[INFO] [stdout]                                at /rustc/90b35a6239c3d8bdabc530a6a0816f7ff89a0aaf/library/std/src/sys/backtrace.rs:170:18
[INFO] [stdout]   16:     0x60931f7088cc - rust_begin_unwind
[INFO] [stdout]                                at /rustc/90b35a6239c3d8bdabc530a6a0816f7ff89a0aaf/library/std/src/panicking.rs:665:5
[INFO] [stdout]   17:     0x60931f663a60 - core::panicking::panic_fmt::h0c3082644d1bf418
[INFO] [stdout]                                at /rustc/90b35a6239c3d8bdabc530a6a0816f7ff89a0aaf/library/core/src/panicking.rs:74:14
[INFO] [stdout]   18:     0x60931f663f06 - core::result::unwrap_failed::hd20b4aa073bda1e2
[INFO] [stdout]                                at /rustc/90b35a6239c3d8bdabc530a6a0816f7ff89a0aaf/library/core/src/result.rs:1700:5
[INFO] [stdout]   19:     0x60931f66e1d6 - core::result::Result<T,E>::unwrap::ha7a22f6c552d675d
[INFO] [stdout]                                at /rustc/90b35a6239c3d8bdabc530a6a0816f7ff89a0aaf/library/core/src/result.rs:1104:23
[INFO] [stdout]   20:     0x60931f66e1d6 - chess_tui::engine::Engine::new::{{closure}}::{{closure}}::hf0a014ca03d2042a
[INFO] [stdout]                                at /opt/rustwide/workdir/src/engine/mod.rs:54:36
[INFO] [stdout]   21:     0x60931f668b60 - futures_executor::local_pool::block_on::{{closure}}::h963b615fc79fe703
[INFO] [stdout]                                at /opt/rustwide/cargo-home/registry/src/index.crates.io-6f17d22bba15001f/futures-executor-0.3.30/src/local_pool.rs:317:23
[INFO] [stdout]   22:     0x60931f6688a4 - futures_executor::local_pool::run_executor::{{closure}}::h30048858b690cff7
[INFO] [stdout]                                at /opt/rustwide/cargo-home/registry/src/index.crates.io-6f17d22bba15001f/futures-executor-0.3.30/src/local_pool.rs:90:37
[INFO] [stdout]   23:     0x60931f676c4b - std::thread::local::LocalKey<T>::try_with::he059f9804d7ad194
[INFO] [stdout]                                at /rustc/90b35a6239c3d8bdabc530a6a0816f7ff89a0aaf/library/std/src/thread/local.rs:283:12
[INFO] [stdout]   24:     0x60931f676953 - std::thread::local::LocalKey<T>::with::h7f46e118b2066047
[INFO] [stdout]                                at /rustc/90b35a6239c3d8bdabc530a6a0816f7ff89a0aaf/library/std/src/thread/local.rs:260:9
[INFO] [stdout]   25:     0x60931f66866b - futures_executor::local_pool::run_executor::hce51a73925fe152e
[INFO] [stdout]                                at /opt/rustwide/cargo-home/registry/src/index.crates.io-6f17d22bba15001f/futures-executor-0.3.30/src/local_pool.rs:86:5
[INFO] [stdout]   26:     0x60931f668a73 - futures_executor::local_pool::block_on::hfc56bc5ca341a4b1
[INFO] [stdout]                                at /opt/rustwide/cargo-home/registry/src/index.crates.io-6f17d22bba15001f/futures-executor-0.3.30/src/local_pool.rs:317:5
[INFO] [stdout]   27:     0x60931f66df3a - chess_tui::engine::Engine::new::{{closure}}::h9b7f373d6119dd2b
[INFO] [stdout]                                at /opt/rustwide/workdir/src/engine/mod.rs:53:13
[INFO] [stdout]   28:     0x60931f672696 - std::sys::backtrace::__rust_begin_short_backtrace::h73d6bf13085bd080
[INFO] [stdout]                                at /rustc/90b35a6239c3d8bdabc530a6a0816f7ff89a0aaf/library/std/src/sys/backtrace.rs:154:18
[INFO] [stdout]   29:     0x60931f66a595 - std::thread::Builder::spawn_unchecked_::{{closure}}::{{closure}}::h94f08002e17593ce
[INFO] [stdout]                                at /rustc/90b35a6239c3d8bdabc530a6a0816f7ff89a0aaf/library/std/src/thread/mod.rs:538:17
[INFO] [stdout]   30:     0x60931f67e348 - <core::panic::unwind_safe::AssertUnwindSafe<F> as core::ops::function::FnOnce<()>>::call_once::h4987af937a2fbdb6
[INFO] [stdout]                                at /rustc/90b35a6239c3d8bdabc530a6a0816f7ff89a0aaf/library/core/src/panic/unwind_safe.rs:272:9
[INFO] [stdout]   31:     0x60931f68395c - std::panicking::try::do_call::h21bd774bed55dc78
[INFO] [stdout]                                at /rustc/90b35a6239c3d8bdabc530a6a0816f7ff89a0aaf/library/std/src/panicking.rs:557:40
[INFO] [stdout]   32:     0x60931f66ba8b - __rust_try
[INFO] [stdout]   33:     0x60931f66a03c - std::panicking::try::hef9e0c8245249d5b
[INFO] [stdout]                                at /rustc/90b35a6239c3d8bdabc530a6a0816f7ff89a0aaf/library/std/src/panicking.rs:520:19
[INFO] [stdout]   34:     0x60931f66a03c - std::panic::catch_unwind::h7608fd54f150cd7d
[INFO] [stdout]                                at /rustc/90b35a6239c3d8bdabc530a6a0816f7ff89a0aaf/library/std/src/panic.rs:358:14
[INFO] [stdout]   35:     0x60931f66a03c - std::thread::Builder::spawn_unchecked_::{{closure}}::hb9af52ee6608861d
[INFO] [stdout]                                at /rustc/90b35a6239c3d8bdabc530a6a0816f7ff89a0aaf/library/std/src/thread/mod.rs:537:30
[INFO] [stdout]   36:     0x60931f67281e - core::ops::function::FnOnce::call_once{{vtable.shim}}::ha40b82c80a42a0b6
[INFO] [stdout]                                at /rustc/90b35a6239c3d8bdabc530a6a0816f7ff89a0aaf/library/core/src/ops/function.rs:250:5
[INFO] [stdout]   37:     0x60931f70cc1b - <alloc::boxed::Box<F,A> as core::ops::function::FnOnce<Args>>::call_once::hf75717d9f28faebf
[INFO] [stdout]                                at /rustc/90b35a6239c3d8bdabc530a6a0816f7ff89a0aaf/library/alloc/src/boxed.rs:2454:9
[INFO] [stdout]   38:     0x60931f70cc1b - <alloc::boxed::Box<F,A> as core::ops::function::FnOnce<Args>>::call_once::h7bd883a5f3c5f3c1
[INFO] [stdout]                                at /rustc/90b35a6239c3d8bdabc530a6a0816f7ff89a0aaf/library/alloc/src/boxed.rs:2454:9
[INFO] [stdout]   39:     0x60931f70cc1b - std::sys::pal::unix::thread::Thread::new::thread_start::hcc78f3943333fa94
[INFO] [stdout]                                at /rustc/90b35a6239c3d8bdabc530a6a0816f7ff89a0aaf/library/std/src/sys/pal/unix/thread.rs:105:17
[INFO] [stdout]   40:     0x7c9ed6ae3ac3 - <unknown>
[INFO] [stdout]   41:     0x7c9ed6b74a04 - clone
[INFO] [stdout]   42:                0x0 - <unknown>
[INFO] [stdout] thread 'engine::test::stockfish' panicked at src/engine/mod.rs:120:50:
[INFO] [stdout] called `Result::unwrap()` on an `Err` value: Canceled
[INFO] [stdout] stack backtrace:
[INFO] [stdout]    0:     0x60931f70737a - std::backtrace_rs::backtrace::libunwind::trace::h5a5b8284f2d0c266
[INFO] [stdout]                                at /rustc/90b35a6239c3d8bdabc530a6a0816f7ff89a0aaf/library/std/src/../../backtrace/src/backtrace/libunwind.rs:116:5
[INFO] [stdout]    1:     0x60931f70737a - std::backtrace_rs::backtrace::trace_unsynchronized::h76d4f1c9b0b875e3
[INFO] [stdout]                                at /rustc/90b35a6239c3d8bdabc530a6a0816f7ff89a0aaf/library/std/src/../../backtrace/src/backtrace/mod.rs:66:5
[INFO] [stdout]    2:     0x60931f70737a - std::sys::backtrace::_print_fmt::hc4546b8364a537c6
[INFO] [stdout]                                at /rustc/90b35a6239c3d8bdabc530a6a0816f7ff89a0aaf/library/std/src/sys/backtrace.rs:66:9
[INFO] [stdout]    3:     0x60931f70737a - <std::sys::backtrace::BacktraceLock::print::DisplayBacktrace as core::fmt::Display>::fmt::h5b6bd5631a6d1f6b
[INFO] [stdout]                                at /rustc/90b35a6239c3d8bdabc530a6a0816f7ff89a0aaf/library/std/src/sys/backtrace.rs:39:26
[INFO] [stdout]    4:     0x60931f72dc83 - core::fmt::rt::Argument::fmt::h270f6602a2b96f62
[INFO] [stdout]                                at /rustc/90b35a6239c3d8bdabc530a6a0816f7ff89a0aaf/library/core/src/fmt/rt.rs:177:76
[INFO] [stdout]    5:     0x60931f72dc83 - core::fmt::write::h7550c97b06c86515
[INFO] [stdout]                                at /rustc/90b35a6239c3d8bdabc530a6a0816f7ff89a0aaf/library/core/src/fmt/mod.rs:1186:21
[INFO] [stdout]    6:     0x60931f704443 - std::io::Write::write_fmt::h509ff860e5956e5e
[INFO] [stdout]                                at /rustc/90b35a6239c3d8bdabc530a6a0816f7ff89a0aaf/library/std/src/io/mod.rs:1839:15
[INFO] [stdout]    7:     0x60931f7071c2 - std::sys::backtrace::BacktraceLock::print::h2395ccd2c84ba3aa
[INFO] [stdout]                                at /rustc/90b35a6239c3d8bdabc530a6a0816f7ff89a0aaf/library/std/src/sys/backtrace.rs:42:9
[INFO] [stdout]    8:     0x60931f7087da - std::panicking::default_hook::{{closure}}::he19d4c7230e07961
[INFO] [stdout]                                at /rustc/90b35a6239c3d8bdabc530a6a0816f7ff89a0aaf/library/std/src/panicking.rs:268:22
[INFO] [stdout]    9:     0x60931f7085e4 - std::panicking::default_hook::hf614597d3c67bbdb
[INFO] [stdout]                                at /rustc/90b35a6239c3d8bdabc530a6a0816f7ff89a0aaf/library/std/src/panicking.rs:292:9
[INFO] [stdout]   10:     0x60931f6bda19 - <alloc::boxed::Box<F,A> as core::ops::function::Fn<Args>>::call::h39b51ce4599c23d1
[INFO] [stdout]                                at /rustc/90b35a6239c3d8bdabc530a6a0816f7ff89a0aaf/library/alloc/src/boxed.rs:2468:9
[INFO] [stdout]   11:     0x60931f6bda19 - test::test_main::{{closure}}::he977ae839a582784
[INFO] [stdout]                                at /rustc/90b35a6239c3d8bdabc530a6a0816f7ff89a0aaf/library/test/src/lib.rs:133:21
[INFO] [stdout]   12:     0x60931f708e78 - <alloc::boxed::Box<F,A> as core::ops::function::Fn<Args>>::call::h9455091b6b06f9fb
[INFO] [stdout]                                at /rustc/90b35a6239c3d8bdabc530a6a0816f7ff89a0aaf/library/alloc/src/boxed.rs:2468:9
[INFO] [stdout]   13:     0x60931f708e78 - std::panicking::rust_panic_with_hook::h8942133a8b252070
[INFO] [stdout]                                at /rustc/90b35a6239c3d8bdabc530a6a0816f7ff89a0aaf/library/std/src/panicking.rs:809:13
[INFO] [stdout]   14:     0x60931f708c3a - std::panicking::begin_panic_handler::{{closure}}::hb5f5963570096b29
[INFO] [stdout]                                at /rustc/90b35a6239c3d8bdabc530a6a0816f7ff89a0aaf/library/std/src/panicking.rs:674:13
[INFO] [stdout]   15:     0x60931f707859 - std::sys::backtrace::__rust_end_short_backtrace::h6208cedc1922feda
[INFO] [stdout]                                at /rustc/90b35a6239c3d8bdabc530a6a0816f7ff89a0aaf/library/std/src/sys/backtrace.rs:170:18
[INFO] [stdout]   16:     0x60931f7088cc - rust_begin_unwind
[INFO] [stdout]                                at /rustc/90b35a6239c3d8bdabc530a6a0816f7ff89a0aaf/library/std/src/panicking.rs:665:5
[INFO] [stdout]   17:     0x60931f663a60 - core::panicking::panic_fmt::h0c3082644d1bf418
[INFO] [stdout]                                at /rustc/90b35a6239c3d8bdabc530a6a0816f7ff89a0aaf/library/core/src/panicking.rs:74:14
[INFO] [stdout]   18:     0x60931f663f06 - core::result::unwrap_failed::hd20b4aa073bda1e2
[INFO] [stdout]                                at /rustc/90b35a6239c3d8bdabc530a6a0816f7ff89a0aaf/library/core/src/result.rs:1700:5
[INFO] [stdout]   19:     0x60931f66dc25 - core::result::Result<T,E>::unwrap::hb4f53dcde56dcc00
[INFO] [stdout]                                at /rustc/90b35a6239c3d8bdabc530a6a0816f7ff89a0aaf/library/core/src/result.rs:1104:23
[INFO] [stdout]   20:     0x60931f66dc25 - chess_tui::engine::Engine::new::h6744cfa50d4147c9
[INFO] [stdout]                                at /opt/rustwide/workdir/src/engine/mod.rs:120:23
[INFO] [stdout]   21:     0x60931f66fdcf - chess_tui::engine::test::stockfish::h461e95394b76c599
[INFO] [stdout]                                at /opt/rustwide/workdir/src/engine/mod.rs:172:29
[INFO] [stdout]   22:     0x60931f66fda7 - chess_tui::engine::test::stockfish::{{closure}}::h5f48ab9ac560c16b
[INFO] [stdout]                                at /opt/rustwide/workdir/src/engine/mod.rs:171:19
[INFO] [stdout]   23:     0x60931f672956 - core::ops::function::FnOnce::call_once::h8c87eea8d0fee27a
[INFO] [stdout]                                at /rustc/90b35a6239c3d8bdabc530a6a0816f7ff89a0aaf/library/core/src/ops/function.rs:250:5
[INFO] [stdout]   24:     0x60931f6c23db - core::ops::function::FnOnce::call_once::h109cf8051a59b34e
[INFO] [stdout]                                at /rustc/90b35a6239c3d8bdabc530a6a0816f7ff89a0aaf/library/core/src/ops/function.rs:250:5
[INFO] [stdout]   25:     0x60931f6c23db - test::__rust_begin_short_backtrace::hf4fff89d377446ba
[INFO] [stdout]                                at /rustc/90b35a6239c3d8bdabc530a6a0816f7ff89a0aaf/library/test/src/lib.rs:621:18
[INFO] [stdout]   26:     0x60931f6c1c17 - test::run_test_in_process::{{closure}}::h0e39181dd7ee5a43
[INFO] [stdout]                                at /rustc/90b35a6239c3d8bdabc530a6a0816f7ff89a0aaf/library/test/src/lib.rs:644:60
[INFO] [stdout]   27:     0x60931f6c1c17 - <core::panic::unwind_safe::AssertUnwindSafe<F> as core::ops::function::FnOnce<()>>::call_once::hc5a66a30f0bdfd1f
[INFO] [stdout]                                at /rustc/90b35a6239c3d8bdabc530a6a0816f7ff89a0aaf/library/core/src/panic/unwind_safe.rs:272:9
[INFO] [stdout]   28:     0x60931f6c1c17 - std::panicking::try::do_call::h873b7cf639554a5e
[INFO] [stdout]                                at /rustc/90b35a6239c3d8bdabc530a6a0816f7ff89a0aaf/library/std/src/panicking.rs:557:40
[INFO] [stdout]   29:     0x60931f6c1c17 - std::panicking::try::hdb19862fad9c8bd1
[INFO] [stdout]                                at /rustc/90b35a6239c3d8bdabc530a6a0816f7ff89a0aaf/library/std/src/panicking.rs:520:19
[INFO] [stdout]   30:     0x60931f6c1c17 - std::panic::catch_unwind::h281fe732d236d260
[INFO] [stdout]                                at /rustc/90b35a6239c3d8bdabc530a6a0816f7ff89a0aaf/library/std/src/panic.rs:358:14
[INFO] [stdout]   31:     0x60931f6c1c17 - test::run_test_in_process::h949b6df8457ed338
[INFO] [stdout]                                at /rustc/90b35a6239c3d8bdabc530a6a0816f7ff89a0aaf/library/test/src/lib.rs:644:27
[INFO] [stdout]   32:     0x60931f6c1c17 - test::run_test::{{closure}}::h52c556a6d4740e10
[INFO] [stdout]                                at /rustc/90b35a6239c3d8bdabc530a6a0816f7ff89a0aaf/library/test/src/lib.rs:565:43
[INFO] [stdout]   33:     0x60931f686ef4 - test::run_test::{{closure}}::h4237f6381c45ccb9
[INFO] [stdout]                                at /rustc/90b35a6239c3d8bdabc530a6a0816f7ff89a0aaf/library/test/src/lib.rs:595:41
[INFO] [stdout]   34:     0x60931f686ef4 - std::sys::backtrace::__rust_begin_short_backtrace::h505c97a579eca628
[INFO] [stdout]                                at /rustc/90b35a6239c3d8bdabc530a6a0816f7ff89a0aaf/library/std/src/sys/backtrace.rs:154:18
[INFO] [stdout]   35:     0x60931f68a5be - std::thread::Builder::spawn_unchecked_::{{closure}}::{{closure}}::h9e86b2e2bc107ea3
[INFO] [stdout]                                at /rustc/90b35a6239c3d8bdabc530a6a0816f7ff89a0aaf/library/std/src/thread/mod.rs:538:17
[INFO] [stdout]   36:     0x60931f68a5be - <core::panic::unwind_safe::AssertUnwindSafe<F> as core::ops::function::FnOnce<()>>::call_once::h8b06ddb275ff4a25
[INFO] [stdout]                                at /rustc/90b35a6239c3d8bdabc530a6a0816f7ff89a0aaf/library/core/src/panic/unwind_safe.rs:272:9
[INFO] [stdout]   37:     0x60931f68a5be - std::panicking::try::do_call::hb26ecd7cd9a9355d
[INFO] [stdout]                                at /rustc/90b35a6239c3d8bdabc530a6a0816f7ff89a0aaf/library/std/src/panicking.rs:557:40
[INFO] [stdout]   38:     0x60931f68a5be - std::panicking::try::h8ddeca9d705f9069
[INFO] [stdout]                                at /rustc/90b35a6239c3d8bdabc530a6a0816f7ff89a0aaf/library/std/src/panicking.rs:520:19
[INFO] [stdout]   39:     0x60931f68a5be - std::panic::catch_unwind::h49e1c33078844c46
[INFO] [stdout]                                at /rustc/90b35a6239c3d8bdabc530a6a0816f7ff89a0aaf/library/std/src/panic.rs:358:14
[INFO] [stdout]   40:     0x60931f68a5be - std::thread::Builder::spawn_unchecked_::{{closure}}::h6073db6ff56ad35d
[INFO] [stdout]                                at /rustc/90b35a6239c3d8bdabc530a6a0816f7ff89a0aaf/library/std/src/thread/mod.rs:537:30
[INFO] [stdout]   41:     0x60931f68a5be - core::ops::function::FnOnce::call_once{{vtable.shim}}::h2c5a5f3779c774f1
[INFO] [stdout]                                at /rustc/90b35a6239c3d8bdabc530a6a0816f7ff89a0aaf/library/core/src/ops/function.rs:250:5
[INFO] [stdout]   42:     0x60931f70cc1b - <alloc::boxed::Box<F,A> as core::ops::function::FnOnce<Args>>::call_once::hf75717d9f28faebf
[INFO] [stdout]                                at /rustc/90b35a6239c3d8bdabc530a6a0816f7ff89a0aaf/library/alloc/src/boxed.rs:2454:9
[INFO] [stdout]   43:     0x60931f70cc1b - <alloc::boxed::Box<F,A> as core::ops::function::FnOnce<Args>>::call_once::h7bd883a5f3c5f3c1
[INFO] [stdout]                                at /rustc/90b35a6239c3d8bdabc530a6a0816f7ff89a0aaf/library/alloc/src/boxed.rs:2454:9
[INFO] [stdout]   44:     0x60931f70cc1b - std::sys::pal::unix::thread::Thread::new::thread_start::hcc78f3943333fa94
[INFO] [stdout]                                at /rustc/90b35a6239c3d8bdabc530a6a0816f7ff89a0aaf/library/std/src/sys/pal/unix/thread.rs:105:17
[INFO] [stdout]   45:     0x7c9ed6ae3ac3 - <unknown>
[INFO] [stdout]   46:     0x7c9ed6b74a04 - clone
[INFO] [stdout]   47:                0x0 - <unknown>
[INFO] [stdout] 
[INFO] [stdout] 
[INFO] [stdout] failures:
[INFO] [stdout]     engine::test::stockfish
[INFO] [stdout] 
[INFO] [stdout] test result: FAILED. 2 passed; 1 failed; 0 ignored; 0 measured; 0 filtered out; finished in 0.07s
[INFO] [stdout] 
[INFO] [stderr] error: test failed, to rerun pass `--lib`
[INFO] running `Command { std: "docker" "inspect" "ac834f85c54df6a893d1b5626d63ec875167f5070b700af70d7a90e49d080e57", kill_on_drop: false }`
[INFO] running `Command { std: "docker" "rm" "-f" "ac834f85c54df6a893d1b5626d63ec875167f5070b700af70d7a90e49d080e57", kill_on_drop: false }`
[INFO] [stdout] ac834f85c54df6a893d1b5626d63ec875167f5070b700af70d7a90e49d080e57
