[INFO] cloning repository https://github.com/Anderson0xFF/exodus
[INFO] running `Command { std: "git" "-c" "credential.helper=" "-c" "credential.helper=/workspace/cargo-home/bin/git-credential-null" "clone" "--bare" "https://github.com/Anderson0xFF/exodus" "/workspace/cache/git-repos/https%3A%2F%2Fgithub.com%2FAnderson0xFF%2Fexodus", kill_on_drop: false }`
[INFO] [stderr] Cloning into bare repository '/workspace/cache/git-repos/https%3A%2F%2Fgithub.com%2FAnderson0xFF%2Fexodus'...
[INFO] running `Command { std: "git" "rev-parse" "HEAD", kill_on_drop: false }`
[INFO] [stdout] de6a9847f27126cd06587473e5be9bb9273233e2
[INFO] testing Anderson0xFF/exodus against 1.83.0 for beta-1.84.0-4-retry
[INFO] running `Command { std: "git" "clone" "/workspace/cache/git-repos/https%3A%2F%2Fgithub.com%2FAnderson0xFF%2Fexodus" "/workspace/builds/worker-2-tc1/source", kill_on_drop: false }`
[INFO] [stderr] Cloning into '/workspace/builds/worker-2-tc1/source'...
[INFO] [stderr] done.
[INFO] validating manifest of git repo https://github.com/Anderson0xFF/exodus on toolchain 1.83.0
[INFO] running `Command { std: CARGO_HOME="/workspace/cargo-home" RUSTUP_HOME="/workspace/rustup-home" "/workspace/cargo-home/bin/cargo" "+1.83.0" "metadata" "--manifest-path" "Cargo.toml" "--no-deps", kill_on_drop: false }`
[INFO] started tweaking git repo https://github.com/Anderson0xFF/exodus
[INFO] finished tweaking git repo https://github.com/Anderson0xFF/exodus
[INFO] tweaked toml for git repo https://github.com/Anderson0xFF/exodus written to /workspace/builds/worker-2-tc1/source/Cargo.toml
[INFO] running `Command { std: CARGO_HOME="/workspace/cargo-home" RUSTUP_HOME="/workspace/rustup-home" "/workspace/cargo-home/bin/cargo" "+1.83.0" "generate-lockfile" "--manifest-path" "Cargo.toml", kill_on_drop: false }`
[INFO] [stderr]     Updating crates.io index
[INFO] [stderr]      Locking 61 packages to latest compatible versions
[INFO] [stderr]       Adding bindgen v0.69.5 (available: v0.71.1)
[INFO] running `Command { std: CARGO_HOME="/workspace/cargo-home" RUSTUP_HOME="/workspace/rustup-home" "/workspace/cargo-home/bin/cargo" "+1.83.0" "fetch" "--manifest-path" "Cargo.toml", kill_on_drop: false }`
[INFO] [stderr]  Downloading crates ...
[INFO] [stderr]   Downloaded cc v1.2.4
[INFO] [stderr]   Downloaded bindgen v0.69.5
[INFO] running `Command { std: "docker" "create" "-v" "/var/lib/crater-agent-workspace/builds/worker-2-tc1/target:/opt/rustwide/target:rw,Z" "-v" "/var/lib/crater-agent-workspace/builds/worker-2-tc1/source:/opt/rustwide/workdir:ro,Z" "-v" "/var/lib/crater-agent-workspace/cargo-home:/opt/rustwide/cargo-home:ro,Z" "-v" "/var/lib/crater-agent-workspace/rustup-home:/opt/rustwide/rustup-home:ro,Z" "-e" "SOURCE_DIR=/opt/rustwide/workdir" "-e" "CARGO_TARGET_DIR=/opt/rustwide/target" "-e" "CARGO_HOME=/opt/rustwide/cargo-home" "-e" "RUSTUP_HOME=/opt/rustwide/rustup-home" "-w" "/opt/rustwide/workdir" "-m" "1610612736" "--user" "0:0" "--network" "none" "ghcr.io/rust-lang/crates-build-env/linux@sha256:f3a9d4ad9d972b27faf3965f35b62e55ba32bbce8f20bc8fe909558a86702fde" "/opt/rustwide/cargo-home/bin/cargo" "+1.83.0" "metadata" "--no-deps" "--format-version=1", kill_on_drop: false }`
[INFO] [stdout] 2c7e9f8c68eeb370b832242b99ee87f668158cc52f938eb837ec553f3d5a1485
[INFO] running `Command { std: "docker" "start" "-a" "2c7e9f8c68eeb370b832242b99ee87f668158cc52f938eb837ec553f3d5a1485", kill_on_drop: false }`
[INFO] running `Command { std: "docker" "inspect" "2c7e9f8c68eeb370b832242b99ee87f668158cc52f938eb837ec553f3d5a1485", kill_on_drop: false }`
[INFO] running `Command { std: "docker" "rm" "-f" "2c7e9f8c68eeb370b832242b99ee87f668158cc52f938eb837ec553f3d5a1485", kill_on_drop: false }`
[INFO] [stdout] 2c7e9f8c68eeb370b832242b99ee87f668158cc52f938eb837ec553f3d5a1485
[INFO] running `Command { std: "docker" "create" "-v" "/var/lib/crater-agent-workspace/builds/worker-2-tc1/target:/opt/rustwide/target:rw,Z" "-v" "/var/lib/crater-agent-workspace/builds/worker-2-tc1/source:/opt/rustwide/workdir:ro,Z" "-v" "/var/lib/crater-agent-workspace/cargo-home:/opt/rustwide/cargo-home:ro,Z" "-v" "/var/lib/crater-agent-workspace/rustup-home:/opt/rustwide/rustup-home:ro,Z" "-e" "SOURCE_DIR=/opt/rustwide/workdir" "-e" "CARGO_TARGET_DIR=/opt/rustwide/target" "-e" "CARGO_INCREMENTAL=0" "-e" "RUST_BACKTRACE=full" "-e" "RUSTFLAGS=--cap-lints=warn" "-e" "RUSTDOCFLAGS=--cap-lints=warn" "-e" "CARGO_HOME=/opt/rustwide/cargo-home" "-e" "RUSTUP_HOME=/opt/rustwide/rustup-home" "-w" "/opt/rustwide/workdir" "-m" "1610612736" "--user" "0:0" "--network" "none" "ghcr.io/rust-lang/crates-build-env/linux@sha256:f3a9d4ad9d972b27faf3965f35b62e55ba32bbce8f20bc8fe909558a86702fde" "/opt/rustwide/cargo-home/bin/cargo" "+1.83.0" "build" "--frozen" "--message-format=json", kill_on_drop: false }`
[INFO] [stdout] fa250e2de078f41a843da98f2c160ec028928c6e15637a5cc9050017af0e5e8f
[INFO] running `Command { std: "docker" "start" "-a" "fa250e2de078f41a843da98f2c160ec028928c6e15637a5cc9050017af0e5e8f", kill_on_drop: false }`
[INFO] [stderr]    Compiling proc-macro2 v1.0.92
[INFO] [stderr]    Compiling glob v0.3.1
[INFO] [stderr]    Compiling unicode-ident v1.0.14
[INFO] [stderr]    Compiling prettyplease v0.2.25
[INFO] [stderr]    Compiling libc v0.2.168
[INFO] [stderr]    Compiling rustix v0.38.42
[INFO] [stderr]    Compiling minimal-lexical v0.2.1
[INFO] [stderr]    Compiling either v1.13.0
[INFO] [stderr]    Compiling bitflags v2.6.0
[INFO] [stderr]    Compiling linux-raw-sys v0.4.14
[INFO] [stderr]    Compiling regex-syntax v0.8.5
[INFO] [stderr]    Compiling cfg-if v1.0.0
[INFO] [stderr]    Compiling memchr v2.7.4
[INFO] [stderr]    Compiling libloading v0.8.6
[INFO] [stderr]    Compiling home v0.5.9
[INFO] [stderr]    Compiling clang-sys v1.8.1
[INFO] [stderr]    Compiling bindgen v0.69.5
[INFO] [stderr]    Compiling itertools v0.12.1
[INFO] [stderr]    Compiling shlex v1.3.0
[INFO] [stderr]    Compiling lazycell v1.3.0
[INFO] [stderr]    Compiling rustc-hash v1.1.0
[INFO] [stderr]    Compiling log v0.4.22
[INFO] [stderr]    Compiling lazy_static v1.5.0
[INFO] [stderr]    Compiling nom v7.1.3
[INFO] [stderr]    Compiling autocfg v1.4.0
[INFO] [stderr]    Compiling quote v1.0.37
[INFO] [stderr]    Compiling regex-automata v0.4.9
[INFO] [stderr]    Compiling syn v2.0.90
[INFO] [stderr]    Compiling num-traits v0.2.19
[INFO] [stderr]    Compiling exodus-errors v0.1.0 (/opt/rustwide/workdir/exodus-errors)
[INFO] [stderr]    Compiling iana-time-zone v0.1.61
[INFO] [stderr]    Compiling exodus-protocols v0.1.0 (/opt/rustwide/workdir/exodus-protocols)
[INFO] [stderr]    Compiling cexpr v0.6.0
[INFO] [stderr]    Compiling chrono v0.4.39
[INFO] [stderr]    Compiling which v4.4.2
[INFO] [stderr]    Compiling regex v1.11.1
[INFO] [stderr]    Compiling drm v0.1.0 (/opt/rustwide/workdir/drm)
[INFO] [stderr]    Compiling gbm v0.1.0 (/opt/rustwide/workdir/gbm)
[INFO] [stderr]    Compiling exodus-common v0.1.0 (/opt/rustwide/workdir/exodus-common)
[INFO] [stderr]    Compiling exodus-client v0.1.0 (/opt/rustwide/workdir/exodus-client)
[INFO] [stderr]    Compiling exodus-server v0.1.0 (/opt/rustwide/workdir/exodus-server)
[INFO] [stdout] warning: method `request` is never used
[INFO] [stdout]   --> exodus-client/src/client.rs:46:8
[INFO] [stdout]    |
[INFO] [stdout] 20 | impl Entity {
[INFO] [stdout]    | ----------- method in this implementation
[INFO] [stdout] ...
[INFO] [stdout] 46 |     fn request(&mut self, msg: NetworkMessage) -> Result<Option<NetworkMessage>, ErrorKind> {
[INFO] [stdout]    |        ^^^^^^^
[INFO] [stdout]    |
[INFO] [stdout]    = note: `#[warn(dead_code)]` on by default
[INFO] [stdout] 
[INFO] [stdout] 
[INFO] [stdout] warning: associated function `new` is never used
[INFO] [stdout]   --> exodus-client/src/utils.rs:13:19
[INFO] [stdout]    |
[INFO] [stdout] 12 | impl Display {
[INFO] [stdout]    | ------------ associated function in this implementation
[INFO] [stdout] 13 |     pub(crate) fn new(id: i32, gpu: i32, gpu_count: u32, gpus: Vec<i32>) -> Self { Self { id, gpu, gpu_count, gpus } }
[INFO] [stdout]    |                   ^^^
[INFO] [stdout] 
[INFO] [stdout] 
[INFO] [stdout] warning: associated function `new` is never used
[INFO] [stdout]   --> exodus-client/src/utils.rs:26:19
[INFO] [stdout]    |
[INFO] [stdout] 25 | impl GPU {
[INFO] [stdout]    | -------- associated function in this implementation
[INFO] [stdout] 26 |     pub(crate) fn new(id: i32, vendor: i32, screen_count: u32, screens: Vec<i32>) -> Self { Self { id, vendor, screen_count, screens } }
[INFO] [stdout]    |                   ^^^
[INFO] [stdout] 
[INFO] [stdout] 
[INFO] [stdout] warning: associated function `new` is never used
[INFO] [stdout]   --> exodus-client/src/utils.rs:43:19
[INFO] [stdout]    |
[INFO] [stdout] 42 | impl Screen {
[INFO] [stdout]    | ----------- associated function in this implementation
[INFO] [stdout] 43 |     pub(crate) fn new(id: i32, connector_type: ConnectorType, mm_width: u32, mm_height: u32, subpixel: SubPixel, mode: u32, modes_count: ...
[INFO] [stdout]    |                   ^^^
[INFO] [stdout] 
[INFO] [stdout] 
[INFO] [stderr]     Finished `dev` profile [unoptimized + debuginfo] target(s) in 48.76s
[INFO] running `Command { std: "docker" "inspect" "fa250e2de078f41a843da98f2c160ec028928c6e15637a5cc9050017af0e5e8f", kill_on_drop: false }`
[INFO] running `Command { std: "docker" "rm" "-f" "fa250e2de078f41a843da98f2c160ec028928c6e15637a5cc9050017af0e5e8f", kill_on_drop: false }`
[INFO] [stdout] fa250e2de078f41a843da98f2c160ec028928c6e15637a5cc9050017af0e5e8f
[INFO] running `Command { std: "docker" "create" "-v" "/var/lib/crater-agent-workspace/builds/worker-2-tc1/target:/opt/rustwide/target:rw,Z" "-v" "/var/lib/crater-agent-workspace/builds/worker-2-tc1/source:/opt/rustwide/workdir:ro,Z" "-v" "/var/lib/crater-agent-workspace/cargo-home:/opt/rustwide/cargo-home:ro,Z" "-v" "/var/lib/crater-agent-workspace/rustup-home:/opt/rustwide/rustup-home:ro,Z" "-e" "SOURCE_DIR=/opt/rustwide/workdir" "-e" "CARGO_TARGET_DIR=/opt/rustwide/target" "-e" "CARGO_INCREMENTAL=0" "-e" "RUST_BACKTRACE=full" "-e" "RUSTFLAGS=--cap-lints=warn" "-e" "RUSTDOCFLAGS=--cap-lints=warn" "-e" "CARGO_HOME=/opt/rustwide/cargo-home" "-e" "RUSTUP_HOME=/opt/rustwide/rustup-home" "-w" "/opt/rustwide/workdir" "-m" "1610612736" "--user" "0:0" "--network" "none" "ghcr.io/rust-lang/crates-build-env/linux@sha256:f3a9d4ad9d972b27faf3965f35b62e55ba32bbce8f20bc8fe909558a86702fde" "/opt/rustwide/cargo-home/bin/cargo" "+1.83.0" "test" "--frozen" "--no-run" "--message-format=json", kill_on_drop: false }`
[INFO] [stdout] 932623037f2810bcd6022a96bddcf19c22dcee8aa18ccb4c87ccd827725d6886
[INFO] running `Command { std: "docker" "start" "-a" "932623037f2810bcd6022a96bddcf19c22dcee8aa18ccb4c87ccd827725d6886", kill_on_drop: false }`
[INFO] [stderr]    Compiling exodus-errors v0.1.0 (/opt/rustwide/workdir/exodus-errors)
[INFO] [stderr]    Compiling exodus-protocols v0.1.0 (/opt/rustwide/workdir/exodus-protocols)
[INFO] [stderr]    Compiling drm v0.1.0 (/opt/rustwide/workdir/drm)
[INFO] [stderr]    Compiling gbm v0.1.0 (/opt/rustwide/workdir/gbm)
[INFO] [stderr]    Compiling exodus-common v0.1.0 (/opt/rustwide/workdir/exodus-common)
[INFO] [stdout] warning: method `request` is never used
[INFO] [stdout]   --> exodus-client/src/client.rs:46:8
[INFO] [stdout]    |
[INFO] [stdout] 20 | impl Entity {
[INFO] [stdout]    | ----------- method in this implementation
[INFO] [stdout] ...
[INFO] [stdout] 46 |     fn request(&mut self, msg: NetworkMessage) -> Result<Option<NetworkMessage>, ErrorKind> {
[INFO] [stdout]    |        ^^^^^^^
[INFO] [stdout]    |
[INFO] [stdout]    = note: `#[warn(dead_code)]` on by default
[INFO] [stdout] 
[INFO] [stdout] 
[INFO] [stdout] warning: associated function `new` is never used
[INFO] [stdout]   --> exodus-client/src/utils.rs:13:19
[INFO] [stdout]    |
[INFO] [stdout] 12 | impl Display {
[INFO] [stdout]    | ------------ associated function in this implementation
[INFO] [stdout] 13 |     pub(crate) fn new(id: i32, gpu: i32, gpu_count: u32, gpus: Vec<i32>) -> Self { Self { id, gpu, gpu_count, gpus } }
[INFO] [stdout]    |                   ^^^
[INFO] [stdout] 
[INFO] [stdout] 
[INFO] [stdout] warning: associated function `new` is never used
[INFO] [stdout]   --> exodus-client/src/utils.rs:26:19
[INFO] [stdout]    |
[INFO] [stdout] 25 | impl GPU {
[INFO] [stdout]    | -------- associated function in this implementation
[INFO] [stdout] 26 |     pub(crate) fn new(id: i32, vendor: i32, screen_count: u32, screens: Vec<i32>) -> Self { Self { id, vendor, screen_count, screens } }
[INFO] [stdout]    |                   ^^^
[INFO] [stdout] 
[INFO] [stdout] 
[INFO] [stdout] warning: associated function `new` is never used
[INFO] [stdout]   --> exodus-client/src/utils.rs:43:19
[INFO] [stdout]    |
[INFO] [stdout] 42 | impl Screen {
[INFO] [stdout]    | ----------- associated function in this implementation
[INFO] [stdout] 43 |     pub(crate) fn new(id: i32, connector_type: ConnectorType, mm_width: u32, mm_height: u32, subpixel: SubPixel, mode: u32, modes_count: ...
[INFO] [stdout]    |                   ^^^
[INFO] [stdout] 
[INFO] [stdout] 
[INFO] [stderr]    Compiling exodus-server v0.1.0 (/opt/rustwide/workdir/exodus-server)
[INFO] [stderr]    Compiling exodus-client v0.1.0 (/opt/rustwide/workdir/exodus-client)
[INFO] [stdout] warning: method `request` is never used
[INFO] [stdout]   --> exodus-client/src/client.rs:46:8
[INFO] [stdout]    |
[INFO] [stdout] 20 | impl Entity {
[INFO] [stdout]    | ----------- method in this implementation
[INFO] [stdout] ...
[INFO] [stdout] 46 |     fn request(&mut self, msg: NetworkMessage) -> Result<Option<NetworkMessage>, ErrorKind> {
[INFO] [stdout]    |        ^^^^^^^
[INFO] [stdout]    |
[INFO] [stdout]    = note: `#[warn(dead_code)]` on by default
[INFO] [stdout] 
[INFO] [stdout] 
[INFO] [stdout] warning: associated function `new` is never used
[INFO] [stdout]   --> exodus-client/src/utils.rs:13:19
[INFO] [stdout]    |
[INFO] [stdout] 12 | impl Display {
[INFO] [stdout]    | ------------ associated function in this implementation
[INFO] [stdout] 13 |     pub(crate) fn new(id: i32, gpu: i32, gpu_count: u32, gpus: Vec<i32>) -> Self { Self { id, gpu, gpu_count, gpus } }
[INFO] [stdout]    |                   ^^^
[INFO] [stdout] 
[INFO] [stdout] 
[INFO] [stdout] warning: associated function `new` is never used
[INFO] [stdout]   --> exodus-client/src/utils.rs:26:19
[INFO] [stdout]    |
[INFO] [stdout] 25 | impl GPU {
[INFO] [stdout]    | -------- associated function in this implementation
[INFO] [stdout] 26 |     pub(crate) fn new(id: i32, vendor: i32, screen_count: u32, screens: Vec<i32>) -> Self { Self { id, vendor, screen_count, screens } }
[INFO] [stdout]    |                   ^^^
[INFO] [stdout] 
[INFO] [stdout] 
[INFO] [stdout] warning: associated function `new` is never used
[INFO] [stdout]   --> exodus-client/src/utils.rs:43:19
[INFO] [stdout]    |
[INFO] [stdout] 42 | impl Screen {
[INFO] [stdout]    | ----------- associated function in this implementation
[INFO] [stdout] 43 |     pub(crate) fn new(id: i32, connector_type: ConnectorType, mm_width: u32, mm_height: u32, subpixel: SubPixel, mode: u32, modes_count: ...
[INFO] [stdout]    |                   ^^^
[INFO] [stdout] 
[INFO] [stdout] 
[INFO] [stderr]     Finished `test` profile [unoptimized + debuginfo] target(s) in 13.20s
[INFO] running `Command { std: "docker" "inspect" "932623037f2810bcd6022a96bddcf19c22dcee8aa18ccb4c87ccd827725d6886", kill_on_drop: false }`
[INFO] running `Command { std: "docker" "rm" "-f" "932623037f2810bcd6022a96bddcf19c22dcee8aa18ccb4c87ccd827725d6886", kill_on_drop: false }`
[INFO] [stdout] 932623037f2810bcd6022a96bddcf19c22dcee8aa18ccb4c87ccd827725d6886
[INFO] running `Command { std: "docker" "create" "-v" "/var/lib/crater-agent-workspace/builds/worker-2-tc1/target:/opt/rustwide/target:rw,Z" "-v" "/var/lib/crater-agent-workspace/builds/worker-2-tc1/source:/opt/rustwide/workdir:ro,Z" "-v" "/var/lib/crater-agent-workspace/cargo-home:/opt/rustwide/cargo-home:ro,Z" "-v" "/var/lib/crater-agent-workspace/rustup-home:/opt/rustwide/rustup-home:ro,Z" "-e" "SOURCE_DIR=/opt/rustwide/workdir" "-e" "CARGO_TARGET_DIR=/opt/rustwide/target" "-e" "CARGO_INCREMENTAL=0" "-e" "RUST_BACKTRACE=full" "-e" "RUSTFLAGS=--cap-lints=warn" "-e" "RUSTDOCFLAGS=--cap-lints=warn" "-e" "CARGO_HOME=/opt/rustwide/cargo-home" "-e" "RUSTUP_HOME=/opt/rustwide/rustup-home" "-w" "/opt/rustwide/workdir" "-m" "1610612736" "--user" "0:0" "--network" "none" "ghcr.io/rust-lang/crates-build-env/linux@sha256:f3a9d4ad9d972b27faf3965f35b62e55ba32bbce8f20bc8fe909558a86702fde" "/opt/rustwide/cargo-home/bin/cargo" "+1.83.0" "test" "--frozen", kill_on_drop: false }`
[INFO] [stdout] 09c08f41094238d0cacdd2b59b1a930c7e7b2cb1dc3fa9697cd8449736313b68
[INFO] running `Command { std: "docker" "start" "-a" "09c08f41094238d0cacdd2b59b1a930c7e7b2cb1dc3fa9697cd8449736313b68", kill_on_drop: false }`
[INFO] [stderr] warning: method `request` is never used
[INFO] [stderr]   --> exodus-client/src/client.rs:46:8
[INFO] [stderr]    |
[INFO] [stderr] 20 | impl Entity {
[INFO] [stderr]    | ----------- method in this implementation
[INFO] [stderr] ...
[INFO] [stderr] 46 |     fn request(&mut self, msg: NetworkMessage) -> Result<Option<NetworkMessage>, ErrorKind> {
[INFO] [stderr]    |        ^^^^^^^
[INFO] [stderr]    |
[INFO] [stderr]    = note: `#[warn(dead_code)]` on by default
[INFO] [stderr] 
[INFO] [stderr] warning: associated function `new` is never used
[INFO] [stderr]   --> exodus-client/src/utils.rs:13:19
[INFO] [stderr]    |
[INFO] [stderr] 12 | impl Display {
[INFO] [stderr]    | ------------ associated function in this implementation
[INFO] [stderr] 13 |     pub(crate) fn new(id: i32, gpu: i32, gpu_count: u32, gpus: Vec<i32>) -> Self { Self { id, gpu, gpu_count, gpus } }
[INFO] [stderr]    |                   ^^^
[INFO] [stderr] 
[INFO] [stderr] warning: associated function `new` is never used
[INFO] [stderr]   --> exodus-client/src/utils.rs:26:19
[INFO] [stderr]    |
[INFO] [stderr] 25 | impl GPU {
[INFO] [stderr]    | -------- associated function in this implementation
[INFO] [stderr] 26 |     pub(crate) fn new(id: i32, vendor: i32, screen_count: u32, screens: Vec<i32>) -> Self { Self { id, vendor, screen_count, screens } }
[INFO] [stderr]    |                   ^^^
[INFO] [stderr] 
[INFO] [stderr] warning: associated function `new` is never used
[INFO] [stderr]   --> exodus-client/src/utils.rs:43:19
[INFO] [stderr]    |
[INFO] [stderr] 42 | impl Screen {
[INFO] [stderr]    | ----------- associated function in this implementation
[INFO] [stderr] 43 |     pub(crate) fn new(id: i32, connector_type: ConnectorType, mm_width: u32, mm_height: u32, subpixel: SubPixel, mode: u32, modes_count: ...
[INFO] [stderr]    |                   ^^^
[INFO] [stderr] 
[INFO] [stderr] warning: `exodus-client` (lib) generated 4 warnings
[INFO] [stderr] warning: `exodus-client` (lib test) generated 4 warnings (4 duplicates)
[INFO] [stderr]     Finished `test` profile [unoptimized + debuginfo] target(s) in 0.10s
[INFO] [stderr]      Running unittests src/lib.rs (/opt/rustwide/target/debug/deps/drm-c63b3408860b6ac9)
[INFO] [stdout] 
[INFO] [stdout] running 169 tests
[INFO] [stdout] test bindgen_test_layout___atomic_wide_counter ... ok
[INFO] [stdout] test bindgen_test_layout___atomic_wide_counter__bindgen_ty_1 ... ok
[INFO] [stdout] test bindgen_test_layout___fsid_t ... ok
[INFO] [stdout] test bindgen_test_layout___pthread_internal_slist ... ok
[INFO] [stdout] test bindgen_test_layout___pthread_mutex_s ... ok
[INFO] [stdout] test bindgen_test_layout___pthread_internal_list ... ok
[INFO] [stdout] test bindgen_test_layout___pthread_rwlock_arch_t ... ok
[INFO] [stdout] test bindgen_test_layout___sigset_t ... ok
[INFO] [stdout] test bindgen_test_layout___va_list_tag ... ok
[INFO] [stdout] test bindgen_test_layout__drmBuf ... ok
[INFO] [stdout] test bindgen_test_layout__drmBufDesc ... ok
[INFO] [stdout] test bindgen_test_layout__drmBufMap ... ok
[INFO] [stdout] test bindgen_test_layout__drmDevice ... ok
[INFO] [stdout] test bindgen_test_layout__drmDMAReq ... ok
[INFO] [stdout] test bindgen_test_layout__drmDevice__bindgen_ty_1 ... ok
[INFO] [stdout] test bindgen_test_layout__drmEventContext ... ok
[INFO] [stdout] test bindgen_test_layout__drmDevice__bindgen_ty_2 ... ok
[INFO] [stdout] test bindgen_test_layout__drmHost1xBusInfo ... ok
[INFO] [stdout] test bindgen_test_layout__drmModeConnector ... ok
[INFO] [stdout] test bindgen_test_layout__drmHost1xDeviceInfo ... ok
[INFO] [stdout] test bindgen_test_layout__drmLock ... ok
[INFO] [stdout] test bindgen_test_layout__drmModeCrtc ... ok
[INFO] [stdout] test bindgen_test_layout__drmModeFB ... ok
[INFO] [stdout] test bindgen_test_layout__drmModeEncoder ... ok
[INFO] [stdout] test bindgen_test_layout__drmModeFB2 ... ok
[INFO] [stdout] test bindgen_test_layout__drmModeFormatModifierIterator ... ok
[INFO] [stdout] test bindgen_test_layout__drmModeModeInfo ... ok
[INFO] [stdout] test bindgen_test_layout__drmModeObjectProperties ... ok
[INFO] [stdout] test bindgen_test_layout___pthread_cond_s ... ok
[INFO] [stdout] test bindgen_test_layout__drmModePlane ... ok
[INFO] [stdout] test bindgen_test_layout__drmModePlaneRes ... ok
[INFO] [stdout] test bindgen_test_layout__drmModeProperty ... ok
[INFO] [stdout] test bindgen_test_layout__drmModePropertyBlob ... ok
[INFO] [stdout] test bindgen_test_layout___kernel_fd_set ... ok
[INFO] [stdout] test bindgen_test_layout__drmBufInfo ... ok
[INFO] [stdout] test bindgen_test_layout___kernel_fsid_t ... ok
[INFO] [stdout] test bindgen_test_layout__drmPciDeviceInfo ... ok
[INFO] [stdout] test bindgen_test_layout__drmPlatformBusInfo ... ok
[INFO] [stdout] test bindgen_test_layout__drmPlatformDeviceInfo ... ok
[INFO] [stdout] test bindgen_test_layout__drmSetVersion ... ok
[INFO] [stdout] test bindgen_test_layout__drmRegion ... ok
[INFO] [stdout] test bindgen_test_layout__drmStats__bindgen_ty_1 ... ok
[INFO] [stdout] test bindgen_test_layout__drmStats ... ok
[INFO] [stdout] test bindgen_test_layout__drmServerInfo ... ok
[INFO] [stdout] test bindgen_test_layout__drmTextureRegion ... ok
[INFO] [stdout] test bindgen_test_layout__drmUsbDeviceInfo ... ok
[INFO] [stdout] test bindgen_test_layout__drmUsbBusInfo ... ok
[INFO] [stdout] test bindgen_test_layout__drmVBlank ... ok
[INFO] [stdout] test bindgen_test_layout__drmVBlankReq ... ok
[INFO] [stdout] test bindgen_test_layout__drmVersion ... ok
[INFO] [stdout] test bindgen_test_layout_drmModeLesseeList ... ok
[INFO] [stdout] test bindgen_test_layout_drm_agp_buffer ... ok
[INFO] [stdout] test bindgen_test_layout___once_flag ... ok
[INFO] [stdout] test bindgen_test_layout_drm_agp_binding ... ok
[INFO] [stdout] test bindgen_test_layout_drm_agp_mode ... ok
[INFO] [stdout] test bindgen_test_layout_drm_auth ... ok
[INFO] [stdout] test bindgen_test_layout_drm_agp_info ... ok
[INFO] [stdout] test bindgen_test_layout_drm_buf_free ... ok
[INFO] [stdout] test bindgen_test_layout__drmVBlankReply ... ok
[INFO] [stdout] test bindgen_test_layout_drmModeObjectList ... ok
[INFO] [stdout] test bindgen_test_layout_drmHashEntry ... ok
[INFO] [stdout] test bindgen_test_layout__drmModeRes ... ok
[INFO] [stdout] test bindgen_test_layout__drmPciBusInfo ... ok
[INFO] [stdout] test bindgen_test_layout_drm_block ... ok
[INFO] [stdout] test bindgen_test_layout_drm_buf_desc ... ok
[INFO] [stdout] test bindgen_test_layout_drm_buf_pub ... ok
[INFO] [stdout] test bindgen_test_layout_drm_buf_map ... ok
[INFO] [stdout] test bindgen_test_layout_drm_color_lut ... ok
[INFO] [stdout] test bindgen_test_layout_drm_control ... ok
[INFO] [stdout] test bindgen_test_layout_drm_crtc_get_sequence ... ok
[INFO] [stdout] test bindgen_test_layout_drm_buf_info ... ok
[INFO] [stdout] test bindgen_test_layout_drm_ctx ... ok
[INFO] [stdout] test bindgen_test_layout_drm_client ... ok
[INFO] [stdout] test bindgen_test_layout_drm_crtc_queue_sequence ... ok
[INFO] [stdout] test bindgen_test_layout_drm_clip_rect ... ok
[INFO] [stdout] test bindgen_test_layout_drm_ctx_priv_map ... ok
[INFO] [stdout] test bindgen_test_layout_drm_dma ... ok
[INFO] [stdout] test bindgen_test_layout_drm_event ... ok
[INFO] [stdout] test bindgen_test_layout_drm_format_modifier ... ok
[INFO] [stdout] test bindgen_test_layout_drm_draw ... ok
[INFO] [stdout] test bindgen_test_layout_drm_color_ctm ... ok
[INFO] [stdout] test bindgen_test_layout_drm_ctx_res ... ok
[INFO] [stdout] test bindgen_test_layout_drm_drawable_info ... ok
[INFO] [stdout] test bindgen_test_layout_drm_gem_open ... ok
[INFO] [stdout] test bindgen_test_layout_drm_get_cap ... ok
[INFO] [stdout] test bindgen_test_layout_drm_hw_lock ... ok
[INFO] [stdout] test bindgen_test_layout_drm_irq_busid ... ok
[INFO] [stdout] test bindgen_test_layout_drm_list ... ok
[INFO] [stdout] test bindgen_test_layout_drm_lock ... ok
[INFO] [stdout] test bindgen_test_layout_drm_map ... ok
[INFO] [stdout] test bindgen_test_layout_drm_mode_atomic ... ok
[INFO] [stdout] test bindgen_test_layout_drm_mode_connector_set_property ... ok
[INFO] [stdout] test bindgen_test_layout_drm_mode_create_blob ... ok
[INFO] [stdout] test bindgen_test_layout_drm_mode_create_dumb ... ok
[INFO] [stdout] test bindgen_test_layout_drm_mode_create_lease ... ok
[INFO] [stdout] test bindgen_test_layout_drm_mode_crtc ... ok
[INFO] [stdout] test bindgen_test_layout_drm_mode_crtc_lut ... ok
[INFO] [stdout] test bindgen_test_layout_drm_mode_crtc_page_flip ... ok
[INFO] [stdout] test bindgen_test_layout_drm_mode_crtc_page_flip_target ... ok
[INFO] [stdout] test bindgen_test_layout_drm_mode_cursor ... ok
[INFO] [stdout] test bindgen_test_layout_drm_mode_cursor2 ... ok
[INFO] [stdout] test bindgen_test_layout_drm_mode_destroy_blob ... ok
[INFO] [stdout] test bindgen_test_layout_drm_gem_flink ... ok
[INFO] [stdout] test bindgen_test_layout_drm_mode_destroy_dumb ... ok
[INFO] [stdout] test bindgen_test_layout_drm_mode_fb_dirty_cmd ... ok
[INFO] [stdout] test bindgen_test_layout_drm_mode_get_blob ... ok
[INFO] [stdout] test bindgen_test_layout_drm_mode_get_connector ... ok
[INFO] [stdout] test bindgen_test_layout_drm_mode_get_encoder ... ok
[INFO] [stdout] test bindgen_test_layout_drm_mode_get_lease ... ok
[INFO] [stdout] test bindgen_test_layout_drm_event_crtc_sequence ... ok
[INFO] [stdout] test bindgen_test_layout_drm_mode_get_plane ... ok
[INFO] [stdout] test bindgen_test_layout_drm_format_modifier_blob ... ok
[INFO] [stdout] test bindgen_test_layout_drm_event_vblank ... ok
[INFO] [stdout] test bindgen_test_layout_drm_mode_get_plane_res ... ok
[INFO] [stdout] test bindgen_test_layout_drm_mode_get_property ... ok
[INFO] [stdout] test bindgen_test_layout_drm_mode_mode_cmd ... ok
[INFO] [stdout] test bindgen_test_layout_drm_mode_fb_cmd ... ok
[INFO] [stdout] test bindgen_test_layout_drm_mode_list_lessees ... ok
[INFO] [stdout] test bindgen_test_layout_drm_mode_modeinfo ... ok
[INFO] [stdout] test bindgen_test_layout_drm_mode_obj_get_properties ... ok
[INFO] [stdout] test bindgen_test_layout_drm_mode_property_enum ... ok
[INFO] [stdout] test bindgen_test_layout_drm_mode_obj_set_property ... ok
[INFO] [stdout] test bindgen_test_layout_drm_mode_rect ... ok
[INFO] [stdout] test bindgen_test_layout_drm_mode_map_dumb ... ok
[INFO] [stdout] test bindgen_test_layout_drm_mode_card_res ... ok
[INFO] [stdout] test bindgen_test_layout_drm_mode_fb_cmd2 ... ok
[INFO] [stdout] test bindgen_test_layout_drm_mode_revoke_lease ... ok
[INFO] [stdout] test bindgen_test_layout_drm_gem_close ... ok
[INFO] [stdout] test bindgen_test_layout_drm_mode_set_plane ... ok
[INFO] [stdout] test bindgen_test_layout_drm_modeset_ctl ... ok
[INFO] [stdout] test bindgen_test_layout_drm_prime_handle ... ok
[INFO] [stdout] test bindgen_test_layout_drm_scatter_gather ... ok
[INFO] [stdout] test bindgen_test_layout_drm_set_client_cap ... ok
[INFO] [stdout] test bindgen_test_layout_drm_set_version ... ok
[INFO] [stdout] test bindgen_test_layout_drm_syncobj_array ... ok
[INFO] [stdout] test bindgen_test_layout_drm_stats__bindgen_ty_1 ... ok
[INFO] [stdout] test bindgen_test_layout_drm_syncobj_handle ... ok
[INFO] [stdout] test bindgen_test_layout_drm_syncobj_timeline_wait ... ok
[INFO] [stdout] test bindgen_test_layout_drm_syncobj_create ... ok
[INFO] [stdout] test bindgen_test_layout_drm_syncobj_transfer ... ok
[INFO] [stdout] test bindgen_test_layout_drm_syncobj_destroy ... ok
[INFO] [stdout] test bindgen_test_layout_drm_stats ... ok
[INFO] [stdout] test bindgen_test_layout_drm_syncobj_wait ... ok
[INFO] [stdout] test bindgen_test_layout_drm_update_draw ... ok
[INFO] [stdout] test bindgen_test_layout_drm_syncobj_timeline_array ... ok
[INFO] [stdout] test bindgen_test_layout_drm_wait_vblank ... ok
[INFO] [stdout] test bindgen_test_layout_drm_version ... ok
[INFO] [stdout] test bindgen_test_layout_drm_tex_region ... ok
[INFO] [stdout] test bindgen_test_layout_drm_wait_vblank_reply ... ok
[INFO] [stdout] test bindgen_test_layout_drm_wait_vblank_request ... ok
[INFO] [stdout] test bindgen_test_layout_fd_set ... ok
[INFO] [stdout] test bindgen_test_layout_hdr_metadata_infoframe ... ok
[INFO] [stdout] test bindgen_test_layout_drm_unique ... ok
[INFO] [stdout] test bindgen_test_layout_hdr_metadata_infoframe__bindgen_ty_2 ... ok
[INFO] [stdout] test bindgen_test_layout_hdr_output_metadata ... ok
[INFO] [stdout] test bindgen_test_layout_hdr_output_metadata__bindgen_ty_1 ... ok
[INFO] [stdout] test bindgen_test_layout_pthread_attr_t ... ok
[INFO] [stdout] test bindgen_test_layout_pthread_barrierattr_t ... ok
[INFO] [stdout] test bindgen_test_layout_pthread_barrier_t ... ok
[INFO] [stdout] test bindgen_test_layout_pthread_mutex_t ... ok
[INFO] [stdout] test bindgen_test_layout_pthread_cond_t ... ok
[INFO] [stdout] test bindgen_test_layout_pthread_condattr_t ... ok
[INFO] [stdout] test bindgen_test_layout_hdr_metadata_infoframe__bindgen_ty_1 ... ok
[INFO] [stdout] test bindgen_test_layout_max_align_t ... ok
[INFO] [stdout] test bindgen_test_layout_pthread_mutexattr_t ... ok
[INFO] [stdout] test bindgen_test_layout_pthread_rwlock_t ... ok
[INFO] [stdout] test bindgen_test_layout_pthread_rwlockattr_t ... ok
[INFO] [stdout] test bindgen_test_layout_timeval ... ok
[INFO] [stdout] test bindgen_test_layout_timespec ... ok
[INFO] [stdout] 
[INFO] [stdout] test result: ok. 169 passed; 0 failed; 0 ignored; 0 measured; 0 filtered out; finished in 0.13s
[INFO] [stdout] 
[INFO] [stderr]      Running unittests src/lib.rs (/opt/rustwide/target/debug/deps/exodus_client-ad98cce3405d073f)
[INFO] [stdout] 
[INFO] [stdout] running 0 tests
[INFO] [stdout] 
[INFO] [stdout] test result: ok. 0 passed; 0 failed; 0 ignored; 0 measured; 0 filtered out; finished in 0.00s
[INFO] [stdout] 
[INFO] [stderr]      Running unittests src/lib.rs (/opt/rustwide/target/debug/deps/exodus_common-fc6508520d0c99d6)
[INFO] [stdout] 
[INFO] [stdout] running 8 tests
[INFO] [stdout] test tests::network_message::network_message_write_i16 ... ok
[INFO] [stdout] test tests::network_message::network_message_write_u16 ... ok
[INFO] [stdout] test tests::network_message::network_message_write_i64 ... ok
[INFO] [stdout] test tests::network_message::network_message_write_i8 ... ok
[INFO] [stdout] test tests::network_message::network_message_write_u64 ... ok
[INFO] [stdout] test tests::network_message::network_message_write_i32 ... ok
[INFO] [stdout] test tests::network_message::network_message_write_u32 ... ok
[INFO] [stdout] test tests::network_message::network_message_write_u8 ... ok
[INFO] [stdout] 
[INFO] [stdout] test result: ok. 8 passed; 0 failed; 0 ignored; 0 measured; 0 filtered out; finished in 0.01s
[INFO] [stdout] 
[INFO] [stderr]      Running unittests src/lib.rs (/opt/rustwide/target/debug/deps/exodus_errors-b0e717a07a3d8c0d)
[INFO] [stdout] 
[INFO] [stdout] running 0 tests
[INFO] [stdout] 
[INFO] [stdout] test result: ok. 0 passed; 0 failed; 0 ignored; 0 measured; 0 filtered out; finished in 0.00s
[INFO] [stdout] 
[INFO] [stderr]      Running unittests src/lib.rs (/opt/rustwide/target/debug/deps/exodus_protocols-3d2630abb87df17b)
[INFO] [stdout] 
[INFO] [stdout] running 0 tests
[INFO] [stdout] 
[INFO] [stdout] test result: ok. 0 passed; 0 failed; 0 ignored; 0 measured; 0 filtered out; finished in 0.00s
[INFO] [stdout] 
[INFO] [stderr]      Running unittests src/lib.rs (/opt/rustwide/target/debug/deps/exodus_server-f888243b32911864)
[INFO] [stdout] 
[INFO] [stdout] running 1 test
[INFO] [stdout] 2024-12-14 01:28:56 [EXODUS-0] [[32mINFO[0m] - Initializing display...
[INFO] [stdout] 2024-12-14 01:28:56 [EXODUS-0] [[32mINFO[0m] - Detecting GPU...
[INFO] [stdout] 2024-12-14 01:28:56 [EXODUS-0] [[31mERROR[0m] - Failed to list GPU in "/dev/dri/", directory not found - ErrorKind: GPUS_LIST_FAILED
[INFO] [stdout] test tests::rendering_direct_screen ... FAILED
[INFO] [stdout] 
[INFO] [stdout] failures:
[INFO] [stdout] 
[INFO] [stdout] ---- tests::rendering_direct_screen stdout ----
[INFO] [stdout] thread 'tests::rendering_direct_screen' panicked at exodus-server/src/lib.rs:24:45:
[INFO] [stdout] called `Result::unwrap()` on an `Err` value: GPUS_LIST_FAILED
[INFO] [stdout] stack backtrace:
[INFO] [stdout]    0:     0x5657f1cffeda - std::backtrace_rs::backtrace::libunwind::trace::h5a5b8284f2d0c266
[INFO] [stdout]                                at /rustc/90b35a6239c3d8bdabc530a6a0816f7ff89a0aaf/library/std/src/../../backtrace/src/backtrace/libunwind.rs:116:5
[INFO] [stdout]    1:     0x5657f1cffeda - std::backtrace_rs::backtrace::trace_unsynchronized::h76d4f1c9b0b875e3
[INFO] [stdout]                                at /rustc/90b35a6239c3d8bdabc530a6a0816f7ff89a0aaf/library/std/src/../../backtrace/src/backtrace/mod.rs:66:5
[INFO] [stdout]    2:     0x5657f1cffeda - std::sys::backtrace::_print_fmt::hc4546b8364a537c6
[INFO] [stdout]                                at /rustc/90b35a6239c3d8bdabc530a6a0816f7ff89a0aaf/library/std/src/sys/backtrace.rs:66:9
[INFO] [stdout]    3:     0x5657f1cffeda - <std::sys::backtrace::BacktraceLock::print::DisplayBacktrace as core::fmt::Display>::fmt::h5b6bd5631a6d1f6b
[INFO] [stdout]                                at /rustc/90b35a6239c3d8bdabc530a6a0816f7ff89a0aaf/library/std/src/sys/backtrace.rs:39:26
[INFO] [stdout]    4:     0x5657f1d25e03 - core::fmt::rt::Argument::fmt::h270f6602a2b96f62
[INFO] [stdout]                                at /rustc/90b35a6239c3d8bdabc530a6a0816f7ff89a0aaf/library/core/src/fmt/rt.rs:177:76
[INFO] [stdout]    5:     0x5657f1d25e03 - core::fmt::write::h7550c97b06c86515
[INFO] [stdout]                                at /rustc/90b35a6239c3d8bdabc530a6a0816f7ff89a0aaf/library/core/src/fmt/mod.rs:1186:21
[INFO] [stdout]    6:     0x5657f1cfcd83 - std::io::Write::write_fmt::h509ff860e5956e5e
[INFO] [stdout]                                at /rustc/90b35a6239c3d8bdabc530a6a0816f7ff89a0aaf/library/std/src/io/mod.rs:1839:15
[INFO] [stdout]    7:     0x5657f1cffd22 - std::sys::backtrace::BacktraceLock::print::h2395ccd2c84ba3aa
[INFO] [stdout]                                at /rustc/90b35a6239c3d8bdabc530a6a0816f7ff89a0aaf/library/std/src/sys/backtrace.rs:42:9
[INFO] [stdout]    8:     0x5657f1d0133a - std::panicking::default_hook::{{closure}}::he19d4c7230e07961
[INFO] [stdout]                                at /rustc/90b35a6239c3d8bdabc530a6a0816f7ff89a0aaf/library/std/src/panicking.rs:268:22
[INFO] [stdout]    9:     0x5657f1d01144 - std::panicking::default_hook::hf614597d3c67bbdb
[INFO] [stdout]                                at /rustc/90b35a6239c3d8bdabc530a6a0816f7ff89a0aaf/library/std/src/panicking.rs:292:9
[INFO] [stdout]   10:     0x5657f1c877f9 - <alloc::boxed::Box<F,A> as core::ops::function::Fn<Args>>::call::h39b51ce4599c23d1
[INFO] [stdout]                                at /rustc/90b35a6239c3d8bdabc530a6a0816f7ff89a0aaf/library/alloc/src/boxed.rs:2468:9
[INFO] [stdout]   11:     0x5657f1c877f9 - test::test_main::{{closure}}::he977ae839a582784
[INFO] [stdout]                                at /rustc/90b35a6239c3d8bdabc530a6a0816f7ff89a0aaf/library/test/src/lib.rs:133:21
[INFO] [stdout]   12:     0x5657f1d019d8 - <alloc::boxed::Box<F,A> as core::ops::function::Fn<Args>>::call::h9455091b6b06f9fb
[INFO] [stdout]                                at /rustc/90b35a6239c3d8bdabc530a6a0816f7ff89a0aaf/library/alloc/src/boxed.rs:2468:9
[INFO] [stdout]   13:     0x5657f1d019d8 - std::panicking::rust_panic_with_hook::h8942133a8b252070
[INFO] [stdout]                                at /rustc/90b35a6239c3d8bdabc530a6a0816f7ff89a0aaf/library/std/src/panicking.rs:809:13
[INFO] [stdout]   14:     0x5657f1d0179a - std::panicking::begin_panic_handler::{{closure}}::hb5f5963570096b29
[INFO] [stdout]                                at /rustc/90b35a6239c3d8bdabc530a6a0816f7ff89a0aaf/library/std/src/panicking.rs:674:13
[INFO] [stdout]   15:     0x5657f1d003b9 - std::sys::backtrace::__rust_end_short_backtrace::h6208cedc1922feda
[INFO] [stdout]                                at /rustc/90b35a6239c3d8bdabc530a6a0816f7ff89a0aaf/library/std/src/sys/backtrace.rs:170:18
[INFO] [stdout]   16:     0x5657f1d0142c - rust_begin_unwind
[INFO] [stdout]                                at /rustc/90b35a6239c3d8bdabc530a6a0816f7ff89a0aaf/library/std/src/panicking.rs:665:5
[INFO] [stdout]   17:     0x5657f1c3bc60 - core::panicking::panic_fmt::h0c3082644d1bf418
[INFO] [stdout]                                at /rustc/90b35a6239c3d8bdabc530a6a0816f7ff89a0aaf/library/core/src/panicking.rs:74:14
[INFO] [stdout]   18:     0x5657f1c3c0e6 - core::result::unwrap_failed::hd20b4aa073bda1e2
[INFO] [stdout]                                at /rustc/90b35a6239c3d8bdabc530a6a0816f7ff89a0aaf/library/core/src/result.rs:1700:5
[INFO] [stdout]   19:     0x5657f1c49985 - core::result::Result<T,E>::unwrap::h90121a76249fd2f8
[INFO] [stdout]                                at /rustc/90b35a6239c3d8bdabc530a6a0816f7ff89a0aaf/library/core/src/result.rs:1104:23
[INFO] [stdout]   20:     0x5657f1c49985 - exodus_server::tests::rendering_direct_screen::h661282345d88b0a2
[INFO] [stdout]                                at /opt/rustwide/workdir/exodus-server/src/lib.rs:24:27
[INFO] [stdout]   21:     0x5657f1c498f7 - exodus_server::tests::rendering_direct_screen::{{closure}}::hbbbf078d913a07f7
[INFO] [stdout]                                at /opt/rustwide/workdir/exodus-server/src/lib.rs:23:33
[INFO] [stdout]   22:     0x5657f1c41be6 - core::ops::function::FnOnce::call_once::h7c020b1b57241a9d
[INFO] [stdout]                                at /rustc/90b35a6239c3d8bdabc530a6a0816f7ff89a0aaf/library/core/src/ops/function.rs:250:5
[INFO] [stdout]   23:     0x5657f1c8c1bb - core::ops::function::FnOnce::call_once::h109cf8051a59b34e
[INFO] [stdout]                                at /rustc/90b35a6239c3d8bdabc530a6a0816f7ff89a0aaf/library/core/src/ops/function.rs:250:5
[INFO] [stdout]   24:     0x5657f1c8c1bb - test::__rust_begin_short_backtrace::hf4fff89d377446ba
[INFO] [stdout]                                at /rustc/90b35a6239c3d8bdabc530a6a0816f7ff89a0aaf/library/test/src/lib.rs:621:18
[INFO] [stdout]   25:     0x5657f1c8b9f7 - test::run_test_in_process::{{closure}}::h0e39181dd7ee5a43
[INFO] [stdout]                                at /rustc/90b35a6239c3d8bdabc530a6a0816f7ff89a0aaf/library/test/src/lib.rs:644:60
[INFO] [stdout]   26:     0x5657f1c8b9f7 - <core::panic::unwind_safe::AssertUnwindSafe<F> as core::ops::function::FnOnce<()>>::call_once::hc5a66a30f0bdfd1f
[INFO] [stdout]                                at /rustc/90b35a6239c3d8bdabc530a6a0816f7ff89a0aaf/library/core/src/panic/unwind_safe.rs:272:9
[INFO] [stdout]   27:     0x5657f1c8b9f7 - std::panicking::try::do_call::h873b7cf639554a5e
[INFO] [stdout]                                at /rustc/90b35a6239c3d8bdabc530a6a0816f7ff89a0aaf/library/std/src/panicking.rs:557:40
[INFO] [stdout]   28:     0x5657f1c8b9f7 - std::panicking::try::hdb19862fad9c8bd1
[INFO] [stdout]                                at /rustc/90b35a6239c3d8bdabc530a6a0816f7ff89a0aaf/library/std/src/panicking.rs:520:19
[INFO] [stdout]   29:     0x5657f1c8b9f7 - std::panic::catch_unwind::h281fe732d236d260
[INFO] [stdout]                                at /rustc/90b35a6239c3d8bdabc530a6a0816f7ff89a0aaf/library/std/src/panic.rs:358:14
[INFO] [stdout]   30:     0x5657f1c8b9f7 - test::run_test_in_process::h949b6df8457ed338
[INFO] [stdout]                                at /rustc/90b35a6239c3d8bdabc530a6a0816f7ff89a0aaf/library/test/src/lib.rs:644:27
[INFO] [stdout]   31:     0x5657f1c8b9f7 - test::run_test::{{closure}}::h52c556a6d4740e10
[INFO] [stdout]                                at /rustc/90b35a6239c3d8bdabc530a6a0816f7ff89a0aaf/library/test/src/lib.rs:565:43
[INFO] [stdout]   32:     0x5657f1c50cd4 - test::run_test::{{closure}}::h4237f6381c45ccb9
[INFO] [stdout]                                at /rustc/90b35a6239c3d8bdabc530a6a0816f7ff89a0aaf/library/test/src/lib.rs:595:41
[INFO] [stdout]   33:     0x5657f1c50cd4 - std::sys::backtrace::__rust_begin_short_backtrace::h505c97a579eca628
[INFO] [stdout]                                at /rustc/90b35a6239c3d8bdabc530a6a0816f7ff89a0aaf/library/std/src/sys/backtrace.rs:154:18
[INFO] [stdout]   34:     0x5657f1c5439e - std::thread::Builder::spawn_unchecked_::{{closure}}::{{closure}}::h9e86b2e2bc107ea3
[INFO] [stdout]                                at /rustc/90b35a6239c3d8bdabc530a6a0816f7ff89a0aaf/library/std/src/thread/mod.rs:538:17
[INFO] [stdout]   35:     0x5657f1c5439e - <core::panic::unwind_safe::AssertUnwindSafe<F> as core::ops::function::FnOnce<()>>::call_once::h8b06ddb275ff4a25
[INFO] [stdout]                                at /rustc/90b35a6239c3d8bdabc530a6a0816f7ff89a0aaf/library/core/src/panic/unwind_safe.rs:272:9
[INFO] [stdout]   36:     0x5657f1c5439e - std::panicking::try::do_call::hb26ecd7cd9a9355d
[INFO] [stdout]                                at /rustc/90b35a6239c3d8bdabc530a6a0816f7ff89a0aaf/library/std/src/panicking.rs:557:40
[INFO] [stdout]   37:     0x5657f1c5439e - std::panicking::try::h8ddeca9d705f9069
[INFO] [stdout]                                at /rustc/90b35a6239c3d8bdabc530a6a0816f7ff89a0aaf/library/std/src/panicking.rs:520:19
[INFO] [stdout]   38:     0x5657f1c5439e - std::panic::catch_unwind::h49e1c33078844c46
[INFO] [stdout]                                at /rustc/90b35a6239c3d8bdabc530a6a0816f7ff89a0aaf/library/std/src/panic.rs:358:14
[INFO] [stdout]   39:     0x5657f1c5439e - std::thread::Builder::spawn_unchecked_::{{closure}}::h6073db6ff56ad35d
[INFO] [stdout]                                at /rustc/90b35a6239c3d8bdabc530a6a0816f7ff89a0aaf/library/std/src/thread/mod.rs:537:30
[INFO] [stdout]   40:     0x5657f1c5439e - core::ops::function::FnOnce::call_once{{vtable.shim}}::h2c5a5f3779c774f1
[INFO] [stdout]                                at /rustc/90b35a6239c3d8bdabc530a6a0816f7ff89a0aaf/library/core/src/ops/function.rs:250:5
[INFO] [stdout]   41:     0x5657f1d05fab - <alloc::boxed::Box<F,A> as core::ops::function::FnOnce<Args>>::call_once::hf75717d9f28faebf
[INFO] [stdout]                                at /rustc/90b35a6239c3d8bdabc530a6a0816f7ff89a0aaf/library/alloc/src/boxed.rs:2454:9
[INFO] [stdout]   42:     0x5657f1d05fab - <alloc::boxed::Box<F,A> as core::ops::function::FnOnce<Args>>::call_once::h7bd883a5f3c5f3c1
[INFO] [stdout]                                at /rustc/90b35a6239c3d8bdabc530a6a0816f7ff89a0aaf/library/alloc/src/boxed.rs:2454:9
[INFO] [stdout]   43:     0x5657f1d05fab - std::sys::pal::unix::thread::Thread::new::thread_start::hcc78f3943333fa94
[INFO] [stdout]                                at /rustc/90b35a6239c3d8bdabc530a6a0816f7ff89a0aaf/library/std/src/sys/pal/unix/thread.rs:105:17
[INFO] [stdout]   44:     0x72dccbac0ac3 - <unknown>
[INFO] [stdout]   45:     0x72dccbb51a04 - clone
[INFO] [stdout]   46:                0x0 - <unknown>
[INFO] [stdout] 
[INFO] [stdout] 
[INFO] [stdout] failures:
[INFO] [stdout]     tests::rendering_direct_screen
[INFO] [stdout] 
[INFO] [stdout] test result: FAILED. 0 passed; 1 failed; 0 ignored; 0 measured; 0 filtered out; finished in 0.05s
[INFO] [stdout] 
[INFO] [stderr] error: test failed, to rerun pass `-p exodus-server --lib`
[INFO] running `Command { std: "docker" "inspect" "09c08f41094238d0cacdd2b59b1a930c7e7b2cb1dc3fa9697cd8449736313b68", kill_on_drop: false }`
[INFO] running `Command { std: "docker" "rm" "-f" "09c08f41094238d0cacdd2b59b1a930c7e7b2cb1dc3fa9697cd8449736313b68", kill_on_drop: false }`
[INFO] [stdout] 09c08f41094238d0cacdd2b59b1a930c7e7b2cb1dc3fa9697cd8449736313b68
