[INFO] cloning repository https://github.com/AmitPr/monetary
[INFO] running `Command { std: "git" "-c" "credential.helper=" "-c" "credential.helper=/workspace/cargo-home/bin/git-credential-null" "clone" "--bare" "https://github.com/AmitPr/monetary" "/workspace/cache/git-repos/https%3A%2F%2Fgithub.com%2FAmitPr%2Fmonetary", kill_on_drop: false }`
[INFO] [stderr] Cloning into bare repository '/workspace/cache/git-repos/https%3A%2F%2Fgithub.com%2FAmitPr%2Fmonetary'...
[INFO] running `Command { std: "git" "rev-parse" "HEAD", kill_on_drop: false }`
[INFO] [stdout] f7c0f9ccefa5a39706376306eeea7b202470b96c
[INFO] testing AmitPr/monetary against 1.83.0 for beta-1.84.0-4-retry
[INFO] running `Command { std: "git" "clone" "/workspace/cache/git-repos/https%3A%2F%2Fgithub.com%2FAmitPr%2Fmonetary" "/workspace/builds/worker-3-tc1/source", kill_on_drop: false }`
[INFO] [stderr] Cloning into '/workspace/builds/worker-3-tc1/source'...
[INFO] [stderr] done.
[INFO] validating manifest of git repo https://github.com/AmitPr/monetary on toolchain 1.83.0
[INFO] running `Command { std: CARGO_HOME="/workspace/cargo-home" RUSTUP_HOME="/workspace/rustup-home" "/workspace/cargo-home/bin/cargo" "+1.83.0" "metadata" "--manifest-path" "Cargo.toml" "--no-deps", kill_on_drop: false }`
[INFO] started tweaking git repo https://github.com/AmitPr/monetary
[INFO] finished tweaking git repo https://github.com/AmitPr/monetary
[INFO] tweaked toml for git repo https://github.com/AmitPr/monetary written to /workspace/builds/worker-3-tc1/source/Cargo.toml
[INFO] crate git repo https://github.com/AmitPr/monetary already has a lockfile, it will not be regenerated
[INFO] running `Command { std: CARGO_HOME="/workspace/cargo-home" RUSTUP_HOME="/workspace/rustup-home" "/workspace/cargo-home/bin/cargo" "+1.83.0" "fetch" "--manifest-path" "Cargo.toml", kill_on_drop: false }`
[INFO] [stderr] warning: virtual workspace defaulting to `resolver = "1"` despite one or more workspace members being on edition 2021 which implies `resolver = "2"`
[INFO] [stderr] note: to keep the current resolver, specify `workspace.resolver = "1"` in the workspace root's manifest
[INFO] [stderr] note: to use the edition 2021 resolver, specify `workspace.resolver = "2"` in the workspace root's manifest
[INFO] [stderr] note: for more details see https://doc.rust-lang.org/cargo/reference/resolver.html#resolver-versions
[INFO] [stderr] warning: /workspace/builds/worker-3-tc1/source/crates/cw-events/Cargo.toml: `default-features` is ignored for cosmwasm-std, since `default-features` was not specified for `workspace.dependencies.cosmwasm-std`, this could become a hard error in the future
[INFO] [stderr] warning: /workspace/builds/worker-3-tc1/source/Cargo.toml: unused manifest key: workspace.authors
[INFO] [stderr] warning: /workspace/builds/worker-3-tc1/source/Cargo.toml: unused manifest key: workspace.description
[INFO] [stderr] warning: /workspace/builds/worker-3-tc1/source/Cargo.toml: unused manifest key: workspace.license
[INFO] [stderr] warning: /workspace/builds/worker-3-tc1/source/Cargo.toml: unused manifest key: workspace.repository
[INFO] [stderr] warning: /workspace/builds/worker-3-tc1/source/crates/monetary/Cargo.toml: `default-features` is ignored for cosmwasm-std, since `default-features` was not specified for `workspace.dependencies.cosmwasm-std`, this could become a hard error in the future
[INFO] [stderr]     Updating crates.io index
[INFO] [stderr]  Downloading crates ...
[INFO] [stderr]   Downloaded schemars_derive v0.8.21
[INFO] [stderr]   Downloaded serde_derive_internals v0.29.1
[INFO] [stderr]   Downloaded serde-json-wasm v1.0.1
[INFO] [stderr]   Downloaded cosmwasm-core v2.1.0
[INFO] [stderr]   Downloaded schemars v0.8.21
[INFO] [stderr]   Downloaded cosmwasm-schema-derive v2.1.0
[INFO] [stderr]   Downloaded cosmwasm-schema v2.1.0
[INFO] [stderr]   Downloaded ed25519-zebra v4.0.3
[INFO] [stderr]   Downloaded p256 v0.13.2
[INFO] [stderr]   Downloaded primeorder v0.13.6
[INFO] [stderr]   Downloaded bnum v0.11.0
[INFO] [stderr]   Downloaded bech32 v0.11.0
[INFO] [stderr]   Downloaded derive_more-impl v1.0.0-beta.6
[INFO] [stderr]   Downloaded derive_more v1.0.0-beta.6
[INFO] [stderr]   Downloaded cosmwasm-std v2.1.0
[INFO] [stderr]   Downloaded cosmwasm-derive v2.1.0
[INFO] [stderr]   Downloaded curve25519-dalek v4.1.3
[INFO] [stderr]   Downloaded ark-bls12-381 v0.4.0
[INFO] [stderr]   Downloaded fiat-crypto v0.2.9
[INFO] [stderr]   Downloaded cosmwasm-crypto v2.1.0
[INFO] running `Command { std: "docker" "create" "-v" "/var/lib/crater-agent-workspace/builds/worker-3-tc1/target:/opt/rustwide/target:rw,Z" "-v" "/var/lib/crater-agent-workspace/builds/worker-3-tc1/source:/opt/rustwide/workdir:ro,Z" "-v" "/var/lib/crater-agent-workspace/cargo-home:/opt/rustwide/cargo-home:ro,Z" "-v" "/var/lib/crater-agent-workspace/rustup-home:/opt/rustwide/rustup-home:ro,Z" "-e" "SOURCE_DIR=/opt/rustwide/workdir" "-e" "CARGO_TARGET_DIR=/opt/rustwide/target" "-e" "CARGO_HOME=/opt/rustwide/cargo-home" "-e" "RUSTUP_HOME=/opt/rustwide/rustup-home" "-w" "/opt/rustwide/workdir" "-m" "1610612736" "--user" "0:0" "--network" "none" "ghcr.io/rust-lang/crates-build-env/linux@sha256:f3a9d4ad9d972b27faf3965f35b62e55ba32bbce8f20bc8fe909558a86702fde" "/opt/rustwide/cargo-home/bin/cargo" "+1.83.0" "metadata" "--no-deps" "--format-version=1", kill_on_drop: false }`
[INFO] [stdout] 1df1f3f0fb0345430b1daf90ccc282fd25020e58803f4dc76e1a85b4b8dbe75b
[INFO] running `Command { std: "docker" "start" "-a" "1df1f3f0fb0345430b1daf90ccc282fd25020e58803f4dc76e1a85b4b8dbe75b", kill_on_drop: false }`
[INFO] running `Command { std: "docker" "inspect" "1df1f3f0fb0345430b1daf90ccc282fd25020e58803f4dc76e1a85b4b8dbe75b", kill_on_drop: false }`
[INFO] running `Command { std: "docker" "rm" "-f" "1df1f3f0fb0345430b1daf90ccc282fd25020e58803f4dc76e1a85b4b8dbe75b", kill_on_drop: false }`
[INFO] [stdout] 1df1f3f0fb0345430b1daf90ccc282fd25020e58803f4dc76e1a85b4b8dbe75b
[INFO] running `Command { std: "docker" "create" "-v" "/var/lib/crater-agent-workspace/builds/worker-3-tc1/target:/opt/rustwide/target:rw,Z" "-v" "/var/lib/crater-agent-workspace/builds/worker-3-tc1/source:/opt/rustwide/workdir:ro,Z" "-v" "/var/lib/crater-agent-workspace/cargo-home:/opt/rustwide/cargo-home:ro,Z" "-v" "/var/lib/crater-agent-workspace/rustup-home:/opt/rustwide/rustup-home:ro,Z" "-e" "SOURCE_DIR=/opt/rustwide/workdir" "-e" "CARGO_TARGET_DIR=/opt/rustwide/target" "-e" "CARGO_INCREMENTAL=0" "-e" "RUST_BACKTRACE=full" "-e" "RUSTFLAGS=--cap-lints=warn" "-e" "RUSTDOCFLAGS=--cap-lints=warn" "-e" "CARGO_HOME=/opt/rustwide/cargo-home" "-e" "RUSTUP_HOME=/opt/rustwide/rustup-home" "-w" "/opt/rustwide/workdir" "-m" "1610612736" "--user" "0:0" "--network" "none" "ghcr.io/rust-lang/crates-build-env/linux@sha256:f3a9d4ad9d972b27faf3965f35b62e55ba32bbce8f20bc8fe909558a86702fde" "/opt/rustwide/cargo-home/bin/cargo" "+1.83.0" "build" "--frozen" "--message-format=json", kill_on_drop: false }`
[INFO] [stdout] ed1a64022e22e0acd45bbf1848dd5af36deb90cf1972e02e74e3acd8f7d7e3a8
[INFO] running `Command { std: "docker" "start" "-a" "ed1a64022e22e0acd45bbf1848dd5af36deb90cf1972e02e74e3acd8f7d7e3a8", kill_on_drop: false }`
[INFO] [stderr] warning: virtual workspace defaulting to `resolver = "1"` despite one or more workspace members being on edition 2021 which implies `resolver = "2"`
[INFO] [stderr] note: to keep the current resolver, specify `workspace.resolver = "1"` in the workspace root's manifest
[INFO] [stderr] note: to use the edition 2021 resolver, specify `workspace.resolver = "2"` in the workspace root's manifest
[INFO] [stderr] note: for more details see https://doc.rust-lang.org/cargo/reference/resolver.html#resolver-versions
[INFO] [stderr] warning: /opt/rustwide/workdir/crates/monetary/Cargo.toml: `default-features` is ignored for cosmwasm-std, since `default-features` was not specified for `workspace.dependencies.cosmwasm-std`, this could become a hard error in the future
[INFO] [stderr] warning: /opt/rustwide/workdir/Cargo.toml: unused manifest key: workspace.authors
[INFO] [stderr] warning: /opt/rustwide/workdir/Cargo.toml: unused manifest key: workspace.description
[INFO] [stderr] warning: /opt/rustwide/workdir/Cargo.toml: unused manifest key: workspace.license
[INFO] [stderr] warning: /opt/rustwide/workdir/Cargo.toml: unused manifest key: workspace.repository
[INFO] [stderr] warning: /opt/rustwide/workdir/crates/cw-events/Cargo.toml: `default-features` is ignored for cosmwasm-std, since `default-features` was not specified for `workspace.dependencies.cosmwasm-std`, this could become a hard error in the future
[INFO] [stderr]    Compiling proc-macro2 v1.0.86
[INFO] [stderr]    Compiling unicode-ident v1.0.12
[INFO] [stderr]    Compiling version_check v0.9.4
[INFO] [stderr]    Compiling cfg-if v1.0.0
[INFO] [stderr]    Compiling typenum v1.17.0
[INFO] [stderr]    Compiling libc v0.2.155
[INFO] [stderr]    Compiling subtle v2.6.1
[INFO] [stderr]    Compiling const-oid v0.9.6
[INFO] [stderr]    Compiling autocfg v1.3.0
[INFO] [stderr]    Compiling crossbeam-utils v0.8.20
[INFO] [stderr]    Compiling once_cell v1.19.0
[INFO] [stderr]    Compiling zerocopy v0.7.35
[INFO] [stderr]    Compiling syn v1.0.109
[INFO] [stderr]    Compiling generic-array v0.14.7
[INFO] [stderr]    Compiling ahash v0.8.11
[INFO] [stderr]    Compiling num-traits v0.2.19
[INFO] [stderr]    Compiling rayon-core v1.12.1
[INFO] [stderr]    Compiling ppv-lite86 v0.2.17
[INFO] [stderr]    Compiling either v1.13.0
[INFO] [stderr]    Compiling semver v1.0.23
[INFO] [stderr]    Compiling allocator-api2 v0.2.18
[INFO] [stderr]    Compiling quote v1.0.36
[INFO] [stderr]    Compiling crossbeam-epoch v0.9.18
[INFO] [stderr]    Compiling syn v2.0.71
[INFO] [stderr]    Compiling getrandom v0.2.15
[INFO] [stderr]    Compiling crossbeam-deque v0.8.5
[INFO] [stderr]    Compiling serde v1.0.204
[INFO] [stderr]    Compiling hashbrown v0.14.5
[INFO] [stderr]    Compiling rand_core v0.6.4
[INFO] [stderr]    Compiling num-integer v0.1.46
[INFO] [stderr]    Compiling paste v1.0.15
[INFO] [stderr]    Compiling rand_chacha v0.3.1
[INFO] [stderr]    Compiling ff v0.13.0
[INFO] [stderr]    Compiling num-bigint v0.4.6
[INFO] [stderr]    Compiling rand v0.8.5
[INFO] [stderr]    Compiling rayon v1.10.0
[INFO] [stderr]    Compiling base16ct v0.2.0
[INFO] [stderr]    Compiling group v0.13.0
[INFO] [stderr]    Compiling cpufeatures v0.2.12
[INFO] [stderr]    Compiling serde_json v1.0.120
[INFO] [stderr]    Compiling itertools v0.10.5
[INFO] [stderr]    Compiling rustc_version v0.4.0
[INFO] [stderr]    Compiling ryu v1.0.18
[INFO] [stderr]    Compiling itoa v1.0.11
[INFO] [stderr]    Compiling schemars v0.8.21
[INFO] [stderr]    Compiling curve25519-dalek v4.1.3
[INFO] [stderr]    Compiling hashbrown v0.13.2
[INFO] [stderr]    Compiling equivalent v1.0.1
[INFO] [stderr]    Compiling thiserror v1.0.63
[INFO] [stderr]    Compiling dyn-clone v1.0.17
[INFO] [stderr]    Compiling indexmap v2.2.6
[INFO] [stderr]    Compiling winnow v0.5.40
[INFO] [stderr]    Compiling toml_datetime v0.6.6
[INFO] [stderr]    Compiling hex v0.4.3
[INFO] [stderr]    Compiling unicode-xid v0.2.4
[INFO] [stderr]    Compiling cosmwasm-core v2.1.0
[INFO] [stderr]    Compiling static_assertions v1.1.0
[INFO] [stderr]    Compiling bnum v0.11.0
[INFO] [stderr]    Compiling bech32 v0.11.0
[INFO] [stderr]    Compiling base64 v0.22.1
[INFO] [stderr]    Compiling ark-std v0.4.0
[INFO] [stderr]    Compiling serde_derive_internals v0.29.1
[INFO] [stderr]    Compiling zeroize_derive v1.4.2
[INFO] [stderr]    Compiling serde_derive v1.0.204
[INFO] [stderr]    Compiling schemars_derive v0.8.21
[INFO] [stderr]    Compiling curve25519-dalek-derive v0.1.1
[INFO] [stderr]    Compiling thiserror-impl v1.0.63
[INFO] [stderr]    Compiling toml_edit v0.21.1
[INFO] [stderr]    Compiling derive_more-impl v1.0.0-beta.6
[INFO] [stderr]    Compiling ark-serialize-derive v0.4.2
[INFO] [stderr]    Compiling zeroize v1.8.1
[INFO] [stderr]    Compiling der v0.7.9
[INFO] [stderr]    Compiling block-buffer v0.10.4
[INFO] [stderr]    Compiling crypto-common v0.1.6
[INFO] [stderr]    Compiling crypto-bigint v0.5.5
[INFO] [stderr]    Compiling derivative v2.2.0
[INFO] [stderr]    Compiling digest v0.10.7
[INFO] [stderr]    Compiling ark-ff-macros v0.4.2
[INFO] [stderr]    Compiling signature v2.2.0
[INFO] [stderr]    Compiling sec1 v0.7.3
[INFO] [stderr]    Compiling hmac v0.12.1
[INFO] [stderr]    Compiling ark-serialize v0.4.2
[INFO] [stderr]    Compiling ark-ff-asm v0.4.2
[INFO] [stderr]    Compiling rfc6979 v0.4.0
[INFO] [stderr]    Compiling sha2 v0.10.8
[INFO] [stderr]    Compiling ed25519 v2.2.3
[INFO] [stderr]    Compiling proc-macro-crate v3.1.0
[INFO] [stderr]    Compiling derive_more v1.0.0-beta.6
[INFO] [stderr]    Compiling cosmwasm-derive v2.1.0
[INFO] [stderr]    Compiling cosmwasm-schema-derive v2.1.0
[INFO] [stderr]    Compiling ed25519-zebra v4.0.3
[INFO] [stderr]    Compiling elliptic-curve v0.13.8
[INFO] [stderr]    Compiling ecdsa v0.16.9
[INFO] [stderr]    Compiling primeorder v0.13.6
[INFO] [stderr]    Compiling k256 v0.13.3
[INFO] [stderr]    Compiling ark-ff v0.4.2
[INFO] [stderr]    Compiling p256 v0.13.2
[INFO] [stderr]    Compiling serde-json-wasm v1.0.1
[INFO] [stderr]    Compiling cosmwasm-schema v2.1.0
[INFO] [stderr]    Compiling cw-events-macros v0.0.9 (/opt/rustwide/workdir/crates/cw-events-macros)
[INFO] [stderr]    Compiling monetary-macros v0.0.9 (/opt/rustwide/workdir/crates/monetary-macros)
[INFO] [stderr]    Compiling ark-poly v0.4.2
[INFO] [stderr]    Compiling ark-ec v0.4.2
[INFO] [stderr]    Compiling ark-bls12-381 v0.4.0
[INFO] [stderr]    Compiling cosmwasm-crypto v2.1.0
[INFO] [stderr]    Compiling cosmwasm-std v2.1.0
[INFO] [stderr]    Compiling monetary v0.0.9 (/opt/rustwide/workdir/crates/monetary)
[INFO] [stderr]    Compiling cw-events v0.0.9 (/opt/rustwide/workdir/crates/cw-events)
[INFO] [stderr]     Finished `dev` profile [unoptimized + debuginfo] target(s) in 1m 48s
[INFO] running `Command { std: "docker" "inspect" "ed1a64022e22e0acd45bbf1848dd5af36deb90cf1972e02e74e3acd8f7d7e3a8", kill_on_drop: false }`
[INFO] running `Command { std: "docker" "rm" "-f" "ed1a64022e22e0acd45bbf1848dd5af36deb90cf1972e02e74e3acd8f7d7e3a8", kill_on_drop: false }`
[INFO] [stdout] ed1a64022e22e0acd45bbf1848dd5af36deb90cf1972e02e74e3acd8f7d7e3a8
[INFO] running `Command { std: "docker" "create" "-v" "/var/lib/crater-agent-workspace/builds/worker-3-tc1/target:/opt/rustwide/target:rw,Z" "-v" "/var/lib/crater-agent-workspace/builds/worker-3-tc1/source:/opt/rustwide/workdir:ro,Z" "-v" "/var/lib/crater-agent-workspace/cargo-home:/opt/rustwide/cargo-home:ro,Z" "-v" "/var/lib/crater-agent-workspace/rustup-home:/opt/rustwide/rustup-home:ro,Z" "-e" "SOURCE_DIR=/opt/rustwide/workdir" "-e" "CARGO_TARGET_DIR=/opt/rustwide/target" "-e" "CARGO_INCREMENTAL=0" "-e" "RUST_BACKTRACE=full" "-e" "RUSTFLAGS=--cap-lints=warn" "-e" "RUSTDOCFLAGS=--cap-lints=warn" "-e" "CARGO_HOME=/opt/rustwide/cargo-home" "-e" "RUSTUP_HOME=/opt/rustwide/rustup-home" "-w" "/opt/rustwide/workdir" "-m" "1610612736" "--user" "0:0" "--network" "none" "ghcr.io/rust-lang/crates-build-env/linux@sha256:f3a9d4ad9d972b27faf3965f35b62e55ba32bbce8f20bc8fe909558a86702fde" "/opt/rustwide/cargo-home/bin/cargo" "+1.83.0" "test" "--frozen" "--no-run" "--message-format=json", kill_on_drop: false }`
[INFO] [stdout] 5d376029d36e16e17ca266d6227775a990238810c3615e9f21d474d2526f7e4c
[INFO] running `Command { std: "docker" "start" "-a" "5d376029d36e16e17ca266d6227775a990238810c3615e9f21d474d2526f7e4c", kill_on_drop: false }`
[INFO] [stderr] warning: virtual workspace defaulting to `resolver = "1"` despite one or more workspace members being on edition 2021 which implies `resolver = "2"`
[INFO] [stderr] note: to keep the current resolver, specify `workspace.resolver = "1"` in the workspace root's manifest
[INFO] [stderr] note: to use the edition 2021 resolver, specify `workspace.resolver = "2"` in the workspace root's manifest
[INFO] [stderr] note: for more details see https://doc.rust-lang.org/cargo/reference/resolver.html#resolver-versions
[INFO] [stderr] warning: /opt/rustwide/workdir/Cargo.toml: unused manifest key: workspace.authors
[INFO] [stderr] warning: /opt/rustwide/workdir/Cargo.toml: unused manifest key: workspace.description
[INFO] [stderr] warning: /opt/rustwide/workdir/Cargo.toml: unused manifest key: workspace.license
[INFO] [stderr] warning: /opt/rustwide/workdir/Cargo.toml: unused manifest key: workspace.repository
[INFO] [stderr] warning: /opt/rustwide/workdir/crates/cw-events/Cargo.toml: `default-features` is ignored for cosmwasm-std, since `default-features` was not specified for `workspace.dependencies.cosmwasm-std`, this could become a hard error in the future
[INFO] [stderr] warning: /opt/rustwide/workdir/crates/monetary/Cargo.toml: `default-features` is ignored for cosmwasm-std, since `default-features` was not specified for `workspace.dependencies.cosmwasm-std`, this could become a hard error in the future
[INFO] [stderr]    Compiling monetary-macros v0.0.9 (/opt/rustwide/workdir/crates/monetary-macros)
[INFO] [stderr]    Compiling cw-events-macros v0.0.9 (/opt/rustwide/workdir/crates/cw-events-macros)
[INFO] [stderr]    Compiling monetary v0.0.9 (/opt/rustwide/workdir/crates/monetary)
[INFO] [stdout] warning: use of deprecated function `cosmwasm_std::testing::mock_info`: This is inconvenient and unsafe. Use message_info instead.
[INFO] [stdout]   --> crates/monetary/src/payment.rs:53:32
[INFO] [stdout]    |
[INFO] [stdout] 53 |     use cosmwasm_std::testing::mock_info;
[INFO] [stdout]    |                                ^^^^^^^^^
[INFO] [stdout]    |
[INFO] [stdout]    = note: `#[warn(deprecated)]` on by default
[INFO] [stdout] 
[INFO] [stdout] 
[INFO] [stdout] warning: use of deprecated function `cosmwasm_std::testing::mock_info`: This is inconvenient and unsafe. Use message_info instead.
[INFO] [stdout]   --> crates/monetary/src/payment.rs:64:26
[INFO] [stdout]    |
[INFO] [stdout] 64 |         let no_payment = mock_info(SENDER, &[]);
[INFO] [stdout]    |                          ^^^^^^^^^
[INFO] [stdout] 
[INFO] [stdout] 
[INFO] [stdout] warning: use of deprecated function `cosmwasm_std::testing::mock_info`: This is inconvenient and unsafe. Use message_info instead.
[INFO] [stdout]   --> crates/monetary/src/payment.rs:65:28
[INFO] [stdout]    |
[INFO] [stdout] 65 |         let atom_payment = mock_info(SENDER, &coins(100, &atom));
[INFO] [stdout]    |                            ^^^^^^^^^
[INFO] [stdout] 
[INFO] [stdout] 
[INFO] [stdout] warning: use of deprecated function `cosmwasm_std::testing::mock_info`: This is inconvenient and unsafe. Use message_info instead.
[INFO] [stdout]   --> crates/monetary/src/payment.rs:66:27
[INFO] [stdout]    |
[INFO] [stdout] 66 |         let eth_payment = mock_info(SENDER, &coins(100, "wei"));
[INFO] [stdout]    |                           ^^^^^^^^^
[INFO] [stdout] 
[INFO] [stdout] 
[INFO] [stdout] warning: use of deprecated function `cosmwasm_std::testing::mock_info`: This is inconvenient and unsafe. Use message_info instead.
[INFO] [stdout]   --> crates/monetary/src/payment.rs:67:29
[INFO] [stdout]    |
[INFO] [stdout] 67 |         let mixed_payment = mock_info(SENDER, &[coin(50, &atom), coin(120, "wei")]);
[INFO] [stdout]    |                             ^^^^^^^^^
[INFO] [stdout] 
[INFO] [stdout] 
[INFO] [stdout] warning: use of deprecated function `cosmwasm_std::testing::mock_info`: This is inconvenient and unsafe. Use message_info instead.
[INFO] [stdout]   --> crates/monetary/src/payment.rs:85:26
[INFO] [stdout]    |
[INFO] [stdout] 85 |         let no_payment = mock_info(SENDER, &[]);
[INFO] [stdout]    |                          ^^^^^^^^^
[INFO] [stdout] 
[INFO] [stdout] 
[INFO] [stdout] warning: use of deprecated function `cosmwasm_std::testing::mock_info`: This is inconvenient and unsafe. Use message_info instead.
[INFO] [stdout]   --> crates/monetary/src/payment.rs:86:28
[INFO] [stdout]    |
[INFO] [stdout] 86 |         let atom_payment = mock_info(SENDER, &coins(100, &atom));
[INFO] [stdout]    |                            ^^^^^^^^^
[INFO] [stdout] 
[INFO] [stdout] 
[INFO] [stdout] warning: use of deprecated function `cosmwasm_std::testing::mock_info`: This is inconvenient and unsafe. Use message_info instead.
[INFO] [stdout]   --> crates/monetary/src/payment.rs:87:28
[INFO] [stdout]    |
[INFO] [stdout] 87 |         let zero_payment = mock_info(SENDER, &coins(0, &atom));
[INFO] [stdout]    |                            ^^^^^^^^^
[INFO] [stdout] 
[INFO] [stdout] 
[INFO] [stdout] warning: use of deprecated function `cosmwasm_std::testing::mock_info`: This is inconvenient and unsafe. Use message_info instead.
[INFO] [stdout]   --> crates/monetary/src/payment.rs:88:27
[INFO] [stdout]    |
[INFO] [stdout] 88 |         let eth_payment = mock_info(SENDER, &coins(100, "wei"));
[INFO] [stdout]    |                           ^^^^^^^^^
[INFO] [stdout] 
[INFO] [stdout] 
[INFO] [stdout] warning: use of deprecated function `cosmwasm_std::testing::mock_info`: This is inconvenient and unsafe. Use message_info instead.
[INFO] [stdout]   --> crates/monetary/src/payment.rs:89:29
[INFO] [stdout]    |
[INFO] [stdout] 89 |         let mixed_payment = mock_info(SENDER, &[coin(50, &atom), coin(120, "wei")]);
[INFO] [stdout]    |                             ^^^^^^^^^
[INFO] [stdout] 
[INFO] [stdout] 
[INFO] [stderr]    Compiling cw-events v0.0.9 (/opt/rustwide/workdir/crates/cw-events)
[INFO] [stderr]     Finished `test` profile [unoptimized + debuginfo] target(s) in 6.32s
[INFO] running `Command { std: "docker" "inspect" "5d376029d36e16e17ca266d6227775a990238810c3615e9f21d474d2526f7e4c", kill_on_drop: false }`
[INFO] running `Command { std: "docker" "rm" "-f" "5d376029d36e16e17ca266d6227775a990238810c3615e9f21d474d2526f7e4c", kill_on_drop: false }`
[INFO] [stdout] 5d376029d36e16e17ca266d6227775a990238810c3615e9f21d474d2526f7e4c
[INFO] running `Command { std: "docker" "create" "-v" "/var/lib/crater-agent-workspace/builds/worker-3-tc1/target:/opt/rustwide/target:rw,Z" "-v" "/var/lib/crater-agent-workspace/builds/worker-3-tc1/source:/opt/rustwide/workdir:ro,Z" "-v" "/var/lib/crater-agent-workspace/cargo-home:/opt/rustwide/cargo-home:ro,Z" "-v" "/var/lib/crater-agent-workspace/rustup-home:/opt/rustwide/rustup-home:ro,Z" "-e" "SOURCE_DIR=/opt/rustwide/workdir" "-e" "CARGO_TARGET_DIR=/opt/rustwide/target" "-e" "CARGO_INCREMENTAL=0" "-e" "RUST_BACKTRACE=full" "-e" "RUSTFLAGS=--cap-lints=warn" "-e" "RUSTDOCFLAGS=--cap-lints=warn" "-e" "CARGO_HOME=/opt/rustwide/cargo-home" "-e" "RUSTUP_HOME=/opt/rustwide/rustup-home" "-w" "/opt/rustwide/workdir" "-m" "1610612736" "--user" "0:0" "--network" "none" "ghcr.io/rust-lang/crates-build-env/linux@sha256:f3a9d4ad9d972b27faf3965f35b62e55ba32bbce8f20bc8fe909558a86702fde" "/opt/rustwide/cargo-home/bin/cargo" "+1.83.0" "test" "--frozen", kill_on_drop: false }`
[INFO] [stdout] 8245d0dbee77dc324aaf542102bd77b2552a9c0edf95de2f3e64dd96540e552c
[INFO] running `Command { std: "docker" "start" "-a" "8245d0dbee77dc324aaf542102bd77b2552a9c0edf95de2f3e64dd96540e552c", kill_on_drop: false }`
[INFO] [stderr] warning: virtual workspace defaulting to `resolver = "1"` despite one or more workspace members being on edition 2021 which implies `resolver = "2"`
[INFO] [stderr] note: to keep the current resolver, specify `workspace.resolver = "1"` in the workspace root's manifest
[INFO] [stderr] note: to use the edition 2021 resolver, specify `workspace.resolver = "2"` in the workspace root's manifest
[INFO] [stderr] note: for more details see https://doc.rust-lang.org/cargo/reference/resolver.html#resolver-versions
[INFO] [stderr] warning: /opt/rustwide/workdir/Cargo.toml: unused manifest key: workspace.authors
[INFO] [stderr] warning: /opt/rustwide/workdir/Cargo.toml: unused manifest key: workspace.description
[INFO] [stderr] warning: /opt/rustwide/workdir/Cargo.toml: unused manifest key: workspace.license
[INFO] [stderr] warning: /opt/rustwide/workdir/Cargo.toml: unused manifest key: workspace.repository
[INFO] [stderr] warning: /opt/rustwide/workdir/crates/cw-events/Cargo.toml: `default-features` is ignored for cosmwasm-std, since `default-features` was not specified for `workspace.dependencies.cosmwasm-std`, this could become a hard error in the future
[INFO] [stderr] warning: /opt/rustwide/workdir/crates/monetary/Cargo.toml: `default-features` is ignored for cosmwasm-std, since `default-features` was not specified for `workspace.dependencies.cosmwasm-std`, this could become a hard error in the future
[INFO] [stderr] warning: use of deprecated function `cosmwasm_std::testing::mock_info`: This is inconvenient and unsafe. Use message_info instead.
[INFO] [stderr]   --> crates/monetary/src/payment.rs:53:32
[INFO] [stderr]    |
[INFO] [stderr] 53 |     use cosmwasm_std::testing::mock_info;
[INFO] [stderr]    |                                ^^^^^^^^^
[INFO] [stderr]    |
[INFO] [stderr]    = note: `#[warn(deprecated)]` on by default
[INFO] [stderr] 
[INFO] [stderr] warning: use of deprecated function `cosmwasm_std::testing::mock_info`: This is inconvenient and unsafe. Use message_info instead.
[INFO] [stderr]   --> crates/monetary/src/payment.rs:64:26
[INFO] [stderr]    |
[INFO] [stderr] 64 |         let no_payment = mock_info(SENDER, &[]);
[INFO] [stderr]    |                          ^^^^^^^^^
[INFO] [stderr] 
[INFO] [stderr] warning: use of deprecated function `cosmwasm_std::testing::mock_info`: This is inconvenient and unsafe. Use message_info instead.
[INFO] [stderr]   --> crates/monetary/src/payment.rs:65:28
[INFO] [stderr]    |
[INFO] [stderr] 65 |         let atom_payment = mock_info(SENDER, &coins(100, &atom));
[INFO] [stderr]    |                            ^^^^^^^^^
[INFO] [stderr] 
[INFO] [stderr] warning: use of deprecated function `cosmwasm_std::testing::mock_info`: This is inconvenient and unsafe. Use message_info instead.
[INFO] [stderr]   --> crates/monetary/src/payment.rs:66:27
[INFO] [stderr]    |
[INFO] [stderr] 66 |         let eth_payment = mock_info(SENDER, &coins(100, "wei"));
[INFO] [stderr]    |                           ^^^^^^^^^
[INFO] [stderr] 
[INFO] [stderr] warning: use of deprecated function `cosmwasm_std::testing::mock_info`: This is inconvenient and unsafe. Use message_info instead.
[INFO] [stderr]   --> crates/monetary/src/payment.rs:67:29
[INFO] [stderr]    |
[INFO] [stderr] 67 |         let mixed_payment = mock_info(SENDER, &[coin(50, &atom), coin(120, "wei")]);
[INFO] [stderr]    |                             ^^^^^^^^^
[INFO] [stderr] 
[INFO] [stderr] warning: use of deprecated function `cosmwasm_std::testing::mock_info`: This is inconvenient and unsafe. Use message_info instead.
[INFO] [stderr]   --> crates/monetary/src/payment.rs:85:26
[INFO] [stderr]    |
[INFO] [stderr] 85 |         let no_payment = mock_info(SENDER, &[]);
[INFO] [stderr]    |                          ^^^^^^^^^
[INFO] [stderr] 
[INFO] [stderr] warning: use of deprecated function `cosmwasm_std::testing::mock_info`: This is inconvenient and unsafe. Use message_info instead.
[INFO] [stderr]   --> crates/monetary/src/payment.rs:86:28
[INFO] [stderr]    |
[INFO] [stderr] 86 |         let atom_payment = mock_info(SENDER, &coins(100, &atom));
[INFO] [stderr]    |                            ^^^^^^^^^
[INFO] [stderr] 
[INFO] [stderr] warning: use of deprecated function `cosmwasm_std::testing::mock_info`: This is inconvenient and unsafe. Use message_info instead.
[INFO] [stderr]   --> crates/monetary/src/payment.rs:87:28
[INFO] [stderr]    |
[INFO] [stderr] 87 |         let zero_payment = mock_info(SENDER, &coins(0, &atom));
[INFO] [stderr]    |                            ^^^^^^^^^
[INFO] [stderr] 
[INFO] [stderr] warning: use of deprecated function `cosmwasm_std::testing::mock_info`: This is inconvenient and unsafe. Use message_info instead.
[INFO] [stderr]   --> crates/monetary/src/payment.rs:88:27
[INFO] [stderr]    |
[INFO] [stderr] 88 |         let eth_payment = mock_info(SENDER, &coins(100, "wei"));
[INFO] [stderr]    |                           ^^^^^^^^^
[INFO] [stderr] 
[INFO] [stderr] warning: use of deprecated function `cosmwasm_std::testing::mock_info`: This is inconvenient and unsafe. Use message_info instead.
[INFO] [stderr]   --> crates/monetary/src/payment.rs:89:29
[INFO] [stderr]    |
[INFO] [stderr] 89 |         let mixed_payment = mock_info(SENDER, &[coin(50, &atom), coin(120, "wei")]);
[INFO] [stderr]    |                             ^^^^^^^^^
[INFO] [stderr] 
[INFO] [stderr] warning: `monetary` (lib test) generated 10 warnings
[INFO] [stderr]     Finished `test` profile [unoptimized + debuginfo] target(s) in 0.18s
[INFO] [stderr]      Running unittests src/lib.rs (/opt/rustwide/target/debug/deps/cw_events-a8728536c0eedcae)
[INFO] [stdout] 
[INFO] [stdout] running 5 tests
[INFO] [stdout] test tests::test_type_name ... ok
[INFO] [stdout] test tests::test_derive_serialize_deserialize ... ok
[INFO] [stdout] test tests::test_json_schema ... ok
[INFO] [stdout] test tests::test_derive_clone_debug ... ok
[INFO] [stdout] test tests::test_as_event ... FAILED
[INFO] [stderr] error: test failed, to rerun pass `-p cw-events --lib`
[INFO] [stdout] 
[INFO] [stdout] failures:
[INFO] [stdout] 
[INFO] [stdout] ---- tests::test_as_event stdout ----
[INFO] [stdout] thread 'tests::test_as_event' panicked at crates/cw-events/src/lib.rs:55:9:
[INFO] [stdout] assertion `left == right` failed
[INFO] [stdout]   left: "\"test\""
[INFO] [stdout]  right: "test"
[INFO] [stdout] stack backtrace:
[INFO] [stdout]    0:     0x61fa0eee32da - std::backtrace_rs::backtrace::libunwind::trace::h5a5b8284f2d0c266
[INFO] [stdout]                                at /rustc/90b35a6239c3d8bdabc530a6a0816f7ff89a0aaf/library/std/src/../../backtrace/src/backtrace/libunwind.rs:116:5
[INFO] [stdout]    1:     0x61fa0eee32da - std::backtrace_rs::backtrace::trace_unsynchronized::h76d4f1c9b0b875e3
[INFO] [stdout]                                at /rustc/90b35a6239c3d8bdabc530a6a0816f7ff89a0aaf/library/std/src/../../backtrace/src/backtrace/mod.rs:66:5
[INFO] [stdout]    2:     0x61fa0eee32da - std::sys::backtrace::_print_fmt::hc4546b8364a537c6
[INFO] [stdout]                                at /rustc/90b35a6239c3d8bdabc530a6a0816f7ff89a0aaf/library/std/src/sys/backtrace.rs:66:9
[INFO] [stdout]    3:     0x61fa0eee32da - <std::sys::backtrace::BacktraceLock::print::DisplayBacktrace as core::fmt::Display>::fmt::h5b6bd5631a6d1f6b
[INFO] [stdout]                                at /rustc/90b35a6239c3d8bdabc530a6a0816f7ff89a0aaf/library/std/src/sys/backtrace.rs:39:26
[INFO] [stdout]    4:     0x61fa0ef08713 - core::fmt::rt::Argument::fmt::h270f6602a2b96f62
[INFO] [stdout]                                at /rustc/90b35a6239c3d8bdabc530a6a0816f7ff89a0aaf/library/core/src/fmt/rt.rs:177:76
[INFO] [stdout]    5:     0x61fa0ef08713 - core::fmt::write::h7550c97b06c86515
[INFO] [stdout]                                at /rustc/90b35a6239c3d8bdabc530a6a0816f7ff89a0aaf/library/core/src/fmt/mod.rs:1186:21
[INFO] [stdout]    6:     0x61fa0eee02d3 - std::io::Write::write_fmt::h509ff860e5956e5e
[INFO] [stdout]                                at /rustc/90b35a6239c3d8bdabc530a6a0816f7ff89a0aaf/library/std/src/io/mod.rs:1839:15
[INFO] [stdout]    7:     0x61fa0eee3122 - std::sys::backtrace::BacktraceLock::print::h2395ccd2c84ba3aa
[INFO] [stdout]                                at /rustc/90b35a6239c3d8bdabc530a6a0816f7ff89a0aaf/library/std/src/sys/backtrace.rs:42:9
[INFO] [stdout]    8:     0x61fa0eee473a - std::panicking::default_hook::{{closure}}::he19d4c7230e07961
[INFO] [stdout]                                at /rustc/90b35a6239c3d8bdabc530a6a0816f7ff89a0aaf/library/std/src/panicking.rs:268:22
[INFO] [stdout]    9:     0x61fa0eee4544 - std::panicking::default_hook::hf614597d3c67bbdb
[INFO] [stdout]                                at /rustc/90b35a6239c3d8bdabc530a6a0816f7ff89a0aaf/library/std/src/panicking.rs:292:9
[INFO] [stdout]   10:     0x61fa0ee75b29 - <alloc::boxed::Box<F,A> as core::ops::function::Fn<Args>>::call::h39b51ce4599c23d1
[INFO] [stdout]                                at /rustc/90b35a6239c3d8bdabc530a6a0816f7ff89a0aaf/library/alloc/src/boxed.rs:2468:9
[INFO] [stdout]   11:     0x61fa0ee75b29 - test::test_main::{{closure}}::he977ae839a582784
[INFO] [stdout]                                at /rustc/90b35a6239c3d8bdabc530a6a0816f7ff89a0aaf/library/test/src/lib.rs:133:21
[INFO] [stdout]   12:     0x61fa0eee4dd8 - <alloc::boxed::Box<F,A> as core::ops::function::Fn<Args>>::call::h9455091b6b06f9fb
[INFO] [stdout]                                at /rustc/90b35a6239c3d8bdabc530a6a0816f7ff89a0aaf/library/alloc/src/boxed.rs:2468:9
[INFO] [stdout]   13:     0x61fa0eee4dd8 - std::panicking::rust_panic_with_hook::h8942133a8b252070
[INFO] [stdout]                                at /rustc/90b35a6239c3d8bdabc530a6a0816f7ff89a0aaf/library/std/src/panicking.rs:809:13
[INFO] [stdout]   14:     0x61fa0eee4b9a - std::panicking::begin_panic_handler::{{closure}}::hb5f5963570096b29
[INFO] [stdout]                                at /rustc/90b35a6239c3d8bdabc530a6a0816f7ff89a0aaf/library/std/src/panicking.rs:674:13
[INFO] [stdout]   15:     0x61fa0eee37b9 - std::sys::backtrace::__rust_end_short_backtrace::h6208cedc1922feda
[INFO] [stdout]                                at /rustc/90b35a6239c3d8bdabc530a6a0816f7ff89a0aaf/library/std/src/sys/backtrace.rs:170:18
[INFO] [stdout]   16:     0x61fa0eee482c - rust_begin_unwind
[INFO] [stdout]                                at /rustc/90b35a6239c3d8bdabc530a6a0816f7ff89a0aaf/library/std/src/panicking.rs:665:5
[INFO] [stdout]   17:     0x61fa0ee2da60 - core::panicking::panic_fmt::h0c3082644d1bf418
[INFO] [stdout]                                at /rustc/90b35a6239c3d8bdabc530a6a0816f7ff89a0aaf/library/core/src/panicking.rs:74:14
[INFO] [stdout]   18:     0x61fa0ee2de2b - core::panicking::assert_failed_inner::h2ddf1fcc067fa858
[INFO] [stdout]   19:     0x61fa0ee379ea - core::panicking::assert_failed::h77f47c58a6e3a52a
[INFO] [stdout]                                at /rustc/90b35a6239c3d8bdabc530a6a0816f7ff89a0aaf/library/core/src/panicking.rs:367:5
[INFO] [stdout]   20:     0x61fa0ee35cd9 - cw_events::tests::test_as_event::h74b22d3b89d6d543
[INFO] [stdout]                                at /opt/rustwide/workdir/crates/cw-events/src/lib.rs:55:9
[INFO] [stdout]   21:     0x61fa0ee356d7 - cw_events::tests::test_as_event::{{closure}}::h3f092c7186df80c1
[INFO] [stdout]                                at /opt/rustwide/workdir/crates/cw-events/src/lib.rs:39:23
[INFO] [stdout]   22:     0x61fa0ee2f896 - core::ops::function::FnOnce::call_once::h2341d7b3007b1154
[INFO] [stdout]                                at /rustc/90b35a6239c3d8bdabc530a6a0816f7ff89a0aaf/library/core/src/ops/function.rs:250:5
[INFO] [stdout]   23:     0x61fa0ee7a4eb - core::ops::function::FnOnce::call_once::h109cf8051a59b34e
[INFO] [stdout]                                at /rustc/90b35a6239c3d8bdabc530a6a0816f7ff89a0aaf/library/core/src/ops/function.rs:250:5
[INFO] [stdout]   24:     0x61fa0ee7a4eb - test::__rust_begin_short_backtrace::hf4fff89d377446ba
[INFO] [stdout]                                at /rustc/90b35a6239c3d8bdabc530a6a0816f7ff89a0aaf/library/test/src/lib.rs:621:18
[INFO] [stdout]   25:     0x61fa0ee79d27 - test::run_test_in_process::{{closure}}::h0e39181dd7ee5a43
[INFO] [stdout]                                at /rustc/90b35a6239c3d8bdabc530a6a0816f7ff89a0aaf/library/test/src/lib.rs:644:60
[INFO] [stdout]   26:     0x61fa0ee79d27 - <core::panic::unwind_safe::AssertUnwindSafe<F> as core::ops::function::FnOnce<()>>::call_once::hc5a66a30f0bdfd1f
[INFO] [stdout]                                at /rustc/90b35a6239c3d8bdabc530a6a0816f7ff89a0aaf/library/core/src/panic/unwind_safe.rs:272:9
[INFO] [stdout]   27:     0x61fa0ee79d27 - std::panicking::try::do_call::h873b7cf639554a5e
[INFO] [stdout]                                at /rustc/90b35a6239c3d8bdabc530a6a0816f7ff89a0aaf/library/std/src/panicking.rs:557:40
[INFO] [stdout]   28:     0x61fa0ee79d27 - std::panicking::try::hdb19862fad9c8bd1
[INFO] [stdout]                                at /rustc/90b35a6239c3d8bdabc530a6a0816f7ff89a0aaf/library/std/src/panicking.rs:520:19
[INFO] [stdout]   29:     0x61fa0ee79d27 - std::panic::catch_unwind::h281fe732d236d260
[INFO] [stdout]                                at /rustc/90b35a6239c3d8bdabc530a6a0816f7ff89a0aaf/library/std/src/panic.rs:358:14
[INFO] [stdout]   30:     0x61fa0ee79d27 - test::run_test_in_process::h949b6df8457ed338
[INFO] [stdout]                                at /rustc/90b35a6239c3d8bdabc530a6a0816f7ff89a0aaf/library/test/src/lib.rs:644:27
[INFO] [stdout]   31:     0x61fa0ee79d27 - test::run_test::{{closure}}::h52c556a6d4740e10
[INFO] [stdout]                                at /rustc/90b35a6239c3d8bdabc530a6a0816f7ff89a0aaf/library/test/src/lib.rs:565:43
[INFO] [stdout]   32:     0x61fa0ee3f004 - test::run_test::{{closure}}::h4237f6381c45ccb9
[INFO] [stdout]                                at /rustc/90b35a6239c3d8bdabc530a6a0816f7ff89a0aaf/library/test/src/lib.rs:595:41
[INFO] [stdout]   33:     0x61fa0ee3f004 - std::sys::backtrace::__rust_begin_short_backtrace::h505c97a579eca628
[INFO] [stdout]                                at /rustc/90b35a6239c3d8bdabc530a6a0816f7ff89a0aaf/library/std/src/sys/backtrace.rs:154:18
[INFO] [stdout]   34:     0x61fa0ee426ce - std::thread::Builder::spawn_unchecked_::{{closure}}::{{closure}}::h9e86b2e2bc107ea3
[INFO] [stdout]                                at /rustc/90b35a6239c3d8bdabc530a6a0816f7ff89a0aaf/library/std/src/thread/mod.rs:538:17
[INFO] [stdout]   35:     0x61fa0ee426ce - <core::panic::unwind_safe::AssertUnwindSafe<F> as core::ops::function::FnOnce<()>>::call_once::h8b06ddb275ff4a25
[INFO] [stdout]                                at /rustc/90b35a6239c3d8bdabc530a6a0816f7ff89a0aaf/library/core/src/panic/unwind_safe.rs:272:9
[INFO] [stdout]   36:     0x61fa0ee426ce - std::panicking::try::do_call::hb26ecd7cd9a9355d
[INFO] [stdout]                                at /rustc/90b35a6239c3d8bdabc530a6a0816f7ff89a0aaf/library/std/src/panicking.rs:557:40
[INFO] [stdout]   37:     0x61fa0ee426ce - std::panicking::try::h8ddeca9d705f9069
[INFO] [stdout]                                at /rustc/90b35a6239c3d8bdabc530a6a0816f7ff89a0aaf/library/std/src/panicking.rs:520:19
[INFO] [stdout]   38:     0x61fa0ee426ce - std::panic::catch_unwind::h49e1c33078844c46
[INFO] [stdout]                                at /rustc/90b35a6239c3d8bdabc530a6a0816f7ff89a0aaf/library/std/src/panic.rs:358:14
[INFO] [stdout]   39:     0x61fa0ee426ce - std::thread::Builder::spawn_unchecked_::{{closure}}::h6073db6ff56ad35d
[INFO] [stdout]                                at /rustc/90b35a6239c3d8bdabc530a6a0816f7ff89a0aaf/library/std/src/thread/mod.rs:537:30
[INFO] [stdout]   40:     0x61fa0ee426ce - core::ops::function::FnOnce::call_once{{vtable.shim}}::h2c5a5f3779c774f1
[INFO] [stdout]                                at /rustc/90b35a6239c3d8bdabc530a6a0816f7ff89a0aaf/library/core/src/ops/function.rs:250:5
[INFO] [stdout]   41:     0x61fa0eee8b2b - <alloc::boxed::Box<F,A> as core::ops::function::FnOnce<Args>>::call_once::hf75717d9f28faebf
[INFO] [stdout]                                at /rustc/90b35a6239c3d8bdabc530a6a0816f7ff89a0aaf/library/alloc/src/boxed.rs:2454:9
[INFO] [stdout]   42:     0x61fa0eee8b2b - <alloc::boxed::Box<F,A> as core::ops::function::FnOnce<Args>>::call_once::h7bd883a5f3c5f3c1
[INFO] [stdout]                                at /rustc/90b35a6239c3d8bdabc530a6a0816f7ff89a0aaf/library/alloc/src/boxed.rs:2454:9
[INFO] [stdout]   43:     0x61fa0eee8b2b - std::sys::pal::unix::thread::Thread::new::thread_start::hcc78f3943333fa94
[INFO] [stdout]                                at /rustc/90b35a6239c3d8bdabc530a6a0816f7ff89a0aaf/library/std/src/sys/pal/unix/thread.rs:105:17
[INFO] [stdout]   44:     0x7ee36dd67ac3 - <unknown>
[INFO] [stdout]   45:     0x7ee36ddf8a04 - clone
[INFO] [stdout]   46:                0x0 - <unknown>
[INFO] [stdout] 
[INFO] [stdout] 
[INFO] [stdout] failures:
[INFO] [stdout]     tests::test_as_event
[INFO] [stdout] 
[INFO] [stdout] test result: FAILED. 4 passed; 1 failed; 0 ignored; 0 measured; 0 filtered out; finished in 0.12s
[INFO] [stdout] 
[INFO] running `Command { std: "docker" "inspect" "8245d0dbee77dc324aaf542102bd77b2552a9c0edf95de2f3e64dd96540e552c", kill_on_drop: false }`
[INFO] running `Command { std: "docker" "rm" "-f" "8245d0dbee77dc324aaf542102bd77b2552a9c0edf95de2f3e64dd96540e552c", kill_on_drop: false }`
[INFO] [stdout] 8245d0dbee77dc324aaf542102bd77b2552a9c0edf95de2f3e64dd96540e552c
