[INFO] cloning repository https://github.com/Amchik/aber
[INFO] running `Command { std: "git" "-c" "credential.helper=" "-c" "credential.helper=/workspace/cargo-home/bin/git-credential-null" "clone" "--bare" "https://github.com/Amchik/aber" "/workspace/cache/git-repos/https%3A%2F%2Fgithub.com%2FAmchik%2Faber", kill_on_drop: false }`
[INFO] [stderr] Cloning into bare repository '/workspace/cache/git-repos/https%3A%2F%2Fgithub.com%2FAmchik%2Faber'...
[INFO] running `Command { std: "git" "rev-parse" "HEAD", kill_on_drop: false }`
[INFO] [stdout] 9dd21b0d1b87060719ef3fb000bfc44869af84b1
[INFO] testing Amchik/aber against beta-2024-12-08 for beta-1.84.0-4-retry
[INFO] running `Command { std: "git" "clone" "/workspace/cache/git-repos/https%3A%2F%2Fgithub.com%2FAmchik%2Faber" "/workspace/builds/worker-7-tc2/source", kill_on_drop: false }`
[INFO] [stderr] Cloning into '/workspace/builds/worker-7-tc2/source'...
[INFO] [stderr] done.
[INFO] validating manifest of git repo https://github.com/Amchik/aber on toolchain beta-2024-12-08
[INFO] running `Command { std: CARGO_HOME="/workspace/cargo-home" RUSTUP_HOME="/workspace/rustup-home" "/workspace/cargo-home/bin/cargo" "+beta-2024-12-08" "metadata" "--manifest-path" "Cargo.toml" "--no-deps", kill_on_drop: false }`
[INFO] started tweaking git repo https://github.com/Amchik/aber
[INFO] finished tweaking git repo https://github.com/Amchik/aber
[INFO] tweaked toml for git repo https://github.com/Amchik/aber written to /workspace/builds/worker-7-tc2/source/Cargo.toml
[INFO] crate git repo https://github.com/Amchik/aber already has a lockfile, it will not be regenerated
[INFO] running `Command { std: CARGO_HOME="/workspace/cargo-home" RUSTUP_HOME="/workspace/rustup-home" "/workspace/cargo-home/bin/cargo" "+beta-2024-12-08" "fetch" "--manifest-path" "Cargo.toml", kill_on_drop: false }`
[INFO] [stderr] warning: virtual workspace defaulting to `resolver = "1"` despite one or more workspace members being on edition 2021 which implies `resolver = "2"`
[INFO] [stderr] note: to keep the current resolver, specify `workspace.resolver = "1"` in the workspace root's manifest
[INFO] [stderr] note: to use the edition 2021 resolver, specify `workspace.resolver = "2"` in the workspace root's manifest
[INFO] [stderr] note: for more details see https://doc.rust-lang.org/cargo/reference/resolver.html#resolver-versions
[INFO] running `Command { std: "docker" "create" "-v" "/var/lib/crater-agent-workspace/builds/worker-7-tc2/target:/opt/rustwide/target:rw,Z" "-v" "/var/lib/crater-agent-workspace/builds/worker-7-tc2/source:/opt/rustwide/workdir:ro,Z" "-v" "/var/lib/crater-agent-workspace/cargo-home:/opt/rustwide/cargo-home:ro,Z" "-v" "/var/lib/crater-agent-workspace/rustup-home:/opt/rustwide/rustup-home:ro,Z" "-e" "SOURCE_DIR=/opt/rustwide/workdir" "-e" "CARGO_TARGET_DIR=/opt/rustwide/target" "-e" "CARGO_HOME=/opt/rustwide/cargo-home" "-e" "RUSTUP_HOME=/opt/rustwide/rustup-home" "-w" "/opt/rustwide/workdir" "-m" "1610612736" "--user" "0:0" "--network" "none" "ghcr.io/rust-lang/crates-build-env/linux@sha256:f3a9d4ad9d972b27faf3965f35b62e55ba32bbce8f20bc8fe909558a86702fde" "/opt/rustwide/cargo-home/bin/cargo" "+beta-2024-12-08" "metadata" "--no-deps" "--format-version=1", kill_on_drop: false }`
[INFO] [stdout] 4997292af788ae93b367d19acf7ad230bb05b03a22197376091020227dadf134
[INFO] running `Command { std: "docker" "start" "-a" "4997292af788ae93b367d19acf7ad230bb05b03a22197376091020227dadf134", kill_on_drop: false }`
[INFO] running `Command { std: "docker" "inspect" "4997292af788ae93b367d19acf7ad230bb05b03a22197376091020227dadf134", kill_on_drop: false }`
[INFO] running `Command { std: "docker" "rm" "-f" "4997292af788ae93b367d19acf7ad230bb05b03a22197376091020227dadf134", kill_on_drop: false }`
[INFO] [stdout] 4997292af788ae93b367d19acf7ad230bb05b03a22197376091020227dadf134
[INFO] running `Command { std: "docker" "create" "-v" "/var/lib/crater-agent-workspace/builds/worker-7-tc2/target:/opt/rustwide/target:rw,Z" "-v" "/var/lib/crater-agent-workspace/builds/worker-7-tc2/source:/opt/rustwide/workdir:ro,Z" "-v" "/var/lib/crater-agent-workspace/cargo-home:/opt/rustwide/cargo-home:ro,Z" "-v" "/var/lib/crater-agent-workspace/rustup-home:/opt/rustwide/rustup-home:ro,Z" "-e" "SOURCE_DIR=/opt/rustwide/workdir" "-e" "CARGO_TARGET_DIR=/opt/rustwide/target" "-e" "CARGO_INCREMENTAL=0" "-e" "RUST_BACKTRACE=full" "-e" "RUSTFLAGS=--cap-lints=warn" "-e" "RUSTDOCFLAGS=--cap-lints=warn" "-e" "CARGO_HOME=/opt/rustwide/cargo-home" "-e" "RUSTUP_HOME=/opt/rustwide/rustup-home" "-w" "/opt/rustwide/workdir" "-m" "1610612736" "--user" "0:0" "--network" "none" "ghcr.io/rust-lang/crates-build-env/linux@sha256:f3a9d4ad9d972b27faf3965f35b62e55ba32bbce8f20bc8fe909558a86702fde" "/opt/rustwide/cargo-home/bin/cargo" "+beta-2024-12-08" "build" "--frozen" "--message-format=json", kill_on_drop: false }`
[INFO] [stdout] 6c1ef7bcfea1a30ee2b1b16dac29ec867ea2057c334ad2bcf4d676db5ef83c8e
[INFO] running `Command { std: "docker" "start" "-a" "6c1ef7bcfea1a30ee2b1b16dac29ec867ea2057c334ad2bcf4d676db5ef83c8e", kill_on_drop: false }`
[INFO] [stderr] warning: virtual workspace defaulting to `resolver = "1"` despite one or more workspace members being on edition 2021 which implies `resolver = "2"`
[INFO] [stderr] note: to keep the current resolver, specify `workspace.resolver = "1"` in the workspace root's manifest
[INFO] [stderr] note: to use the edition 2021 resolver, specify `workspace.resolver = "2"` in the workspace root's manifest
[INFO] [stderr] note: for more details see https://doc.rust-lang.org/cargo/reference/resolver.html#resolver-versions
[INFO] [stderr]    Compiling aber v0.1.0 (/opt/rustwide/workdir/aber)
[INFO] [stderr]    Compiling aber-tests v0.1.0 (/opt/rustwide/workdir/aber-tests)
[INFO] [stderr]     Finished `dev` profile [unoptimized + debuginfo] target(s) in 1.40s
[INFO] running `Command { std: "docker" "inspect" "6c1ef7bcfea1a30ee2b1b16dac29ec867ea2057c334ad2bcf4d676db5ef83c8e", kill_on_drop: false }`
[INFO] running `Command { std: "docker" "rm" "-f" "6c1ef7bcfea1a30ee2b1b16dac29ec867ea2057c334ad2bcf4d676db5ef83c8e", kill_on_drop: false }`
[INFO] [stdout] 6c1ef7bcfea1a30ee2b1b16dac29ec867ea2057c334ad2bcf4d676db5ef83c8e
[INFO] running `Command { std: "docker" "create" "-v" "/var/lib/crater-agent-workspace/builds/worker-7-tc2/target:/opt/rustwide/target:rw,Z" "-v" "/var/lib/crater-agent-workspace/builds/worker-7-tc2/source:/opt/rustwide/workdir:ro,Z" "-v" "/var/lib/crater-agent-workspace/cargo-home:/opt/rustwide/cargo-home:ro,Z" "-v" "/var/lib/crater-agent-workspace/rustup-home:/opt/rustwide/rustup-home:ro,Z" "-e" "SOURCE_DIR=/opt/rustwide/workdir" "-e" "CARGO_TARGET_DIR=/opt/rustwide/target" "-e" "CARGO_INCREMENTAL=0" "-e" "RUST_BACKTRACE=full" "-e" "RUSTFLAGS=--cap-lints=warn" "-e" "RUSTDOCFLAGS=--cap-lints=warn" "-e" "CARGO_HOME=/opt/rustwide/cargo-home" "-e" "RUSTUP_HOME=/opt/rustwide/rustup-home" "-w" "/opt/rustwide/workdir" "-m" "1610612736" "--user" "0:0" "--network" "none" "ghcr.io/rust-lang/crates-build-env/linux@sha256:f3a9d4ad9d972b27faf3965f35b62e55ba32bbce8f20bc8fe909558a86702fde" "/opt/rustwide/cargo-home/bin/cargo" "+beta-2024-12-08" "test" "--frozen" "--no-run" "--message-format=json", kill_on_drop: false }`
[INFO] [stdout] 689abe17ba88a92248c2fd6079867b499138aee79cffcc7dd364cbf75df9d477
[INFO] running `Command { std: "docker" "start" "-a" "689abe17ba88a92248c2fd6079867b499138aee79cffcc7dd364cbf75df9d477", kill_on_drop: false }`
[INFO] [stderr] warning: virtual workspace defaulting to `resolver = "1"` despite one or more workspace members being on edition 2021 which implies `resolver = "2"`
[INFO] [stderr] note: to keep the current resolver, specify `workspace.resolver = "1"` in the workspace root's manifest
[INFO] [stderr] note: to use the edition 2021 resolver, specify `workspace.resolver = "2"` in the workspace root's manifest
[INFO] [stderr] note: for more details see https://doc.rust-lang.org/cargo/reference/resolver.html#resolver-versions
[INFO] [stderr]    Compiling aber-tests v0.1.0 (/opt/rustwide/workdir/aber-tests)
[INFO] [stderr]    Compiling aber v0.1.0 (/opt/rustwide/workdir/aber)
[INFO] [stderr]     Finished `test` profile [unoptimized + debuginfo] target(s) in 0.97s
[INFO] running `Command { std: "docker" "inspect" "689abe17ba88a92248c2fd6079867b499138aee79cffcc7dd364cbf75df9d477", kill_on_drop: false }`
[INFO] running `Command { std: "docker" "rm" "-f" "689abe17ba88a92248c2fd6079867b499138aee79cffcc7dd364cbf75df9d477", kill_on_drop: false }`
[INFO] [stdout] 689abe17ba88a92248c2fd6079867b499138aee79cffcc7dd364cbf75df9d477
[INFO] running `Command { std: "docker" "create" "-v" "/var/lib/crater-agent-workspace/builds/worker-7-tc2/target:/opt/rustwide/target:rw,Z" "-v" "/var/lib/crater-agent-workspace/builds/worker-7-tc2/source:/opt/rustwide/workdir:ro,Z" "-v" "/var/lib/crater-agent-workspace/cargo-home:/opt/rustwide/cargo-home:ro,Z" "-v" "/var/lib/crater-agent-workspace/rustup-home:/opt/rustwide/rustup-home:ro,Z" "-e" "SOURCE_DIR=/opt/rustwide/workdir" "-e" "CARGO_TARGET_DIR=/opt/rustwide/target" "-e" "CARGO_INCREMENTAL=0" "-e" "RUST_BACKTRACE=full" "-e" "RUSTFLAGS=--cap-lints=warn" "-e" "RUSTDOCFLAGS=--cap-lints=warn" "-e" "CARGO_HOME=/opt/rustwide/cargo-home" "-e" "RUSTUP_HOME=/opt/rustwide/rustup-home" "-w" "/opt/rustwide/workdir" "-m" "1610612736" "--user" "0:0" "--network" "none" "ghcr.io/rust-lang/crates-build-env/linux@sha256:f3a9d4ad9d972b27faf3965f35b62e55ba32bbce8f20bc8fe909558a86702fde" "/opt/rustwide/cargo-home/bin/cargo" "+beta-2024-12-08" "test" "--frozen", kill_on_drop: false }`
[INFO] [stdout] 65c4aafb6b54ac3ce6ba0d4d47a025c3da3294ed385c56a77ec26cde94340162
[INFO] running `Command { std: "docker" "start" "-a" "65c4aafb6b54ac3ce6ba0d4d47a025c3da3294ed385c56a77ec26cde94340162", kill_on_drop: false }`
[INFO] [stderr] warning: virtual workspace defaulting to `resolver = "1"` despite one or more workspace members being on edition 2021 which implies `resolver = "2"`
[INFO] [stderr] note: to keep the current resolver, specify `workspace.resolver = "1"` in the workspace root's manifest
[INFO] [stderr] note: to use the edition 2021 resolver, specify `workspace.resolver = "2"` in the workspace root's manifest
[INFO] [stderr] note: for more details see https://doc.rust-lang.org/cargo/reference/resolver.html#resolver-versions
[INFO] [stderr]     Finished `test` profile [unoptimized + debuginfo] target(s) in 0.02s
[INFO] [stderr]      Running unittests src/lib.rs (/opt/rustwide/target/debug/deps/aber-c6be4f0d950fd40f)
[INFO] [stdout] 
[INFO] [stdout] running 0 tests
[INFO] [stdout] 
[INFO] [stdout] test result: ok. 0 passed; 0 failed; 0 ignored; 0 measured; 0 filtered out; finished in 0.00s
[INFO] [stdout] 
[INFO] [stderr]      Running unittests src/main.rs (/opt/rustwide/target/debug/deps/aber_tests-1e77ea8b26d01c9a)
[INFO] [stdout] 
[INFO] [stdout] running 0 tests
[INFO] [stdout] 
[INFO] [stdout] test result: ok. 0 passed; 0 failed; 0 ignored; 0 measured; 0 filtered out; finished in 0.00s
[INFO] [stdout] 
[INFO] [stderr]    Doc-tests aber
[INFO] [stdout] 
[INFO] [stdout] running 9 tests
[INFO] [stdout] test aber/src/lex.rs - lex::Lex (line 344) ... FAILED
[INFO] [stdout] test aber/src/sir.rs - sir::PrimitiveSymbol<'a>::from_unit (line 32) ... FAILED
[INFO] [stdout] test aber/src/lex.rs - lex::WithPosition<T>::replace (line 209) ... ok
[INFO] [stdout] test aber/src/lex.rs - lex::WithPosition<T>::range_or_dot (line 163) ... ok
[INFO] [stdout] test aber/src/lex.rs - lex::WithPosition<T>::range (line 133) ... ok
[INFO] [stdout] test aber/src/lex.rs - lex::WithPosition<T>::location (line 116) ... ok
[INFO] [stdout] test aber/src/lex.rs - lex::WithPosition<T>::range (line 145) ... ok
[INFO] [stdout] test aber/src/lex.rs - lex::WithPosition<T>::map (line 188) ... ok
[INFO] [stdout] test aber/src/lex.rs - lex::WithPosition (line 79) ... ok
[INFO] [stdout] 
[INFO] [stdout] failures:
[INFO] [stdout] 
[INFO] [stdout] ---- aber/src/lex.rs - lex::Lex (line 344) stdout ----
[INFO] [stdout] error[E0277]: can't compare `WithLinearPosition<Token>` with `WithPosition<Token>`
[INFO] [stdout]   --> aber/src/lex.rs:351:1
[INFO] [stdout]    |
[INFO] [stdout] 10 | / assert_eq!(&result[..], &[
[INFO] [stdout] 11 | |     WithPosition::range(
[INFO] [stdout] 12 | |         Token::Ident,
[INFO] [stdout] 13 | |         Position { line: 1, char: 0 },
[INFO] [stdout] ...  |
[INFO] [stdout] 24 | |     ),
[INFO] [stdout] 25 | | ]);
[INFO] [stdout]    | |__^ no implementation for `WithLinearPosition<Token> == WithPosition<Token>`
[INFO] [stdout]    |
[INFO] [stdout]    = help: the trait `PartialEq<WithPosition<Token>>` is not implemented for `WithLinearPosition<Token>`
[INFO] [stdout]            but trait `PartialEq<WithLinearPosition<Token>>` is implemented for it
[INFO] [stdout]    = help: for that trait implementation, expected `WithLinearPosition<Token>`, found `WithPosition<Token>`
[INFO] [stdout]    = note: required for `[WithLinearPosition<Token>]` to implement `PartialEq<[WithPosition<Token>; 3]>`
[INFO] [stdout]    = note: 1 redundant requirement hidden
[INFO] [stdout]    = note: required for `&[WithLinearPosition<Token>]` to implement `PartialEq<&[WithPosition<Token>; 3]>`
[INFO] [stdout]    = note: this error originates in the macro `assert_eq` (in Nightly builds, run with -Z macro-backtrace for more info)
[INFO] [stdout] 
[INFO] [stdout] error: aborting due to 1 previous error
[INFO] [stdout] 
[INFO] [stdout] For more information about this error, try `rustc --explain E0277`.
[INFO] [stdout] Couldn't compile the test.
[INFO] [stdout] ---- aber/src/sir.rs - sir::PrimitiveSymbol<'a>::from_unit (line 32) stdout ----
[INFO] [stdout] error[E0308]: mismatched types
[INFO] [stdout]  --> aber/src/sir.rs:36:43
[INFO] [stdout]   |
[INFO] [stdout] 7 | assert_eq!(PrimitiveSymbol::Integer(-42), Unit::ConstNegInteger(42));
[INFO] [stdout]   |                                           ^^^^^^^^^^^^^^^^^^^^^^^^^ expected `PrimitiveSymbol<'_>`, found `Unit<'_>`
[INFO] [stdout] 
[INFO] [stdout] error: aborting due to 1 previous error
[INFO] [stdout] 
[INFO] [stdout] For more information about this error, try `rustc --explain E0308`.
[INFO] [stdout] Couldn't compile the test.
[INFO] [stdout] 
[INFO] [stdout] failures:
[INFO] [stdout]     aber/src/lex.rs - lex::Lex (line 344)
[INFO] [stdout]     aber/src/sir.rs - sir::PrimitiveSymbol<'a>::from_unit (line 32)
[INFO] [stdout] 
[INFO] [stdout] test result: FAILED. 7 passed; 2 failed; 0 ignored; 0 measured; 0 filtered out; finished in 1.48s
[INFO] [stdout] 
[INFO] [stderr] error: doctest failed, to rerun pass `-p aber --doc`
[INFO] running `Command { std: "docker" "inspect" "65c4aafb6b54ac3ce6ba0d4d47a025c3da3294ed385c56a77ec26cde94340162", kill_on_drop: false }`
[INFO] running `Command { std: "docker" "rm" "-f" "65c4aafb6b54ac3ce6ba0d4d47a025c3da3294ed385c56a77ec26cde94340162", kill_on_drop: false }`
[INFO] [stdout] 65c4aafb6b54ac3ce6ba0d4d47a025c3da3294ed385c56a77ec26cde94340162
