[INFO] cloning repository https://github.com/Amakesasha/Rust-TcpServer
[INFO] running `Command { std: "git" "-c" "credential.helper=" "-c" "credential.helper=/workspace/cargo-home/bin/git-credential-null" "clone" "--bare" "https://github.com/Amakesasha/Rust-TcpServer" "/workspace/cache/git-repos/https%3A%2F%2Fgithub.com%2FAmakesasha%2FRust-TcpServer", kill_on_drop: false }`
[INFO] [stderr] Cloning into bare repository '/workspace/cache/git-repos/https%3A%2F%2Fgithub.com%2FAmakesasha%2FRust-TcpServer'...
[INFO] running `Command { std: "git" "rev-parse" "HEAD", kill_on_drop: false }`
[INFO] [stdout] c4203d9ab80c768ff27ae50fb3f6e4b96baa4fbe
[INFO] testing Amakesasha/Rust-TcpServer against 1.83.0 for beta-1.84.0-4-retry
[INFO] running `Command { std: "git" "clone" "/workspace/cache/git-repos/https%3A%2F%2Fgithub.com%2FAmakesasha%2FRust-TcpServer" "/workspace/builds/worker-0-tc1/source", kill_on_drop: false }`
[INFO] [stderr] Cloning into '/workspace/builds/worker-0-tc1/source'...
[INFO] [stderr] done.
[INFO] validating manifest of git repo https://github.com/Amakesasha/Rust-TcpServer on toolchain 1.83.0
[INFO] running `Command { std: CARGO_HOME="/workspace/cargo-home" RUSTUP_HOME="/workspace/rustup-home" "/workspace/cargo-home/bin/cargo" "+1.83.0" "metadata" "--manifest-path" "Cargo.toml" "--no-deps", kill_on_drop: false }`
[INFO] started tweaking git repo https://github.com/Amakesasha/Rust-TcpServer
[INFO] finished tweaking git repo https://github.com/Amakesasha/Rust-TcpServer
[INFO] tweaked toml for git repo https://github.com/Amakesasha/Rust-TcpServer written to /workspace/builds/worker-0-tc1/source/Cargo.toml
[INFO] crate git repo https://github.com/Amakesasha/Rust-TcpServer already has a lockfile, it will not be regenerated
[INFO] running `Command { std: CARGO_HOME="/workspace/cargo-home" RUSTUP_HOME="/workspace/rustup-home" "/workspace/cargo-home/bin/cargo" "+1.83.0" "fetch" "--manifest-path" "Cargo.toml", kill_on_drop: false }`
[INFO] running `Command { std: "docker" "create" "-v" "/var/lib/crater-agent-workspace/builds/worker-0-tc1/target:/opt/rustwide/target:rw,Z" "-v" "/var/lib/crater-agent-workspace/builds/worker-0-tc1/source:/opt/rustwide/workdir:ro,Z" "-v" "/var/lib/crater-agent-workspace/cargo-home:/opt/rustwide/cargo-home:ro,Z" "-v" "/var/lib/crater-agent-workspace/rustup-home:/opt/rustwide/rustup-home:ro,Z" "-e" "SOURCE_DIR=/opt/rustwide/workdir" "-e" "CARGO_TARGET_DIR=/opt/rustwide/target" "-e" "CARGO_HOME=/opt/rustwide/cargo-home" "-e" "RUSTUP_HOME=/opt/rustwide/rustup-home" "-w" "/opt/rustwide/workdir" "-m" "1610612736" "--user" "0:0" "--network" "none" "ghcr.io/rust-lang/crates-build-env/linux@sha256:f3a9d4ad9d972b27faf3965f35b62e55ba32bbce8f20bc8fe909558a86702fde" "/opt/rustwide/cargo-home/bin/cargo" "+1.83.0" "metadata" "--no-deps" "--format-version=1", kill_on_drop: false }`
[INFO] [stdout] 25133aca53535f6161943af0c426e720ec4082431fce1c04d472d4cd6d2abfd0
[INFO] running `Command { std: "docker" "start" "-a" "25133aca53535f6161943af0c426e720ec4082431fce1c04d472d4cd6d2abfd0", kill_on_drop: false }`
[INFO] running `Command { std: "docker" "inspect" "25133aca53535f6161943af0c426e720ec4082431fce1c04d472d4cd6d2abfd0", kill_on_drop: false }`
[INFO] running `Command { std: "docker" "rm" "-f" "25133aca53535f6161943af0c426e720ec4082431fce1c04d472d4cd6d2abfd0", kill_on_drop: false }`
[INFO] [stdout] 25133aca53535f6161943af0c426e720ec4082431fce1c04d472d4cd6d2abfd0
[INFO] running `Command { std: "docker" "create" "-v" "/var/lib/crater-agent-workspace/builds/worker-0-tc1/target:/opt/rustwide/target:rw,Z" "-v" "/var/lib/crater-agent-workspace/builds/worker-0-tc1/source:/opt/rustwide/workdir:ro,Z" "-v" "/var/lib/crater-agent-workspace/cargo-home:/opt/rustwide/cargo-home:ro,Z" "-v" "/var/lib/crater-agent-workspace/rustup-home:/opt/rustwide/rustup-home:ro,Z" "-e" "SOURCE_DIR=/opt/rustwide/workdir" "-e" "CARGO_TARGET_DIR=/opt/rustwide/target" "-e" "CARGO_INCREMENTAL=0" "-e" "RUST_BACKTRACE=full" "-e" "RUSTFLAGS=--cap-lints=warn" "-e" "RUSTDOCFLAGS=--cap-lints=warn" "-e" "CARGO_HOME=/opt/rustwide/cargo-home" "-e" "RUSTUP_HOME=/opt/rustwide/rustup-home" "-w" "/opt/rustwide/workdir" "-m" "1610612736" "--user" "0:0" "--network" "none" "ghcr.io/rust-lang/crates-build-env/linux@sha256:f3a9d4ad9d972b27faf3965f35b62e55ba32bbce8f20bc8fe909558a86702fde" "/opt/rustwide/cargo-home/bin/cargo" "+1.83.0" "build" "--frozen" "--message-format=json", kill_on_drop: false }`
[INFO] [stdout] dadfdcf845c3def945e2a4eb58d165c79dcd6f1573da3147cc0b114438871b42
[INFO] running `Command { std: "docker" "start" "-a" "dadfdcf845c3def945e2a4eb58d165c79dcd6f1573da3147cc0b114438871b42", kill_on_drop: false }`
[INFO] [stderr]    Compiling once_cell v1.20.2
[INFO] [stderr]    Compiling rust_tcp_sever v0.2.2 (/opt/rustwide/workdir)
[INFO] [stdout] warning: lint `private_in_public` has been removed: replaced with another group of lints, see RFC <https://rust-lang.github.io/rfcs/2145-type-privacy.html> for more information
[INFO] [stdout]  --> src/lib.rs:8:9
[INFO] [stdout]   |
[INFO] [stdout] 8 | #![deny(private_in_public)]
[INFO] [stdout]   |         ^^^^^^^^^^^^^^^^^
[INFO] [stdout]   |
[INFO] [stdout] note: the lint level is defined here
[INFO] [stdout]  --> src/lib.rs:3:9
[INFO] [stdout]   |
[INFO] [stdout] 3 | #![deny(warnings)]
[INFO] [stdout]   |         ^^^^^^^^
[INFO] [stdout]   = note: `#[warn(renamed_and_removed_lints)]` implied by `#[warn(warnings)]`
[INFO] [stdout] 
[INFO] [stdout] 
[INFO] [stdout] warning: creating a shared reference to mutable static is discouraged
[INFO] [stdout]   --> src/http/server.rs:86:38
[INFO] [stdout]    |
[INFO] [stdout] 86 |         if let Some(page) = unsafe { DEF_PAGES.get(&response.status_code) } {
[INFO] [stdout]    |                                      ^^^^^^^^^^^^^^^^^^^^^^^^^^^^^^^^^^^^ shared reference to mutable static
[INFO] [stdout]    |
[INFO] [stdout]    = note: for more information, see <https://doc.rust-lang.org/nightly/edition-guide/rust-2024/static-mut-references.html>
[INFO] [stdout]    = note: shared references to mutable statics are dangerous; it's undefined behavior if the static is mutated or if a mutable reference is created for it while the shared reference lives
[INFO] [stdout]    = note: `#[warn(static_mut_refs)]` implied by `#[warn(warnings)]`
[INFO] [stdout] 
[INFO] [stdout] 
[INFO] [stderr]     Finished `dev` profile [unoptimized + debuginfo] target(s) in 1.41s
[INFO] running `Command { std: "docker" "inspect" "dadfdcf845c3def945e2a4eb58d165c79dcd6f1573da3147cc0b114438871b42", kill_on_drop: false }`
[INFO] running `Command { std: "docker" "rm" "-f" "dadfdcf845c3def945e2a4eb58d165c79dcd6f1573da3147cc0b114438871b42", kill_on_drop: false }`
[INFO] [stdout] dadfdcf845c3def945e2a4eb58d165c79dcd6f1573da3147cc0b114438871b42
[INFO] running `Command { std: "docker" "create" "-v" "/var/lib/crater-agent-workspace/builds/worker-0-tc1/target:/opt/rustwide/target:rw,Z" "-v" "/var/lib/crater-agent-workspace/builds/worker-0-tc1/source:/opt/rustwide/workdir:ro,Z" "-v" "/var/lib/crater-agent-workspace/cargo-home:/opt/rustwide/cargo-home:ro,Z" "-v" "/var/lib/crater-agent-workspace/rustup-home:/opt/rustwide/rustup-home:ro,Z" "-e" "SOURCE_DIR=/opt/rustwide/workdir" "-e" "CARGO_TARGET_DIR=/opt/rustwide/target" "-e" "CARGO_INCREMENTAL=0" "-e" "RUST_BACKTRACE=full" "-e" "RUSTFLAGS=--cap-lints=warn" "-e" "RUSTDOCFLAGS=--cap-lints=warn" "-e" "CARGO_HOME=/opt/rustwide/cargo-home" "-e" "RUSTUP_HOME=/opt/rustwide/rustup-home" "-w" "/opt/rustwide/workdir" "-m" "1610612736" "--user" "0:0" "--network" "none" "ghcr.io/rust-lang/crates-build-env/linux@sha256:f3a9d4ad9d972b27faf3965f35b62e55ba32bbce8f20bc8fe909558a86702fde" "/opt/rustwide/cargo-home/bin/cargo" "+1.83.0" "test" "--frozen" "--no-run" "--message-format=json", kill_on_drop: false }`
[INFO] [stdout] d21ffcb586ad922a1445dbd85dd23123fb45e1074ccd4a79daf691bba22653a8
[INFO] running `Command { std: "docker" "start" "-a" "d21ffcb586ad922a1445dbd85dd23123fb45e1074ccd4a79daf691bba22653a8", kill_on_drop: false }`
[INFO] [stdout] warning: lint `private_in_public` has been removed: replaced with another group of lints, see RFC <https://rust-lang.github.io/rfcs/2145-type-privacy.html> for more information
[INFO] [stdout]  --> src/lib.rs:8:9
[INFO] [stdout]   |
[INFO] [stdout] 8 | #![deny(private_in_public)]
[INFO] [stdout]   |         ^^^^^^^^^^^^^^^^^
[INFO] [stdout]   |
[INFO] [stdout] note: the lint level is defined here
[INFO] [stdout]  --> src/lib.rs:3:9
[INFO] [stdout]   |
[INFO] [stdout] 3 | #![deny(warnings)]
[INFO] [stdout]   |         ^^^^^^^^
[INFO] [stdout]   = note: `#[warn(renamed_and_removed_lints)]` implied by `#[warn(warnings)]`
[INFO] [stdout] 
[INFO] [stdout] 
[INFO] [stdout] warning: creating a shared reference to mutable static is discouraged
[INFO] [stdout]   --> src/http/server.rs:86:38
[INFO] [stdout]    |
[INFO] [stdout] 86 |         if let Some(page) = unsafe { DEF_PAGES.get(&response.status_code) } {
[INFO] [stdout]    |                                      ^^^^^^^^^^^^^^^^^^^^^^^^^^^^^^^^^^^^ shared reference to mutable static
[INFO] [stdout]    |
[INFO] [stdout]    = note: for more information, see <https://doc.rust-lang.org/nightly/edition-guide/rust-2024/static-mut-references.html>
[INFO] [stdout]    = note: shared references to mutable statics are dangerous; it's undefined behavior if the static is mutated or if a mutable reference is created for it while the shared reference lives
[INFO] [stdout]    = note: `#[warn(static_mut_refs)]` implied by `#[warn(warnings)]`
[INFO] [stdout] 
[INFO] [stdout] 
[INFO] [stderr]    Compiling rust_tcp_sever v0.2.2 (/opt/rustwide/workdir)
[INFO] [stdout] warning: lint `private_in_public` has been removed: replaced with another group of lints, see RFC <https://rust-lang.github.io/rfcs/2145-type-privacy.html> for more information
[INFO] [stdout]  --> src/lib.rs:8:9
[INFO] [stdout]   |
[INFO] [stdout] 8 | #![deny(private_in_public)]
[INFO] [stdout]   |         ^^^^^^^^^^^^^^^^^
[INFO] [stdout]   |
[INFO] [stdout] note: the lint level is defined here
[INFO] [stdout]  --> src/lib.rs:3:9
[INFO] [stdout]   |
[INFO] [stdout] 3 | #![deny(warnings)]
[INFO] [stdout]   |         ^^^^^^^^
[INFO] [stdout]   = note: `#[warn(renamed_and_removed_lints)]` implied by `#[warn(warnings)]`
[INFO] [stdout] 
[INFO] [stdout] 
[INFO] [stdout] warning: creating a shared reference to mutable static is discouraged
[INFO] [stdout]   --> src/http/server.rs:86:38
[INFO] [stdout]    |
[INFO] [stdout] 86 |         if let Some(page) = unsafe { DEF_PAGES.get(&response.status_code) } {
[INFO] [stdout]    |                                      ^^^^^^^^^^^^^^^^^^^^^^^^^^^^^^^^^^^^ shared reference to mutable static
[INFO] [stdout]    |
[INFO] [stdout]    = note: for more information, see <https://doc.rust-lang.org/nightly/edition-guide/rust-2024/static-mut-references.html>
[INFO] [stdout]    = note: shared references to mutable statics are dangerous; it's undefined behavior if the static is mutated or if a mutable reference is created for it while the shared reference lives
[INFO] [stdout]    = note: `#[warn(static_mut_refs)]` implied by `#[warn(warnings)]`
[INFO] [stdout] 
[INFO] [stdout] 
[INFO] [stderr]     Finished `test` profile [unoptimized + debuginfo] target(s) in 1.62s
[INFO] running `Command { std: "docker" "inspect" "d21ffcb586ad922a1445dbd85dd23123fb45e1074ccd4a79daf691bba22653a8", kill_on_drop: false }`
[INFO] running `Command { std: "docker" "rm" "-f" "d21ffcb586ad922a1445dbd85dd23123fb45e1074ccd4a79daf691bba22653a8", kill_on_drop: false }`
[INFO] [stdout] d21ffcb586ad922a1445dbd85dd23123fb45e1074ccd4a79daf691bba22653a8
[INFO] running `Command { std: "docker" "create" "-v" "/var/lib/crater-agent-workspace/builds/worker-0-tc1/target:/opt/rustwide/target:rw,Z" "-v" "/var/lib/crater-agent-workspace/builds/worker-0-tc1/source:/opt/rustwide/workdir:ro,Z" "-v" "/var/lib/crater-agent-workspace/cargo-home:/opt/rustwide/cargo-home:ro,Z" "-v" "/var/lib/crater-agent-workspace/rustup-home:/opt/rustwide/rustup-home:ro,Z" "-e" "SOURCE_DIR=/opt/rustwide/workdir" "-e" "CARGO_TARGET_DIR=/opt/rustwide/target" "-e" "CARGO_INCREMENTAL=0" "-e" "RUST_BACKTRACE=full" "-e" "RUSTFLAGS=--cap-lints=warn" "-e" "RUSTDOCFLAGS=--cap-lints=warn" "-e" "CARGO_HOME=/opt/rustwide/cargo-home" "-e" "RUSTUP_HOME=/opt/rustwide/rustup-home" "-w" "/opt/rustwide/workdir" "-m" "1610612736" "--user" "0:0" "--network" "none" "ghcr.io/rust-lang/crates-build-env/linux@sha256:f3a9d4ad9d972b27faf3965f35b62e55ba32bbce8f20bc8fe909558a86702fde" "/opt/rustwide/cargo-home/bin/cargo" "+1.83.0" "test" "--frozen", kill_on_drop: false }`
[INFO] [stdout] 596d52ff249a97ba92cd4998c8e32d7b2d9760fd04abc6194331d9aa49b25388
[INFO] running `Command { std: "docker" "start" "-a" "596d52ff249a97ba92cd4998c8e32d7b2d9760fd04abc6194331d9aa49b25388", kill_on_drop: false }`
[INFO] [stderr] warning: lint `private_in_public` has been removed: replaced with another group of lints, see RFC <https://rust-lang.github.io/rfcs/2145-type-privacy.html> for more information
[INFO] [stderr]  --> src/lib.rs:8:9
[INFO] [stderr]   |
[INFO] [stderr] 8 | #![deny(private_in_public)]
[INFO] [stderr]   |         ^^^^^^^^^^^^^^^^^
[INFO] [stderr]   |
[INFO] [stderr] note: the lint level is defined here
[INFO] [stderr]  --> src/lib.rs:3:9
[INFO] [stderr]   |
[INFO] [stderr] 3 | #![deny(warnings)]
[INFO] [stderr]   |         ^^^^^^^^
[INFO] [stderr]   = note: `#[warn(renamed_and_removed_lints)]` implied by `#[warn(warnings)]`
[INFO] [stderr] 
[INFO] [stderr] warning: creating a shared reference to mutable static is discouraged
[INFO] [stderr]   --> src/http/server.rs:86:38
[INFO] [stderr]    |
[INFO] [stderr] 86 |         if let Some(page) = unsafe { DEF_PAGES.get(&response.status_code) } {
[INFO] [stderr]    |                                      ^^^^^^^^^^^^^^^^^^^^^^^^^^^^^^^^^^^^ shared reference to mutable static
[INFO] [stderr]    |
[INFO] [stderr]    = note: for more information, see <https://doc.rust-lang.org/nightly/edition-guide/rust-2024/static-mut-references.html>
[INFO] [stderr]    = note: shared references to mutable statics are dangerous; it's undefined behavior if the static is mutated or if a mutable reference is created for it while the shared reference lives
[INFO] [stderr]    = note: `#[warn(static_mut_refs)]` implied by `#[warn(warnings)]`
[INFO] [stderr] 
[INFO] [stderr] warning: `rust_tcp_sever` (lib) generated 2 warnings
[INFO] [stderr] warning: `rust_tcp_sever` (lib test) generated 2 warnings (2 duplicates)
[INFO] [stderr]     Finished `test` profile [unoptimized + debuginfo] target(s) in 0.01s
[INFO] [stderr]      Running unittests src/lib.rs (/opt/rustwide/target/debug/deps/rust_tcp_sever-26aaed25d6263892)
[INFO] [stdout] 
[INFO] [stdout] running 0 tests
[INFO] [stdout] 
[INFO] [stdout] test result: ok. 0 passed; 0 failed; 0 ignored; 0 measured; 0 filtered out; finished in 0.00s
[INFO] [stdout] 
[INFO] [stderr]      Running unittests src/main.rs (/opt/rustwide/target/debug/deps/rust_tcp_sever-4a46ed57005cf85a)
[INFO] [stdout] 
[INFO] [stdout] running 0 tests
[INFO] [stdout] 
[INFO] [stdout] test result: ok. 0 passed; 0 failed; 0 ignored; 0 measured; 0 filtered out; finished in 0.00s
[INFO] [stdout] 
[INFO] [stderr]    Doc-tests rust_tcp_sever
[INFO] [stderr] warning: lint `private_in_public` has been removed: replaced with another group of lints, see RFC <https://rust-lang.github.io/rfcs/2145-type-privacy.html> for more information
[INFO] [stderr]  --> src/lib.rs:8:9
[INFO] [stderr]   |
[INFO] [stderr] 8 | #![deny(private_in_public)]
[INFO] [stderr]   |         ^^^^^^^^^^^^^^^^^
[INFO] [stderr]   |
[INFO] [stderr] note: the lint level is defined here
[INFO] [stderr]  --> src/lib.rs:3:9
[INFO] [stderr]   |
[INFO] [stderr] 3 | #![deny(warnings)]
[INFO] [stderr]   |         ^^^^^^^^
[INFO] [stderr]   = note: `#[warn(renamed_and_removed_lints)]` implied by `#[warn(warnings)]`
[INFO] [stderr] 
[INFO] [stderr] warning: 1 warning emitted
[INFO] [stderr] 
[INFO] [stdout] 
[INFO] [stdout] running 16 tests
[INFO] [stdout] test src/http/response.rs - http::response::Response::echo (line 104) ... FAILED
[INFO] [stdout] test src/http/response.rs - http::response::Response::html (line 81) ... FAILED
[INFO] [stdout] test src/clean/server.rs - clean::server::CleanControl::clean_launch (line 48) ... FAILED
[INFO] [stdout] test src/http/response.rs - http::response::Response::set_file (line 168) ... FAILED
[INFO] [stdout] test src/clean/server.rs - clean::server::CleanServer::write (line 30) ... FAILED
[INFO] [stdout] test src/http/response.rs - http::response::Response::set_redirect (line 147) ... FAILED
[INFO] [stdout] test src/http/response.rs - http::response::Response::from (line 62) ... FAILED
[INFO] [stdout] test src/http/response.rs - http::response::ResponseCookies::add_assign (line 198) ... FAILED
[INFO] [stdout] test src/clean/server.rs - clean::server::CleanServer::read (line 12) ... FAILED
[INFO] [stdout] test src/http/server.rs - http::server::HttpControl::check_stream (line 99) ... FAILED
[INFO] [stdout] test src/http/response.rs - http::response::Response::set_response (line 125) ... FAILED
[INFO] [stdout] test src/http/response.rs - http::response::ResponseCookies::sub_assign (line 211) ... FAILED
[INFO] [stdout] test src/http/response.rs - http::response::ResponseHeaders::add_assign (line 228) ... FAILED
[INFO] [stdout] test src/http/response.rs - http::response::Response::from (line 47) ... FAILED
[INFO] [stdout] test src/http/server.rs - http::server::set_def_pages (line 9) ... FAILED
[INFO] [stdout] test src/http/server.rs - http::server::HttpControl::http_launch (line 46) ... FAILED
[INFO] [stdout] 
[INFO] [stdout] failures:
[INFO] [stdout] 
[INFO] [stdout] ---- src/http/response.rs - http::response::Response::echo (line 104) stdout ----
[INFO] [stdout] error: closure bodies that contain statements must be surrounded by braces
[INFO] [stdout]  --> src/http/response.rs:108:10
[INFO] [stdout]   |
[INFO] [stdout] 6 |     |resp| resp.echo("Example Body");,
[INFO] [stdout]   |          ^                           ^
[INFO] [stdout]   |
[INFO] [stdout] note: statement found outside of a block
[INFO] [stdout]  --> src/http/response.rs:108:37
[INFO] [stdout]   |
[INFO] [stdout] 6 |     |resp| resp.echo("Example Body");,
[INFO] [stdout]   |            -------------------------^ this `;` turns the preceding closure into a statement
[INFO] [stdout]   |            |
[INFO] [stdout]   |            this expression is a statement because of the trailing semicolon
[INFO] [stdout] note: the closure body may be incorrectly delimited
[INFO] [stdout]  --> src/http/response.rs:108:5
[INFO] [stdout]   |
[INFO] [stdout] 6 |     |resp| resp.echo("Example Body");,
[INFO] [stdout]   |     ^^^^^^^^^^^^^^^^^^^^^^^^^^^^^^^^ - ...but likely you meant the closure to end here
[INFO] [stdout]   |     |
[INFO] [stdout]   |     this is the parsed closure...
[INFO] [stdout] help: try adding braces
[INFO] [stdout]   |
[INFO] [stdout] 6 |     |resp| { resp.echo("Example Body");},
[INFO] [stdout]   |            +                           +
[INFO] [stdout] 
[INFO] [stdout] error[E0425]: cannot find value `RESPONSE_DEF` in this scope
[INFO] [stdout]  --> src/http/response.rs:105:20
[INFO] [stdout]   |
[INFO] [stdout] 3 | let mut response = RESPONSE_DEF.clone();
[INFO] [stdout]   |                    ^^^^^^^^^^^^ not found in this scope
[INFO] [stdout]   |
[INFO] [stdout] help: consider importing this static
[INFO] [stdout]   |
[INFO] [stdout] 2 + use rust_tcp_sever::RESPONSE_DEF;
[INFO] [stdout]   |
[INFO] [stdout] 
[INFO] [stdout] error: aborting due to 2 previous errors
[INFO] [stdout] 
[INFO] [stdout] For more information about this error, try `rustc --explain E0425`.
[INFO] [stdout] Couldn't compile the test.
[INFO] [stdout] ---- src/http/response.rs - http::response::Response::html (line 81) stdout ----
[INFO] [stdout] error: closure bodies that contain statements must be surrounded by braces
[INFO] [stdout]  --> src/http/response.rs:85:10
[INFO] [stdout]   |
[INFO] [stdout] 6 |     |resp| resp.echo("Example Body");,
[INFO] [stdout]   |          ^                           ^
[INFO] [stdout]   |
[INFO] [stdout] note: statement found outside of a block
[INFO] [stdout]  --> src/http/response.rs:85:37
[INFO] [stdout]   |
[INFO] [stdout] 6 |     |resp| resp.echo("Example Body");,
[INFO] [stdout]   |            -------------------------^ this `;` turns the preceding closure into a statement
[INFO] [stdout]   |            |
[INFO] [stdout]   |            this expression is a statement because of the trailing semicolon
[INFO] [stdout] note: the closure body may be incorrectly delimited
[INFO] [stdout]  --> src/http/response.rs:85:5
[INFO] [stdout]   |
[INFO] [stdout] 6 |     |resp| resp.echo("Example Body");,
[INFO] [stdout]   |     ^^^^^^^^^^^^^^^^^^^^^^^^^^^^^^^^ - ...but likely you meant the closure to end here
[INFO] [stdout]   |     |
[INFO] [stdout]   |     this is the parsed closure...
[INFO] [stdout] help: try adding braces
[INFO] [stdout]   |
[INFO] [stdout] 6 |     |resp| { resp.echo("Example Body");},
[INFO] [stdout]   |            +                           +
[INFO] [stdout] 
[INFO] [stdout] error[E0425]: cannot find value `RESPONSE_DEF` in this scope
[INFO] [stdout]  --> src/http/response.rs:82:20
[INFO] [stdout]   |
[INFO] [stdout] 3 | let mut response = RESPONSE_DEF.clone();
[INFO] [stdout]   |                    ^^^^^^^^^^^^ not found in this scope
[INFO] [stdout]   |
[INFO] [stdout] help: consider importing this static
[INFO] [stdout]   |
[INFO] [stdout] 2 + use rust_tcp_sever::RESPONSE_DEF;
[INFO] [stdout]   |
[INFO] [stdout] 
[INFO] [stdout] error: aborting due to 2 previous errors
[INFO] [stdout] 
[INFO] [stdout] For more information about this error, try `rustc --explain E0425`.
[INFO] [stdout] Couldn't compile the test.
[INFO] [stdout] ---- src/clean/server.rs - clean::server::CleanControl::clean_launch (line 48) stdout ----
[INFO] [stdout] error[E0433]: failed to resolve: use of undeclared type `TcpListener`
[INFO] [stdout]  --> src/clean/server.rs:50:26
[INFO] [stdout]   |
[INFO] [stdout] 4 |     Server::clean_launch(TcpListener::bind("127.0.0.1:80").unwrap(), 4);
[INFO] [stdout]   |                          ^^^^^^^^^^^ use of undeclared type `TcpListener`
[INFO] [stdout]   |
[INFO] [stdout] help: consider importing one of these structs
[INFO] [stdout]   |
[INFO] [stdout] 2 + use std::net::TcpListener;
[INFO] [stdout]   |
[INFO] [stdout] 2 + use rust_tcp_sever::TcpListener;
[INFO] [stdout]   |
[INFO] [stdout] 
[INFO] [stdout] error[E0405]: cannot find trait `CleanControl` in this scope
[INFO] [stdout]  --> src/clean/server.rs:55:6
[INFO] [stdout]   |
[INFO] [stdout] 9 | impl CleanControl for Server {
[INFO] [stdout]   |      ^^^^^^^^^^^^ not found in this scope
[INFO] [stdout]   |
[INFO] [stdout] help: consider importing this trait
[INFO] [stdout]   |
[INFO] [stdout] 2 + use rust_tcp_sever::CleanControl;
[INFO] [stdout]   |
[INFO] [stdout] 
[INFO] [stdout] error[E0412]: cannot find type `TcpStream` in this scope
[INFO] [stdout]   --> src/clean/server.rs:56:23
[INFO] [stdout]    |
[INFO] [stdout] 10 |     fn work(_stream: &TcpStream) {}
[INFO] [stdout]    |                       ^^^^^^^^^ not found in this scope
[INFO] [stdout]    |
[INFO] [stdout] help: consider importing one of these structs
[INFO] [stdout]    |
[INFO] [stdout] 2  + use std::net::TcpStream;
[INFO] [stdout]    |
[INFO] [stdout] 2  + use rust_tcp_sever::TcpStream;
[INFO] [stdout]    |
[INFO] [stdout] 
[INFO] [stdout] error: aborting due to 3 previous errors
[INFO] [stdout] 
[INFO] [stdout] Some errors have detailed explanations: E0405, E0412, E0433.
[INFO] [stdout] For more information about an error, try `rustc --explain E0405`.
[INFO] [stdout] Couldn't compile the test.
[INFO] [stdout] ---- src/http/response.rs - http::response::Response::set_file (line 168) stdout ----
[INFO] [stdout] error[E0425]: cannot find value `RESPONSE_DEF` in this scope
[INFO] [stdout]  --> src/http/response.rs:169:20
[INFO] [stdout]   |
[INFO] [stdout] 3 | let mut response = RESPONSE_DEF.clone();
[INFO] [stdout]   |                    ^^^^^^^^^^^^ not found in this scope
[INFO] [stdout]   |
[INFO] [stdout] help: consider importing this static
[INFO] [stdout]   |
[INFO] [stdout] 2 + use rust_tcp_sever::RESPONSE_DEF;
[INFO] [stdout]   |
[INFO] [stdout] 
[INFO] [stdout] error: aborting due to 1 previous error
[INFO] [stdout] 
[INFO] [stdout] For more information about this error, try `rustc --explain E0425`.
[INFO] [stdout] Couldn't compile the test.
[INFO] [stdout] ---- src/clean/server.rs - clean::server::CleanServer::write (line 30) stdout ----
[INFO] [stdout] error[E0433]: failed to resolve: use of undeclared type `TcpStream`
[INFO] [stdout]  --> src/clean/server.rs:31:14
[INFO] [stdout]   |
[INFO] [stdout] 3 | let stream = TcpStream::connect("Your Ip").unwrap();
[INFO] [stdout]   |              ^^^^^^^^^ use of undeclared type `TcpStream`
[INFO] [stdout]   |
[INFO] [stdout] help: consider importing one of these structs
[INFO] [stdout]   |
[INFO] [stdout] 2 + use std::net::TcpStream;
[INFO] [stdout]   |
[INFO] [stdout] 2 + use rust_tcp_sever::TcpStream;
[INFO] [stdout]   |
[INFO] [stdout] 
[INFO] [stdout] error[E0433]: failed to resolve: use of undeclared type `HttpServer`
[INFO] [stdout]  --> src/clean/server.rs:32:1
[INFO] [stdout]   |
[INFO] [stdout] 4 | HttpServer::write(&stream, b"qweqwe");
[INFO] [stdout]   | ^^^^^^^^^^ use of undeclared type `HttpServer`
[INFO] [stdout] 
[INFO] [stdout] error: aborting due to 2 previous errors
[INFO] [stdout] 
[INFO] [stdout] For more information about this error, try `rustc --explain E0433`.
[INFO] [stdout] Couldn't compile the test.
[INFO] [stdout] ---- src/http/response.rs - http::response::Response::set_redirect (line 147) stdout ----
[INFO] [stdout] error[E0425]: cannot find value `RESPONSE_DEF` in this scope
[INFO] [stdout]  --> src/http/response.rs:148:20
[INFO] [stdout]   |
[INFO] [stdout] 3 | let mut response = RESPONSE_DEF.clone();
[INFO] [stdout]   |                    ^^^^^^^^^^^^ not found in this scope
[INFO] [stdout]   |
[INFO] [stdout] help: consider importing this static
[INFO] [stdout]   |
[INFO] [stdout] 2 + use rust_tcp_sever::RESPONSE_DEF;
[INFO] [stdout]   |
[INFO] [stdout] 
[INFO] [stdout] error: aborting due to 1 previous error
[INFO] [stdout] 
[INFO] [stdout] For more information about this error, try `rustc --explain E0425`.
[INFO] [stdout] Couldn't compile the test.
[INFO] [stdout] ---- src/http/response.rs - http::response::Response::from (line 62) stdout ----
[INFO] [stdout] error[E0433]: failed to resolve: use of undeclared type `Response`
[INFO] [stdout]  --> src/http/response.rs:63:1
[INFO] [stdout]   |
[INFO] [stdout] 3 | Response::from(("/test_path", "text/html"));
[INFO] [stdout]   | ^^^^^^^^ use of undeclared type `Response`
[INFO] [stdout]   |
[INFO] [stdout] help: consider importing this struct
[INFO] [stdout]   |
[INFO] [stdout] 2 + use rust_tcp_sever::Response;
[INFO] [stdout]   |
[INFO] [stdout] 
[INFO] [stdout] error: aborting due to 1 previous error
[INFO] [stdout] 
[INFO] [stdout] For more information about this error, try `rustc --explain E0433`.
[INFO] [stdout] Couldn't compile the test.
[INFO] [stdout] ---- src/http/response.rs - http::response::ResponseCookies::add_assign (line 198) stdout ----
[INFO] [stdout] error[E0433]: failed to resolve: use of undeclared type `ResponseCookies`
[INFO] [stdout]  --> src/http/response.rs:199:19
[INFO] [stdout]   |
[INFO] [stdout] 3 | let mut cookies = ResponseCookies::default();
[INFO] [stdout]   |                   ^^^^^^^^^^^^^^^ use of undeclared type `ResponseCookies`
[INFO] [stdout]   |
[INFO] [stdout] help: consider importing this struct
[INFO] [stdout]   |
[INFO] [stdout] 2 + use rust_tcp_sever::ResponseCookies;
[INFO] [stdout]   |
[INFO] [stdout] 
[INFO] [stdout] error: aborting due to 1 previous error
[INFO] [stdout] 
[INFO] [stdout] For more information about this error, try `rustc --explain E0433`.
[INFO] [stdout] Couldn't compile the test.
[INFO] [stdout] ---- src/clean/server.rs - clean::server::CleanServer::read (line 12) stdout ----
[INFO] [stdout] error[E0433]: failed to resolve: use of undeclared type `TcpStream`
[INFO] [stdout]  --> src/clean/server.rs:13:14
[INFO] [stdout]   |
[INFO] [stdout] 3 | let stream = TcpStream::connect("Your Ip").unwrap();
[INFO] [stdout]   |              ^^^^^^^^^ use of undeclared type `TcpStream`
[INFO] [stdout]   |
[INFO] [stdout] help: consider importing one of these structs
[INFO] [stdout]   |
[INFO] [stdout] 2 + use std::net::TcpStream;
[INFO] [stdout]   |
[INFO] [stdout] 2 + use rust_tcp_sever::TcpStream;
[INFO] [stdout]   |
[INFO] [stdout] 
[INFO] [stdout] error[E0433]: failed to resolve: use of undeclared type `CleanServer`
[INFO] [stdout]  --> src/clean/server.rs:14:1
[INFO] [stdout]   |
[INFO] [stdout] 4 | CleanServer::read(&stream).unwrap();
[INFO] [stdout]   | ^^^^^^^^^^^ use of undeclared type `CleanServer`
[INFO] [stdout]   |
[INFO] [stdout] help: consider importing this struct
[INFO] [stdout]   |
[INFO] [stdout] 2 + use rust_tcp_sever::CleanServer;
[INFO] [stdout]   |
[INFO] [stdout] 
[INFO] [stdout] error: aborting due to 2 previous errors
[INFO] [stdout] 
[INFO] [stdout] For more information about this error, try `rustc --explain E0433`.
[INFO] [stdout] Couldn't compile the test.
[INFO] [stdout] ---- src/http/server.rs - http::server::HttpControl::check_stream (line 99) stdout ----
[INFO] [stdout] error[E0412]: cannot find type `TcpStream` in this scope
[INFO] [stdout]  --> src/http/server.rs:100:26
[INFO] [stdout]   |
[INFO] [stdout] 3 | fn check_stream(stream: &TcpStream) -> bool { true }
[INFO] [stdout]   |                          ^^^^^^^^^ not found in this scope
[INFO] [stdout]   |
[INFO] [stdout] help: consider importing one of these structs
[INFO] [stdout]   |
[INFO] [stdout] 2 + use std::net::TcpStream;
[INFO] [stdout]   |
[INFO] [stdout] 2 + use rust_tcp_sever::TcpStream;
[INFO] [stdout]   |
[INFO] [stdout] 
[INFO] [stdout] error: aborting due to 1 previous error
[INFO] [stdout] 
[INFO] [stdout] For more information about this error, try `rustc --explain E0412`.
[INFO] [stdout] Couldn't compile the test.
[INFO] [stdout] ---- src/http/response.rs - http::response::Response::set_response (line 125) stdout ----
[INFO] [stdout] error[E0425]: cannot find value `RESPONSE_DEF` in this scope
[INFO] [stdout]  --> src/http/response.rs:126:20
[INFO] [stdout]   |
[INFO] [stdout] 3 | let mut response = RESPONSE_DEF.clone();
[INFO] [stdout]   |                    ^^^^^^^^^^^^ not found in this scope
[INFO] [stdout]   |
[INFO] [stdout] help: consider importing this static
[INFO] [stdout]   |
[INFO] [stdout] 2 + use rust_tcp_sever::RESPONSE_DEF;
[INFO] [stdout]   |
[INFO] [stdout] 
[INFO] [stdout] error: aborting due to 1 previous error
[INFO] [stdout] 
[INFO] [stdout] For more information about this error, try `rustc --explain E0425`.
[INFO] [stdout] Couldn't compile the test.
[INFO] [stdout] ---- src/http/response.rs - http::response::ResponseCookies::sub_assign (line 211) stdout ----
[INFO] [stdout] error[E0433]: failed to resolve: use of undeclared type `ResponseCookies`
[INFO] [stdout]  --> src/http/response.rs:212:19
[INFO] [stdout]   |
[INFO] [stdout] 3 | let mut cookies = ResponseCookies::default();
[INFO] [stdout]   |                   ^^^^^^^^^^^^^^^ use of undeclared type `ResponseCookies`
[INFO] [stdout]   |
[INFO] [stdout] help: consider importing this struct
[INFO] [stdout]   |
[INFO] [stdout] 2 + use rust_tcp_sever::ResponseCookies;
[INFO] [stdout]   |
[INFO] [stdout] 
[INFO] [stdout] error: aborting due to 1 previous error
[INFO] [stdout] 
[INFO] [stdout] For more information about this error, try `rustc --explain E0433`.
[INFO] [stdout] Couldn't compile the test.
[INFO] [stdout] ---- src/http/response.rs - http::response::ResponseHeaders::add_assign (line 228) stdout ----
[INFO] [stdout] error[E0433]: failed to resolve: use of undeclared type `ResponseHeaders`
[INFO] [stdout]  --> src/http/response.rs:229:19
[INFO] [stdout]   |
[INFO] [stdout] 3 | let mut headers = ResponseHeaders::default();
[INFO] [stdout]   |                   ^^^^^^^^^^^^^^^ use of undeclared type `ResponseHeaders`
[INFO] [stdout]   |
[INFO] [stdout] help: consider importing this struct
[INFO] [stdout]   |
[INFO] [stdout] 2 + use rust_tcp_sever::ResponseHeaders;
[INFO] [stdout]   |
[INFO] [stdout] 
[INFO] [stdout] error: aborting due to 1 previous error
[INFO] [stdout] 
[INFO] [stdout] For more information about this error, try `rustc --explain E0433`.
[INFO] [stdout] Couldn't compile the test.
[INFO] [stdout] ---- src/http/response.rs - http::response::Response::from (line 47) stdout ----
[INFO] [stdout] error[E0433]: failed to resolve: use of undeclared type `Response`
[INFO] [stdout]  --> src/http/response.rs:48:1
[INFO] [stdout]   |
[INFO] [stdout] 3 | Response::from(|resp: &mut Response| resp.set_response("200 OK", "wer"));
[INFO] [stdout]   | ^^^^^^^^ use of undeclared type `Response`
[INFO] [stdout]   |
[INFO] [stdout] help: consider importing this struct
[INFO] [stdout]   |
[INFO] [stdout] 2 + use rust_tcp_sever::Response;
[INFO] [stdout]   |
[INFO] [stdout] 
[INFO] [stdout] error[E0412]: cannot find type `Response` in this scope
[INFO] [stdout]  --> src/http/response.rs:48:28
[INFO] [stdout]   |
[INFO] [stdout] 3 | Response::from(|resp: &mut Response| resp.set_response("200 OK", "wer"));
[INFO] [stdout]   |                            ^^^^^^^^ not found in this scope
[INFO] [stdout]   |
[INFO] [stdout] help: consider importing this struct
[INFO] [stdout]   |
[INFO] [stdout] 2 + use rust_tcp_sever::Response;
[INFO] [stdout]   |
[INFO] [stdout] 
[INFO] [stdout] error: aborting due to 2 previous errors
[INFO] [stdout] 
[INFO] [stdout] Some errors have detailed explanations: E0412, E0433.
[INFO] [stdout] For more information about an error, try `rustc --explain E0412`.
[INFO] [stdout] Couldn't compile the test.
[INFO] [stdout] ---- src/http/server.rs - http::server::set_def_pages (line 9) stdout ----
[INFO] [stdout] error: cannot find macro `set_def_pages` in this scope
[INFO] [stdout]  --> src/http/server.rs:10:1
[INFO] [stdout]   |
[INFO] [stdout] 3 | set_def_pages!(
[INFO] [stdout]   | ^^^^^^^^^^^^^
[INFO] [stdout]   |
[INFO] [stdout] help: consider importing this macro
[INFO] [stdout]   |
[INFO] [stdout] 2 + use rust_tcp_sever::set_def_pages;
[INFO] [stdout]   |
[INFO] [stdout] 
[INFO] [stdout] error: aborting due to 1 previous error
[INFO] [stdout] 
[INFO] [stdout] Couldn't compile the test.
[INFO] [stdout] ---- src/http/server.rs - http::server::HttpControl::http_launch (line 46) stdout ----
[INFO] [stdout] error[E0433]: failed to resolve: use of undeclared type `TcpListener`
[INFO] [stdout]  --> src/http/server.rs:48:25
[INFO] [stdout]   |
[INFO] [stdout] 4 |     Server::http_launch(TcpListener::bind("127.0.0.1:80").unwrap(), 4);
[INFO] [stdout]   |                         ^^^^^^^^^^^ use of undeclared type `TcpListener`
[INFO] [stdout]   |
[INFO] [stdout] help: consider importing one of these structs
[INFO] [stdout]   |
[INFO] [stdout] 2 + use std::net::TcpListener;
[INFO] [stdout]   |
[INFO] [stdout] 2 + use rust_tcp_sever::TcpListener;
[INFO] [stdout]   |
[INFO] [stdout] 
[INFO] [stdout] error[E0405]: cannot find trait `HttpControl` in this scope
[INFO] [stdout]  --> src/http/server.rs:53:6
[INFO] [stdout]   |
[INFO] [stdout] 9 | impl HttpControl for Server {
[INFO] [stdout]   |      ^^^^^^^^^^^ not found in this scope
[INFO] [stdout]   |
[INFO] [stdout] help: consider importing this trait
[INFO] [stdout]   |
[INFO] [stdout] 2 + use rust_tcp_sever::HttpControl;
[INFO] [stdout]   |
[INFO] [stdout] 
[INFO] [stdout] error[E0412]: cannot find type `TcpStream` in this scope
[INFO] [stdout]   --> src/http/server.rs:54:31
[INFO] [stdout]    |
[INFO] [stdout] 10 |     fn check_stream(_stream: &TcpStream) -> bool { true }
[INFO] [stdout]    |                               ^^^^^^^^^ not found in this scope
[INFO] [stdout]    |
[INFO] [stdout] help: consider importing one of these structs
[INFO] [stdout]    |
[INFO] [stdout] 2  + use std::net::TcpStream;
[INFO] [stdout]    |
[INFO] [stdout] 2  + use rust_tcp_sever::TcpStream;
[INFO] [stdout]    |
[INFO] [stdout] 
[INFO] [stdout] error[E0412]: cannot find type `TcpStream` in this scope
[INFO] [stdout]   --> src/http/server.rs:55:33
[INFO] [stdout]    |
[INFO] [stdout] 11 |     fn parser_request(_stream: &TcpStream, _request: &Request, _response: &mut Response) {}
[INFO] [stdout]    |                                 ^^^^^^^^^ not found in this scope
[INFO] [stdout]    |
[INFO] [stdout] help: consider importing one of these structs
[INFO] [stdout]    |
[INFO] [stdout] 2  + use std::net::TcpStream;
[INFO] [stdout]    |
[INFO] [stdout] 2  + use rust_tcp_sever::TcpStream;
[INFO] [stdout]    |
[INFO] [stdout] 
[INFO] [stdout] error[E0412]: cannot find type `Request` in this scope
[INFO] [stdout]   --> src/http/server.rs:55:55
[INFO] [stdout]    |
[INFO] [stdout] 11 |     fn parser_request(_stream: &TcpStream, _request: &Request, _response: &mut Response) {}
[INFO] [stdout]    |                                                       ^^^^^^^ not found in this scope
[INFO] [stdout]    |
[INFO] [stdout] help: consider importing one of these structs
[INFO] [stdout]    |
[INFO] [stdout] 2  + use std::error::Request;
[INFO] [stdout]    |
[INFO] [stdout] 2  + use rust_tcp_sever::Request;
[INFO] [stdout]    |
[INFO] [stdout] 
[INFO] [stdout] error[E0412]: cannot find type `Response` in this scope
[INFO] [stdout]   --> src/http/server.rs:55:80
[INFO] [stdout]    |
[INFO] [stdout] 11 |     fn parser_request(_stream: &TcpStream, _request: &Request, _response: &mut Response) {}
[INFO] [stdout]    |                                                                                ^^^^^^^^ not found in this scope
[INFO] [stdout]    |
[INFO] [stdout] help: consider importing this struct
[INFO] [stdout]    |
[INFO] [stdout] 2  + use rust_tcp_sever::Response;
[INFO] [stdout]    |
[INFO] [stdout] 
[INFO] [stdout] error: aborting due to 6 previous errors
[INFO] [stdout] 
[INFO] [stdout] Some errors have detailed explanations: E0405, E0412, E0433.
[INFO] [stdout] For more information about an error, try `rustc --explain E0405`.
[INFO] [stdout] Couldn't compile the test.
[INFO] [stdout] 
[INFO] [stdout] failures:
[INFO] [stdout]     src/clean/server.rs - clean::server::CleanControl::clean_launch (line 48)
[INFO] [stdout]     src/clean/server.rs - clean::server::CleanServer::read (line 12)
[INFO] [stdout]     src/clean/server.rs - clean::server::CleanServer::write (line 30)
[INFO] [stdout]     src/http/response.rs - http::response::Response::echo (line 104)
[INFO] [stdout]     src/http/response.rs - http::response::Response::from (line 47)
[INFO] [stdout]     src/http/response.rs - http::response::Response::from (line 62)
[INFO] [stdout]     src/http/response.rs - http::response::Response::html (line 81)
[INFO] [stdout]     src/http/response.rs - http::response::Response::set_file (line 168)
[INFO] [stdout]     src/http/response.rs - http::response::Response::set_redirect (line 147)
[INFO] [stdout]     src/http/response.rs - http::response::Response::set_response (line 125)
[INFO] [stdout]     src/http/response.rs - http::response::ResponseCookies::add_assign (line 198)
[INFO] [stdout]     src/http/response.rs - http::response::ResponseCookies::sub_assign (line 211)
[INFO] [stdout]     src/http/response.rs - http::response::ResponseHeaders::add_assign (line 228)
[INFO] [stdout]     src/http/server.rs - http::server::HttpControl::check_stream (line 99)
[INFO] [stdout]     src/http/server.rs - http::server::HttpControl::http_launch (line 46)
[INFO] [stdout]     src/http/server.rs - http::server::set_def_pages (line 9)
[INFO] [stdout] 
[INFO] [stdout] test result: FAILED. 0 passed; 16 failed; 0 ignored; 0 measured; 0 filtered out; finished in 0.37s
[INFO] [stdout] 
[INFO] [stderr] error: doctest failed, to rerun pass `--doc`
[INFO] running `Command { std: "docker" "inspect" "596d52ff249a97ba92cd4998c8e32d7b2d9760fd04abc6194331d9aa49b25388", kill_on_drop: false }`
[INFO] running `Command { std: "docker" "rm" "-f" "596d52ff249a97ba92cd4998c8e32d7b2d9760fd04abc6194331d9aa49b25388", kill_on_drop: false }`
[INFO] [stdout] 596d52ff249a97ba92cd4998c8e32d7b2d9760fd04abc6194331d9aa49b25388
