[INFO] cloning repository https://github.com/AlexeyPerestoronin/MarkDownAutoTitle
[INFO] running `Command { std: "git" "-c" "credential.helper=" "-c" "credential.helper=/workspace/cargo-home/bin/git-credential-null" "clone" "--bare" "https://github.com/AlexeyPerestoronin/MarkDownAutoTitle" "/workspace/cache/git-repos/https%3A%2F%2Fgithub.com%2FAlexeyPerestoronin%2FMarkDownAutoTitle", kill_on_drop: false }`
[INFO] [stderr] Cloning into bare repository '/workspace/cache/git-repos/https%3A%2F%2Fgithub.com%2FAlexeyPerestoronin%2FMarkDownAutoTitle'...
[INFO] running `Command { std: "git" "rev-parse" "HEAD", kill_on_drop: false }`
[INFO] [stdout] 0ab251c30fb1b52f9e62bccd599b98d990f30ce6
[INFO] testing AlexeyPerestoronin/MarkDownAutoTitle against beta-2024-12-08 for beta-1.84.0-4-retry
[INFO] running `Command { std: "git" "clone" "/workspace/cache/git-repos/https%3A%2F%2Fgithub.com%2FAlexeyPerestoronin%2FMarkDownAutoTitle" "/workspace/builds/worker-0-tc2/source", kill_on_drop: false }`
[INFO] [stderr] Cloning into '/workspace/builds/worker-0-tc2/source'...
[INFO] [stderr] done.
[INFO] validating manifest of git repo https://github.com/AlexeyPerestoronin/MarkDownAutoTitle on toolchain beta-2024-12-08
[INFO] running `Command { std: CARGO_HOME="/workspace/cargo-home" RUSTUP_HOME="/workspace/rustup-home" "/workspace/cargo-home/bin/cargo" "+beta-2024-12-08" "metadata" "--manifest-path" "Cargo.toml" "--no-deps", kill_on_drop: false }`
[INFO] started tweaking git repo https://github.com/AlexeyPerestoronin/MarkDownAutoTitle
[INFO] finished tweaking git repo https://github.com/AlexeyPerestoronin/MarkDownAutoTitle
[INFO] tweaked toml for git repo https://github.com/AlexeyPerestoronin/MarkDownAutoTitle written to /workspace/builds/worker-0-tc2/source/Cargo.toml
[INFO] crate git repo https://github.com/AlexeyPerestoronin/MarkDownAutoTitle already has a lockfile, it will not be regenerated
[INFO] running `Command { std: CARGO_HOME="/workspace/cargo-home" RUSTUP_HOME="/workspace/rustup-home" "/workspace/cargo-home/bin/cargo" "+beta-2024-12-08" "fetch" "--manifest-path" "Cargo.toml", kill_on_drop: false }`
[INFO] running `Command { std: "docker" "create" "-v" "/var/lib/crater-agent-workspace/builds/worker-0-tc2/target:/opt/rustwide/target:rw,Z" "-v" "/var/lib/crater-agent-workspace/builds/worker-0-tc2/source:/opt/rustwide/workdir:ro,Z" "-v" "/var/lib/crater-agent-workspace/cargo-home:/opt/rustwide/cargo-home:ro,Z" "-v" "/var/lib/crater-agent-workspace/rustup-home:/opt/rustwide/rustup-home:ro,Z" "-e" "SOURCE_DIR=/opt/rustwide/workdir" "-e" "CARGO_TARGET_DIR=/opt/rustwide/target" "-e" "CARGO_HOME=/opt/rustwide/cargo-home" "-e" "RUSTUP_HOME=/opt/rustwide/rustup-home" "-w" "/opt/rustwide/workdir" "-m" "1610612736" "--user" "0:0" "--network" "none" "ghcr.io/rust-lang/crates-build-env/linux@sha256:f3a9d4ad9d972b27faf3965f35b62e55ba32bbce8f20bc8fe909558a86702fde" "/opt/rustwide/cargo-home/bin/cargo" "+beta-2024-12-08" "metadata" "--no-deps" "--format-version=1", kill_on_drop: false }`
[INFO] [stdout] e1b1771a22b98e813cba4b295f3b00a59b1f196702bc1322d9e46efbaa817262
[INFO] running `Command { std: "docker" "start" "-a" "e1b1771a22b98e813cba4b295f3b00a59b1f196702bc1322d9e46efbaa817262", kill_on_drop: false }`
[INFO] running `Command { std: "docker" "inspect" "e1b1771a22b98e813cba4b295f3b00a59b1f196702bc1322d9e46efbaa817262", kill_on_drop: false }`
[INFO] running `Command { std: "docker" "rm" "-f" "e1b1771a22b98e813cba4b295f3b00a59b1f196702bc1322d9e46efbaa817262", kill_on_drop: false }`
[INFO] [stdout] e1b1771a22b98e813cba4b295f3b00a59b1f196702bc1322d9e46efbaa817262
[INFO] running `Command { std: "docker" "create" "-v" "/var/lib/crater-agent-workspace/builds/worker-0-tc2/target:/opt/rustwide/target:rw,Z" "-v" "/var/lib/crater-agent-workspace/builds/worker-0-tc2/source:/opt/rustwide/workdir:ro,Z" "-v" "/var/lib/crater-agent-workspace/cargo-home:/opt/rustwide/cargo-home:ro,Z" "-v" "/var/lib/crater-agent-workspace/rustup-home:/opt/rustwide/rustup-home:ro,Z" "-e" "SOURCE_DIR=/opt/rustwide/workdir" "-e" "CARGO_TARGET_DIR=/opt/rustwide/target" "-e" "CARGO_INCREMENTAL=0" "-e" "RUST_BACKTRACE=full" "-e" "RUSTFLAGS=--cap-lints=warn" "-e" "RUSTDOCFLAGS=--cap-lints=warn" "-e" "CARGO_HOME=/opt/rustwide/cargo-home" "-e" "RUSTUP_HOME=/opt/rustwide/rustup-home" "-w" "/opt/rustwide/workdir" "-m" "1610612736" "--user" "0:0" "--network" "none" "ghcr.io/rust-lang/crates-build-env/linux@sha256:f3a9d4ad9d972b27faf3965f35b62e55ba32bbce8f20bc8fe909558a86702fde" "/opt/rustwide/cargo-home/bin/cargo" "+beta-2024-12-08" "build" "--frozen" "--message-format=json", kill_on_drop: false }`
[INFO] [stdout] 389097e0e56735c352df82704bd62da2e135000be68ff7907515436c65b5a535
[INFO] running `Command { std: "docker" "start" "-a" "389097e0e56735c352df82704bd62da2e135000be68ff7907515436c65b5a535", kill_on_drop: false }`
[INFO] [stderr]    Compiling proc-macro2 v1.0.92
[INFO] [stderr]    Compiling unicode-ident v1.0.14
[INFO] [stderr]    Compiling utf8parse v0.2.2
[INFO] [stderr]    Compiling anstyle-query v1.1.2
[INFO] [stderr]    Compiling is_terminal_polyfill v1.70.1
[INFO] [stderr]    Compiling colorchoice v1.0.3
[INFO] [stderr]    Compiling anstyle v1.0.10
[INFO] [stderr]    Compiling clap_lex v0.7.3
[INFO] [stderr]    Compiling strsim v0.11.1
[INFO] [stderr]    Compiling regex-automata v0.4.9
[INFO] [stderr]    Compiling digest v0.10.7
[INFO] [stderr]    Compiling anstyle-parse v0.2.6
[INFO] [stderr]    Compiling cpufeatures v0.2.16
[INFO] [stderr]    Compiling once_cell v1.20.2
[INFO] [stderr]    Compiling anstream v0.6.18
[INFO] [stderr]    Compiling sha2 v0.10.8
[INFO] [stderr]    Compiling diff v0.1.13
[INFO] [stderr]    Compiling clap_builder v4.5.21
[INFO] [stderr]    Compiling quote v1.0.37
[INFO] [stderr]    Compiling syn v2.0.89
[INFO] [stderr]    Compiling regex v1.11.1
[INFO] [stderr]    Compiling clap_derive v4.5.18
[INFO] [stderr]    Compiling clap v4.5.21
[INFO] [stderr]    Compiling auto_title v1.0.0 (/opt/rustwide/workdir)
[INFO] [stderr]     Finished `dev` profile [unoptimized + debuginfo] target(s) in 23.05s
[INFO] running `Command { std: "docker" "inspect" "389097e0e56735c352df82704bd62da2e135000be68ff7907515436c65b5a535", kill_on_drop: false }`
[INFO] running `Command { std: "docker" "rm" "-f" "389097e0e56735c352df82704bd62da2e135000be68ff7907515436c65b5a535", kill_on_drop: false }`
[INFO] [stdout] 389097e0e56735c352df82704bd62da2e135000be68ff7907515436c65b5a535
[INFO] running `Command { std: "docker" "create" "-v" "/var/lib/crater-agent-workspace/builds/worker-0-tc2/target:/opt/rustwide/target:rw,Z" "-v" "/var/lib/crater-agent-workspace/builds/worker-0-tc2/source:/opt/rustwide/workdir:ro,Z" "-v" "/var/lib/crater-agent-workspace/cargo-home:/opt/rustwide/cargo-home:ro,Z" "-v" "/var/lib/crater-agent-workspace/rustup-home:/opt/rustwide/rustup-home:ro,Z" "-e" "SOURCE_DIR=/opt/rustwide/workdir" "-e" "CARGO_TARGET_DIR=/opt/rustwide/target" "-e" "CARGO_INCREMENTAL=0" "-e" "RUST_BACKTRACE=full" "-e" "RUSTFLAGS=--cap-lints=warn" "-e" "RUSTDOCFLAGS=--cap-lints=warn" "-e" "CARGO_HOME=/opt/rustwide/cargo-home" "-e" "RUSTUP_HOME=/opt/rustwide/rustup-home" "-w" "/opt/rustwide/workdir" "-m" "1610612736" "--user" "0:0" "--network" "none" "ghcr.io/rust-lang/crates-build-env/linux@sha256:f3a9d4ad9d972b27faf3965f35b62e55ba32bbce8f20bc8fe909558a86702fde" "/opt/rustwide/cargo-home/bin/cargo" "+beta-2024-12-08" "test" "--frozen" "--no-run" "--message-format=json", kill_on_drop: false }`
[INFO] [stdout] b897e427a7f81abccb1b7b1fdc9177e152de3093e8b911c2ca5fb440ac2b502a
[INFO] running `Command { std: "docker" "start" "-a" "b897e427a7f81abccb1b7b1fdc9177e152de3093e8b911c2ca5fb440ac2b502a", kill_on_drop: false }`
[INFO] [stderr]    Compiling auto_title v1.0.0 (/opt/rustwide/workdir)
[INFO] [stderr]     Finished `test` profile [unoptimized + debuginfo] target(s) in 2.13s
[INFO] running `Command { std: "docker" "inspect" "b897e427a7f81abccb1b7b1fdc9177e152de3093e8b911c2ca5fb440ac2b502a", kill_on_drop: false }`
[INFO] running `Command { std: "docker" "rm" "-f" "b897e427a7f81abccb1b7b1fdc9177e152de3093e8b911c2ca5fb440ac2b502a", kill_on_drop: false }`
[INFO] [stdout] b897e427a7f81abccb1b7b1fdc9177e152de3093e8b911c2ca5fb440ac2b502a
[INFO] running `Command { std: "docker" "create" "-v" "/var/lib/crater-agent-workspace/builds/worker-0-tc2/target:/opt/rustwide/target:rw,Z" "-v" "/var/lib/crater-agent-workspace/builds/worker-0-tc2/source:/opt/rustwide/workdir:ro,Z" "-v" "/var/lib/crater-agent-workspace/cargo-home:/opt/rustwide/cargo-home:ro,Z" "-v" "/var/lib/crater-agent-workspace/rustup-home:/opt/rustwide/rustup-home:ro,Z" "-e" "SOURCE_DIR=/opt/rustwide/workdir" "-e" "CARGO_TARGET_DIR=/opt/rustwide/target" "-e" "CARGO_INCREMENTAL=0" "-e" "RUST_BACKTRACE=full" "-e" "RUSTFLAGS=--cap-lints=warn" "-e" "RUSTDOCFLAGS=--cap-lints=warn" "-e" "CARGO_HOME=/opt/rustwide/cargo-home" "-e" "RUSTUP_HOME=/opt/rustwide/rustup-home" "-w" "/opt/rustwide/workdir" "-m" "1610612736" "--user" "0:0" "--network" "none" "ghcr.io/rust-lang/crates-build-env/linux@sha256:f3a9d4ad9d972b27faf3965f35b62e55ba32bbce8f20bc8fe909558a86702fde" "/opt/rustwide/cargo-home/bin/cargo" "+beta-2024-12-08" "test" "--frozen", kill_on_drop: false }`
[INFO] [stdout] a8e2e8bf456f7f1e203288ca4a8f77602ece0bca284a37a139060970d80ce83f
[INFO] running `Command { std: "docker" "start" "-a" "a8e2e8bf456f7f1e203288ca4a8f77602ece0bca284a37a139060970d80ce83f", kill_on_drop: false }`
[INFO] [stderr]     Finished `test` profile [unoptimized + debuginfo] target(s) in 0.08s
[INFO] [stderr]      Running unittests src/main.rs (/opt/rustwide/target/debug/deps/auto_title-86efc2b19e994fee)
[INFO] [stdout] 
[INFO] [stdout] running 3 tests
[INFO] [stdout] test generator::tests::test_1_complex ... FAILED
[INFO] [stdout] test generator::tests::test_0_simple ... FAILED
[INFO] [stdout] test generator::tests::test_2_with_title ... FAILED
[INFO] [stdout] 
[INFO] [stdout] failures:
[INFO] [stdout] 
[INFO] [stdout] ---- generator::tests::test_1_complex stdout ----
[INFO] [stdout] Error: Os { code: 30, kind: ReadOnlyFilesystem, message: "Read-only file system" }
[INFO] [stdout] 
[INFO] [stdout] ---- generator::tests::test_0_simple stdout ----
[INFO] [stdout] Error: Os { code: 30, kind: ReadOnlyFilesystem, message: "Read-only file system" }
[INFO] [stdout] 
[INFO] [stdout] ---- generator::tests::test_2_with_title stdout ----
[INFO] [stdout] Error: Os { code: 30, kind: ReadOnlyFilesystem, message: "Read-only file system" }
[INFO] [stdout] 
[INFO] [stdout] 
[INFO] [stdout] failures:
[INFO] [stdout]     generator::tests::test_0_simple
[INFO] [stdout]     generator::tests::test_1_complex
[INFO] [stdout]     generator::tests::test_2_with_title
[INFO] [stdout] 
[INFO] [stdout] test result: FAILED. 0 passed; 3 failed; 0 ignored; 0 measured; 0 filtered out; finished in 0.01s
[INFO] [stdout] 
[INFO] [stderr] error: test failed, to rerun pass `--bin auto_title`
[INFO] running `Command { std: "docker" "inspect" "a8e2e8bf456f7f1e203288ca4a8f77602ece0bca284a37a139060970d80ce83f", kill_on_drop: false }`
[INFO] running `Command { std: "docker" "rm" "-f" "a8e2e8bf456f7f1e203288ca4a8f77602ece0bca284a37a139060970d80ce83f", kill_on_drop: false }`
[INFO] [stdout] a8e2e8bf456f7f1e203288ca4a8f77602ece0bca284a37a139060970d80ce83f
