[INFO] cloning repository https://github.com/AlexandraButu/MysteryBox-testing
[INFO] running `Command { std: "git" "-c" "credential.helper=" "-c" "credential.helper=/workspace/cargo-home/bin/git-credential-null" "clone" "--bare" "https://github.com/AlexandraButu/MysteryBox-testing" "/workspace/cache/git-repos/https%3A%2F%2Fgithub.com%2FAlexandraButu%2FMysteryBox-testing", kill_on_drop: false }`
[INFO] [stderr] Cloning into bare repository '/workspace/cache/git-repos/https%3A%2F%2Fgithub.com%2FAlexandraButu%2FMysteryBox-testing'...
[INFO] running `Command { std: "git" "rev-parse" "HEAD", kill_on_drop: false }`
[INFO] [stdout] 81ba69c850a094681fb1dcfcf29074d1ad206c9b
[INFO] testing AlexandraButu/MysteryBox-testing against 1.83.0 for beta-1.84.0-4-retry
[INFO] running `Command { std: "git" "clone" "/workspace/cache/git-repos/https%3A%2F%2Fgithub.com%2FAlexandraButu%2FMysteryBox-testing" "/workspace/builds/worker-6-tc1/source", kill_on_drop: false }`
[INFO] [stderr] Cloning into '/workspace/builds/worker-6-tc1/source'...
[INFO] [stderr] done.
[INFO] validating manifest of git repo https://github.com/AlexandraButu/MysteryBox-testing on toolchain 1.83.0
[INFO] running `Command { std: CARGO_HOME="/workspace/cargo-home" RUSTUP_HOME="/workspace/rustup-home" "/workspace/cargo-home/bin/cargo" "+1.83.0" "metadata" "--manifest-path" "Cargo.toml" "--no-deps", kill_on_drop: false }`
[INFO] started tweaking git repo https://github.com/AlexandraButu/MysteryBox-testing
[INFO] finished tweaking git repo https://github.com/AlexandraButu/MysteryBox-testing
[INFO] tweaked toml for git repo https://github.com/AlexandraButu/MysteryBox-testing written to /workspace/builds/worker-6-tc1/source/Cargo.toml
[INFO] crate git repo https://github.com/AlexandraButu/MysteryBox-testing already has a lockfile, it will not be regenerated
[INFO] running `Command { std: CARGO_HOME="/workspace/cargo-home" RUSTUP_HOME="/workspace/rustup-home" "/workspace/cargo-home/bin/cargo" "+1.83.0" "fetch" "--manifest-path" "Cargo.toml", kill_on_drop: false }`
[INFO] [stderr]     Updating crates.io index
[INFO] [stderr]  Downloading crates ...
[INFO] [stderr]   Downloaded multiversx-sc-derive v0.52.3
[INFO] [stderr]   Downloaded multiversx-sc-meta-lib v0.52.3
[INFO] [stderr]   Downloaded reqwest v0.12.7
[INFO] [stderr]   Downloaded wasmprinter v0.214.0
[INFO] [stderr]   Downloaded multiversx-sc-codec v0.20.1
[INFO] [stderr]   Downloaded unwrap-infallible v0.1.5
[INFO] [stderr]   Downloaded multiversx-sc v0.52.3
[INFO] [stderr]   Downloaded radix_trie v0.2.1
[INFO] [stderr]   Downloaded serde_repr v0.1.19
[INFO] [stderr]   Downloaded rustls v0.23.12
[INFO] [stderr]   Downloaded bitcoin_hashes v0.11.0
[INFO] [stderr]   Downloaded multiversx-sdk v0.5.0
[INFO] [stderr]   Downloaded hyper-rustls v0.27.2
[INFO] [stderr]   Downloaded bip39 v2.0.0
[INFO] [stderr]   Downloaded sync_wrapper v1.0.1
[INFO] [stderr]   Downloaded system-configuration v0.6.0
[INFO] [stderr]   Downloaded pathdiff v0.2.1
[INFO] [stderr]   Downloaded multiversx-sc-codec-derive v0.20.1
[INFO] [stderr]   Downloaded rustls-webpki v0.102.6
[INFO] [stderr]   Downloaded multiversx-sc-modules v0.52.3
[INFO] [stderr]   Downloaded rand_seeder v0.2.3
[INFO] [stderr]   Downloaded multiversx-chain-vm-executor v0.2.0
[INFO] [stderr]   Downloaded multiversx-sc-scenario v0.52.3
[INFO] [stderr]   Downloaded clap_derive v4.5.13
[INFO] [stderr]   Downloaded endian-type v0.1.2
[INFO] [stderr]   Downloaded libc v0.2.157
[INFO] [stderr]   Downloaded h2 v0.4.6
[INFO] [stderr]   Downloaded clap_builder v4.5.15
[INFO] [stderr]   Downloaded multiversx-chain-scenario-format v0.22.3
[INFO] [stderr]   Downloaded multiversx-chain-vm v0.9.0
[INFO] [stderr]   Downloaded anstyle-wincon v3.0.4
[INFO] [stderr]   Downloaded nibble_vec v0.1.0
[INFO] [stderr]   Downloaded multiversx-sc-snippets v0.52.3
[INFO] [stderr]   Downloaded wasmparser v0.214.0
[INFO] [stderr]   Downloaded clap v4.5.16
[INFO] [stderr]   Downloaded syn v2.0.72
[INFO] running `Command { std: "docker" "create" "-v" "/var/lib/crater-agent-workspace/builds/worker-6-tc1/target:/opt/rustwide/target:rw,Z" "-v" "/var/lib/crater-agent-workspace/builds/worker-6-tc1/source:/opt/rustwide/workdir:ro,Z" "-v" "/var/lib/crater-agent-workspace/cargo-home:/opt/rustwide/cargo-home:ro,Z" "-v" "/var/lib/crater-agent-workspace/rustup-home:/opt/rustwide/rustup-home:ro,Z" "-e" "SOURCE_DIR=/opt/rustwide/workdir" "-e" "CARGO_TARGET_DIR=/opt/rustwide/target" "-e" "CARGO_HOME=/opt/rustwide/cargo-home" "-e" "RUSTUP_HOME=/opt/rustwide/rustup-home" "-w" "/opt/rustwide/workdir" "-m" "1610612736" "--user" "0:0" "--network" "none" "ghcr.io/rust-lang/crates-build-env/linux@sha256:f3a9d4ad9d972b27faf3965f35b62e55ba32bbce8f20bc8fe909558a86702fde" "/opt/rustwide/cargo-home/bin/cargo" "+1.83.0" "metadata" "--no-deps" "--format-version=1", kill_on_drop: false }`
[INFO] [stdout] 34004cdf0eb12b83dd06609a585c7b5624f59ad43b248e2bf7e470216f6bd9ce
[INFO] running `Command { std: "docker" "start" "-a" "34004cdf0eb12b83dd06609a585c7b5624f59ad43b248e2bf7e470216f6bd9ce", kill_on_drop: false }`
[INFO] running `Command { std: "docker" "inspect" "34004cdf0eb12b83dd06609a585c7b5624f59ad43b248e2bf7e470216f6bd9ce", kill_on_drop: false }`
[INFO] running `Command { std: "docker" "rm" "-f" "34004cdf0eb12b83dd06609a585c7b5624f59ad43b248e2bf7e470216f6bd9ce", kill_on_drop: false }`
[INFO] [stdout] 34004cdf0eb12b83dd06609a585c7b5624f59ad43b248e2bf7e470216f6bd9ce
[INFO] running `Command { std: "docker" "create" "-v" "/var/lib/crater-agent-workspace/builds/worker-6-tc1/target:/opt/rustwide/target:rw,Z" "-v" "/var/lib/crater-agent-workspace/builds/worker-6-tc1/source:/opt/rustwide/workdir:ro,Z" "-v" "/var/lib/crater-agent-workspace/cargo-home:/opt/rustwide/cargo-home:ro,Z" "-v" "/var/lib/crater-agent-workspace/rustup-home:/opt/rustwide/rustup-home:ro,Z" "-e" "SOURCE_DIR=/opt/rustwide/workdir" "-e" "CARGO_TARGET_DIR=/opt/rustwide/target" "-e" "CARGO_INCREMENTAL=0" "-e" "RUST_BACKTRACE=full" "-e" "RUSTFLAGS=--cap-lints=warn" "-e" "RUSTDOCFLAGS=--cap-lints=warn" "-e" "CARGO_HOME=/opt/rustwide/cargo-home" "-e" "RUSTUP_HOME=/opt/rustwide/rustup-home" "-w" "/opt/rustwide/workdir" "-m" "1610612736" "--user" "0:0" "--network" "none" "ghcr.io/rust-lang/crates-build-env/linux@sha256:f3a9d4ad9d972b27faf3965f35b62e55ba32bbce8f20bc8fe909558a86702fde" "/opt/rustwide/cargo-home/bin/cargo" "+1.83.0" "build" "--frozen" "--message-format=json", kill_on_drop: false }`
[INFO] [stdout] 1784370b55a8e63633c88b242307459ae2e3b520b841648f34f7f32fec9f0b10
[INFO] running `Command { std: "docker" "start" "-a" "1784370b55a8e63633c88b242307459ae2e3b520b841648f34f7f32fec9f0b10", kill_on_drop: false }`
[INFO] [stderr]    Compiling proc-macro2 v1.0.86
[INFO] [stderr]    Compiling unicode-ident v1.0.12
[INFO] [stderr]    Compiling autocfg v1.3.0
[INFO] [stderr]    Compiling smallvec v1.13.2
[INFO] [stderr]    Compiling hex v0.4.3
[INFO] [stderr]    Compiling endian-type v0.1.2
[INFO] [stderr]    Compiling unwrap-infallible v0.1.5
[INFO] [stderr]    Compiling arrayvec v0.7.4
[INFO] [stderr]    Compiling bitflags v2.6.0
[INFO] [stderr]    Compiling hex-literal v0.4.1
[INFO] [stderr]    Compiling nibble_vec v0.1.0
[INFO] [stderr]    Compiling radix_trie v0.2.1
[INFO] [stderr]    Compiling num-traits v0.2.19
[INFO] [stderr]    Compiling quote v1.0.36
[INFO] [stderr]    Compiling syn v2.0.72
[INFO] [stderr]    Compiling multiversx-sc-codec-derive v0.20.1
[INFO] [stderr]    Compiling multiversx-sc-derive v0.52.3
[INFO] [stderr]    Compiling multiversx-sc-codec v0.20.1
[INFO] [stderr]    Compiling multiversx-sc v0.52.3
[INFO] [stderr]    Compiling multiversx-sc-modules v0.52.3
[INFO] [stderr]    Compiling mystery-box v0.0.1 (/opt/rustwide/workdir)
[INFO] [stderr]     Finished `dev` profile [unoptimized + debuginfo] target(s) in 32.86s
[INFO] running `Command { std: "docker" "inspect" "1784370b55a8e63633c88b242307459ae2e3b520b841648f34f7f32fec9f0b10", kill_on_drop: false }`
[INFO] running `Command { std: "docker" "rm" "-f" "1784370b55a8e63633c88b242307459ae2e3b520b841648f34f7f32fec9f0b10", kill_on_drop: false }`
[INFO] [stdout] 1784370b55a8e63633c88b242307459ae2e3b520b841648f34f7f32fec9f0b10
[INFO] running `Command { std: "docker" "create" "-v" "/var/lib/crater-agent-workspace/builds/worker-6-tc1/target:/opt/rustwide/target:rw,Z" "-v" "/var/lib/crater-agent-workspace/builds/worker-6-tc1/source:/opt/rustwide/workdir:ro,Z" "-v" "/var/lib/crater-agent-workspace/cargo-home:/opt/rustwide/cargo-home:ro,Z" "-v" "/var/lib/crater-agent-workspace/rustup-home:/opt/rustwide/rustup-home:ro,Z" "-e" "SOURCE_DIR=/opt/rustwide/workdir" "-e" "CARGO_TARGET_DIR=/opt/rustwide/target" "-e" "CARGO_INCREMENTAL=0" "-e" "RUST_BACKTRACE=full" "-e" "RUSTFLAGS=--cap-lints=warn" "-e" "RUSTDOCFLAGS=--cap-lints=warn" "-e" "CARGO_HOME=/opt/rustwide/cargo-home" "-e" "RUSTUP_HOME=/opt/rustwide/rustup-home" "-w" "/opt/rustwide/workdir" "-m" "1610612736" "--user" "0:0" "--network" "none" "ghcr.io/rust-lang/crates-build-env/linux@sha256:f3a9d4ad9d972b27faf3965f35b62e55ba32bbce8f20bc8fe909558a86702fde" "/opt/rustwide/cargo-home/bin/cargo" "+1.83.0" "test" "--frozen" "--no-run" "--message-format=json", kill_on_drop: false }`
[INFO] [stdout] 1195c8273e16a60d6cd24f060abc8fa3927c91d0c3cb6401db33c9e76309826a
[INFO] running `Command { std: "docker" "start" "-a" "1195c8273e16a60d6cd24f060abc8fa3927c91d0c3cb6401db33c9e76309826a", kill_on_drop: false }`
[INFO] [stderr]    Compiling syn v2.0.72
[INFO] [stderr]    Compiling version_check v0.9.5
[INFO] [stderr]    Compiling cfg-if v1.0.0
[INFO] [stderr]    Compiling byteorder v1.5.0
[INFO] [stderr]    Compiling serde v1.0.208
[INFO] [stderr]    Compiling typenum v1.17.0
[INFO] [stderr]    Compiling libc v0.2.157
[INFO] [stderr]    Compiling num-traits v0.2.19
[INFO] [stderr]    Compiling hex v0.4.3
[INFO] [stderr]    Compiling getrandom v0.1.16
[INFO] [stderr]    Compiling generic-array v0.14.7
[INFO] [stderr]    Compiling ahash v0.8.11
[INFO] [stderr]    Compiling once_cell v1.19.0
[INFO] [stderr]    Compiling semver v1.0.23
[INFO] [stderr]    Compiling equivalent v1.0.1
[INFO] [stderr]    Compiling utf8parse v0.2.2
[INFO] [stderr]    Compiling anstyle-parse v0.2.5
[INFO] [stderr]    Compiling serde_json v1.0.125
[INFO] [stderr]    Compiling cpufeatures v0.2.13
[INFO] [stderr]    Compiling is_terminal_polyfill v1.70.1
[INFO] [stderr]    Compiling anstyle v1.0.8
[INFO] [stderr]    Compiling anstyle-query v1.1.1
[INFO] [stderr]    Compiling colorchoice v1.0.2
[INFO] [stderr]    Compiling anyhow v1.0.86
[INFO] [stderr]    Compiling ryu v1.0.18
[INFO] [stderr]    Compiling anstream v0.6.15
[INFO] [stderr]    Compiling lazy_static v1.5.0
[INFO] [stderr]    Compiling itoa v1.0.11
[INFO] [stderr]    Compiling getrandom v0.2.15
[INFO] [stderr]    Compiling num-integer v0.1.46
[INFO] [stderr]    Compiling winnow v0.6.18
[INFO] [stderr]    Compiling rand_core v0.5.1
[INFO] [stderr]    Compiling rand_core v0.6.4
[INFO] [stderr]    Compiling clap_lex v0.7.2
[INFO] [stderr]    Compiling opaque-debug v0.3.1
[INFO] [stderr]    Compiling keccak v0.1.5
[INFO] [stderr]    Compiling strsim v0.11.1
[INFO] [stderr]    Compiling num-bigint v0.4.6
[INFO] [stderr]    Compiling subtle v2.6.1
[INFO] [stderr]    Compiling heck v0.5.0
[INFO] [stderr]    Compiling signature v1.6.4
[INFO] [stderr]    Compiling memchr v2.7.4
[INFO] [stderr]    Compiling ed25519 v1.5.3
[INFO] [stderr]    Compiling clap_builder v4.5.15
[INFO] [stderr]    Compiling colored v2.1.0
[INFO] [stderr]    Compiling crypto-common v0.1.6
[INFO] [stderr]    Compiling block-buffer v0.10.4
[INFO] [stderr]    Compiling digest v0.10.7
[INFO] [stderr]    Compiling digest v0.9.0
[INFO] [stderr]    Compiling block-buffer v0.9.0
[INFO] [stderr]    Compiling sha3 v0.10.8
[INFO] [stderr]    Compiling sha2 v0.9.9
[INFO] [stderr]    Compiling either v1.13.0
[INFO] [stderr]    Compiling termcolor v1.4.1
[INFO] [stderr]    Compiling unicode-segmentation v1.11.0
[INFO] [stderr]    Compiling itertools v0.13.0
[INFO] [stderr]    Compiling sha2 v0.10.8
[INFO] [stderr]    Compiling convert_case v0.6.0
[INFO] [stderr]    Compiling rand_seeder v0.2.3
[INFO] [stderr]    Compiling rustc_version v0.4.0
[INFO] [stderr]    Compiling multiversx-chain-vm-executor v0.2.0
[INFO] [stderr]    Compiling bech32 v0.9.1
[INFO] [stderr]    Compiling log v0.4.22
[INFO] [stderr]    Compiling pathdiff v0.2.1
[INFO] [stderr]    Compiling base64 v0.22.1
[INFO] [stderr]    Compiling zerocopy-derive v0.7.35
[INFO] [stderr]    Compiling serde_derive v1.0.208
[INFO] [stderr]    Compiling multiversx-sc-codec-derive v0.20.1
[INFO] [stderr]    Compiling zeroize_derive v1.4.2
[INFO] [stderr]    Compiling multiversx-sc-derive v0.52.3
[INFO] [stderr]    Compiling clap_derive v4.5.13
[INFO] [stderr]    Compiling zeroize v1.8.1
[INFO] [stderr]    Compiling multiversx-sc-codec v0.20.1
[INFO] [stderr]    Compiling curve25519-dalek v3.2.0
[INFO] [stderr]    Compiling zerocopy v0.7.35
[INFO] [stderr]    Compiling ppv-lite86 v0.2.20
[INFO] [stderr]    Compiling rand_chacha v0.2.2
[INFO] [stderr]    Compiling rand v0.7.3
[INFO] [stderr]    Compiling rand_chacha v0.3.1
[INFO] [stderr]    Compiling clap v4.5.16
[INFO] [stderr]    Compiling multiversx-sc v0.52.3
[INFO] [stderr]    Compiling rand v0.8.5
[INFO] [stderr]    Compiling hashbrown v0.14.5
[INFO] [stderr]    Compiling toml_datetime v0.6.8
[INFO] [stderr]    Compiling serde_spanned v0.6.7
[INFO] [stderr]    Compiling ed25519-dalek v1.0.1
[INFO] [stderr]    Compiling multiversx-chain-vm v0.9.0
[INFO] [stderr]    Compiling multiversx-chain-scenario-format v0.22.3
[INFO] [stderr]    Compiling indexmap v2.4.0
[INFO] [stderr]    Compiling toml_edit v0.22.20
[INFO] [stderr]    Compiling wasmparser v0.214.0
[INFO] [stderr]    Compiling toml v0.8.19
[INFO] [stderr]    Compiling wasmprinter v0.214.0
[INFO] [stderr]    Compiling multiversx-sc-modules v0.52.3
[INFO] [stderr]    Compiling multiversx-sc-meta-lib v0.52.3
[INFO] [stderr]    Compiling mystery-box v0.0.1 (/opt/rustwide/workdir)
[INFO] [stderr]    Compiling multiversx-sc-scenario v0.52.3
[INFO] [stdout] warning: unused import: `std::time::UNIX_EPOCH`
[INFO] [stdout]  --> tests/mystery_box_blackbox_test.rs:1:5
[INFO] [stdout]   |
[INFO] [stdout] 1 | use std::time::UNIX_EPOCH;
[INFO] [stdout]   |     ^^^^^^^^^^^^^^^^^^^^^
[INFO] [stdout]   |
[INFO] [stdout]   = note: `#[warn(unused_imports)]` on by default
[INFO] [stdout] 
[INFO] [stdout] 
[INFO] [stdout] warning: unused import: `mystery_box`
[INFO] [stdout]  --> tests/mystery_box_blackbox_test.rs:4:5
[INFO] [stdout]   |
[INFO] [stdout] 4 | use mystery_box::*;
[INFO] [stdout]   |     ^^^^^^^^^^^
[INFO] [stdout] 
[INFO] [stdout] 
[INFO] [stdout] warning: unused variable: `token_id`
[INFO] [stdout]    --> tests/mystery_box_blackbox_test.rs:144:13
[INFO] [stdout]     |
[INFO] [stdout] 144 |         let token_id: TokenIdentifier<StaticApi> = TOKEN_ID_TTO.into();
[INFO] [stdout]     |             ^^^^^^^^ help: if this is intentional, prefix it with an underscore: `_token_id`
[INFO] [stdout]     |
[INFO] [stdout]     = note: `#[warn(unused_variables)]` on by default
[INFO] [stdout] 
[INFO] [stdout] 
[INFO] [stdout] warning: constant `TOKEN_ID_COLECTIE` is never used
[INFO] [stdout]   --> tests/mystery_box_blackbox_test.rs:17:7
[INFO] [stdout]    |
[INFO] [stdout] 17 | const TOKEN_ID_COLECTIE: TestTokenIdentifier = TestTokenIdentifier::new("CLC-203e07");
[INFO] [stdout]    |       ^^^^^^^^^^^^^^^^^
[INFO] [stdout]    |
[INFO] [stdout]    = note: `#[warn(dead_code)]` on by default
[INFO] [stdout] 
[INFO] [stdout] 
[INFO] [stdout] warning: constant `WRONG_TOKEN_ID` is never used
[INFO] [stdout]   --> tests/mystery_box_blackbox_test.rs:18:7
[INFO] [stdout]    |
[INFO] [stdout] 18 | const WRONG_TOKEN_ID: TestTokenIdentifier = TestTokenIdentifier::new("WRONG_TOKEN");
[INFO] [stdout]    |       ^^^^^^^^^^^^^^
[INFO] [stdout] 
[INFO] [stdout] 
[INFO] [stdout] warning: methods `set_time_block` and `setup_mystery_box_contract_all_rewards` are never used
[INFO] [stdout]    --> tests/mystery_box_blackbox_test.rs:103:8
[INFO] [stdout]     |
[INFO] [stdout] 32  | impl MysteryBoxTestState {
[INFO] [stdout]     | ------------------------ methods in this implementation
[INFO] [stdout] ...
[INFO] [stdout] 103 |     fn set_time_block(&mut self, timestamp: u64) {
[INFO] [stdout]     |        ^^^^^^^^^^^^^^
[INFO] [stdout] ...
[INFO] [stdout] 143 |     fn setup_mystery_box_contract_all_rewards(&mut self) {
[INFO] [stdout]     |        ^^^^^^^^^^^^^^^^^^^^^^^^^^^^^^^^^^^^^^
[INFO] [stdout] 
[INFO] [stdout] 
[INFO] [stderr]     Finished `test` profile [unoptimized + debuginfo] target(s) in 1m 56s
[INFO] running `Command { std: "docker" "inspect" "1195c8273e16a60d6cd24f060abc8fa3927c91d0c3cb6401db33c9e76309826a", kill_on_drop: false }`
[INFO] running `Command { std: "docker" "rm" "-f" "1195c8273e16a60d6cd24f060abc8fa3927c91d0c3cb6401db33c9e76309826a", kill_on_drop: false }`
[INFO] [stdout] 1195c8273e16a60d6cd24f060abc8fa3927c91d0c3cb6401db33c9e76309826a
[INFO] running `Command { std: "docker" "create" "-v" "/var/lib/crater-agent-workspace/builds/worker-6-tc1/target:/opt/rustwide/target:rw,Z" "-v" "/var/lib/crater-agent-workspace/builds/worker-6-tc1/source:/opt/rustwide/workdir:ro,Z" "-v" "/var/lib/crater-agent-workspace/cargo-home:/opt/rustwide/cargo-home:ro,Z" "-v" "/var/lib/crater-agent-workspace/rustup-home:/opt/rustwide/rustup-home:ro,Z" "-e" "SOURCE_DIR=/opt/rustwide/workdir" "-e" "CARGO_TARGET_DIR=/opt/rustwide/target" "-e" "CARGO_INCREMENTAL=0" "-e" "RUST_BACKTRACE=full" "-e" "RUSTFLAGS=--cap-lints=warn" "-e" "RUSTDOCFLAGS=--cap-lints=warn" "-e" "CARGO_HOME=/opt/rustwide/cargo-home" "-e" "RUSTUP_HOME=/opt/rustwide/rustup-home" "-w" "/opt/rustwide/workdir" "-m" "1610612736" "--user" "0:0" "--network" "none" "ghcr.io/rust-lang/crates-build-env/linux@sha256:f3a9d4ad9d972b27faf3965f35b62e55ba32bbce8f20bc8fe909558a86702fde" "/opt/rustwide/cargo-home/bin/cargo" "+1.83.0" "test" "--frozen", kill_on_drop: false }`
[INFO] [stdout] ce43e3c6aeb38da401857b98f086ed5fee956f3ff6cc0c82c774fc96163b6560
[INFO] running `Command { std: "docker" "start" "-a" "ce43e3c6aeb38da401857b98f086ed5fee956f3ff6cc0c82c774fc96163b6560", kill_on_drop: false }`
[INFO] [stderr] warning: unused import: `std::time::UNIX_EPOCH`
[INFO] [stderr]  --> tests/mystery_box_blackbox_test.rs:1:5
[INFO] [stderr]   |
[INFO] [stderr] 1 | use std::time::UNIX_EPOCH;
[INFO] [stderr]   |     ^^^^^^^^^^^^^^^^^^^^^
[INFO] [stderr]   |
[INFO] [stderr]   = note: `#[warn(unused_imports)]` on by default
[INFO] [stderr] 
[INFO] [stderr] warning: unused import: `mystery_box`
[INFO] [stderr]  --> tests/mystery_box_blackbox_test.rs:4:5
[INFO] [stderr]   |
[INFO] [stderr] 4 | use mystery_box::*;
[INFO] [stderr]   |     ^^^^^^^^^^^
[INFO] [stderr] 
[INFO] [stderr] warning: unused variable: `token_id`
[INFO] [stderr]    --> tests/mystery_box_blackbox_test.rs:144:13
[INFO] [stderr]     |
[INFO] [stderr] 144 |         let token_id: TokenIdentifier<StaticApi> = TOKEN_ID_TTO.into();
[INFO] [stderr]     |             ^^^^^^^^ help: if this is intentional, prefix it with an underscore: `_token_id`
[INFO] [stderr]     |
[INFO] [stderr]     = note: `#[warn(unused_variables)]` on by default
[INFO] [stderr] 
[INFO] [stderr] warning: constant `TOKEN_ID_COLECTIE` is never used
[INFO] [stderr]   --> tests/mystery_box_blackbox_test.rs:17:7
[INFO] [stderr]    |
[INFO] [stderr] 17 | const TOKEN_ID_COLECTIE: TestTokenIdentifier = TestTokenIdentifier::new("CLC-203e07");
[INFO] [stderr]    |       ^^^^^^^^^^^^^^^^^
[INFO] [stderr]    |
[INFO] [stderr]    = note: `#[warn(dead_code)]` on by default
[INFO] [stderr] 
[INFO] [stderr] warning: constant `WRONG_TOKEN_ID` is never used
[INFO] [stderr]   --> tests/mystery_box_blackbox_test.rs:18:7
[INFO] [stderr]    |
[INFO] [stderr] 18 | const WRONG_TOKEN_ID: TestTokenIdentifier = TestTokenIdentifier::new("WRONG_TOKEN");
[INFO] [stderr]    |       ^^^^^^^^^^^^^^
[INFO] [stderr] 
[INFO] [stderr] warning: methods `set_time_block` and `setup_mystery_box_contract_all_rewards` are never used
[INFO] [stderr]    --> tests/mystery_box_blackbox_test.rs:103:8
[INFO] [stderr]     |
[INFO] [stderr] 32  | impl MysteryBoxTestState {
[INFO] [stderr]     | ------------------------ methods in this implementation
[INFO] [stderr] ...
[INFO] [stderr] 103 |     fn set_time_block(&mut self, timestamp: u64) {
[INFO] [stderr]     |        ^^^^^^^^^^^^^^
[INFO] [stderr] ...
[INFO] [stderr] 143 |     fn setup_mystery_box_contract_all_rewards(&mut self) {
[INFO] [stderr]     |        ^^^^^^^^^^^^^^^^^^^^^^^^^^^^^^^^^^^^^^
[INFO] [stderr] 
[INFO] [stderr] warning: `mystery-box` (test "mystery_box_blackbox_test") generated 6 warnings (run `cargo fix --test "mystery_box_blackbox_test"` to apply 1 suggestion)
[INFO] [stderr]     Finished `test` profile [unoptimized + debuginfo] target(s) in 0.25s
[INFO] [stderr]      Running unittests src/lib.rs (/opt/rustwide/target/debug/deps/mystery_box-8b4d740d7a31fa8b)
[INFO] [stdout] 
[INFO] [stderr]      Running tests/mystery_box_blackbox_test.rs (/opt/rustwide/target/debug/deps/mystery_box_blackbox_test-1892b1471a90bd22)
[INFO] [stdout] running 0 tests
[INFO] [stdout] 
[INFO] [stdout] test result: ok. 0 passed; 0 failed; 0 ignored; 0 measured; 0 filtered out; finished in 0.00s
[INFO] [stdout] 
[INFO] [stdout] 
[INFO] [stdout] running 4 tests
[INFO] [stdout] test test_set_roles ... ok
[INFO] [stdout] test test_deploy ... FAILED
[INFO] [stderr] error: test failed, to rerun pass `--test mystery_box_blackbox_test`
[INFO] [stdout] test test_checks_mystery_box ... FAILED
[INFO] [stdout] test test_setup_mysterybox_one_reward ... FAILED
[INFO] [stdout] 
[INFO] [stdout] failures:
[INFO] [stdout] 
[INFO] [stdout] ---- test_deploy stdout ----
[INFO] [stdout] thread 'test_deploy' panicked at /opt/rustwide/cargo-home/registry/src/index.crates.io-6f17d22bba15001f/multiversx-chain-scenario-format-0.22.3/src/serde_raw/scenario_raw.rs:61:47:
[INFO] [stdout] called `Result::unwrap()` on an `Err` value: Os { code: 30, kind: ReadOnlyFilesystem, message: "Read-only file system" }
[INFO] [stdout] stack backtrace:
[INFO] [stdout]    0:     0x64dabbbe4a7a - std::backtrace_rs::backtrace::libunwind::trace::h5a5b8284f2d0c266
[INFO] [stdout]                                at /rustc/90b35a6239c3d8bdabc530a6a0816f7ff89a0aaf/library/std/src/../../backtrace/src/backtrace/libunwind.rs:116:5
[INFO] [stdout]    1:     0x64dabbbe4a7a - std::backtrace_rs::backtrace::trace_unsynchronized::h76d4f1c9b0b875e3
[INFO] [stdout]                                at /rustc/90b35a6239c3d8bdabc530a6a0816f7ff89a0aaf/library/std/src/../../backtrace/src/backtrace/mod.rs:66:5
[INFO] [stdout]    2:     0x64dabbbe4a7a - std::sys::backtrace::_print_fmt::hc4546b8364a537c6
[INFO] [stdout]                                at /rustc/90b35a6239c3d8bdabc530a6a0816f7ff89a0aaf/library/std/src/sys/backtrace.rs:66:9
[INFO] [stdout]    3:     0x64dabbbe4a7a - <std::sys::backtrace::BacktraceLock::print::DisplayBacktrace as core::fmt::Display>::fmt::h5b6bd5631a6d1f6b
[INFO] [stdout]                                at /rustc/90b35a6239c3d8bdabc530a6a0816f7ff89a0aaf/library/std/src/sys/backtrace.rs:39:26
[INFO] [stdout]    4:     0x64dabbc0b503 - core::fmt::rt::Argument::fmt::h270f6602a2b96f62
[INFO] [stdout]                                at /rustc/90b35a6239c3d8bdabc530a6a0816f7ff89a0aaf/library/core/src/fmt/rt.rs:177:76
[INFO] [stdout]    5:     0x64dabbc0b503 - core::fmt::write::h7550c97b06c86515
[INFO] [stdout]                                at /rustc/90b35a6239c3d8bdabc530a6a0816f7ff89a0aaf/library/core/src/fmt/mod.rs:1186:21
[INFO] [stdout]    6:     0x64dabbbe1b93 - std::io::Write::write_fmt::h509ff860e5956e5e
[INFO] [stdout]                                at /rustc/90b35a6239c3d8bdabc530a6a0816f7ff89a0aaf/library/std/src/io/mod.rs:1839:15
[INFO] [stdout]    7:     0x64dabbbe48c2 - std::sys::backtrace::BacktraceLock::print::h2395ccd2c84ba3aa
[INFO] [stdout]                                at /rustc/90b35a6239c3d8bdabc530a6a0816f7ff89a0aaf/library/std/src/sys/backtrace.rs:42:9
[INFO] [stdout]    8:     0x64dabbbe5eda - std::panicking::default_hook::{{closure}}::he19d4c7230e07961
[INFO] [stdout]                                at /rustc/90b35a6239c3d8bdabc530a6a0816f7ff89a0aaf/library/std/src/panicking.rs:268:22
[INFO] [stdout]    9:     0x64dabbbe5ce4 - std::panicking::default_hook::hf614597d3c67bbdb
[INFO] [stdout]                                at /rustc/90b35a6239c3d8bdabc530a6a0816f7ff89a0aaf/library/std/src/panicking.rs:292:9
[INFO] [stdout]   10:     0x64dabb921a59 - <alloc::boxed::Box<F,A> as core::ops::function::Fn<Args>>::call::h39b51ce4599c23d1
[INFO] [stdout]                                at /rustc/90b35a6239c3d8bdabc530a6a0816f7ff89a0aaf/library/alloc/src/boxed.rs:2468:9
[INFO] [stdout]   11:     0x64dabb921a59 - test::test_main::{{closure}}::he977ae839a582784
[INFO] [stdout]                                at /rustc/90b35a6239c3d8bdabc530a6a0816f7ff89a0aaf/library/test/src/lib.rs:133:21
[INFO] [stdout]   12:     0x64dabbbe6578 - <alloc::boxed::Box<F,A> as core::ops::function::Fn<Args>>::call::h9455091b6b06f9fb
[INFO] [stdout]                                at /rustc/90b35a6239c3d8bdabc530a6a0816f7ff89a0aaf/library/alloc/src/boxed.rs:2468:9
[INFO] [stdout]   13:     0x64dabbbe6578 - std::panicking::rust_panic_with_hook::h8942133a8b252070
[INFO] [stdout]                                at /rustc/90b35a6239c3d8bdabc530a6a0816f7ff89a0aaf/library/std/src/panicking.rs:809:13
[INFO] [stdout]   14:     0x64dabbbe633a - std::panicking::begin_panic_handler::{{closure}}::hb5f5963570096b29
[INFO] [stdout]                                at /rustc/90b35a6239c3d8bdabc530a6a0816f7ff89a0aaf/library/std/src/panicking.rs:674:13
[INFO] [stdout]   15:     0x64dabbbe4f59 - std::sys::backtrace::__rust_end_short_backtrace::h6208cedc1922feda
[INFO] [stdout]                                at /rustc/90b35a6239c3d8bdabc530a6a0816f7ff89a0aaf/library/std/src/sys/backtrace.rs:170:18
[INFO] [stdout]   16:     0x64dabbbe5fcc - rust_begin_unwind
[INFO] [stdout]                                at /rustc/90b35a6239c3d8bdabc530a6a0816f7ff89a0aaf/library/std/src/panicking.rs:665:5
[INFO] [stdout]   17:     0x64dabb87f1e0 - core::panicking::panic_fmt::h0c3082644d1bf418
[INFO] [stdout]                                at /rustc/90b35a6239c3d8bdabc530a6a0816f7ff89a0aaf/library/core/src/panicking.rs:74:14
[INFO] [stdout]   18:     0x64dabb87f666 - core::result::unwrap_failed::hd20b4aa073bda1e2
[INFO] [stdout]                                at /rustc/90b35a6239c3d8bdabc530a6a0816f7ff89a0aaf/library/core/src/result.rs:1700:5
[INFO] [stdout]   19:     0x64dabb8da924 - core::result::Result<T,E>::unwrap::h9f7acf5f09ed70a1
[INFO] [stdout]                                at /rustc/90b35a6239c3d8bdabc530a6a0816f7ff89a0aaf/library/core/src/result.rs:1104:23
[INFO] [stdout]   20:     0x64dabb8da924 - multiversx_chain_scenario_format::serde_raw::scenario_raw::ScenarioRaw::save_to_file::h9208166c3f7f015c
[INFO] [stdout]                                at /opt/rustwide/cargo-home/registry/src/index.crates.io-6f17d22bba15001f/multiversx-chain-scenario-format-0.22.3/src/serde_raw/scenario_raw.rs:61:24
[INFO] [stdout]   21:     0x64dabb8a21e8 - multiversx_sc_scenario::scenario::run_trace::scenario_trace::ScenarioTrace::write_scenario_trace::hc47d5e432447a781
[INFO] [stdout]                                at /opt/rustwide/cargo-home/registry/src/index.crates.io-6f17d22bba15001f/multiversx-sc-scenario-0.52.3/src/scenario/run_trace/scenario_trace.rs:25:9
[INFO] [stdout]   22:     0x64dabb8da0ee - multiversx_sc_scenario::facade::scenario_world::ScenarioWorld::write_scenario_trace::he4ecb411fed43ed3
[INFO] [stdout]                                at /opt/rustwide/cargo-home/registry/src/index.crates.io-6f17d22bba15001f/multiversx-sc-scenario-0.52.3/src/facade/scenario_world.rs:125:13
[INFO] [stdout]   23:     0x64dabb8a2cb7 - mystery_box_blackbox_test::MysteryBoxTestState::write_scenario_trace::h6c23be4e3dbb1634
[INFO] [stdout]                                at /opt/rustwide/workdir/tests/mystery_box_blackbox_test.rs:60:9
[INFO] [stdout]   24:     0x64dabb8a3198 - mystery_box_blackbox_test::test_deploy::h2792cb13bacdd7a8
[INFO] [stdout]                                at /opt/rustwide/workdir/tests/mystery_box_blackbox_test.rs:209:5
[INFO] [stdout]   25:     0x64dabb8a3127 - mystery_box_blackbox_test::test_deploy::{{closure}}::hd9e9b06c5895e359
[INFO] [stdout]                                at /opt/rustwide/workdir/tests/mystery_box_blackbox_test.rs:204:17
[INFO] [stdout]   26:     0x64dabb8e7a46 - core::ops::function::FnOnce::call_once::h196aec1ad76cfcc2
[INFO] [stdout]                                at /rustc/90b35a6239c3d8bdabc530a6a0816f7ff89a0aaf/library/core/src/ops/function.rs:250:5
[INFO] [stdout]   27:     0x64dabb92641b - core::ops::function::FnOnce::call_once::h109cf8051a59b34e
[INFO] [stdout]                                at /rustc/90b35a6239c3d8bdabc530a6a0816f7ff89a0aaf/library/core/src/ops/function.rs:250:5
[INFO] [stdout]   28:     0x64dabb92641b - test::__rust_begin_short_backtrace::hf4fff89d377446ba
[INFO] [stdout]                                at /rustc/90b35a6239c3d8bdabc530a6a0816f7ff89a0aaf/library/test/src/lib.rs:621:18
[INFO] [stdout]   29:     0x64dabb925c57 - test::run_test_in_process::{{closure}}::h0e39181dd7ee5a43
[INFO] [stdout]                                at /rustc/90b35a6239c3d8bdabc530a6a0816f7ff89a0aaf/library/test/src/lib.rs:644:60
[INFO] [stdout]   30:     0x64dabb925c57 - <core::panic::unwind_safe::AssertUnwindSafe<F> as core::ops::function::FnOnce<()>>::call_once::hc5a66a30f0bdfd1f
[INFO] [stdout]                                at /rustc/90b35a6239c3d8bdabc530a6a0816f7ff89a0aaf/library/core/src/panic/unwind_safe.rs:272:9
[INFO] [stdout]   31:     0x64dabb925c57 - std::panicking::try::do_call::h873b7cf639554a5e
[INFO] [stdout]                                at /rustc/90b35a6239c3d8bdabc530a6a0816f7ff89a0aaf/library/std/src/panicking.rs:557:40
[INFO] [stdout]   32:     0x64dabb925c57 - std::panicking::try::hdb19862fad9c8bd1
[INFO] [stdout]                                at /rustc/90b35a6239c3d8bdabc530a6a0816f7ff89a0aaf/library/std/src/panicking.rs:520:19
[INFO] [stdout]   33:     0x64dabb925c57 - std::panic::catch_unwind::h281fe732d236d260
[INFO] [stdout]                                at /rustc/90b35a6239c3d8bdabc530a6a0816f7ff89a0aaf/library/std/src/panic.rs:358:14
[INFO] [stdout]   34:     0x64dabb925c57 - test::run_test_in_process::h949b6df8457ed338
[INFO] [stdout]                                at /rustc/90b35a6239c3d8bdabc530a6a0816f7ff89a0aaf/library/test/src/lib.rs:644:27
[INFO] [stdout]   35:     0x64dabb925c57 - test::run_test::{{closure}}::h52c556a6d4740e10
[INFO] [stdout]                                at /rustc/90b35a6239c3d8bdabc530a6a0816f7ff89a0aaf/library/test/src/lib.rs:565:43
[INFO] [stdout]   36:     0x64dabb8eaf34 - test::run_test::{{closure}}::h4237f6381c45ccb9
[INFO] [stdout]                                at /rustc/90b35a6239c3d8bdabc530a6a0816f7ff89a0aaf/library/test/src/lib.rs:595:41
[INFO] [stdout]   37:     0x64dabb8eaf34 - std::sys::backtrace::__rust_begin_short_backtrace::h505c97a579eca628
[INFO] [stdout]                                at /rustc/90b35a6239c3d8bdabc530a6a0816f7ff89a0aaf/library/std/src/sys/backtrace.rs:154:18
[INFO] [stdout]   38:     0x64dabb8ee5fe - std::thread::Builder::spawn_unchecked_::{{closure}}::{{closure}}::h9e86b2e2bc107ea3
[INFO] [stdout]                                at /rustc/90b35a6239c3d8bdabc530a6a0816f7ff89a0aaf/library/std/src/thread/mod.rs:538:17
[INFO] [stdout]   39:     0x64dabb8ee5fe - <core::panic::unwind_safe::AssertUnwindSafe<F> as core::ops::function::FnOnce<()>>::call_once::h8b06ddb275ff4a25
[INFO] [stdout]                                at /rustc/90b35a6239c3d8bdabc530a6a0816f7ff89a0aaf/library/core/src/panic/unwind_safe.rs:272:9
[INFO] [stdout]   40:     0x64dabb8ee5fe - std::panicking::try::do_call::hb26ecd7cd9a9355d
[INFO] [stdout]                                at /rustc/90b35a6239c3d8bdabc530a6a0816f7ff89a0aaf/library/std/src/panicking.rs:557:40
[INFO] [stdout]   41:     0x64dabb8ee5fe - std::panicking::try::h8ddeca9d705f9069
[INFO] [stdout]                                at /rustc/90b35a6239c3d8bdabc530a6a0816f7ff89a0aaf/library/std/src/panicking.rs:520:19
[INFO] [stdout]   42:     0x64dabb8ee5fe - std::panic::catch_unwind::h49e1c33078844c46
[INFO] [stdout]                                at /rustc/90b35a6239c3d8bdabc530a6a0816f7ff89a0aaf/library/std/src/panic.rs:358:14
[INFO] [stdout]   43:     0x64dabb8ee5fe - std::thread::Builder::spawn_unchecked_::{{closure}}::h6073db6ff56ad35d
[INFO] [stdout]                                at /rustc/90b35a6239c3d8bdabc530a6a0816f7ff89a0aaf/library/std/src/thread/mod.rs:537:30
[INFO] [stdout]   44:     0x64dabb8ee5fe - core::ops::function::FnOnce::call_once{{vtable.shim}}::h2c5a5f3779c774f1
[INFO] [stdout]                                at /rustc/90b35a6239c3d8bdabc530a6a0816f7ff89a0aaf/library/core/src/ops/function.rs:250:5
[INFO] [stdout]   45:     0x64dabbbea30b - <alloc::boxed::Box<F,A> as core::ops::function::FnOnce<Args>>::call_once::hf75717d9f28faebf
[INFO] [stdout]                                at /rustc/90b35a6239c3d8bdabc530a6a0816f7ff89a0aaf/library/alloc/src/boxed.rs:2454:9
[INFO] [stdout]   46:     0x64dabbbea30b - <alloc::boxed::Box<F,A> as core::ops::function::FnOnce<Args>>::call_once::h7bd883a5f3c5f3c1
[INFO] [stdout]                                at /rustc/90b35a6239c3d8bdabc530a6a0816f7ff89a0aaf/library/alloc/src/boxed.rs:2454:9
[INFO] [stdout]   47:     0x64dabbbea30b - std::sys::pal::unix::thread::Thread::new::thread_start::hcc78f3943333fa94
[INFO] [stdout]                                at /rustc/90b35a6239c3d8bdabc530a6a0816f7ff89a0aaf/library/std/src/sys/pal/unix/thread.rs:105:17
[INFO] [stdout]   48:     0x72fd5f438ac3 - <unknown>
[INFO] [stdout]   49:     0x72fd5f4c9a04 - clone
[INFO] [stdout]   50:                0x0 - <unknown>
[INFO] [stdout] 
[INFO] [stdout] ---- test_checks_mystery_box stdout ----
[INFO] [stdout] thread 'test_checks_mystery_box' panicked at /opt/rustwide/cargo-home/registry/src/index.crates.io-6f17d22bba15001f/multiversx-chain-scenario-format-0.22.3/src/serde_raw/scenario_raw.rs:61:47:
[INFO] [stdout] called `Result::unwrap()` on an `Err` value: Os { code: 30, kind: ReadOnlyFilesystem, message: "Read-only file system" }
[INFO] [stdout] stack backtrace:
[INFO] [stdout]    0:     0x64dabbbe4a7a - std::backtrace_rs::backtrace::libunwind::trace::h5a5b8284f2d0c266
[INFO] [stdout]                                at /rustc/90b35a6239c3d8bdabc530a6a0816f7ff89a0aaf/library/std/src/../../backtrace/src/backtrace/libunwind.rs:116:5
[INFO] [stdout]    1:     0x64dabbbe4a7a - std::backtrace_rs::backtrace::trace_unsynchronized::h76d4f1c9b0b875e3
[INFO] [stdout]                                at /rustc/90b35a6239c3d8bdabc530a6a0816f7ff89a0aaf/library/std/src/../../backtrace/src/backtrace/mod.rs:66:5
[INFO] [stdout]    2:     0x64dabbbe4a7a - std::sys::backtrace::_print_fmt::hc4546b8364a537c6
[INFO] [stdout]                                at /rustc/90b35a6239c3d8bdabc530a6a0816f7ff89a0aaf/library/std/src/sys/backtrace.rs:66:9
[INFO] [stdout]    3:     0x64dabbbe4a7a - <std::sys::backtrace::BacktraceLock::print::DisplayBacktrace as core::fmt::Display>::fmt::h5b6bd5631a6d1f6b
[INFO] [stdout]                                at /rustc/90b35a6239c3d8bdabc530a6a0816f7ff89a0aaf/library/std/src/sys/backtrace.rs:39:26
[INFO] [stdout]    4:     0x64dabbc0b503 - core::fmt::rt::Argument::fmt::h270f6602a2b96f62
[INFO] [stdout]                                at /rustc/90b35a6239c3d8bdabc530a6a0816f7ff89a0aaf/library/core/src/fmt/rt.rs:177:76
[INFO] [stdout]    5:     0x64dabbc0b503 - core::fmt::write::h7550c97b06c86515
[INFO] [stdout]                                at /rustc/90b35a6239c3d8bdabc530a6a0816f7ff89a0aaf/library/core/src/fmt/mod.rs:1186:21
[INFO] [stdout]    6:     0x64dabbbe1b93 - std::io::Write::write_fmt::h509ff860e5956e5e
[INFO] [stdout]                                at /rustc/90b35a6239c3d8bdabc530a6a0816f7ff89a0aaf/library/std/src/io/mod.rs:1839:15
[INFO] [stdout]    7:     0x64dabbbe48c2 - std::sys::backtrace::BacktraceLock::print::h2395ccd2c84ba3aa
[INFO] [stdout]                                at /rustc/90b35a6239c3d8bdabc530a6a0816f7ff89a0aaf/library/std/src/sys/backtrace.rs:42:9
[INFO] [stdout]    8:     0x64dabbbe5eda - std::panicking::default_hook::{{closure}}::he19d4c7230e07961
[INFO] [stdout]                                at /rustc/90b35a6239c3d8bdabc530a6a0816f7ff89a0aaf/library/std/src/panicking.rs:268:22
[INFO] [stdout]    9:     0x64dabbbe5ce4 - std::panicking::default_hook::hf614597d3c67bbdb
[INFO] [stdout]                                at /rustc/90b35a6239c3d8bdabc530a6a0816f7ff89a0aaf/library/std/src/panicking.rs:292:9
[INFO] [stdout]   10:     0x64dabb921a59 - <alloc::boxed::Box<F,A> as core::ops::function::Fn<Args>>::call::h39b51ce4599c23d1
[INFO] [stdout]                                at /rustc/90b35a6239c3d8bdabc530a6a0816f7ff89a0aaf/library/alloc/src/boxed.rs:2468:9
[INFO] [stdout]   11:     0x64dabb921a59 - test::test_main::{{closure}}::he977ae839a582784
[INFO] [stdout]                                at /rustc/90b35a6239c3d8bdabc530a6a0816f7ff89a0aaf/library/test/src/lib.rs:133:21
[INFO] [stdout]   12:     0x64dabbbe6578 - <alloc::boxed::Box<F,A> as core::ops::function::Fn<Args>>::call::h9455091b6b06f9fb
[INFO] [stdout]                                at /rustc/90b35a6239c3d8bdabc530a6a0816f7ff89a0aaf/library/alloc/src/boxed.rs:2468:9
[INFO] [stdout]   13:     0x64dabbbe6578 - std::panicking::rust_panic_with_hook::h8942133a8b252070
[INFO] [stdout]                                at /rustc/90b35a6239c3d8bdabc530a6a0816f7ff89a0aaf/library/std/src/panicking.rs:809:13
[INFO] [stdout]   14:     0x64dabbbe633a - std::panicking::begin_panic_handler::{{closure}}::hb5f5963570096b29
[INFO] [stdout]                                at /rustc/90b35a6239c3d8bdabc530a6a0816f7ff89a0aaf/library/std/src/panicking.rs:674:13
[INFO] [stdout]   15:     0x64dabbbe4f59 - std::sys::backtrace::__rust_end_short_backtrace::h6208cedc1922feda
[INFO] [stdout]                                at /rustc/90b35a6239c3d8bdabc530a6a0816f7ff89a0aaf/library/std/src/sys/backtrace.rs:170:18
[INFO] [stdout]   16:     0x64dabbbe5fcc - rust_begin_unwind
[INFO] [stdout]                                at /rustc/90b35a6239c3d8bdabc530a6a0816f7ff89a0aaf/library/std/src/panicking.rs:665:5
[INFO] [stdout]   17:     0x64dabb87f1e0 - core::panicking::panic_fmt::h0c3082644d1bf418
[INFO] [stdout]                                at /rustc/90b35a6239c3d8bdabc530a6a0816f7ff89a0aaf/library/core/src/panicking.rs:74:14
[INFO] [stdout]   18:     0x64dabb87f666 - core::result::unwrap_failed::hd20b4aa073bda1e2
[INFO] [stdout]                                at /rustc/90b35a6239c3d8bdabc530a6a0816f7ff89a0aaf/library/core/src/result.rs:1700:5
[INFO] [stdout]   19:     0x64dabb8da924 - core::result::Result<T,E>::unwrap::h9f7acf5f09ed70a1
[INFO] [stdout]                                at /rustc/90b35a6239c3d8bdabc530a6a0816f7ff89a0aaf/library/core/src/result.rs:1104:23
[INFO] [stdout]   20:     0x64dabb8da924 - multiversx_chain_scenario_format::serde_raw::scenario_raw::ScenarioRaw::save_to_file::h9208166c3f7f015c
[INFO] [stdout]                                at /opt/rustwide/cargo-home/registry/src/index.crates.io-6f17d22bba15001f/multiversx-chain-scenario-format-0.22.3/src/serde_raw/scenario_raw.rs:61:24
[INFO] [stdout]   21:     0x64dabb8a21e8 - multiversx_sc_scenario::scenario::run_trace::scenario_trace::ScenarioTrace::write_scenario_trace::hc47d5e432447a781
[INFO] [stdout]                                at /opt/rustwide/cargo-home/registry/src/index.crates.io-6f17d22bba15001f/multiversx-sc-scenario-0.52.3/src/scenario/run_trace/scenario_trace.rs:25:9
[INFO] [stdout]   22:     0x64dabb8da0ee - multiversx_sc_scenario::facade::scenario_world::ScenarioWorld::write_scenario_trace::he4ecb411fed43ed3
[INFO] [stdout]                                at /opt/rustwide/cargo-home/registry/src/index.crates.io-6f17d22bba15001f/multiversx-sc-scenario-0.52.3/src/facade/scenario_world.rs:125:13
[INFO] [stdout]   23:     0x64dabb8a2cb7 - mystery_box_blackbox_test::MysteryBoxTestState::write_scenario_trace::h6c23be4e3dbb1634
[INFO] [stdout]                                at /opt/rustwide/workdir/tests/mystery_box_blackbox_test.rs:60:9
[INFO] [stdout]   24:     0x64dabb8a33ee - mystery_box_blackbox_test::test_checks_mystery_box::h992ca0d3ae50e425
[INFO] [stdout]                                at /opt/rustwide/workdir/tests/mystery_box_blackbox_test.rs:246:5
[INFO] [stdout]   25:     0x64dabb8a3347 - mystery_box_blackbox_test::test_checks_mystery_box::{{closure}}::h722c857993205f9c
[INFO] [stdout]                                at /opt/rustwide/workdir/tests/mystery_box_blackbox_test.rs:231:29
[INFO] [stdout]   26:     0x64dabb8e7b06 - core::ops::function::FnOnce::call_once::hc42eec1d5ae92ef9
[INFO] [stdout]                                at /rustc/90b35a6239c3d8bdabc530a6a0816f7ff89a0aaf/library/core/src/ops/function.rs:250:5
[INFO] [stdout]   27:     0x64dabb92641b - core::ops::function::FnOnce::call_once::h109cf8051a59b34e
[INFO] [stdout]                                at /rustc/90b35a6239c3d8bdabc530a6a0816f7ff89a0aaf/library/core/src/ops/function.rs:250:5
[INFO] [stdout]   28:     0x64dabb92641b - test::__rust_begin_short_backtrace::hf4fff89d377446ba
[INFO] [stdout]                                at /rustc/90b35a6239c3d8bdabc530a6a0816f7ff89a0aaf/library/test/src/lib.rs:621:18
[INFO] [stdout]   29:     0x64dabb925c57 - test::run_test_in_process::{{closure}}::h0e39181dd7ee5a43
[INFO] [stdout]                                at /rustc/90b35a6239c3d8bdabc530a6a0816f7ff89a0aaf/library/test/src/lib.rs:644:60
[INFO] [stdout]   30:     0x64dabb925c57 - <core::panic::unwind_safe::AssertUnwindSafe<F> as core::ops::function::FnOnce<()>>::call_once::hc5a66a30f0bdfd1f
[INFO] [stdout]                                at /rustc/90b35a6239c3d8bdabc530a6a0816f7ff89a0aaf/library/core/src/panic/unwind_safe.rs:272:9
[INFO] [stdout]   31:     0x64dabb925c57 - std::panicking::try::do_call::h873b7cf639554a5e
[INFO] [stdout]                                at /rustc/90b35a6239c3d8bdabc530a6a0816f7ff89a0aaf/library/std/src/panicking.rs:557:40
[INFO] [stdout]   32:     0x64dabb925c57 - std::panicking::try::hdb19862fad9c8bd1
[INFO] [stdout]                                at /rustc/90b35a6239c3d8bdabc530a6a0816f7ff89a0aaf/library/std/src/panicking.rs:520:19
[INFO] [stdout]   33:     0x64dabb925c57 - std::panic::catch_unwind::h281fe732d236d260
[INFO] [stdout]                                at /rustc/90b35a6239c3d8bdabc530a6a0816f7ff89a0aaf/library/std/src/panic.rs:358:14
[INFO] [stdout]   34:     0x64dabb925c57 - test::run_test_in_process::h949b6df8457ed338
[INFO] [stdout]                                at /rustc/90b35a6239c3d8bdabc530a6a0816f7ff89a0aaf/library/test/src/lib.rs:644:27
[INFO] [stdout]   35:     0x64dabb925c57 - test::run_test::{{closure}}::h52c556a6d4740e10
[INFO] [stdout]                                at /rustc/90b35a6239c3d8bdabc530a6a0816f7ff89a0aaf/library/test/src/lib.rs:565:43
[INFO] [stdout]   36:     0x64dabb8eaf34 - test::run_test::{{closure}}::h4237f6381c45ccb9
[INFO] [stdout]                                at /rustc/90b35a6239c3d8bdabc530a6a0816f7ff89a0aaf/library/test/src/lib.rs:595:41
[INFO] [stdout]   37:     0x64dabb8eaf34 - std::sys::backtrace::__rust_begin_short_backtrace::h505c97a579eca628
[INFO] [stdout]                                at /rustc/90b35a6239c3d8bdabc530a6a0816f7ff89a0aaf/library/std/src/sys/backtrace.rs:154:18
[INFO] [stdout]   38:     0x64dabb8ee5fe - std::thread::Builder::spawn_unchecked_::{{closure}}::{{closure}}::h9e86b2e2bc107ea3
[INFO] [stdout]                                at /rustc/90b35a6239c3d8bdabc530a6a0816f7ff89a0aaf/library/std/src/thread/mod.rs:538:17
[INFO] [stdout]   39:     0x64dabb8ee5fe - <core::panic::unwind_safe::AssertUnwindSafe<F> as core::ops::function::FnOnce<()>>::call_once::h8b06ddb275ff4a25
[INFO] [stdout]                                at /rustc/90b35a6239c3d8bdabc530a6a0816f7ff89a0aaf/library/core/src/panic/unwind_safe.rs:272:9
[INFO] [stdout]   40:     0x64dabb8ee5fe - std::panicking::try::do_call::hb26ecd7cd9a9355d
[INFO] [stdout]                                at /rustc/90b35a6239c3d8bdabc530a6a0816f7ff89a0aaf/library/std/src/panicking.rs:557:40
[INFO] [stdout]   41:     0x64dabb8ee5fe - std::panicking::try::h8ddeca9d705f9069
[INFO] [stdout]                                at /rustc/90b35a6239c3d8bdabc530a6a0816f7ff89a0aaf/library/std/src/panicking.rs:520:19
[INFO] [stdout]   42:     0x64dabb8ee5fe - std::panic::catch_unwind::h49e1c33078844c46
[INFO] [stdout]                                at /rustc/90b35a6239c3d8bdabc530a6a0816f7ff89a0aaf/library/std/src/panic.rs:358:14
[INFO] [stdout]   43:     0x64dabb8ee5fe - std::thread::Builder::spawn_unchecked_::{{closure}}::h6073db6ff56ad35d
[INFO] [stdout]                                at /rustc/90b35a6239c3d8bdabc530a6a0816f7ff89a0aaf/library/std/src/thread/mod.rs:537:30
[INFO] [stdout]   44:     0x64dabb8ee5fe - core::ops::function::FnOnce::call_once{{vtable.shim}}::h2c5a5f3779c774f1
[INFO] [stdout]                                at /rustc/90b35a6239c3d8bdabc530a6a0816f7ff89a0aaf/library/core/src/ops/function.rs:250:5
[INFO] [stdout]   45:     0x64dabbbea30b - <alloc::boxed::Box<F,A> as core::ops::function::FnOnce<Args>>::call_once::hf75717d9f28faebf
[INFO] [stdout]                                at /rustc/90b35a6239c3d8bdabc530a6a0816f7ff89a0aaf/library/alloc/src/boxed.rs:2454:9
[INFO] [stdout]   46:     0x64dabbbea30b - <alloc::boxed::Box<F,A> as core::ops::function::FnOnce<Args>>::call_once::h7bd883a5f3c5f3c1
[INFO] [stdout]                                at /rustc/90b35a6239c3d8bdabc530a6a0816f7ff89a0aaf/library/alloc/src/boxed.rs:2454:9
[INFO] [stdout]   47:     0x64dabbbea30b - std::sys::pal::unix::thread::Thread::new::thread_start::hcc78f3943333fa94
[INFO] [stdout]                                at /rustc/90b35a6239c3d8bdabc530a6a0816f7ff89a0aaf/library/std/src/sys/pal/unix/thread.rs:105:17
[INFO] [stdout]   48:     0x72fd5f438ac3 - <unknown>
[INFO] [stdout]   49:     0x72fd5f4c9a04 - clone
[INFO] [stdout]   50:                0x0 - <unknown>
[INFO] [stdout] 
[INFO] [stdout] ---- test_setup_mysterybox_one_reward stdout ----
[INFO] [stdout] thread 'test_setup_mysterybox_one_reward' panicked at /opt/rustwide/cargo-home/registry/src/index.crates.io-6f17d22bba15001f/multiversx-chain-scenario-format-0.22.3/src/serde_raw/scenario_raw.rs:61:47:
[INFO] [stdout] called `Result::unwrap()` on an `Err` value: Os { code: 30, kind: ReadOnlyFilesystem, message: "Read-only file system" }
[INFO] [stdout] stack backtrace:
[INFO] [stdout]    0:     0x64dabbbe4a7a - std::backtrace_rs::backtrace::libunwind::trace::h5a5b8284f2d0c266
[INFO] [stdout]                                at /rustc/90b35a6239c3d8bdabc530a6a0816f7ff89a0aaf/library/std/src/../../backtrace/src/backtrace/libunwind.rs:116:5
[INFO] [stdout]    1:     0x64dabbbe4a7a - std::backtrace_rs::backtrace::trace_unsynchronized::h76d4f1c9b0b875e3
[INFO] [stdout]                                at /rustc/90b35a6239c3d8bdabc530a6a0816f7ff89a0aaf/library/std/src/../../backtrace/src/backtrace/mod.rs:66:5
[INFO] [stdout]    2:     0x64dabbbe4a7a - std::sys::backtrace::_print_fmt::hc4546b8364a537c6
[INFO] [stdout]                                at /rustc/90b35a6239c3d8bdabc530a6a0816f7ff89a0aaf/library/std/src/sys/backtrace.rs:66:9
[INFO] [stdout]    3:     0x64dabbbe4a7a - <std::sys::backtrace::BacktraceLock::print::DisplayBacktrace as core::fmt::Display>::fmt::h5b6bd5631a6d1f6b
[INFO] [stdout]                                at /rustc/90b35a6239c3d8bdabc530a6a0816f7ff89a0aaf/library/std/src/sys/backtrace.rs:39:26
[INFO] [stdout]    4:     0x64dabbc0b503 - core::fmt::rt::Argument::fmt::h270f6602a2b96f62
[INFO] [stdout]                                at /rustc/90b35a6239c3d8bdabc530a6a0816f7ff89a0aaf/library/core/src/fmt/rt.rs:177:76
[INFO] [stdout]    5:     0x64dabbc0b503 - core::fmt::write::h7550c97b06c86515
[INFO] [stdout]                                at /rustc/90b35a6239c3d8bdabc530a6a0816f7ff89a0aaf/library/core/src/fmt/mod.rs:1186:21
[INFO] [stdout]    6:     0x64dabbbe1b93 - std::io::Write::write_fmt::h509ff860e5956e5e
[INFO] [stdout]                                at /rustc/90b35a6239c3d8bdabc530a6a0816f7ff89a0aaf/library/std/src/io/mod.rs:1839:15
[INFO] [stdout]    7:     0x64dabbbe48c2 - std::sys::backtrace::BacktraceLock::print::h2395ccd2c84ba3aa
[INFO] [stdout]                                at /rustc/90b35a6239c3d8bdabc530a6a0816f7ff89a0aaf/library/std/src/sys/backtrace.rs:42:9
[INFO] [stdout]    8:     0x64dabbbe5eda - std::panicking::default_hook::{{closure}}::he19d4c7230e07961
[INFO] [stdout]                                at /rustc/90b35a6239c3d8bdabc530a6a0816f7ff89a0aaf/library/std/src/panicking.rs:268:22
[INFO] [stdout]    9:     0x64dabbbe5ce4 - std::panicking::default_hook::hf614597d3c67bbdb
[INFO] [stdout]                                at /rustc/90b35a6239c3d8bdabc530a6a0816f7ff89a0aaf/library/std/src/panicking.rs:292:9
[INFO] [stdout]   10:     0x64dabb921a59 - <alloc::boxed::Box<F,A> as core::ops::function::Fn<Args>>::call::h39b51ce4599c23d1
[INFO] [stdout]                                at /rustc/90b35a6239c3d8bdabc530a6a0816f7ff89a0aaf/library/alloc/src/boxed.rs:2468:9
[INFO] [stdout]   11:     0x64dabb921a59 - test::test_main::{{closure}}::he977ae839a582784
[INFO] [stdout]                                at /rustc/90b35a6239c3d8bdabc530a6a0816f7ff89a0aaf/library/test/src/lib.rs:133:21
[INFO] [stdout]   12:     0x64dabbbe6578 - <alloc::boxed::Box<F,A> as core::ops::function::Fn<Args>>::call::h9455091b6b06f9fb
[INFO] [stdout]                                at /rustc/90b35a6239c3d8bdabc530a6a0816f7ff89a0aaf/library/alloc/src/boxed.rs:2468:9
[INFO] [stdout]   13:     0x64dabbbe6578 - std::panicking::rust_panic_with_hook::h8942133a8b252070
[INFO] [stdout]                                at /rustc/90b35a6239c3d8bdabc530a6a0816f7ff89a0aaf/library/std/src/panicking.rs:809:13
[INFO] [stdout]   14:     0x64dabbbe633a - std::panicking::begin_panic_handler::{{closure}}::hb5f5963570096b29
[INFO] [stdout]                                at /rustc/90b35a6239c3d8bdabc530a6a0816f7ff89a0aaf/library/std/src/panicking.rs:674:13
[INFO] [stdout]   15:     0x64dabbbe4f59 - std::sys::backtrace::__rust_end_short_backtrace::h6208cedc1922feda
[INFO] [stdout]                                at /rustc/90b35a6239c3d8bdabc530a6a0816f7ff89a0aaf/library/std/src/sys/backtrace.rs:170:18
[INFO] [stdout]   16:     0x64dabbbe5fcc - rust_begin_unwind
[INFO] [stdout]                                at /rustc/90b35a6239c3d8bdabc530a6a0816f7ff89a0aaf/library/std/src/panicking.rs:665:5
[INFO] [stdout]   17:     0x64dabb87f1e0 - core::panicking::panic_fmt::h0c3082644d1bf418
[INFO] [stdout]                                at /rustc/90b35a6239c3d8bdabc530a6a0816f7ff89a0aaf/library/core/src/panicking.rs:74:14
[INFO] [stdout]   18:     0x64dabb87f666 - core::result::unwrap_failed::hd20b4aa073bda1e2
[INFO] [stdout]                                at /rustc/90b35a6239c3d8bdabc530a6a0816f7ff89a0aaf/library/core/src/result.rs:1700:5
[INFO] [stdout]   19:     0x64dabb8da924 - core::result::Result<T,E>::unwrap::h9f7acf5f09ed70a1
[INFO] [stdout]                                at /rustc/90b35a6239c3d8bdabc530a6a0816f7ff89a0aaf/library/core/src/result.rs:1104:23
[INFO] [stdout]   20:     0x64dabb8da924 - multiversx_chain_scenario_format::serde_raw::scenario_raw::ScenarioRaw::save_to_file::h9208166c3f7f015c
[INFO] [stdout]                                at /opt/rustwide/cargo-home/registry/src/index.crates.io-6f17d22bba15001f/multiversx-chain-scenario-format-0.22.3/src/serde_raw/scenario_raw.rs:61:24
[INFO] [stdout]   21:     0x64dabb8a21e8 - multiversx_sc_scenario::scenario::run_trace::scenario_trace::ScenarioTrace::write_scenario_trace::hc47d5e432447a781
[INFO] [stdout]                                at /opt/rustwide/cargo-home/registry/src/index.crates.io-6f17d22bba15001f/multiversx-sc-scenario-0.52.3/src/scenario/run_trace/scenario_trace.rs:25:9
[INFO] [stdout]   22:     0x64dabb8da0ee - multiversx_sc_scenario::facade::scenario_world::ScenarioWorld::write_scenario_trace::he4ecb411fed43ed3
[INFO] [stdout]                                at /opt/rustwide/cargo-home/registry/src/index.crates.io-6f17d22bba15001f/multiversx-sc-scenario-0.52.3/src/facade/scenario_world.rs:125:13
[INFO] [stdout]   23:     0x64dabb8a2cb7 - mystery_box_blackbox_test::MysteryBoxTestState::write_scenario_trace::h6c23be4e3dbb1634
[INFO] [stdout]                                at /opt/rustwide/workdir/tests/mystery_box_blackbox_test.rs:60:9
[INFO] [stdout]   24:     0x64dabb8a3304 - mystery_box_blackbox_test::test_setup_mysterybox_one_reward::h0bd660084cecc7d0
[INFO] [stdout]                                at /opt/rustwide/workdir/tests/mystery_box_blackbox_test.rs:227:5
[INFO] [stdout]   25:     0x64dabb8a3287 - mystery_box_blackbox_test::test_setup_mysterybox_one_reward::{{closure}}::h6c56c383ab929820
[INFO] [stdout]                                at /opt/rustwide/workdir/tests/mystery_box_blackbox_test.rs:221:38
[INFO] [stdout]   26:     0x64dabb8e7ac6 - core::ops::function::FnOnce::call_once::ha5375998914fe21b
[INFO] [stdout]                                at /rustc/90b35a6239c3d8bdabc530a6a0816f7ff89a0aaf/library/core/src/ops/function.rs:250:5
[INFO] [stdout]   27:     0x64dabb92641b - core::ops::function::FnOnce::call_once::h109cf8051a59b34e
[INFO] [stdout]                                at /rustc/90b35a6239c3d8bdabc530a6a0816f7ff89a0aaf/library/core/src/ops/function.rs:250:5
[INFO] [stdout]   28:     0x64dabb92641b - test::__rust_begin_short_backtrace::hf4fff89d377446ba
[INFO] [stdout]                                at /rustc/90b35a6239c3d8bdabc530a6a0816f7ff89a0aaf/library/test/src/lib.rs:621:18
[INFO] [stdout]   29:     0x64dabb925c57 - test::run_test_in_process::{{closure}}::h0e39181dd7ee5a43
[INFO] [stdout]                                at /rustc/90b35a6239c3d8bdabc530a6a0816f7ff89a0aaf/library/test/src/lib.rs:644:60
[INFO] [stdout]   30:     0x64dabb925c57 - <core::panic::unwind_safe::AssertUnwindSafe<F> as core::ops::function::FnOnce<()>>::call_once::hc5a66a30f0bdfd1f
[INFO] [stdout]                                at /rustc/90b35a6239c3d8bdabc530a6a0816f7ff89a0aaf/library/core/src/panic/unwind_safe.rs:272:9
[INFO] [stdout]   31:     0x64dabb925c57 - std::panicking::try::do_call::h873b7cf639554a5e
[INFO] [stdout]                                at /rustc/90b35a6239c3d8bdabc530a6a0816f7ff89a0aaf/library/std/src/panicking.rs:557:40
[INFO] [stdout]   32:     0x64dabb925c57 - std::panicking::try::hdb19862fad9c8bd1
[INFO] [stdout]                                at /rustc/90b35a6239c3d8bdabc530a6a0816f7ff89a0aaf/library/std/src/panicking.rs:520:19
[INFO] [stdout]   33:     0x64dabb925c57 - std::panic::catch_unwind::h281fe732d236d260
[INFO] [stdout]                                at /rustc/90b35a6239c3d8bdabc530a6a0816f7ff89a0aaf/library/std/src/panic.rs:358:14
[INFO] [stdout]   34:     0x64dabb925c57 - test::run_test_in_process::h949b6df8457ed338
[INFO] [stdout]                                at /rustc/90b35a6239c3d8bdabc530a6a0816f7ff89a0aaf/library/test/src/lib.rs:644:27
[INFO] [stdout]   35:     0x64dabb925c57 - test::run_test::{{closure}}::h52c556a6d4740e10
[INFO] [stdout]                                at /rustc/90b35a6239c3d8bdabc530a6a0816f7ff89a0aaf/library/test/src/lib.rs:565:43
[INFO] [stdout]   36:     0x64dabb8eaf34 - test::run_test::{{closure}}::h4237f6381c45ccb9
[INFO] [stdout]                                at /rustc/90b35a6239c3d8bdabc530a6a0816f7ff89a0aaf/library/test/src/lib.rs:595:41
[INFO] [stdout]   37:     0x64dabb8eaf34 - std::sys::backtrace::__rust_begin_short_backtrace::h505c97a579eca628
[INFO] [stdout]                                at /rustc/90b35a6239c3d8bdabc530a6a0816f7ff89a0aaf/library/std/src/sys/backtrace.rs:154:18
[INFO] [stdout]   38:     0x64dabb8ee5fe - std::thread::Builder::spawn_unchecked_::{{closure}}::{{closure}}::h9e86b2e2bc107ea3
[INFO] [stdout]                                at /rustc/90b35a6239c3d8bdabc530a6a0816f7ff89a0aaf/library/std/src/thread/mod.rs:538:17
[INFO] [stdout]   39:     0x64dabb8ee5fe - <core::panic::unwind_safe::AssertUnwindSafe<F> as core::ops::function::FnOnce<()>>::call_once::h8b06ddb275ff4a25
[INFO] [stdout]                                at /rustc/90b35a6239c3d8bdabc530a6a0816f7ff89a0aaf/library/core/src/panic/unwind_safe.rs:272:9
[INFO] [stdout]   40:     0x64dabb8ee5fe - std::panicking::try::do_call::hb26ecd7cd9a9355d
[INFO] [stdout]                                at /rustc/90b35a6239c3d8bdabc530a6a0816f7ff89a0aaf/library/std/src/panicking.rs:557:40
[INFO] [stdout]   41:     0x64dabb8ee5fe - std::panicking::try::h8ddeca9d705f9069
[INFO] [stdout]                                at /rustc/90b35a6239c3d8bdabc530a6a0816f7ff89a0aaf/library/std/src/panicking.rs:520:19
[INFO] [stdout]   42:     0x64dabb8ee5fe - std::panic::catch_unwind::h49e1c33078844c46
[INFO] [stdout]                                at /rustc/90b35a6239c3d8bdabc530a6a0816f7ff89a0aaf/library/std/src/panic.rs:358:14
[INFO] [stdout]   43:     0x64dabb8ee5fe - std::thread::Builder::spawn_unchecked_::{{closure}}::h6073db6ff56ad35d
[INFO] [stdout]                                at /rustc/90b35a6239c3d8bdabc530a6a0816f7ff89a0aaf/library/std/src/thread/mod.rs:537:30
[INFO] [stdout]   44:     0x64dabb8ee5fe - core::ops::function::FnOnce::call_once{{vtable.shim}}::h2c5a5f3779c774f1
[INFO] [stdout]                                at /rustc/90b35a6239c3d8bdabc530a6a0816f7ff89a0aaf/library/core/src/ops/function.rs:250:5
[INFO] [stdout]   45:     0x64dabbbea30b - <alloc::boxed::Box<F,A> as core::ops::function::FnOnce<Args>>::call_once::hf75717d9f28faebf
[INFO] [stdout]                                at /rustc/90b35a6239c3d8bdabc530a6a0816f7ff89a0aaf/library/alloc/src/boxed.rs:2454:9
[INFO] [stdout]   46:     0x64dabbbea30b - <alloc::boxed::Box<F,A> as core::ops::function::FnOnce<Args>>::call_once::h7bd883a5f3c5f3c1
[INFO] [stdout]                                at /rustc/90b35a6239c3d8bdabc530a6a0816f7ff89a0aaf/library/alloc/src/boxed.rs:2454:9
[INFO] [stdout]   47:     0x64dabbbea30b - std::sys::pal::unix::thread::Thread::new::thread_start::hcc78f3943333fa94
[INFO] [stdout]                                at /rustc/90b35a6239c3d8bdabc530a6a0816f7ff89a0aaf/library/std/src/sys/pal/unix/thread.rs:105:17
[INFO] [stdout]   48:     0x72fd5f438ac3 - <unknown>
[INFO] [stdout]   49:     0x72fd5f4c9a04 - clone
[INFO] [stdout]   50:                0x0 - <unknown>
[INFO] [stdout] 
[INFO] [stdout] 
[INFO] [stdout] failures:
[INFO] [stdout]     test_checks_mystery_box
[INFO] [stdout]     test_deploy
[INFO] [stdout]     test_setup_mysterybox_one_reward
[INFO] [stdout] 
[INFO] [stdout] test result: FAILED. 1 passed; 3 failed; 0 ignored; 0 measured; 0 filtered out; finished in 0.13s
[INFO] [stdout] 
[INFO] running `Command { std: "docker" "inspect" "ce43e3c6aeb38da401857b98f086ed5fee956f3ff6cc0c82c774fc96163b6560", kill_on_drop: false }`
[INFO] running `Command { std: "docker" "rm" "-f" "ce43e3c6aeb38da401857b98f086ed5fee956f3ff6cc0c82c774fc96163b6560", kill_on_drop: false }`
[INFO] [stdout] ce43e3c6aeb38da401857b98f086ed5fee956f3ff6cc0c82c774fc96163b6560
