[INFO] cloning repository https://github.com/Alexanderlacuna/lmdb_rust_gn2
[INFO] running `Command { std: "git" "-c" "credential.helper=" "-c" "credential.helper=/workspace/cargo-home/bin/git-credential-null" "clone" "--bare" "https://github.com/Alexanderlacuna/lmdb_rust_gn2" "/workspace/cache/git-repos/https%3A%2F%2Fgithub.com%2FAlexanderlacuna%2Flmdb_rust_gn2", kill_on_drop: false }`
[INFO] [stderr] Cloning into bare repository '/workspace/cache/git-repos/https%3A%2F%2Fgithub.com%2FAlexanderlacuna%2Flmdb_rust_gn2'...
[INFO] running `Command { std: "git" "rev-parse" "HEAD", kill_on_drop: false }`
[INFO] [stdout] 7a127b7eb73dc3c3600a414bda1e35b7b3c49339
[INFO] testing Alexanderlacuna/lmdb_rust_gn2 against 1.83.0 for beta-1.84.0-4-retry
[INFO] running `Command { std: "git" "clone" "/workspace/cache/git-repos/https%3A%2F%2Fgithub.com%2FAlexanderlacuna%2Flmdb_rust_gn2" "/workspace/builds/worker-7-tc1/source", kill_on_drop: false }`
[INFO] [stderr] Cloning into '/workspace/builds/worker-7-tc1/source'...
[INFO] [stderr] done.
[INFO] validating manifest of git repo https://github.com/Alexanderlacuna/lmdb_rust_gn2 on toolchain 1.83.0
[INFO] running `Command { std: CARGO_HOME="/workspace/cargo-home" RUSTUP_HOME="/workspace/rustup-home" "/workspace/cargo-home/bin/cargo" "+1.83.0" "metadata" "--manifest-path" "Cargo.toml" "--no-deps", kill_on_drop: false }`
[INFO] started tweaking git repo https://github.com/Alexanderlacuna/lmdb_rust_gn2
[INFO] finished tweaking git repo https://github.com/Alexanderlacuna/lmdb_rust_gn2
[INFO] tweaked toml for git repo https://github.com/Alexanderlacuna/lmdb_rust_gn2 written to /workspace/builds/worker-7-tc1/source/Cargo.toml
[INFO] crate git repo https://github.com/Alexanderlacuna/lmdb_rust_gn2 already has a lockfile, it will not be regenerated
[INFO] running `Command { std: CARGO_HOME="/workspace/cargo-home" RUSTUP_HOME="/workspace/rustup-home" "/workspace/cargo-home/bin/cargo" "+1.83.0" "fetch" "--manifest-path" "Cargo.toml", kill_on_drop: false }`
[INFO] [stderr]     Updating crates.io index
[INFO] [stderr]  Downloading crates ...
[INFO] [stderr]   Downloaded lmdb v0.8.0
[INFO] [stderr]   Downloaded proc-macro2 v1.0.59
[INFO] [stderr]   Downloaded iter-read v0.3.1
[INFO] [stderr]   Downloaded serde v1.0.163
[INFO] [stderr]   Downloaded serde_derive v1.0.163
[INFO] [stderr]   Downloaded lmdb-sys v0.8.0
[INFO] [stderr]   Downloaded serde-pickle v1.1.1
[INFO] running `Command { std: "docker" "create" "-v" "/var/lib/crater-agent-workspace/builds/worker-7-tc1/target:/opt/rustwide/target:rw,Z" "-v" "/var/lib/crater-agent-workspace/builds/worker-7-tc1/source:/opt/rustwide/workdir:ro,Z" "-v" "/var/lib/crater-agent-workspace/cargo-home:/opt/rustwide/cargo-home:ro,Z" "-v" "/var/lib/crater-agent-workspace/rustup-home:/opt/rustwide/rustup-home:ro,Z" "-e" "SOURCE_DIR=/opt/rustwide/workdir" "-e" "CARGO_TARGET_DIR=/opt/rustwide/target" "-e" "CARGO_HOME=/opt/rustwide/cargo-home" "-e" "RUSTUP_HOME=/opt/rustwide/rustup-home" "-w" "/opt/rustwide/workdir" "-m" "1610612736" "--user" "0:0" "--network" "none" "ghcr.io/rust-lang/crates-build-env/linux@sha256:f3a9d4ad9d972b27faf3965f35b62e55ba32bbce8f20bc8fe909558a86702fde" "/opt/rustwide/cargo-home/bin/cargo" "+1.83.0" "metadata" "--no-deps" "--format-version=1", kill_on_drop: false }`
[INFO] [stdout] 708c141aadb5b1a5f990e2202bd8bb1482533e6c41256bb6112176453e42cc1b
[INFO] running `Command { std: "docker" "start" "-a" "708c141aadb5b1a5f990e2202bd8bb1482533e6c41256bb6112176453e42cc1b", kill_on_drop: false }`
[INFO] running `Command { std: "docker" "inspect" "708c141aadb5b1a5f990e2202bd8bb1482533e6c41256bb6112176453e42cc1b", kill_on_drop: false }`
[INFO] running `Command { std: "docker" "rm" "-f" "708c141aadb5b1a5f990e2202bd8bb1482533e6c41256bb6112176453e42cc1b", kill_on_drop: false }`
[INFO] [stdout] 708c141aadb5b1a5f990e2202bd8bb1482533e6c41256bb6112176453e42cc1b
[INFO] running `Command { std: "docker" "create" "-v" "/var/lib/crater-agent-workspace/builds/worker-7-tc1/target:/opt/rustwide/target:rw,Z" "-v" "/var/lib/crater-agent-workspace/builds/worker-7-tc1/source:/opt/rustwide/workdir:ro,Z" "-v" "/var/lib/crater-agent-workspace/cargo-home:/opt/rustwide/cargo-home:ro,Z" "-v" "/var/lib/crater-agent-workspace/rustup-home:/opt/rustwide/rustup-home:ro,Z" "-e" "SOURCE_DIR=/opt/rustwide/workdir" "-e" "CARGO_TARGET_DIR=/opt/rustwide/target" "-e" "CARGO_INCREMENTAL=0" "-e" "RUST_BACKTRACE=full" "-e" "RUSTFLAGS=--cap-lints=warn" "-e" "RUSTDOCFLAGS=--cap-lints=warn" "-e" "CARGO_HOME=/opt/rustwide/cargo-home" "-e" "RUSTUP_HOME=/opt/rustwide/rustup-home" "-w" "/opt/rustwide/workdir" "-m" "1610612736" "--user" "0:0" "--network" "none" "ghcr.io/rust-lang/crates-build-env/linux@sha256:f3a9d4ad9d972b27faf3965f35b62e55ba32bbce8f20bc8fe909558a86702fde" "/opt/rustwide/cargo-home/bin/cargo" "+1.83.0" "build" "--frozen" "--message-format=json", kill_on_drop: false }`
[INFO] [stdout] a779c8efa79a9e537d260765c12813a771e2468712fb202f1f6f186e608ddee4
[INFO] running `Command { std: "docker" "start" "-a" "a779c8efa79a9e537d260765c12813a771e2468712fb202f1f6f186e608ddee4", kill_on_drop: false }`
[INFO] [stderr]    Compiling proc-macro2 v1.0.59
[INFO] [stderr]    Compiling unicode-ident v1.0.9
[INFO] [stderr]    Compiling quote v1.0.28
[INFO] [stderr]    Compiling libc v0.2.144
[INFO] [stderr]    Compiling cc v1.0.79
[INFO] [stderr]    Compiling pkg-config v0.3.27
[INFO] [stderr]    Compiling serde v1.0.163
[INFO] [stderr]    Compiling iter-read v0.3.1
[INFO] [stderr]    Compiling lmdb-sys v0.8.0
[INFO] [stderr]    Compiling rand v0.4.6
[INFO] [stderr]    Compiling syn v2.0.18
[INFO] [stderr]    Compiling tempdir v0.3.7
[INFO] [stderr]    Compiling serde_derive v1.0.163
[INFO] [stderr]    Compiling lmdb v0.8.0
[INFO] [stderr]    Compiling serde-pickle v1.1.1
[INFO] [stderr]    Compiling lmdb-rust v0.1.0 (/opt/rustwide/workdir)
[INFO] [stdout] warning: unnecessary parentheses around `if` condition
[INFO] [stdout]    --> src/main.rs:118:16
[INFO] [stdout]     |
[INFO] [stdout] 118 |             if (parsed_y_vals.len() < 4 ){
[INFO] [stdout]     |                ^                       ^^
[INFO] [stdout]     |
[INFO] [stdout]     = note: `#[warn(unused_parens)]` on by default
[INFO] [stdout] help: remove these parentheses
[INFO] [stdout]     |
[INFO] [stdout] 118 -             if (parsed_y_vals.len() < 4 ){
[INFO] [stdout] 118 +             if parsed_y_vals.len() < 4 {
[INFO] [stdout]     |
[INFO] [stdout] 
[INFO] [stdout] 
[INFO] [stdout] warning: unused variable: `results`
[INFO] [stdout]   --> src/main.rs:73:9
[INFO] [stdout]    |
[INFO] [stdout] 73 |     let results = pre_parse(x, target_trait_data);
[INFO] [stdout]    |         ^^^^^^^ help: if this is intentional, prefix it with an underscore: `_results`
[INFO] [stdout]    |
[INFO] [stdout]    = note: `#[warn(unused_variables)]` on by default
[INFO] [stdout] 
[INFO] [stdout] 
[INFO] [stdout] warning: unused variable: `selected_values`
[INFO] [stdout]   --> src/main.rs:88:8
[INFO] [stdout]    |
[INFO] [stdout] 88 |    let selected_values: HashMap<String, Vec<Option<&f64>>> = data.data
[INFO] [stdout]    |        ^^^^^^^^^^^^^^^ help: if this is intentional, prefix it with an underscore: `_selected_values`
[INFO] [stdout] 
[INFO] [stdout] 
[INFO] [stdout] warning: unused variable: `val_x`
[INFO] [stdout]    --> src/main.rs:101:43
[INFO] [stdout]     |
[INFO] [stdout] 101 |                         (Some(val_y),Some(val_x)) => {
[INFO] [stdout]     |                                           ^^^^^ help: if this is intentional, prefix it with an underscore: `_val_x`
[INFO] [stdout] 
[INFO] [stdout] 
[INFO] [stdout] warning: struct `Meta` is never constructed
[INFO] [stdout]   --> src/main.rs:22:8
[INFO] [stdout]    |
[INFO] [stdout] 22 | struct Meta{
[INFO] [stdout]    |        ^^^^
[INFO] [stdout]    |
[INFO] [stdout]    = note: `#[warn(dead_code)]` on by default
[INFO] [stdout] 
[INFO] [stdout] 
[INFO] [stdout] warning: struct `Parse` is never constructed
[INFO] [stdout]   --> src/main.rs:29:8
[INFO] [stdout]    |
[INFO] [stdout] 29 | struct Parse {
[INFO] [stdout]    |        ^^^^^
[INFO] [stdout] 
[INFO] [stdout] 
[INFO] [stdout] warning: field `lmdb_target_path` is never read
[INFO] [stdout]   --> src/main.rs:58:9
[INFO] [stdout]    |
[INFO] [stdout] 57 |        struct Meta{
[INFO] [stdout]    |               ---- field in this struct
[INFO] [stdout] 58 |         lmdb_target_path:String,
[INFO] [stdout]    |         ^^^^^^^^^^^^^^^^
[INFO] [stdout] 
[INFO] [stdout] 
[INFO] [stdout] warning: function `parse_lmdb_dataset` is never used
[INFO] [stdout]   --> src/parse.rs:60:4
[INFO] [stdout]    |
[INFO] [stdout] 60 | fn parse_lmdb_dataset<'a>(
[INFO] [stdout]    |    ^^^^^^^^^^^^^^^^^^
[INFO] [stdout] 
[INFO] [stdout] 
[INFO] [stderr]     Finished `dev` profile [unoptimized + debuginfo] target(s) in 17.86s
[INFO] running `Command { std: "docker" "inspect" "a779c8efa79a9e537d260765c12813a771e2468712fb202f1f6f186e608ddee4", kill_on_drop: false }`
[INFO] running `Command { std: "docker" "rm" "-f" "a779c8efa79a9e537d260765c12813a771e2468712fb202f1f6f186e608ddee4", kill_on_drop: false }`
[INFO] [stdout] a779c8efa79a9e537d260765c12813a771e2468712fb202f1f6f186e608ddee4
[INFO] running `Command { std: "docker" "create" "-v" "/var/lib/crater-agent-workspace/builds/worker-7-tc1/target:/opt/rustwide/target:rw,Z" "-v" "/var/lib/crater-agent-workspace/builds/worker-7-tc1/source:/opt/rustwide/workdir:ro,Z" "-v" "/var/lib/crater-agent-workspace/cargo-home:/opt/rustwide/cargo-home:ro,Z" "-v" "/var/lib/crater-agent-workspace/rustup-home:/opt/rustwide/rustup-home:ro,Z" "-e" "SOURCE_DIR=/opt/rustwide/workdir" "-e" "CARGO_TARGET_DIR=/opt/rustwide/target" "-e" "CARGO_INCREMENTAL=0" "-e" "RUST_BACKTRACE=full" "-e" "RUSTFLAGS=--cap-lints=warn" "-e" "RUSTDOCFLAGS=--cap-lints=warn" "-e" "CARGO_HOME=/opt/rustwide/cargo-home" "-e" "RUSTUP_HOME=/opt/rustwide/rustup-home" "-w" "/opt/rustwide/workdir" "-m" "1610612736" "--user" "0:0" "--network" "none" "ghcr.io/rust-lang/crates-build-env/linux@sha256:f3a9d4ad9d972b27faf3965f35b62e55ba32bbce8f20bc8fe909558a86702fde" "/opt/rustwide/cargo-home/bin/cargo" "+1.83.0" "test" "--frozen" "--no-run" "--message-format=json", kill_on_drop: false }`
[INFO] [stdout] 4eede8d5f670059ee1040356129731220b35f3677ca28c40fd4f1dcb4c34438d
[INFO] running `Command { std: "docker" "start" "-a" "4eede8d5f670059ee1040356129731220b35f3677ca28c40fd4f1dcb4c34438d", kill_on_drop: false }`
[INFO] [stderr]    Compiling lmdb-rust v0.1.0 (/opt/rustwide/workdir)
[INFO] [stdout] warning: unnecessary parentheses around `if` condition
[INFO] [stdout]    --> src/main.rs:118:16
[INFO] [stdout]     |
[INFO] [stdout] 118 |             if (parsed_y_vals.len() < 4 ){
[INFO] [stdout]     |                ^                       ^^
[INFO] [stdout]     |
[INFO] [stdout]     = note: `#[warn(unused_parens)]` on by default
[INFO] [stdout] help: remove these parentheses
[INFO] [stdout]     |
[INFO] [stdout] 118 -             if (parsed_y_vals.len() < 4 ){
[INFO] [stdout] 118 +             if parsed_y_vals.len() < 4 {
[INFO] [stdout]     |
[INFO] [stdout] 
[INFO] [stdout] 
[INFO] [stdout] warning: unused variable: `results`
[INFO] [stdout]   --> src/main.rs:73:9
[INFO] [stdout]    |
[INFO] [stdout] 73 |     let results = pre_parse(x, target_trait_data);
[INFO] [stdout]    |         ^^^^^^^ help: if this is intentional, prefix it with an underscore: `_results`
[INFO] [stdout]    |
[INFO] [stdout]    = note: `#[warn(unused_variables)]` on by default
[INFO] [stdout] 
[INFO] [stdout] 
[INFO] [stdout] warning: unused variable: `selected_values`
[INFO] [stdout]   --> src/main.rs:88:8
[INFO] [stdout]    |
[INFO] [stdout] 88 |    let selected_values: HashMap<String, Vec<Option<&f64>>> = data.data
[INFO] [stdout]    |        ^^^^^^^^^^^^^^^ help: if this is intentional, prefix it with an underscore: `_selected_values`
[INFO] [stdout] 
[INFO] [stdout] 
[INFO] [stdout] warning: unused variable: `val_x`
[INFO] [stdout]    --> src/main.rs:101:43
[INFO] [stdout]     |
[INFO] [stdout] 101 |                         (Some(val_y),Some(val_x)) => {
[INFO] [stdout]     |                                           ^^^^^ help: if this is intentional, prefix it with an underscore: `_val_x`
[INFO] [stdout] 
[INFO] [stdout] 
[INFO] [stdout] warning: struct `Meta` is never constructed
[INFO] [stdout]   --> src/main.rs:22:8
[INFO] [stdout]    |
[INFO] [stdout] 22 | struct Meta{
[INFO] [stdout]    |        ^^^^
[INFO] [stdout]    |
[INFO] [stdout]    = note: `#[warn(dead_code)]` on by default
[INFO] [stdout] 
[INFO] [stdout] 
[INFO] [stdout] warning: struct `Parse` is never constructed
[INFO] [stdout]   --> src/main.rs:29:8
[INFO] [stdout]    |
[INFO] [stdout] 29 | struct Parse {
[INFO] [stdout]    |        ^^^^^
[INFO] [stdout] 
[INFO] [stdout] 
[INFO] [stdout] warning: function `parse_lmdb_dataset` is never used
[INFO] [stdout]   --> src/parse.rs:60:4
[INFO] [stdout]    |
[INFO] [stdout] 60 | fn parse_lmdb_dataset<'a>(
[INFO] [stdout]    |    ^^^^^^^^^^^^^^^^^^
[INFO] [stdout] 
[INFO] [stdout] 
[INFO] [stdout] warning: function `test_lmdb_reader` is never used
[INFO] [stdout]    --> src/parse.rs:108:8
[INFO] [stdout]     |
[INFO] [stdout] 108 |     fn test_lmdb_reader() {
[INFO] [stdout]     |        ^^^^^^^^^^^^^^^^
[INFO] [stdout] 
[INFO] [stdout] 
[INFO] [stderr]     Finished `test` profile [unoptimized + debuginfo] target(s) in 0.79s
[INFO] running `Command { std: "docker" "inspect" "4eede8d5f670059ee1040356129731220b35f3677ca28c40fd4f1dcb4c34438d", kill_on_drop: false }`
[INFO] running `Command { std: "docker" "rm" "-f" "4eede8d5f670059ee1040356129731220b35f3677ca28c40fd4f1dcb4c34438d", kill_on_drop: false }`
[INFO] [stdout] 4eede8d5f670059ee1040356129731220b35f3677ca28c40fd4f1dcb4c34438d
[INFO] running `Command { std: "docker" "create" "-v" "/var/lib/crater-agent-workspace/builds/worker-7-tc1/target:/opt/rustwide/target:rw,Z" "-v" "/var/lib/crater-agent-workspace/builds/worker-7-tc1/source:/opt/rustwide/workdir:ro,Z" "-v" "/var/lib/crater-agent-workspace/cargo-home:/opt/rustwide/cargo-home:ro,Z" "-v" "/var/lib/crater-agent-workspace/rustup-home:/opt/rustwide/rustup-home:ro,Z" "-e" "SOURCE_DIR=/opt/rustwide/workdir" "-e" "CARGO_TARGET_DIR=/opt/rustwide/target" "-e" "CARGO_INCREMENTAL=0" "-e" "RUST_BACKTRACE=full" "-e" "RUSTFLAGS=--cap-lints=warn" "-e" "RUSTDOCFLAGS=--cap-lints=warn" "-e" "CARGO_HOME=/opt/rustwide/cargo-home" "-e" "RUSTUP_HOME=/opt/rustwide/rustup-home" "-w" "/opt/rustwide/workdir" "-m" "1610612736" "--user" "0:0" "--network" "none" "ghcr.io/rust-lang/crates-build-env/linux@sha256:f3a9d4ad9d972b27faf3965f35b62e55ba32bbce8f20bc8fe909558a86702fde" "/opt/rustwide/cargo-home/bin/cargo" "+1.83.0" "test" "--frozen", kill_on_drop: false }`
[INFO] [stdout] ac100e04d809ce55dcc3a15e909fe414f9e231e7447d27f5fbc1174ee9703d65
[INFO] running `Command { std: "docker" "start" "-a" "ac100e04d809ce55dcc3a15e909fe414f9e231e7447d27f5fbc1174ee9703d65", kill_on_drop: false }`
[INFO] [stderr] warning: unnecessary parentheses around `if` condition
[INFO] [stderr]    --> src/main.rs:118:16
[INFO] [stderr]     |
[INFO] [stderr] 118 |             if (parsed_y_vals.len() < 4 ){
[INFO] [stderr]     |                ^                       ^^
[INFO] [stderr]     |
[INFO] [stderr]     = note: `#[warn(unused_parens)]` on by default
[INFO] [stderr] help: remove these parentheses
[INFO] [stderr]     |
[INFO] [stderr] 118 -             if (parsed_y_vals.len() < 4 ){
[INFO] [stderr] 118 +             if parsed_y_vals.len() < 4 {
[INFO] [stderr]     |
[INFO] [stderr] 
[INFO] [stderr] warning: unused variable: `results`
[INFO] [stderr]   --> src/main.rs:73:9
[INFO] [stderr]    |
[INFO] [stderr] 73 |     let results = pre_parse(x, target_trait_data);
[INFO] [stderr]    |         ^^^^^^^ help: if this is intentional, prefix it with an underscore: `_results`
[INFO] [stderr]    |
[INFO] [stderr]    = note: `#[warn(unused_variables)]` on by default
[INFO] [stderr] 
[INFO] [stderr] warning: unused variable: `selected_values`
[INFO] [stderr]   --> src/main.rs:88:8
[INFO] [stderr]    |
[INFO] [stderr] 88 |    let selected_values: HashMap<String, Vec<Option<&f64>>> = data.data
[INFO] [stderr]    |        ^^^^^^^^^^^^^^^ help: if this is intentional, prefix it with an underscore: `_selected_values`
[INFO] [stderr] 
[INFO] [stderr] warning: unused variable: `val_x`
[INFO] [stderr]    --> src/main.rs:101:43
[INFO] [stderr]     |
[INFO] [stderr] 101 |                         (Some(val_y),Some(val_x)) => {
[INFO] [stderr]     |                                           ^^^^^ help: if this is intentional, prefix it with an underscore: `_val_x`
[INFO] [stderr] 
[INFO] [stderr] warning: struct `Meta` is never constructed
[INFO] [stderr]   --> src/main.rs:22:8
[INFO] [stderr]    |
[INFO] [stderr] 22 | struct Meta{
[INFO] [stderr]    |        ^^^^
[INFO] [stderr]    |
[INFO] [stderr]    = note: `#[warn(dead_code)]` on by default
[INFO] [stderr] 
[INFO] [stderr] warning: struct `Parse` is never constructed
[INFO] [stderr]   --> src/main.rs:29:8
[INFO] [stderr]    |
[INFO] [stderr] 29 | struct Parse {
[INFO] [stderr]    |        ^^^^^
[INFO] [stderr] 
[INFO] [stderr] warning: function `parse_lmdb_dataset` is never used
[INFO] [stderr]   --> src/parse.rs:60:4
[INFO] [stderr]    |
[INFO] [stderr] 60 | fn parse_lmdb_dataset<'a>(
[INFO] [stderr]    |    ^^^^^^^^^^^^^^^^^^
[INFO] [stderr] 
[INFO] [stderr] warning: function `test_lmdb_reader` is never used
[INFO] [stderr]    --> src/parse.rs:108:8
[INFO] [stderr]     |
[INFO] [stderr] 108 |     fn test_lmdb_reader() {
[INFO] [stderr]     |        ^^^^^^^^^^^^^^^^
[INFO] [stderr] 
[INFO] [stderr] warning: `lmdb-rust` (bin "lmdb-rust" test) generated 8 warnings (run `cargo fix --bin "lmdb-rust" --tests` to apply 1 suggestion)
[INFO] [stderr]     Finished `test` profile [unoptimized + debuginfo] target(s) in 0.04s
[INFO] [stderr]      Running unittests src/main.rs (/opt/rustwide/target/debug/deps/lmdb_rust-a9249041677a33c4)
[INFO] [stdout] 
[INFO] [stdout] running 1 test
[INFO] [stdout] test parse::tests::test_lmdb_reader2 ... FAILED
[INFO] [stdout] 
[INFO] [stdout] failures:
[INFO] [stdout] 
[INFO] [stdout] ---- parse::tests::test_lmdb_reader2 stdout ----
[INFO] [stdout] thread 'parse::tests::test_lmdb_reader2' panicked at src/parse.rs:131:48:
[INFO] [stdout] Failed to initialize reader: Other(30)
[INFO] [stdout] stack backtrace:
[INFO] [stdout]    0:     0x59781541219a - std::backtrace_rs::backtrace::libunwind::trace::h5a5b8284f2d0c266
[INFO] [stdout]                                at /rustc/90b35a6239c3d8bdabc530a6a0816f7ff89a0aaf/library/std/src/../../backtrace/src/backtrace/libunwind.rs:116:5
[INFO] [stdout]    1:     0x59781541219a - std::backtrace_rs::backtrace::trace_unsynchronized::h76d4f1c9b0b875e3
[INFO] [stdout]                                at /rustc/90b35a6239c3d8bdabc530a6a0816f7ff89a0aaf/library/std/src/../../backtrace/src/backtrace/mod.rs:66:5
[INFO] [stdout]    2:     0x59781541219a - std::sys::backtrace::_print_fmt::hc4546b8364a537c6
[INFO] [stdout]                                at /rustc/90b35a6239c3d8bdabc530a6a0816f7ff89a0aaf/library/std/src/sys/backtrace.rs:66:9
[INFO] [stdout]    3:     0x59781541219a - <std::sys::backtrace::BacktraceLock::print::DisplayBacktrace as core::fmt::Display>::fmt::h5b6bd5631a6d1f6b
[INFO] [stdout]                                at /rustc/90b35a6239c3d8bdabc530a6a0816f7ff89a0aaf/library/std/src/sys/backtrace.rs:39:26
[INFO] [stdout]    4:     0x597815438013 - core::fmt::rt::Argument::fmt::h270f6602a2b96f62
[INFO] [stdout]                                at /rustc/90b35a6239c3d8bdabc530a6a0816f7ff89a0aaf/library/core/src/fmt/rt.rs:177:76
[INFO] [stdout]    5:     0x597815438013 - core::fmt::write::h7550c97b06c86515
[INFO] [stdout]                                at /rustc/90b35a6239c3d8bdabc530a6a0816f7ff89a0aaf/library/core/src/fmt/mod.rs:1186:21
[INFO] [stdout]    6:     0x59781540f1a3 - std::io::Write::write_fmt::h509ff860e5956e5e
[INFO] [stdout]                                at /rustc/90b35a6239c3d8bdabc530a6a0816f7ff89a0aaf/library/std/src/io/mod.rs:1839:15
[INFO] [stdout]    7:     0x597815411fe2 - std::sys::backtrace::BacktraceLock::print::h2395ccd2c84ba3aa
[INFO] [stdout]                                at /rustc/90b35a6239c3d8bdabc530a6a0816f7ff89a0aaf/library/std/src/sys/backtrace.rs:42:9
[INFO] [stdout]    8:     0x5978154135fa - std::panicking::default_hook::{{closure}}::he19d4c7230e07961
[INFO] [stdout]                                at /rustc/90b35a6239c3d8bdabc530a6a0816f7ff89a0aaf/library/std/src/panicking.rs:268:22
[INFO] [stdout]    9:     0x597815413404 - std::panicking::default_hook::hf614597d3c67bbdb
[INFO] [stdout]                                at /rustc/90b35a6239c3d8bdabc530a6a0816f7ff89a0aaf/library/std/src/panicking.rs:292:9
[INFO] [stdout]   10:     0x5978153ce0c9 - <alloc::boxed::Box<F,A> as core::ops::function::Fn<Args>>::call::h39b51ce4599c23d1
[INFO] [stdout]                                at /rustc/90b35a6239c3d8bdabc530a6a0816f7ff89a0aaf/library/alloc/src/boxed.rs:2468:9
[INFO] [stdout]   11:     0x5978153ce0c9 - test::test_main::{{closure}}::he977ae839a582784
[INFO] [stdout]                                at /rustc/90b35a6239c3d8bdabc530a6a0816f7ff89a0aaf/library/test/src/lib.rs:133:21
[INFO] [stdout]   12:     0x597815413c98 - <alloc::boxed::Box<F,A> as core::ops::function::Fn<Args>>::call::h9455091b6b06f9fb
[INFO] [stdout]                                at /rustc/90b35a6239c3d8bdabc530a6a0816f7ff89a0aaf/library/alloc/src/boxed.rs:2468:9
[INFO] [stdout]   13:     0x597815413c98 - std::panicking::rust_panic_with_hook::h8942133a8b252070
[INFO] [stdout]                                at /rustc/90b35a6239c3d8bdabc530a6a0816f7ff89a0aaf/library/std/src/panicking.rs:809:13
[INFO] [stdout]   14:     0x597815413a5a - std::panicking::begin_panic_handler::{{closure}}::hb5f5963570096b29
[INFO] [stdout]                                at /rustc/90b35a6239c3d8bdabc530a6a0816f7ff89a0aaf/library/std/src/panicking.rs:674:13
[INFO] [stdout]   15:     0x597815412679 - std::sys::backtrace::__rust_end_short_backtrace::h6208cedc1922feda
[INFO] [stdout]                                at /rustc/90b35a6239c3d8bdabc530a6a0816f7ff89a0aaf/library/std/src/sys/backtrace.rs:170:18
[INFO] [stdout]   16:     0x5978154136ec - rust_begin_unwind
[INFO] [stdout]                                at /rustc/90b35a6239c3d8bdabc530a6a0816f7ff89a0aaf/library/std/src/panicking.rs:665:5
[INFO] [stdout]   17:     0x597815383e20 - core::panicking::panic_fmt::h0c3082644d1bf418
[INFO] [stdout]                                at /rustc/90b35a6239c3d8bdabc530a6a0816f7ff89a0aaf/library/core/src/panicking.rs:74:14
[INFO] [stdout]   18:     0x5978153841c6 - core::result::unwrap_failed::hd20b4aa073bda1e2
[INFO] [stdout]                                at /rustc/90b35a6239c3d8bdabc530a6a0816f7ff89a0aaf/library/core/src/result.rs:1700:5
[INFO] [stdout]   19:     0x597815384f94 - core::result::Result<T,E>::expect::he63957b4aa3e9525
[INFO] [stdout]                                at /rustc/90b35a6239c3d8bdabc530a6a0816f7ff89a0aaf/library/core/src/result.rs:1061:23
[INFO] [stdout]   20:     0x59781538608e - lmdb_rust::parse::tests::test_lmdb_reader2::hd9ea74dbecbbcfd7
[INFO] [stdout]                                at /opt/rustwide/workdir/src/parse.rs:131:22
[INFO] [stdout]   21:     0x597815385ed7 - lmdb_rust::parse::tests::test_lmdb_reader2::{{closure}}::hf79aadd05e3a7674
[INFO] [stdout]                                at /opt/rustwide/workdir/src/parse.rs:123:27
[INFO] [stdout]   22:     0x597815384a06 - core::ops::function::FnOnce::call_once::h03643626f17c6592
[INFO] [stdout]                                at /rustc/90b35a6239c3d8bdabc530a6a0816f7ff89a0aaf/library/core/src/ops/function.rs:250:5
[INFO] [stdout]   23:     0x5978153d2a8b - core::ops::function::FnOnce::call_once::h109cf8051a59b34e
[INFO] [stdout]                                at /rustc/90b35a6239c3d8bdabc530a6a0816f7ff89a0aaf/library/core/src/ops/function.rs:250:5
[INFO] [stdout]   24:     0x5978153d2a8b - test::__rust_begin_short_backtrace::hf4fff89d377446ba
[INFO] [stdout]                                at /rustc/90b35a6239c3d8bdabc530a6a0816f7ff89a0aaf/library/test/src/lib.rs:621:18
[INFO] [stdout]   25:     0x5978153d22c7 - test::run_test_in_process::{{closure}}::h0e39181dd7ee5a43
[INFO] [stdout]                                at /rustc/90b35a6239c3d8bdabc530a6a0816f7ff89a0aaf/library/test/src/lib.rs:644:60
[INFO] [stdout]   26:     0x5978153d22c7 - <core::panic::unwind_safe::AssertUnwindSafe<F> as core::ops::function::FnOnce<()>>::call_once::hc5a66a30f0bdfd1f
[INFO] [stdout]                                at /rustc/90b35a6239c3d8bdabc530a6a0816f7ff89a0aaf/library/core/src/panic/unwind_safe.rs:272:9
[INFO] [stdout]   27:     0x5978153d22c7 - std::panicking::try::do_call::h873b7cf639554a5e
[INFO] [stdout]                                at /rustc/90b35a6239c3d8bdabc530a6a0816f7ff89a0aaf/library/std/src/panicking.rs:557:40
[INFO] [stdout]   28:     0x5978153d22c7 - std::panicking::try::hdb19862fad9c8bd1
[INFO] [stdout]                                at /rustc/90b35a6239c3d8bdabc530a6a0816f7ff89a0aaf/library/std/src/panicking.rs:520:19
[INFO] [stdout]   29:     0x5978153d22c7 - std::panic::catch_unwind::h281fe732d236d260
[INFO] [stdout]                                at /rustc/90b35a6239c3d8bdabc530a6a0816f7ff89a0aaf/library/std/src/panic.rs:358:14
[INFO] [stdout]   30:     0x5978153d22c7 - test::run_test_in_process::h949b6df8457ed338
[INFO] [stdout]                                at /rustc/90b35a6239c3d8bdabc530a6a0816f7ff89a0aaf/library/test/src/lib.rs:644:27
[INFO] [stdout]   31:     0x5978153d22c7 - test::run_test::{{closure}}::h52c556a6d4740e10
[INFO] [stdout]                                at /rustc/90b35a6239c3d8bdabc530a6a0816f7ff89a0aaf/library/test/src/lib.rs:565:43
[INFO] [stdout]   32:     0x5978153975a4 - test::run_test::{{closure}}::h4237f6381c45ccb9
[INFO] [stdout]                                at /rustc/90b35a6239c3d8bdabc530a6a0816f7ff89a0aaf/library/test/src/lib.rs:595:41
[INFO] [stdout]   33:     0x5978153975a4 - std::sys::backtrace::__rust_begin_short_backtrace::h505c97a579eca628
[INFO] [stdout]                                at /rustc/90b35a6239c3d8bdabc530a6a0816f7ff89a0aaf/library/std/src/sys/backtrace.rs:154:18
[INFO] [stdout]   34:     0x59781539ac6e - std::thread::Builder::spawn_unchecked_::{{closure}}::{{closure}}::h9e86b2e2bc107ea3
[INFO] [stdout]                                at /rustc/90b35a6239c3d8bdabc530a6a0816f7ff89a0aaf/library/std/src/thread/mod.rs:538:17
[INFO] [stdout]   35:     0x59781539ac6e - <core::panic::unwind_safe::AssertUnwindSafe<F> as core::ops::function::FnOnce<()>>::call_once::h8b06ddb275ff4a25
[INFO] [stdout]                                at /rustc/90b35a6239c3d8bdabc530a6a0816f7ff89a0aaf/library/core/src/panic/unwind_safe.rs:272:9
[INFO] [stdout]   36:     0x59781539ac6e - std::panicking::try::do_call::hb26ecd7cd9a9355d
[INFO] [stdout]                                at /rustc/90b35a6239c3d8bdabc530a6a0816f7ff89a0aaf/library/std/src/panicking.rs:557:40
[INFO] [stdout]   37:     0x59781539ac6e - std::panicking::try::h8ddeca9d705f9069
[INFO] [stdout]                                at /rustc/90b35a6239c3d8bdabc530a6a0816f7ff89a0aaf/library/std/src/panicking.rs:520:19
[INFO] [stdout]   38:     0x59781539ac6e - std::panic::catch_unwind::h49e1c33078844c46
[INFO] [stdout]                                at /rustc/90b35a6239c3d8bdabc530a6a0816f7ff89a0aaf/library/std/src/panic.rs:358:14
[INFO] [stdout]   39:     0x59781539ac6e - std::thread::Builder::spawn_unchecked_::{{closure}}::h6073db6ff56ad35d
[INFO] [stdout]                                at /rustc/90b35a6239c3d8bdabc530a6a0816f7ff89a0aaf/library/std/src/thread/mod.rs:537:30
[INFO] [stdout]   40:     0x59781539ac6e - core::ops::function::FnOnce::call_once{{vtable.shim}}::h2c5a5f3779c774f1
[INFO] [stdout]                                at /rustc/90b35a6239c3d8bdabc530a6a0816f7ff89a0aaf/library/core/src/ops/function.rs:250:5
[INFO] [stdout]   41:     0x5978154183fb - <alloc::boxed::Box<F,A> as core::ops::function::FnOnce<Args>>::call_once::hf75717d9f28faebf
[INFO] [stdout]                                at /rustc/90b35a6239c3d8bdabc530a6a0816f7ff89a0aaf/library/alloc/src/boxed.rs:2454:9
[INFO] [stdout]   42:     0x5978154183fb - <alloc::boxed::Box<F,A> as core::ops::function::FnOnce<Args>>::call_once::h7bd883a5f3c5f3c1
[INFO] [stdout]                                at /rustc/90b35a6239c3d8bdabc530a6a0816f7ff89a0aaf/library/alloc/src/boxed.rs:2454:9
[INFO] [stdout]   43:     0x5978154183fb - std::sys::pal::unix::thread::Thread::new::thread_start::hcc78f3943333fa94
[INFO] [stdout]                                at /rustc/90b35a6239c3d8bdabc530a6a0816f7ff89a0aaf/library/std/src/sys/pal/unix/thread.rs:105:17
[INFO] [stdout]   44:     0x7b25782ddac3 - <unknown>
[INFO] [stdout]   45:     0x7b257836ea04 - clone
[INFO] [stdout]   46:                0x0 - <unknown>
[INFO] [stdout] 
[INFO] [stdout] 
[INFO] [stdout] failures:
[INFO] [stdout]     parse::tests::test_lmdb_reader2
[INFO] [stdout] 
[INFO] [stdout] test result: FAILED. 0 passed; 1 failed; 0 ignored; 0 measured; 0 filtered out; finished in 0.04s
[INFO] [stdout] 
[INFO] [stderr] error: test failed, to rerun pass `--bin lmdb-rust`
[INFO] running `Command { std: "docker" "inspect" "ac100e04d809ce55dcc3a15e909fe414f9e231e7447d27f5fbc1174ee9703d65", kill_on_drop: false }`
[INFO] running `Command { std: "docker" "rm" "-f" "ac100e04d809ce55dcc3a15e909fe414f9e231e7447d27f5fbc1174ee9703d65", kill_on_drop: false }`
[INFO] [stdout] ac100e04d809ce55dcc3a15e909fe414f9e231e7447d27f5fbc1174ee9703d65
