[INFO] cloning repository https://github.com/Ajsoabk/DI-DCNC
[INFO] running `Command { std: "git" "-c" "credential.helper=" "-c" "credential.helper=/workspace/cargo-home/bin/git-credential-null" "clone" "--bare" "https://github.com/Ajsoabk/DI-DCNC" "/workspace/cache/git-repos/https%3A%2F%2Fgithub.com%2FAjsoabk%2FDI-DCNC", kill_on_drop: false }`
[INFO] [stderr] Cloning into bare repository '/workspace/cache/git-repos/https%3A%2F%2Fgithub.com%2FAjsoabk%2FDI-DCNC'...
[INFO] running `Command { std: "git" "rev-parse" "HEAD", kill_on_drop: false }`
[INFO] [stdout] 2ce585331df1cf35d9875092256d9b91d74f876c
[INFO] testing Ajsoabk/DI-DCNC against beta-2024-12-08 for beta-1.84.0-4-retry
[INFO] running `Command { std: "git" "clone" "/workspace/cache/git-repos/https%3A%2F%2Fgithub.com%2FAjsoabk%2FDI-DCNC" "/workspace/builds/worker-7-tc2/source", kill_on_drop: false }`
[INFO] [stderr] Cloning into '/workspace/builds/worker-7-tc2/source'...
[INFO] [stderr] done.
[INFO] validating manifest of git repo https://github.com/Ajsoabk/DI-DCNC on toolchain beta-2024-12-08
[INFO] running `Command { std: CARGO_HOME="/workspace/cargo-home" RUSTUP_HOME="/workspace/rustup-home" "/workspace/cargo-home/bin/cargo" "+beta-2024-12-08" "metadata" "--manifest-path" "Cargo.toml" "--no-deps", kill_on_drop: false }`
[INFO] started tweaking git repo https://github.com/Ajsoabk/DI-DCNC
[INFO] finished tweaking git repo https://github.com/Ajsoabk/DI-DCNC
[INFO] tweaked toml for git repo https://github.com/Ajsoabk/DI-DCNC written to /workspace/builds/worker-7-tc2/source/Cargo.toml
[INFO] crate git repo https://github.com/Ajsoabk/DI-DCNC already has a lockfile, it will not be regenerated
[INFO] running `Command { std: CARGO_HOME="/workspace/cargo-home" RUSTUP_HOME="/workspace/rustup-home" "/workspace/cargo-home/bin/cargo" "+beta-2024-12-08" "fetch" "--manifest-path" "Cargo.toml", kill_on_drop: false }`
[INFO] running `Command { std: "docker" "create" "-v" "/var/lib/crater-agent-workspace/builds/worker-7-tc2/target:/opt/rustwide/target:rw,Z" "-v" "/var/lib/crater-agent-workspace/builds/worker-7-tc2/source:/opt/rustwide/workdir:ro,Z" "-v" "/var/lib/crater-agent-workspace/cargo-home:/opt/rustwide/cargo-home:ro,Z" "-v" "/var/lib/crater-agent-workspace/rustup-home:/opt/rustwide/rustup-home:ro,Z" "-e" "SOURCE_DIR=/opt/rustwide/workdir" "-e" "CARGO_TARGET_DIR=/opt/rustwide/target" "-e" "CARGO_HOME=/opt/rustwide/cargo-home" "-e" "RUSTUP_HOME=/opt/rustwide/rustup-home" "-w" "/opt/rustwide/workdir" "-m" "1610612736" "--user" "0:0" "--network" "none" "ghcr.io/rust-lang/crates-build-env/linux@sha256:f3a9d4ad9d972b27faf3965f35b62e55ba32bbce8f20bc8fe909558a86702fde" "/opt/rustwide/cargo-home/bin/cargo" "+beta-2024-12-08" "metadata" "--no-deps" "--format-version=1", kill_on_drop: false }`
[INFO] [stdout] 659909537df6d5ce627686fede16fda08caf8f2aa37d3f74b7b6eb095b3a657b
[INFO] running `Command { std: "docker" "start" "-a" "659909537df6d5ce627686fede16fda08caf8f2aa37d3f74b7b6eb095b3a657b", kill_on_drop: false }`
[INFO] running `Command { std: "docker" "inspect" "659909537df6d5ce627686fede16fda08caf8f2aa37d3f74b7b6eb095b3a657b", kill_on_drop: false }`
[INFO] running `Command { std: "docker" "rm" "-f" "659909537df6d5ce627686fede16fda08caf8f2aa37d3f74b7b6eb095b3a657b", kill_on_drop: false }`
[INFO] [stdout] 659909537df6d5ce627686fede16fda08caf8f2aa37d3f74b7b6eb095b3a657b
[INFO] running `Command { std: "docker" "create" "-v" "/var/lib/crater-agent-workspace/builds/worker-7-tc2/target:/opt/rustwide/target:rw,Z" "-v" "/var/lib/crater-agent-workspace/builds/worker-7-tc2/source:/opt/rustwide/workdir:ro,Z" "-v" "/var/lib/crater-agent-workspace/cargo-home:/opt/rustwide/cargo-home:ro,Z" "-v" "/var/lib/crater-agent-workspace/rustup-home:/opt/rustwide/rustup-home:ro,Z" "-e" "SOURCE_DIR=/opt/rustwide/workdir" "-e" "CARGO_TARGET_DIR=/opt/rustwide/target" "-e" "CARGO_INCREMENTAL=0" "-e" "RUST_BACKTRACE=full" "-e" "RUSTFLAGS=--cap-lints=warn" "-e" "RUSTDOCFLAGS=--cap-lints=warn" "-e" "CARGO_HOME=/opt/rustwide/cargo-home" "-e" "RUSTUP_HOME=/opt/rustwide/rustup-home" "-w" "/opt/rustwide/workdir" "-m" "1610612736" "--user" "0:0" "--network" "none" "ghcr.io/rust-lang/crates-build-env/linux@sha256:f3a9d4ad9d972b27faf3965f35b62e55ba32bbce8f20bc8fe909558a86702fde" "/opt/rustwide/cargo-home/bin/cargo" "+beta-2024-12-08" "build" "--frozen" "--message-format=json", kill_on_drop: false }`
[INFO] [stdout] ff343e09eb0a160c43ec3dcd3582d5805855269d3242e709cbebcf9556551247
[INFO] running `Command { std: "docker" "start" "-a" "ff343e09eb0a160c43ec3dcd3582d5805855269d3242e709cbebcf9556551247", kill_on_drop: false }`
[INFO] [stderr]    Compiling proc-macro2 v1.0.79
[INFO] [stderr]    Compiling serde v1.0.197
[INFO] [stderr]    Compiling semver v1.0.22
[INFO] [stderr]    Compiling cc v1.0.92
[INFO] [stderr]    Compiling libc v0.2.153
[INFO] [stderr]    Compiling num-traits v0.2.18
[INFO] [stderr]    Compiling yeslogic-fontconfig-sys v3.2.0
[INFO] [stderr]    Compiling libloading v0.8.3
[INFO] [stderr]    Compiling syn v1.0.109
[INFO] [stderr]    Compiling equivalent v1.0.1
[INFO] [stderr]    Compiling const-cstr v0.3.0
[INFO] [stderr]    Compiling jpeg-decoder v0.3.1
[INFO] [stderr]    Compiling font-kit v0.11.0
[INFO] [stderr]    Compiling ryu v1.0.17
[INFO] [stderr]    Compiling weezl v0.1.8
[INFO] [stderr]    Compiling destructure_traitobject v0.2.0
[INFO] [stderr]    Compiling hashbrown v0.14.3
[INFO] [stderr]    Compiling serde_json v1.0.115
[INFO] [stderr]    Compiling thiserror v1.0.58
[INFO] [stderr]    Compiling dlib v0.5.2
[INFO] [stderr]    Compiling anyhow v1.0.82
[INFO] [stderr]    Compiling plotters-backend v0.3.5
[INFO] [stderr]    Compiling bytemuck v1.15.0
[INFO] [stderr]    Compiling unsafe-any-ors v1.0.0
[INFO] [stderr]    Compiling gif v0.12.0
[INFO] [stderr]    Compiling walkdir v2.5.0
[INFO] [stderr]    Compiling float-ord v0.2.0
[INFO] [stderr]    Compiling unsafe-libyaml v0.2.11
[INFO] [stderr]    Compiling plotters-svg v0.3.5
[INFO] [stderr]    Compiling typemap-ors v1.0.0
[INFO] [stderr]    Compiling ttf-parser v0.17.1
[INFO] [stderr]    Compiling rustc_version v0.4.0
[INFO] [stderr]    Compiling arc-swap v1.7.1
[INFO] [stderr]    Compiling log-mdc v0.1.0
[INFO] [stderr]    Compiling pathfinder_simd v0.5.2
[INFO] [stderr]    Compiling indexmap v2.2.6
[INFO] [stderr]    Compiling getrandom v0.2.14
[INFO] [stderr]    Compiling dirs-sys-next v0.1.2
[INFO] [stderr]    Compiling parking_lot_core v0.9.9
[INFO] [stderr]    Compiling thread-id v4.2.1
[INFO] [stderr]    Compiling dirs-next v2.0.0
[INFO] [stderr]    Compiling quote v1.0.35
[INFO] [stderr]    Compiling rand_core v0.6.4
[INFO] [stderr]    Compiling parking_lot v0.12.1
[INFO] [stderr]    Compiling syn v2.0.58
[INFO] [stderr]    Compiling rand_chacha v0.3.1
[INFO] [stderr]    Compiling freetype-sys v0.19.0
[INFO] [stderr]    Compiling rand v0.8.5
[INFO] [stderr]    Compiling ordered-float v2.10.1
[INFO] [stderr]    Compiling image v0.24.9
[INFO] [stderr]    Compiling chrono v0.4.37
[INFO] [stderr]    Compiling approx v0.5.1
[INFO] [stderr]    Compiling rand_distr v0.4.3
[INFO] [stderr]    Compiling serde_derive v1.0.197
[INFO] [stderr]    Compiling thiserror-impl v1.0.58
[INFO] [stderr]    Compiling derive-new v0.6.0
[INFO] [stderr]    Compiling derivative v2.2.0
[INFO] [stderr]    Compiling plotters-bitmap v0.3.3
[INFO] [stderr]    Compiling log v0.4.21
[INFO] [stderr]    Compiling serde-value v0.7.0
[INFO] [stderr]    Compiling serde_yaml v0.9.34+deprecated
[INFO] [stderr]    Compiling pathfinder_geometry v0.5.1
[INFO] [stderr]    Compiling log4rs v1.3.0
[INFO] [stderr]    Compiling freetype v0.7.1
[INFO] [stderr]    Compiling plotters v0.3.5
[INFO] [stderr]    Compiling di-dcnc_rs v0.1.0 (/opt/rustwide/workdir)
[INFO] [stdout] warning: unused import: `std::iter::zip`
[INFO] [stdout]  --> src/network.rs:6:5
[INFO] [stdout]   |
[INFO] [stdout] 6 | use std::iter::zip;
[INFO] [stdout]   |     ^^^^^^^^^^^^^^
[INFO] [stdout]   |
[INFO] [stdout]   = note: `#[warn(unused_imports)]` on by default
[INFO] [stdout] 
[INFO] [stdout] 
[INFO] [stdout] warning: unused import: `simulate_replica_index`
[INFO] [stdout]   --> src/main.rs:18:58
[INFO] [stdout]    |
[INFO] [stdout] 18 | use simulation::{simulate_alpha, simulate_average_delay, simulate_replica_index};
[INFO] [stdout]    |                                                          ^^^^^^^^^^^^^^^^^^^^^^
[INFO] [stdout] 
[INFO] [stdout] 
[INFO] [stdout] warning: unused variable: `dbs`
[INFO] [stdout]   --> src/corealgorithm.rs:38:105
[INFO] [stdout]    |
[INFO] [stdout] 38 | fn s2l<const N:usize>(comput:[f64;N],d:[[f64;N];N],_next_pac:&[[usize;N];N],hop:[[usize;N];N],c:&Client,dbs:&Databases)
[INFO] [stdout]    |                                                                                                         ^^^ help: if this is intentional, prefix it with an underscore: `_dbs`
[INFO] [stdout]    |
[INFO] [stdout]    = note: `#[warn(unused_variables)]` on by default
[INFO] [stdout] 
[INFO] [stdout] 
[INFO] [stdout] warning: constant `service0` should have an upper case name
[INFO] [stdout]   --> src/const_val.rs:63:12
[INFO] [stdout]    |
[INFO] [stdout] 63 | pub const  service0:Service = Service(0.2f64,1f64,1-1,1f64);
[INFO] [stdout]    |            ^^^^^^^^ help: convert the identifier to upper case: `SERVICE0`
[INFO] [stdout]    |
[INFO] [stdout]    = note: `#[warn(non_upper_case_globals)]` on by default
[INFO] [stdout] 
[INFO] [stdout] 
[INFO] [stdout] warning: constant `service1` should have an upper case name
[INFO] [stdout]   --> src/const_val.rs:64:12
[INFO] [stdout]    |
[INFO] [stdout] 64 | pub const  service1:Service = Service(0.2f64,1f64,2-1,2f64);
[INFO] [stdout]    |            ^^^^^^^^ help: convert the identifier to upper case: `SERVICE1`
[INFO] [stdout] 
[INFO] [stdout] 
[INFO] [stdout] warning: constant `service2` should have an upper case name
[INFO] [stdout]   --> src/const_val.rs:65:12
[INFO] [stdout]    |
[INFO] [stdout] 65 | pub const  service2:Service = Service(0.5f64,2f64,3-1,1f64);
[INFO] [stdout]    |            ^^^^^^^^ help: convert the identifier to upper case: `SERVICE2`
[INFO] [stdout] 
[INFO] [stdout] 
[INFO] [stdout] warning: constant `service3` should have an upper case name
[INFO] [stdout]   --> src/const_val.rs:66:12
[INFO] [stdout]    |
[INFO] [stdout] 66 | pub const  service3:Service = Service(0.5f64,3f64,4-1,0.5f64);
[INFO] [stdout]    |            ^^^^^^^^ help: convert the identifier to upper case: `SERVICE3`
[INFO] [stdout] 
[INFO] [stdout] 
[INFO] [stdout] warning: constant `service4` should have an upper case name
[INFO] [stdout]   --> src/const_val.rs:67:12
[INFO] [stdout]    |
[INFO] [stdout] 67 | pub const  service4:Service = Service(0.1f64,1f64,5-1,1f64);
[INFO] [stdout]    |            ^^^^^^^^ help: convert the identifier to upper case: `SERVICE4`
[INFO] [stdout] 
[INFO] [stdout] 
[INFO] [stdout] warning: constant `service5` should have an upper case name
[INFO] [stdout]   --> src/const_val.rs:68:12
[INFO] [stdout]    |
[INFO] [stdout] 68 | pub const  service5:Service = Service(0.1f64,1f64,6-1,3f64);
[INFO] [stdout]    |            ^^^^^^^^ help: convert the identifier to upper case: `SERVICE5`
[INFO] [stdout] 
[INFO] [stdout] 
[INFO] [stdout] warning: constant `service6` should have an upper case name
[INFO] [stdout]   --> src/const_val.rs:69:12
[INFO] [stdout]    |
[INFO] [stdout] 69 | pub const  service6:Service = Service(1f64,5f64,7-1,0.5f64);
[INFO] [stdout]    |            ^^^^^^^^ help: convert the identifier to upper case: `SERVICE6`
[INFO] [stdout] 
[INFO] [stdout] 
[INFO] [stdout] warning: constant `service7` should have an upper case name
[INFO] [stdout]   --> src/const_val.rs:70:12
[INFO] [stdout]    |
[INFO] [stdout] 70 | pub const  service7:Service = Service(1f64,10f64,8-1,1f64/3f64);
[INFO] [stdout]    |            ^^^^^^^^ help: convert the identifier to upper case: `SERVICE7`
[INFO] [stdout] 
[INFO] [stdout] 
[INFO] [stderr]     Finished `dev` profile [unoptimized + debuginfo] target(s) in 41.57s
[INFO] running `Command { std: "docker" "inspect" "ff343e09eb0a160c43ec3dcd3582d5805855269d3242e709cbebcf9556551247", kill_on_drop: false }`
[INFO] running `Command { std: "docker" "rm" "-f" "ff343e09eb0a160c43ec3dcd3582d5805855269d3242e709cbebcf9556551247", kill_on_drop: false }`
[INFO] [stdout] ff343e09eb0a160c43ec3dcd3582d5805855269d3242e709cbebcf9556551247
[INFO] running `Command { std: "docker" "create" "-v" "/var/lib/crater-agent-workspace/builds/worker-7-tc2/target:/opt/rustwide/target:rw,Z" "-v" "/var/lib/crater-agent-workspace/builds/worker-7-tc2/source:/opt/rustwide/workdir:ro,Z" "-v" "/var/lib/crater-agent-workspace/cargo-home:/opt/rustwide/cargo-home:ro,Z" "-v" "/var/lib/crater-agent-workspace/rustup-home:/opt/rustwide/rustup-home:ro,Z" "-e" "SOURCE_DIR=/opt/rustwide/workdir" "-e" "CARGO_TARGET_DIR=/opt/rustwide/target" "-e" "CARGO_INCREMENTAL=0" "-e" "RUST_BACKTRACE=full" "-e" "RUSTFLAGS=--cap-lints=warn" "-e" "RUSTDOCFLAGS=--cap-lints=warn" "-e" "CARGO_HOME=/opt/rustwide/cargo-home" "-e" "RUSTUP_HOME=/opt/rustwide/rustup-home" "-w" "/opt/rustwide/workdir" "-m" "1610612736" "--user" "0:0" "--network" "none" "ghcr.io/rust-lang/crates-build-env/linux@sha256:f3a9d4ad9d972b27faf3965f35b62e55ba32bbce8f20bc8fe909558a86702fde" "/opt/rustwide/cargo-home/bin/cargo" "+beta-2024-12-08" "test" "--frozen" "--no-run" "--message-format=json", kill_on_drop: false }`
[INFO] [stdout] 7f04de8dc2421349af55e3cedb4e7ab0273ed0ec79684ebf5d306dabde332834
[INFO] running `Command { std: "docker" "start" "-a" "7f04de8dc2421349af55e3cedb4e7ab0273ed0ec79684ebf5d306dabde332834", kill_on_drop: false }`
[INFO] [stderr]    Compiling di-dcnc_rs v0.1.0 (/opt/rustwide/workdir)
[INFO] [stdout] warning: unused import: `std::iter::zip`
[INFO] [stdout]  --> src/network.rs:6:5
[INFO] [stdout]   |
[INFO] [stdout] 6 | use std::iter::zip;
[INFO] [stdout]   |     ^^^^^^^^^^^^^^
[INFO] [stdout]   |
[INFO] [stdout]   = note: `#[warn(unused_imports)]` on by default
[INFO] [stdout] 
[INFO] [stdout] 
[INFO] [stdout] warning: unused import: `simulate_replica_index`
[INFO] [stdout]   --> src/main.rs:18:58
[INFO] [stdout]    |
[INFO] [stdout] 18 | use simulation::{simulate_alpha, simulate_average_delay, simulate_replica_index};
[INFO] [stdout]    |                                                          ^^^^^^^^^^^^^^^^^^^^^^
[INFO] [stdout] 
[INFO] [stdout] 
[INFO] [stdout] warning: unused variable: `dbs`
[INFO] [stdout]   --> src/corealgorithm.rs:38:105
[INFO] [stdout]    |
[INFO] [stdout] 38 | fn s2l<const N:usize>(comput:[f64;N],d:[[f64;N];N],_next_pac:&[[usize;N];N],hop:[[usize;N];N],c:&Client,dbs:&Databases)
[INFO] [stdout]    |                                                                                                         ^^^ help: if this is intentional, prefix it with an underscore: `_dbs`
[INFO] [stdout]    |
[INFO] [stdout]    = note: `#[warn(unused_variables)]` on by default
[INFO] [stdout] 
[INFO] [stdout] 
[INFO] [stdout] warning: constant `service0` should have an upper case name
[INFO] [stdout]   --> src/const_val.rs:63:12
[INFO] [stdout]    |
[INFO] [stdout] 63 | pub const  service0:Service = Service(0.2f64,1f64,1-1,1f64);
[INFO] [stdout]    |            ^^^^^^^^ help: convert the identifier to upper case: `SERVICE0`
[INFO] [stdout]    |
[INFO] [stdout]    = note: `#[warn(non_upper_case_globals)]` on by default
[INFO] [stdout] 
[INFO] [stdout] 
[INFO] [stdout] warning: constant `service1` should have an upper case name
[INFO] [stdout]   --> src/const_val.rs:64:12
[INFO] [stdout]    |
[INFO] [stdout] 64 | pub const  service1:Service = Service(0.2f64,1f64,2-1,2f64);
[INFO] [stdout]    |            ^^^^^^^^ help: convert the identifier to upper case: `SERVICE1`
[INFO] [stdout] 
[INFO] [stdout] 
[INFO] [stdout] warning: constant `service2` should have an upper case name
[INFO] [stdout]   --> src/const_val.rs:65:12
[INFO] [stdout]    |
[INFO] [stdout] 65 | pub const  service2:Service = Service(0.5f64,2f64,3-1,1f64);
[INFO] [stdout]    |            ^^^^^^^^ help: convert the identifier to upper case: `SERVICE2`
[INFO] [stdout] 
[INFO] [stdout] 
[INFO] [stdout] warning: constant `service3` should have an upper case name
[INFO] [stdout]   --> src/const_val.rs:66:12
[INFO] [stdout]    |
[INFO] [stdout] 66 | pub const  service3:Service = Service(0.5f64,3f64,4-1,0.5f64);
[INFO] [stdout]    |            ^^^^^^^^ help: convert the identifier to upper case: `SERVICE3`
[INFO] [stdout] 
[INFO] [stdout] 
[INFO] [stdout] warning: constant `service4` should have an upper case name
[INFO] [stdout]   --> src/const_val.rs:67:12
[INFO] [stdout]    |
[INFO] [stdout] 67 | pub const  service4:Service = Service(0.1f64,1f64,5-1,1f64);
[INFO] [stdout]    |            ^^^^^^^^ help: convert the identifier to upper case: `SERVICE4`
[INFO] [stdout] 
[INFO] [stdout] 
[INFO] [stdout] warning: constant `service5` should have an upper case name
[INFO] [stdout]   --> src/const_val.rs:68:12
[INFO] [stdout]    |
[INFO] [stdout] 68 | pub const  service5:Service = Service(0.1f64,1f64,6-1,3f64);
[INFO] [stdout]    |            ^^^^^^^^ help: convert the identifier to upper case: `SERVICE5`
[INFO] [stdout] 
[INFO] [stdout] 
[INFO] [stdout] warning: constant `service6` should have an upper case name
[INFO] [stdout]   --> src/const_val.rs:69:12
[INFO] [stdout]    |
[INFO] [stdout] 69 | pub const  service6:Service = Service(1f64,5f64,7-1,0.5f64);
[INFO] [stdout]    |            ^^^^^^^^ help: convert the identifier to upper case: `SERVICE6`
[INFO] [stdout] 
[INFO] [stdout] 
[INFO] [stdout] warning: constant `service7` should have an upper case name
[INFO] [stdout]   --> src/const_val.rs:70:12
[INFO] [stdout]    |
[INFO] [stdout] 70 | pub const  service7:Service = Service(1f64,10f64,8-1,1f64/3f64);
[INFO] [stdout]    |            ^^^^^^^^ help: convert the identifier to upper case: `SERVICE7`
[INFO] [stdout] 
[INFO] [stdout] 
[INFO] [stderr]     Finished `test` profile [unoptimized + debuginfo] target(s) in 2.45s
[INFO] running `Command { std: "docker" "inspect" "7f04de8dc2421349af55e3cedb4e7ab0273ed0ec79684ebf5d306dabde332834", kill_on_drop: false }`
[INFO] running `Command { std: "docker" "rm" "-f" "7f04de8dc2421349af55e3cedb4e7ab0273ed0ec79684ebf5d306dabde332834", kill_on_drop: false }`
[INFO] [stdout] 7f04de8dc2421349af55e3cedb4e7ab0273ed0ec79684ebf5d306dabde332834
[INFO] running `Command { std: "docker" "create" "-v" "/var/lib/crater-agent-workspace/builds/worker-7-tc2/target:/opt/rustwide/target:rw,Z" "-v" "/var/lib/crater-agent-workspace/builds/worker-7-tc2/source:/opt/rustwide/workdir:ro,Z" "-v" "/var/lib/crater-agent-workspace/cargo-home:/opt/rustwide/cargo-home:ro,Z" "-v" "/var/lib/crater-agent-workspace/rustup-home:/opt/rustwide/rustup-home:ro,Z" "-e" "SOURCE_DIR=/opt/rustwide/workdir" "-e" "CARGO_TARGET_DIR=/opt/rustwide/target" "-e" "CARGO_INCREMENTAL=0" "-e" "RUST_BACKTRACE=full" "-e" "RUSTFLAGS=--cap-lints=warn" "-e" "RUSTDOCFLAGS=--cap-lints=warn" "-e" "CARGO_HOME=/opt/rustwide/cargo-home" "-e" "RUSTUP_HOME=/opt/rustwide/rustup-home" "-w" "/opt/rustwide/workdir" "-m" "1610612736" "--user" "0:0" "--network" "none" "ghcr.io/rust-lang/crates-build-env/linux@sha256:f3a9d4ad9d972b27faf3965f35b62e55ba32bbce8f20bc8fe909558a86702fde" "/opt/rustwide/cargo-home/bin/cargo" "+beta-2024-12-08" "test" "--frozen", kill_on_drop: false }`
[INFO] [stdout] 9c168a5a49ef3ba7e12d7fe7cbcff78d260bc4ef6b3142632c34ff3406ee3f52
[INFO] running `Command { std: "docker" "start" "-a" "9c168a5a49ef3ba7e12d7fe7cbcff78d260bc4ef6b3142632c34ff3406ee3f52", kill_on_drop: false }`
[INFO] [stderr] warning: unused import: `std::iter::zip`
[INFO] [stderr]  --> src/network.rs:6:5
[INFO] [stderr]   |
[INFO] [stderr] 6 | use std::iter::zip;
[INFO] [stderr]   |     ^^^^^^^^^^^^^^
[INFO] [stderr]   |
[INFO] [stderr]   = note: `#[warn(unused_imports)]` on by default
[INFO] [stderr] 
[INFO] [stderr] warning: unused import: `simulate_replica_index`
[INFO] [stderr]   --> src/main.rs:18:58
[INFO] [stderr]    |
[INFO] [stderr] 18 | use simulation::{simulate_alpha, simulate_average_delay, simulate_replica_index};
[INFO] [stderr]    |                                                          ^^^^^^^^^^^^^^^^^^^^^^
[INFO] [stderr] 
[INFO] [stderr] warning: unused variable: `dbs`
[INFO] [stderr]   --> src/corealgorithm.rs:38:105
[INFO] [stderr]    |
[INFO] [stderr] 38 | fn s2l<const N:usize>(comput:[f64;N],d:[[f64;N];N],_next_pac:&[[usize;N];N],hop:[[usize;N];N],c:&Client,dbs:&Databases)
[INFO] [stderr]    |                                                                                                         ^^^ help: if this is intentional, prefix it with an underscore: `_dbs`
[INFO] [stderr]    |
[INFO] [stderr]    = note: `#[warn(unused_variables)]` on by default
[INFO] [stderr] 
[INFO] [stderr] warning: constant `service0` should have an upper case name
[INFO] [stderr]   --> src/const_val.rs:63:12
[INFO] [stderr]    |
[INFO] [stderr] 63 | pub const  service0:Service = Service(0.2f64,1f64,1-1,1f64);
[INFO] [stderr]    |            ^^^^^^^^ help: convert the identifier to upper case: `SERVICE0`
[INFO] [stderr]    |
[INFO] [stderr]    = note: `#[warn(non_upper_case_globals)]` on by default
[INFO] [stderr] 
[INFO] [stderr] warning: constant `service1` should have an upper case name
[INFO] [stderr]   --> src/const_val.rs:64:12
[INFO] [stderr]    |
[INFO] [stderr] 64 | pub const  service1:Service = Service(0.2f64,1f64,2-1,2f64);
[INFO] [stderr]    |            ^^^^^^^^ help: convert the identifier to upper case: `SERVICE1`
[INFO] [stderr] 
[INFO] [stderr] warning: constant `service2` should have an upper case name
[INFO] [stderr]   --> src/const_val.rs:65:12
[INFO] [stderr]    |
[INFO] [stderr] 65 | pub const  service2:Service = Service(0.5f64,2f64,3-1,1f64);
[INFO] [stderr]    |            ^^^^^^^^ help: convert the identifier to upper case: `SERVICE2`
[INFO] [stderr] 
[INFO] [stderr] warning: constant `service3` should have an upper case name
[INFO] [stderr]   --> src/const_val.rs:66:12
[INFO] [stderr]    |
[INFO] [stderr] 66 | pub const  service3:Service = Service(0.5f64,3f64,4-1,0.5f64);
[INFO] [stderr]    |            ^^^^^^^^ help: convert the identifier to upper case: `SERVICE3`
[INFO] [stderr] 
[INFO] [stderr] warning: constant `service4` should have an upper case name
[INFO] [stderr]   --> src/const_val.rs:67:12
[INFO] [stderr]    |
[INFO] [stderr] 67 | pub const  service4:Service = Service(0.1f64,1f64,5-1,1f64);
[INFO] [stderr]    |            ^^^^^^^^ help: convert the identifier to upper case: `SERVICE4`
[INFO] [stderr] 
[INFO] [stderr] warning: constant `service5` should have an upper case name
[INFO] [stderr]   --> src/const_val.rs:68:12
[INFO] [stderr]    |
[INFO] [stderr] 68 | pub const  service5:Service = Service(0.1f64,1f64,6-1,3f64);
[INFO] [stderr]    |            ^^^^^^^^ help: convert the identifier to upper case: `SERVICE5`
[INFO] [stderr] 
[INFO] [stderr] warning: constant `service6` should have an upper case name
[INFO] [stderr]   --> src/const_val.rs:69:12
[INFO] [stderr]    |
[INFO] [stderr] 69 | pub const  service6:Service = Service(1f64,5f64,7-1,0.5f64);
[INFO] [stderr]    |            ^^^^^^^^ help: convert the identifier to upper case: `SERVICE6`
[INFO] [stderr] 
[INFO] [stderr] warning: constant `service7` should have an upper case name
[INFO] [stderr]   --> src/const_val.rs:70:12
[INFO] [stderr]    |
[INFO] [stderr] 70 | pub const  service7:Service = Service(1f64,10f64,8-1,1f64/3f64);
[INFO] [stderr]    |            ^^^^^^^^ help: convert the identifier to upper case: `SERVICE7`
[INFO] [stderr] 
[INFO] [stderr] warning: `di-dcnc_rs` (bin "di-dcnc_rs" test) generated 11 warnings (run `cargo fix --bin "di-dcnc_rs" --tests` to apply 2 suggestions)
[INFO] [stderr]     Finished `test` profile [unoptimized + debuginfo] target(s) in 0.12s
[INFO] [stderr]      Running unittests src/main.rs (/opt/rustwide/target/debug/deps/di_dcnc_rs-6586fc12e5a7325e)
[INFO] [stdout] 
[INFO] [stdout] running 1 test
[INFO] [stdout] test range_step_to::test_iter ... FAILED
[INFO] [stdout] 
[INFO] [stdout] failures:
[INFO] [stdout] 
[INFO] [stdout] ---- range_step_to::test_iter stdout ----
[INFO] [stdout] thread 'range_step_to::test_iter' panicked at src/range_step_to.rs:36:5:
[INFO] [stdout] assertion `left == right` failed
[INFO] [stdout]   left: [1.0, 3.0, 5.0, 7.0, 9.0, 9.0, 9.3, 9.600000000000001, 9.900000000000002]
[INFO] [stdout]  right: [1.0, 3.0, 5.0, 7.0, 9.0, 9.0, 9.3, 9.6, 9.9]
[INFO] [stdout] stack backtrace:
[INFO] [stdout]    0:     0x5e7144f1775a - std::backtrace_rs::backtrace::libunwind::trace::h8810477743020387
[INFO] [stdout]                                at /rustc/202008a1b8de96d2e5b6bc02d379db03a877d34d/library/std/src/../../backtrace/src/backtrace/libunwind.rs:116:5
[INFO] [stdout]    1:     0x5e7144f1775a - std::backtrace_rs::backtrace::trace_unsynchronized::h3aa55355dd6c54a6
[INFO] [stdout]                                at /rustc/202008a1b8de96d2e5b6bc02d379db03a877d34d/library/std/src/../../backtrace/src/backtrace/mod.rs:66:5
[INFO] [stdout]    2:     0x5e7144f1775a - std::sys::backtrace::_print_fmt::h8588b0f62410823f
[INFO] [stdout]                                at /rustc/202008a1b8de96d2e5b6bc02d379db03a877d34d/library/std/src/sys/backtrace.rs:66:9
[INFO] [stdout]    3:     0x5e7144f1775a - <std::sys::backtrace::BacktraceLock::print::DisplayBacktrace as core::fmt::Display>::fmt::h98c26ac25ffe89bb
[INFO] [stdout]                                at /rustc/202008a1b8de96d2e5b6bc02d379db03a877d34d/library/std/src/sys/backtrace.rs:39:26
[INFO] [stdout]    4:     0x5e7144f3d5f3 - core::fmt::rt::Argument::fmt::hf95377f4aebd453b
[INFO] [stdout]                                at /rustc/202008a1b8de96d2e5b6bc02d379db03a877d34d/library/core/src/fmt/rt.rs:177:76
[INFO] [stdout]    5:     0x5e7144f3d5f3 - core::fmt::write::h0dd5f6e2238c7982
[INFO] [stdout]                                at /rustc/202008a1b8de96d2e5b6bc02d379db03a877d34d/library/core/src/fmt/mod.rs:1189:21
[INFO] [stdout]    6:     0x5e7144f148f3 - std::io::Write::write_fmt::h03bb0ca26e6faf8c
[INFO] [stdout]                                at /rustc/202008a1b8de96d2e5b6bc02d379db03a877d34d/library/std/src/io/mod.rs:1884:15
[INFO] [stdout]    7:     0x5e7144f175a2 - std::sys::backtrace::BacktraceLock::print::h5c19c1c038ee186d
[INFO] [stdout]                                at /rustc/202008a1b8de96d2e5b6bc02d379db03a877d34d/library/std/src/sys/backtrace.rs:42:9
[INFO] [stdout]    8:     0x5e7144f18bdd - std::panicking::default_hook::{{closure}}::h77172f079a1fcb13
[INFO] [stdout]                                at /rustc/202008a1b8de96d2e5b6bc02d379db03a877d34d/library/std/src/panicking.rs:268:22
[INFO] [stdout]    9:     0x5e7144f189e7 - std::panicking::default_hook::he5f8e3b203ccddba
[INFO] [stdout]                                at /rustc/202008a1b8de96d2e5b6bc02d379db03a877d34d/library/std/src/panicking.rs:292:9
[INFO] [stdout]   10:     0x5e7144e25377 - <alloc::boxed::Box<F,A> as core::ops::function::Fn<Args>>::call::h7a3c7b4a1ae77f2f
[INFO] [stdout]                                at /rustc/202008a1b8de96d2e5b6bc02d379db03a877d34d/library/alloc/src/boxed.rs:1986:9
[INFO] [stdout]   11:     0x5e7144e25377 - test::test_main::{{closure}}::hf0d3b69ae9b353d1
[INFO] [stdout]                                at /rustc/202008a1b8de96d2e5b6bc02d379db03a877d34d/library/test/src/lib.rs:134:21
[INFO] [stdout]   12:     0x5e7144f19288 - <alloc::boxed::Box<F,A> as core::ops::function::Fn<Args>>::call::h6332e82e7b189abd
[INFO] [stdout]                                at /rustc/202008a1b8de96d2e5b6bc02d379db03a877d34d/library/alloc/src/boxed.rs:1986:9
[INFO] [stdout]   13:     0x5e7144f19288 - std::panicking::rust_panic_with_hook::h53863d4e9018df39
[INFO] [stdout]                                at /rustc/202008a1b8de96d2e5b6bc02d379db03a877d34d/library/std/src/panicking.rs:809:13
[INFO] [stdout]   14:     0x5e7144f1904a - std::panicking::begin_panic_handler::{{closure}}::h67280e6fa0757873
[INFO] [stdout]                                at /rustc/202008a1b8de96d2e5b6bc02d379db03a877d34d/library/std/src/panicking.rs:674:13
[INFO] [stdout]   15:     0x5e7144f17c39 - std::sys::backtrace::__rust_end_short_backtrace::h1dac3f54d6fbbeb2
[INFO] [stdout]                                at /rustc/202008a1b8de96d2e5b6bc02d379db03a877d34d/library/std/src/sys/backtrace.rs:170:18
[INFO] [stdout]   16:     0x5e7144f18cdc - rust_begin_unwind
[INFO] [stdout]                                at /rustc/202008a1b8de96d2e5b6bc02d379db03a877d34d/library/std/src/panicking.rs:665:5
[INFO] [stdout]   17:     0x5e7144de8c00 - core::panicking::panic_fmt::h6792bd1b2bf01041
[INFO] [stdout]                                at /rustc/202008a1b8de96d2e5b6bc02d379db03a877d34d/library/core/src/panicking.rs:76:14
[INFO] [stdout]   18:     0x5e7144de8fcb - core::panicking::assert_failed_inner::hf2c17e6d30928787
[INFO] [stdout]   19:     0x5e7144dea7b5 - core::panicking::assert_failed::h1777893c8ab4a3bf
[INFO] [stdout]                                at /rustc/202008a1b8de96d2e5b6bc02d379db03a877d34d/library/core/src/panicking.rs:373:5
[INFO] [stdout]   20:     0x5e7144deba81 - di_dcnc_rs::range_step_to::test_iter::h25030205bdb66986
[INFO] [stdout]                                at /opt/rustwide/workdir/src/range_step_to.rs:36:5
[INFO] [stdout]   21:     0x5e7144deb697 - di_dcnc_rs::range_step_to::test_iter::{{closure}}::hf43a31f2cff2e4c0
[INFO] [stdout]                                at /opt/rustwide/workdir/src/range_step_to.rs:30:15
[INFO] [stdout]   22:     0x5e7144dea006 - core::ops::function::FnOnce::call_once::h8212b5b5e160114a
[INFO] [stdout]                                at /rustc/202008a1b8de96d2e5b6bc02d379db03a877d34d/library/core/src/ops/function.rs:250:5
[INFO] [stdout]   23:     0x5e7144e29e9b - core::ops::function::FnOnce::call_once::h871bf86719ec9aa4
[INFO] [stdout]                                at /rustc/202008a1b8de96d2e5b6bc02d379db03a877d34d/library/core/src/ops/function.rs:250:5
[INFO] [stdout]   24:     0x5e7144e29e9b - test::__rust_begin_short_backtrace::h2167df1e2b7d76fd
[INFO] [stdout]                                at /rustc/202008a1b8de96d2e5b6bc02d379db03a877d34d/library/test/src/lib.rs:632:18
[INFO] [stdout]   25:     0x5e7144e29888 - test::run_test_in_process::{{closure}}::h15d92f75a3adfb79
[INFO] [stdout]                                at /rustc/202008a1b8de96d2e5b6bc02d379db03a877d34d/library/test/src/lib.rs:655:60
[INFO] [stdout]   26:     0x5e7144e29888 - <core::panic::unwind_safe::AssertUnwindSafe<F> as core::ops::function::FnOnce<()>>::call_once::hb6c8955835a8dbbb
[INFO] [stdout]                                at /rustc/202008a1b8de96d2e5b6bc02d379db03a877d34d/library/core/src/panic/unwind_safe.rs:272:9
[INFO] [stdout]   27:     0x5e7144e29888 - std::panicking::try::do_call::hc79d0fc888a0bd30
[INFO] [stdout]                                at /rustc/202008a1b8de96d2e5b6bc02d379db03a877d34d/library/std/src/panicking.rs:557:40
[INFO] [stdout]   28:     0x5e7144e29888 - std::panicking::try::hb8a7878e3a8589d6
[INFO] [stdout]                                at /rustc/202008a1b8de96d2e5b6bc02d379db03a877d34d/library/std/src/panicking.rs:520:19
[INFO] [stdout]   29:     0x5e7144e29888 - std::panic::catch_unwind::hb8e4600ff0ff5cfa
[INFO] [stdout]                                at /rustc/202008a1b8de96d2e5b6bc02d379db03a877d34d/library/std/src/panic.rs:358:14
[INFO] [stdout]   30:     0x5e7144e29888 - test::run_test_in_process::hc2900b0b18688dd6
[INFO] [stdout]                                at /rustc/202008a1b8de96d2e5b6bc02d379db03a877d34d/library/test/src/lib.rs:655:27
[INFO] [stdout]   31:     0x5e7144e29888 - test::run_test::{{closure}}::hac2a9cb07be3d48d
[INFO] [stdout]                                at /rustc/202008a1b8de96d2e5b6bc02d379db03a877d34d/library/test/src/lib.rs:576:43
[INFO] [stdout]   32:     0x5e7144ded32a - test::run_test::{{closure}}::h4a5b729e66a38cd8
[INFO] [stdout]                                at /rustc/202008a1b8de96d2e5b6bc02d379db03a877d34d/library/test/src/lib.rs:606:41
[INFO] [stdout]   33:     0x5e7144ded32a - std::sys::backtrace::__rust_begin_short_backtrace::h0496fb742492f573
[INFO] [stdout]                                at /rustc/202008a1b8de96d2e5b6bc02d379db03a877d34d/library/std/src/sys/backtrace.rs:154:18
[INFO] [stdout]   34:     0x5e7144df0ca4 - std::thread::Builder::spawn_unchecked_::{{closure}}::{{closure}}::hbb6d257c550a54bd
[INFO] [stdout]                                at /rustc/202008a1b8de96d2e5b6bc02d379db03a877d34d/library/std/src/thread/mod.rs:561:17
[INFO] [stdout]   35:     0x5e7144df0ca4 - <core::panic::unwind_safe::AssertUnwindSafe<F> as core::ops::function::FnOnce<()>>::call_once::h46696fe4a6832328
[INFO] [stdout]                                at /rustc/202008a1b8de96d2e5b6bc02d379db03a877d34d/library/core/src/panic/unwind_safe.rs:272:9
[INFO] [stdout]   36:     0x5e7144df0ca4 - std::panicking::try::do_call::h2625a51b667bfb64
[INFO] [stdout]                                at /rustc/202008a1b8de96d2e5b6bc02d379db03a877d34d/library/std/src/panicking.rs:557:40
[INFO] [stdout]   37:     0x5e7144df0ca4 - std::panicking::try::hb956a59a1973aa4c
[INFO] [stdout]                                at /rustc/202008a1b8de96d2e5b6bc02d379db03a877d34d/library/std/src/panicking.rs:520:19
[INFO] [stdout]   38:     0x5e7144df0ca4 - std::panic::catch_unwind::h64f3b9d1067ef6a0
[INFO] [stdout]                                at /rustc/202008a1b8de96d2e5b6bc02d379db03a877d34d/library/std/src/panic.rs:358:14
[INFO] [stdout]   39:     0x5e7144df0ca4 - std::thread::Builder::spawn_unchecked_::{{closure}}::h42b2841295b6c0b2
[INFO] [stdout]                                at /rustc/202008a1b8de96d2e5b6bc02d379db03a877d34d/library/std/src/thread/mod.rs:559:30
[INFO] [stdout]   40:     0x5e7144df0ca4 - core::ops::function::FnOnce::call_once{{vtable.shim}}::h6127de71b8124639
[INFO] [stdout]                                at /rustc/202008a1b8de96d2e5b6bc02d379db03a877d34d/library/core/src/ops/function.rs:250:5
[INFO] [stdout]   41:     0x5e7144f1d1cb - <alloc::boxed::Box<F,A> as core::ops::function::FnOnce<Args>>::call_once::h42f0ba71002a1b2c
[INFO] [stdout]                                at /rustc/202008a1b8de96d2e5b6bc02d379db03a877d34d/library/alloc/src/boxed.rs:1972:9
[INFO] [stdout]   42:     0x5e7144f1d1cb - <alloc::boxed::Box<F,A> as core::ops::function::FnOnce<Args>>::call_once::had9e47d7a3dcecb8
[INFO] [stdout]                                at /rustc/202008a1b8de96d2e5b6bc02d379db03a877d34d/library/alloc/src/boxed.rs:1972:9
[INFO] [stdout]   43:     0x5e7144f1d1cb - std::sys::pal::unix::thread::Thread::new::thread_start::h48cf765408f6f5f2
[INFO] [stdout]                                at /rustc/202008a1b8de96d2e5b6bc02d379db03a877d34d/library/std/src/sys/pal/unix/thread.rs:105:17
[INFO] [stdout]   44:     0x7f547a452ac3 - <unknown>
[INFO] [stdout]   45:     0x7f547a4e3a04 - clone
[INFO] [stdout]   46:                0x0 - <unknown>
[INFO] [stdout] 
[INFO] [stdout] 
[INFO] [stdout] failures:
[INFO] [stdout]     range_step_to::test_iter
[INFO] [stdout] 
[INFO] [stdout] test result: FAILED. 0 passed; 1 failed; 0 ignored; 0 measured; 0 filtered out; finished in 0.09s
[INFO] [stdout] 
[INFO] [stderr] error: test failed, to rerun pass `--bin di-dcnc_rs`
[INFO] running `Command { std: "docker" "inspect" "9c168a5a49ef3ba7e12d7fe7cbcff78d260bc4ef6b3142632c34ff3406ee3f52", kill_on_drop: false }`
[INFO] running `Command { std: "docker" "rm" "-f" "9c168a5a49ef3ba7e12d7fe7cbcff78d260bc4ef6b3142632c34ff3406ee3f52", kill_on_drop: false }`
[INFO] [stdout] 9c168a5a49ef3ba7e12d7fe7cbcff78d260bc4ef6b3142632c34ff3406ee3f52
