[INFO] cloning repository https://github.com/Aiving/tsr
[INFO] running `Command { std: "git" "-c" "credential.helper=" "-c" "credential.helper=/workspace/cargo-home/bin/git-credential-null" "clone" "--bare" "https://github.com/Aiving/tsr" "/workspace/cache/git-repos/https%3A%2F%2Fgithub.com%2FAiving%2Ftsr", kill_on_drop: false }`
[INFO] [stderr] Cloning into bare repository '/workspace/cache/git-repos/https%3A%2F%2Fgithub.com%2FAiving%2Ftsr'...
[INFO] running `Command { std: "git" "rev-parse" "HEAD", kill_on_drop: false }`
[INFO] [stdout] f2af415bd57a7ea2df90f09679cfe0bee293abd5
[INFO] testing Aiving/tsr against beta-2024-12-08 for beta-1.84.0-4-retry
[INFO] running `Command { std: "git" "clone" "/workspace/cache/git-repos/https%3A%2F%2Fgithub.com%2FAiving%2Ftsr" "/workspace/builds/worker-3-tc2/source", kill_on_drop: false }`
[INFO] [stderr] Cloning into '/workspace/builds/worker-3-tc2/source'...
[INFO] [stderr] done.
[INFO] validating manifest of git repo https://github.com/Aiving/tsr on toolchain beta-2024-12-08
[INFO] running `Command { std: CARGO_HOME="/workspace/cargo-home" RUSTUP_HOME="/workspace/rustup-home" "/workspace/cargo-home/bin/cargo" "+beta-2024-12-08" "metadata" "--manifest-path" "Cargo.toml" "--no-deps", kill_on_drop: false }`
[INFO] started tweaking git repo https://github.com/Aiving/tsr
[INFO] finished tweaking git repo https://github.com/Aiving/tsr
[INFO] tweaked toml for git repo https://github.com/Aiving/tsr written to /workspace/builds/worker-3-tc2/source/Cargo.toml
[INFO] crate git repo https://github.com/Aiving/tsr already has a lockfile, it will not be regenerated
[INFO] running `Command { std: CARGO_HOME="/workspace/cargo-home" RUSTUP_HOME="/workspace/rustup-home" "/workspace/cargo-home/bin/cargo" "+beta-2024-12-08" "fetch" "--manifest-path" "Cargo.toml", kill_on_drop: false }`
[INFO] running `Command { std: "docker" "create" "-v" "/var/lib/crater-agent-workspace/builds/worker-3-tc2/target:/opt/rustwide/target:rw,Z" "-v" "/var/lib/crater-agent-workspace/builds/worker-3-tc2/source:/opt/rustwide/workdir:ro,Z" "-v" "/var/lib/crater-agent-workspace/cargo-home:/opt/rustwide/cargo-home:ro,Z" "-v" "/var/lib/crater-agent-workspace/rustup-home:/opt/rustwide/rustup-home:ro,Z" "-e" "SOURCE_DIR=/opt/rustwide/workdir" "-e" "CARGO_TARGET_DIR=/opt/rustwide/target" "-e" "CARGO_HOME=/opt/rustwide/cargo-home" "-e" "RUSTUP_HOME=/opt/rustwide/rustup-home" "-w" "/opt/rustwide/workdir" "-m" "1610612736" "--user" "0:0" "--network" "none" "ghcr.io/rust-lang/crates-build-env/linux@sha256:f3a9d4ad9d972b27faf3965f35b62e55ba32bbce8f20bc8fe909558a86702fde" "/opt/rustwide/cargo-home/bin/cargo" "+beta-2024-12-08" "metadata" "--no-deps" "--format-version=1", kill_on_drop: false }`
[INFO] [stdout] 2617bf429b80b2b744c20bd3fceac6cfb89758d5d8cca4ea6a2b8fbdc7acccec
[INFO] running `Command { std: "docker" "start" "-a" "2617bf429b80b2b744c20bd3fceac6cfb89758d5d8cca4ea6a2b8fbdc7acccec", kill_on_drop: false }`
[INFO] running `Command { std: "docker" "inspect" "2617bf429b80b2b744c20bd3fceac6cfb89758d5d8cca4ea6a2b8fbdc7acccec", kill_on_drop: false }`
[INFO] running `Command { std: "docker" "rm" "-f" "2617bf429b80b2b744c20bd3fceac6cfb89758d5d8cca4ea6a2b8fbdc7acccec", kill_on_drop: false }`
[INFO] [stdout] 2617bf429b80b2b744c20bd3fceac6cfb89758d5d8cca4ea6a2b8fbdc7acccec
[INFO] running `Command { std: "docker" "create" "-v" "/var/lib/crater-agent-workspace/builds/worker-3-tc2/target:/opt/rustwide/target:rw,Z" "-v" "/var/lib/crater-agent-workspace/builds/worker-3-tc2/source:/opt/rustwide/workdir:ro,Z" "-v" "/var/lib/crater-agent-workspace/cargo-home:/opt/rustwide/cargo-home:ro,Z" "-v" "/var/lib/crater-agent-workspace/rustup-home:/opt/rustwide/rustup-home:ro,Z" "-e" "SOURCE_DIR=/opt/rustwide/workdir" "-e" "CARGO_TARGET_DIR=/opt/rustwide/target" "-e" "CARGO_INCREMENTAL=0" "-e" "RUST_BACKTRACE=full" "-e" "RUSTFLAGS=--cap-lints=warn" "-e" "RUSTDOCFLAGS=--cap-lints=warn" "-e" "CARGO_HOME=/opt/rustwide/cargo-home" "-e" "RUSTUP_HOME=/opt/rustwide/rustup-home" "-w" "/opt/rustwide/workdir" "-m" "1610612736" "--user" "0:0" "--network" "none" "ghcr.io/rust-lang/crates-build-env/linux@sha256:f3a9d4ad9d972b27faf3965f35b62e55ba32bbce8f20bc8fe909558a86702fde" "/opt/rustwide/cargo-home/bin/cargo" "+beta-2024-12-08" "build" "--frozen" "--message-format=json", kill_on_drop: false }`
[INFO] [stdout] 38e6405758fe257da83ee3e684ae7a8e39b84f5d2fb3e781b05bf3c3aee90652
[INFO] running `Command { std: "docker" "start" "-a" "38e6405758fe257da83ee3e684ae7a8e39b84f5d2fb3e781b05bf3c3aee90652", kill_on_drop: false }`
[INFO] [stderr]    Compiling proc-macro2 v1.0.79
[INFO] [stderr]    Compiling unicode-ident v1.0.12
[INFO] [stderr]    Compiling memchr v2.7.1
[INFO] [stderr]    Compiling fnv v1.0.7
[INFO] [stderr]    Compiling bytecount v0.6.7
[INFO] [stderr]    Compiling syn v1.0.109
[INFO] [stderr]    Compiling stable_deref_trait v1.2.0
[INFO] [stderr]    Compiling owo-colors v4.0.0
[INFO] [stderr]    Compiling safer_owning_ref v0.5.0
[INFO] [stderr]    Compiling nom v7.1.3
[INFO] [stderr]    Compiling quote v1.0.35
[INFO] [stderr]    Compiling syn v2.0.53
[INFO] [stderr]    Compiling nom_locate v4.2.0
[INFO] [stderr]    Compiling tsr-lexer v0.0.0 (/opt/rustwide/workdir/lexer)
[INFO] [stderr]    Compiling tsr-parser v0.0.0 (/opt/rustwide/workdir/parser)
[INFO] [stderr]    Compiling derivative v2.2.0
[INFO] [stderr]    Compiling darling_core v0.20.8
[INFO] [stderr]    Compiling darling_macro v0.20.8
[INFO] [stderr]    Compiling darling v0.20.8
[INFO] [stderr]    Compiling tsr-macro v0.1.0 (/opt/rustwide/workdir/macro)
[INFO] [stderr]    Compiling tsr-runtime v0.0.0 (/opt/rustwide/workdir/runtime)
[INFO] [stdout] warning: unreachable arm
[INFO] [stdout]   --> runtime/src/eval/expression/call.rs:13:50
[INFO] [stdout]    |
[INFO] [stdout] 12 |               Value::Reference(path, scope) => match todo!() {
[INFO] [stdout]    |                                                      ------- any code following this expression is unreachable
[INFO] [stdout] 13 |                   Value::Reference(path, scope) => self
[INFO] [stdout]    |  __________________________________________________^
[INFO] [stdout] 14 | |                     .context
[INFO] [stdout] 15 | |                     .lock()
[INFO] [stdout] 16 | |                     .unwrap()
[INFO] [stdout] ...  |
[INFO] [stdout] 19 | |                     .value
[INFO] [stdout] 20 | |                     .clone(),
[INFO] [stdout]    | |____________________________^ unreachable arm
[INFO] [stdout]    |
[INFO] [stdout]    = note: `#[warn(unreachable_code)]` on by default
[INFO] [stdout] 
[INFO] [stdout] 
[INFO] [stdout] warning: unused variable: `path`
[INFO] [stdout]   --> runtime/src/eval/expression/array.rs:15:34
[INFO] [stdout]    |
[INFO] [stdout] 15 |                 Value::Reference(path, scope) => todo!(),
[INFO] [stdout]    |                                  ^^^^ help: if this is intentional, prefix it with an underscore: `_path`
[INFO] [stdout]    |
[INFO] [stdout]    = note: `#[warn(unused_variables)]` on by default
[INFO] [stdout] 
[INFO] [stdout] 
[INFO] [stdout] warning: unused variable: `scope`
[INFO] [stdout]   --> runtime/src/eval/expression/array.rs:15:40
[INFO] [stdout]    |
[INFO] [stdout] 15 |                 Value::Reference(path, scope) => todo!(),
[INFO] [stdout]    |                                        ^^^^^ help: if this is intentional, prefix it with an underscore: `_scope`
[INFO] [stdout] 
[INFO] [stdout] 
[INFO] [stdout] warning: unused variable: `path`
[INFO] [stdout]   --> runtime/src/eval/expression/binary.rs:74:42
[INFO] [stdout]    |
[INFO] [stdout] 74 |                         Value::Reference(path, scope) => todo!(),
[INFO] [stdout]    |                                          ^^^^ help: if this is intentional, prefix it with an underscore: `_path`
[INFO] [stdout] 
[INFO] [stdout] 
[INFO] [stdout] warning: unused variable: `scope`
[INFO] [stdout]   --> runtime/src/eval/expression/binary.rs:74:48
[INFO] [stdout]    |
[INFO] [stdout] 74 |                         Value::Reference(path, scope) => todo!(),
[INFO] [stdout]    |                                                ^^^^^ help: if this is intentional, prefix it with an underscore: `_scope`
[INFO] [stdout] 
[INFO] [stdout] 
[INFO] [stdout] warning: unused variable: `path`
[INFO] [stdout]   --> runtime/src/eval/expression/call.rs:12:30
[INFO] [stdout]    |
[INFO] [stdout] 12 |             Value::Reference(path, scope) => match todo!() {
[INFO] [stdout]    |                              ^^^^ help: if this is intentional, prefix it with an underscore: `_path`
[INFO] [stdout] 
[INFO] [stdout] 
[INFO] [stdout] warning: unused variable: `scope`
[INFO] [stdout]   --> runtime/src/eval/expression/call.rs:12:36
[INFO] [stdout]    |
[INFO] [stdout] 12 |             Value::Reference(path, scope) => match todo!() {
[INFO] [stdout]    |                                    ^^^^^ help: if this is intentional, prefix it with an underscore: `_scope`
[INFO] [stdout] 
[INFO] [stdout] 
[INFO] [stdout] warning: unused variable: `path`
[INFO] [stdout]   --> runtime/src/eval/expression/call.rs:32:42
[INFO] [stdout]    |
[INFO] [stdout] 32 |                         Value::Reference(path, scope) => todo!(),
[INFO] [stdout]    |                                          ^^^^ help: if this is intentional, prefix it with an underscore: `_path`
[INFO] [stdout] 
[INFO] [stdout] 
[INFO] [stdout] warning: unused variable: `scope`
[INFO] [stdout]   --> runtime/src/eval/expression/call.rs:32:48
[INFO] [stdout]    |
[INFO] [stdout] 32 |                         Value::Reference(path, scope) => todo!(),
[INFO] [stdout]    |                                                ^^^^^ help: if this is intentional, prefix it with an underscore: `_scope`
[INFO] [stdout] 
[INFO] [stdout] 
[INFO] [stdout] warning: unused variable: `index_span`
[INFO] [stdout]   --> runtime/src/eval/expression/index.rs:11:14
[INFO] [stdout]    |
[INFO] [stdout] 11 |         let (index_span, index) = (
[INFO] [stdout]    |              ^^^^^^^^^^ help: if this is intentional, prefix it with an underscore: `_index_span`
[INFO] [stdout] 
[INFO] [stdout] 
[INFO] [stdout] warning: unused variable: `span`
[INFO] [stdout]  --> runtime/src/eval/statement/export.rs:8:14
[INFO] [stdout]   |
[INFO] [stdout] 8 |         let (span, value) = export.unpack();
[INFO] [stdout]   |              ^^^^ help: if this is intentional, prefix it with an underscore: `_span`
[INFO] [stdout] 
[INFO] [stdout] 
[INFO] [stdout] warning: unused variable: `statement`
[INFO] [stdout]  --> runtime/src/eval/statement/if_else.rs:7:31
[INFO] [stdout]   |
[INFO] [stdout] 7 |     pub fn eval_if(&mut self, statement: Positioned<IfStatement>) -> Value {
[INFO] [stdout]   |                               ^^^^^^^^^ help: if this is intentional, prefix it with an underscore: `_statement`
[INFO] [stdout] 
[INFO] [stdout] 
[INFO] [stdout] warning: unused variable: `span`
[INFO] [stdout]   --> runtime/src/eval/statement/variable.rs:11:14
[INFO] [stdout]    |
[INFO] [stdout] 11 |         let (span, variables) = variables.unpack();
[INFO] [stdout]    |              ^^^^ help: if this is intentional, prefix it with an underscore: `_span`
[INFO] [stdout] 
[INFO] [stdout] 
[INFO] [stdout] warning: unused variable: `path`
[INFO] [stdout]   --> runtime/src/eval/statement/variable.rs:25:42
[INFO] [stdout]    |
[INFO] [stdout] 25 |                         Value::Reference(path, scope) => todo!(),
[INFO] [stdout]    |                                          ^^^^ help: if this is intentional, prefix it with an underscore: `_path`
[INFO] [stdout] 
[INFO] [stdout] 
[INFO] [stdout] warning: unused variable: `scope`
[INFO] [stdout]   --> runtime/src/eval/statement/variable.rs:25:48
[INFO] [stdout]    |
[INFO] [stdout] 25 |                         Value::Reference(path, scope) => todo!(),
[INFO] [stdout]    |                                                ^^^^^ help: if this is intentional, prefix it with an underscore: `_scope`
[INFO] [stdout] 
[INFO] [stdout] 
[INFO] [stdout] warning: unused variable: `signature`
[INFO] [stdout]    --> runtime/src/value/mod.rs:606:47
[INFO] [stdout]     |
[INFO] [stdout] 606 | ...                   Signature::Method(signature) => name,
[INFO] [stdout]     |                                         ^^^^^^^^^ help: if this is intentional, prefix it with an underscore: `_signature`
[INFO] [stdout] 
[INFO] [stdout] 
[INFO] [stdout] warning: unused variable: `members`
[INFO] [stdout]    --> runtime/src/value/mod.rs:736:49
[INFO] [stdout]     |
[INFO] [stdout] 736 |                         PrimaryType::ObjectType(members) => match self {
[INFO] [stdout]     |                                                 ^^^^^^^ help: if this is intentional, prefix it with an underscore: `_members`
[INFO] [stdout] 
[INFO] [stdout] 
[INFO] [stdout] warning: unused variable: `func`
[INFO] [stdout]    --> runtime/src/value/mod.rs:834:34
[INFO] [stdout]     |
[INFO] [stdout] 834 |             Value::ArrowFunction(func) => PredefinedType::Any.into(),
[INFO] [stdout]     |                                  ^^^^ help: if this is intentional, prefix it with an underscore: `_func`
[INFO] [stdout] 
[INFO] [stdout] 
[INFO] [stdout] warning: unused variable: `name`
[INFO] [stdout]    --> runtime/src/value/mod.rs:837:17
[INFO] [stdout]     |
[INFO] [stdout] 837 |                 name,
[INFO] [stdout]     |                 ^^^^ help: try ignoring the field: `name: _`
[INFO] [stdout] 
[INFO] [stdout] 
[INFO] [stdout] warning: unused variable: `extends`
[INFO] [stdout]    --> runtime/src/value/mod.rs:838:17
[INFO] [stdout]     |
[INFO] [stdout] 838 |                 extends,
[INFO] [stdout]     |                 ^^^^^^^ help: try ignoring the field: `extends: _`
[INFO] [stdout] 
[INFO] [stdout] 
[INFO] [stdout] warning: unused variable: `signatures`
[INFO] [stdout]    --> runtime/src/value/mod.rs:839:17
[INFO] [stdout]     |
[INFO] [stdout] 839 |                 signatures,
[INFO] [stdout]     |                 ^^^^^^^^^^ help: try ignoring the field: `signatures: _`
[INFO] [stdout] 
[INFO] [stdout] 
[INFO] [stdout] warning: unused variable: `name`
[INFO] [stdout]    --> runtime/src/value/mod.rs:842:17
[INFO] [stdout]     |
[INFO] [stdout] 842 |                 name,
[INFO] [stdout]     |                 ^^^^ help: try ignoring the field: `name: _`
[INFO] [stdout] 
[INFO] [stdout] 
[INFO] [stdout] warning: unused variable: `extends`
[INFO] [stdout]    --> runtime/src/value/mod.rs:843:17
[INFO] [stdout]     |
[INFO] [stdout] 843 |                 extends,
[INFO] [stdout]     |                 ^^^^^^^ help: try ignoring the field: `extends: _`
[INFO] [stdout] 
[INFO] [stdout] 
[INFO] [stdout] warning: unused variable: `implements`
[INFO] [stdout]    --> runtime/src/value/mod.rs:844:17
[INFO] [stdout]     |
[INFO] [stdout] 844 |                 implements,
[INFO] [stdout]     |                 ^^^^^^^^^^ help: try ignoring the field: `implements: _`
[INFO] [stdout] 
[INFO] [stdout] 
[INFO] [stdout] warning: unused variable: `constructors`
[INFO] [stdout]    --> runtime/src/value/mod.rs:845:17
[INFO] [stdout]     |
[INFO] [stdout] 845 |                 constructors,
[INFO] [stdout]     |                 ^^^^^^^^^^^^ help: try ignoring the field: `constructors: _`
[INFO] [stdout] 
[INFO] [stdout] 
[INFO] [stdout] warning: unused variable: `fields`
[INFO] [stdout]    --> runtime/src/value/mod.rs:846:17
[INFO] [stdout]     |
[INFO] [stdout] 846 |                 fields,
[INFO] [stdout]     |                 ^^^^^^ help: try ignoring the field: `fields: _`
[INFO] [stdout] 
[INFO] [stdout] 
[INFO] [stdout] warning: unused variable: `methods`
[INFO] [stdout]    --> runtime/src/value/mod.rs:847:17
[INFO] [stdout]     |
[INFO] [stdout] 847 |                 methods,
[INFO] [stdout]     |                 ^^^^^^^ help: try ignoring the field: `methods: _`
[INFO] [stdout] 
[INFO] [stdout] 
[INFO] [stdout] warning: unused variable: `span`
[INFO] [stdout]    --> runtime/src/value/mod.rs:851:26
[INFO] [stdout]     |
[INFO] [stdout] 851 |             Value::Error(span, code, message) => PredefinedType::Void.into(),
[INFO] [stdout]     |                          ^^^^ help: if this is intentional, prefix it with an underscore: `_span`
[INFO] [stdout] 
[INFO] [stdout] 
[INFO] [stdout] warning: unused variable: `code`
[INFO] [stdout]    --> runtime/src/value/mod.rs:851:32
[INFO] [stdout]     |
[INFO] [stdout] 851 |             Value::Error(span, code, message) => PredefinedType::Void.into(),
[INFO] [stdout]     |                                ^^^^ help: if this is intentional, prefix it with an underscore: `_code`
[INFO] [stdout] 
[INFO] [stdout] 
[INFO] [stdout] warning: unused variable: `message`
[INFO] [stdout]    --> runtime/src/value/mod.rs:851:38
[INFO] [stdout]     |
[INFO] [stdout] 851 |             Value::Error(span, code, message) => PredefinedType::Void.into(),
[INFO] [stdout]     |                                      ^^^^^^^ help: if this is intentional, prefix it with an underscore: `_message`
[INFO] [stdout] 
[INFO] [stdout] 
[INFO] [stdout] warning: unused variable: `name`
[INFO] [stdout]    --> runtime/src/value/mod.rs:853:32
[INFO] [stdout]     |
[INFO] [stdout] 853 |             Value::TypeAlias { name, ty } => todo!(),
[INFO] [stdout]     |                                ^^^^ help: try ignoring the field: `name: _`
[INFO] [stdout] 
[INFO] [stdout] 
[INFO] [stdout] warning: unused variable: `ty`
[INFO] [stdout]    --> runtime/src/value/mod.rs:853:38
[INFO] [stdout]     |
[INFO] [stdout] 853 |             Value::TypeAlias { name, ty } => todo!(),
[INFO] [stdout]     |                                      ^^ help: try ignoring the field: `ty: _`
[INFO] [stdout] 
[INFO] [stdout] 
[INFO] [stdout] warning: unused variable: `path`
[INFO] [stdout]    --> runtime/src/lib.rs:272:30
[INFO] [stdout]     |
[INFO] [stdout] 272 |             Value::Reference(path, scope) => todo!(),
[INFO] [stdout]     |                              ^^^^ help: if this is intentional, prefix it with an underscore: `_path`
[INFO] [stdout] 
[INFO] [stdout] 
[INFO] [stdout] warning: unused variable: `scope`
[INFO] [stdout]    --> runtime/src/lib.rs:272:36
[INFO] [stdout]     |
[INFO] [stdout] 272 |             Value::Reference(path, scope) => todo!(),
[INFO] [stdout]     |                                    ^^^^^ help: if this is intentional, prefix it with an underscore: `_scope`
[INFO] [stdout] 
[INFO] [stdout] 
[INFO] [stdout] warning: field `types` is never read
[INFO] [stdout]    --> runtime/src/lib.rs:135:5
[INFO] [stdout]     |
[INFO] [stdout] 134 | pub struct Runtime {
[INFO] [stdout]     |            ------- field in this struct
[INFO] [stdout] 135 |     types: Arc<RwLock<HashMap<String, Type>>>,
[INFO] [stdout]     |     ^^^^^
[INFO] [stdout]     |
[INFO] [stdout]     = note: `Runtime` has derived impls for the traits `Clone` and `Debug`, but these are intentionally ignored during dead code analysis
[INFO] [stdout]     = note: `#[warn(dead_code)]` on by default
[INFO] [stdout] 
[INFO] [stdout] 
[INFO] [stdout] warning: method `clear_scope_variables_filtered` is never used
[INFO] [stdout]    --> runtime/src/lib.rs:182:8
[INFO] [stdout]     |
[INFO] [stdout] 154 | impl Runtime {
[INFO] [stdout]     | ------------ method in this implementation
[INFO] [stdout] ...
[INFO] [stdout] 182 |     fn clear_scope_variables_filtered(&mut self, variables: &[String]) {
[INFO] [stdout]     |        ^^^^^^^^^^^^^^^^^^^^^^^^^^^^^^
[INFO] [stdout] 
[INFO] [stdout] 
[INFO] [stdout] warning: method `is_array` is never used
[INFO] [stdout]    --> runtime/src/lib.rs:269:8
[INFO] [stdout]     |
[INFO] [stdout] 268 | impl Runtime {
[INFO] [stdout]     | ------------ method in this implementation
[INFO] [stdout] 269 |     fn is_array(&self, value: Value) -> bool {
[INFO] [stdout]     |        ^^^^^^^^
[INFO] [stdout] 
[INFO] [stdout] 
[INFO] [stdout] warning: function `format_message` is never used
[INFO] [stdout]   --> runtime/src/value/mod.rs:62:4
[INFO] [stdout]    |
[INFO] [stdout] 62 | fn format_message(message: &str, args: impl Args) -> String {
[INFO] [stdout]    |    ^^^^^^^^^^^^^^
[INFO] [stdout] 
[INFO] [stdout] 
[INFO] [stderr]     Finished `dev` profile [unoptimized + debuginfo] target(s) in 19.58s
[INFO] running `Command { std: "docker" "inspect" "38e6405758fe257da83ee3e684ae7a8e39b84f5d2fb3e781b05bf3c3aee90652", kill_on_drop: false }`
[INFO] running `Command { std: "docker" "rm" "-f" "38e6405758fe257da83ee3e684ae7a8e39b84f5d2fb3e781b05bf3c3aee90652", kill_on_drop: false }`
[INFO] [stdout] 38e6405758fe257da83ee3e684ae7a8e39b84f5d2fb3e781b05bf3c3aee90652
[INFO] running `Command { std: "docker" "create" "-v" "/var/lib/crater-agent-workspace/builds/worker-3-tc2/target:/opt/rustwide/target:rw,Z" "-v" "/var/lib/crater-agent-workspace/builds/worker-3-tc2/source:/opt/rustwide/workdir:ro,Z" "-v" "/var/lib/crater-agent-workspace/cargo-home:/opt/rustwide/cargo-home:ro,Z" "-v" "/var/lib/crater-agent-workspace/rustup-home:/opt/rustwide/rustup-home:ro,Z" "-e" "SOURCE_DIR=/opt/rustwide/workdir" "-e" "CARGO_TARGET_DIR=/opt/rustwide/target" "-e" "CARGO_INCREMENTAL=0" "-e" "RUST_BACKTRACE=full" "-e" "RUSTFLAGS=--cap-lints=warn" "-e" "RUSTDOCFLAGS=--cap-lints=warn" "-e" "CARGO_HOME=/opt/rustwide/cargo-home" "-e" "RUSTUP_HOME=/opt/rustwide/rustup-home" "-w" "/opt/rustwide/workdir" "-m" "1610612736" "--user" "0:0" "--network" "none" "ghcr.io/rust-lang/crates-build-env/linux@sha256:f3a9d4ad9d972b27faf3965f35b62e55ba32bbce8f20bc8fe909558a86702fde" "/opt/rustwide/cargo-home/bin/cargo" "+beta-2024-12-08" "test" "--frozen" "--no-run" "--message-format=json", kill_on_drop: false }`
[INFO] [stdout] b7932a742500744906ba2390aaec50c4c652ad8f8397983e28299184605a2c68
[INFO] running `Command { std: "docker" "start" "-a" "b7932a742500744906ba2390aaec50c4c652ad8f8397983e28299184605a2c68", kill_on_drop: false }`
[INFO] [stderr]    Compiling tsr-lexer v0.0.0 (/opt/rustwide/workdir/lexer)
[INFO] [stderr]    Compiling tsr-macro v0.1.0 (/opt/rustwide/workdir/macro)
[INFO] [stderr]    Compiling tsr-parser v0.0.0 (/opt/rustwide/workdir/parser)
[INFO] [stderr]    Compiling tsr-runtime v0.0.0 (/opt/rustwide/workdir/runtime)
[INFO] [stdout] warning: unreachable arm
[INFO] [stdout]   --> runtime/src/eval/expression/call.rs:13:50
[INFO] [stdout]    |
[INFO] [stdout] 12 |               Value::Reference(path, scope) => match todo!() {
[INFO] [stdout]    |                                                      ------- any code following this expression is unreachable
[INFO] [stdout] 13 |                   Value::Reference(path, scope) => self
[INFO] [stdout]    |  __________________________________________________^
[INFO] [stdout] 14 | |                     .context
[INFO] [stdout] 15 | |                     .lock()
[INFO] [stdout] 16 | |                     .unwrap()
[INFO] [stdout] ...  |
[INFO] [stdout] 19 | |                     .value
[INFO] [stdout] 20 | |                     .clone(),
[INFO] [stdout]    | |____________________________^ unreachable arm
[INFO] [stdout]    |
[INFO] [stdout]    = note: `#[warn(unreachable_code)]` on by default
[INFO] [stdout] 
[INFO] [stdout] 
[INFO] [stdout] warning: unreachable arm
[INFO] [stdout]   --> runtime/src/eval/expression/call.rs:13:50
[INFO] [stdout]    |
[INFO] [stdout] 12 |               Value::Reference(path, scope) => match todo!() {
[INFO] [stdout]    |                                                      ------- any code following this expression is unreachable
[INFO] [stdout] 13 |                   Value::Reference(path, scope) => self
[INFO] [stdout]    |  __________________________________________________^
[INFO] [stdout] 14 | |                     .context
[INFO] [stdout] 15 | |                     .lock()
[INFO] [stdout] 16 | |                     .unwrap()
[INFO] [stdout] ...  |
[INFO] [stdout] 19 | |                     .value
[INFO] [stdout] 20 | |                     .clone(),
[INFO] [stdout]    | |____________________________^ unreachable arm
[INFO] [stdout]    |
[INFO] [stdout]    = note: `#[warn(unreachable_code)]` on by default
[INFO] [stdout] 
[INFO] [stdout] 
[INFO] [stdout] warning: unused variable: `path`
[INFO] [stdout]   --> runtime/src/eval/expression/array.rs:15:34
[INFO] [stdout]    |
[INFO] [stdout] 15 |                 Value::Reference(path, scope) => todo!(),
[INFO] [stdout]    |                                  ^^^^ help: if this is intentional, prefix it with an underscore: `_path`
[INFO] [stdout]    |
[INFO] [stdout]    = note: `#[warn(unused_variables)]` on by default
[INFO] [stdout] 
[INFO] [stdout] 
[INFO] [stdout] warning: unused variable: `scope`
[INFO] [stdout]   --> runtime/src/eval/expression/array.rs:15:40
[INFO] [stdout]    |
[INFO] [stdout] 15 |                 Value::Reference(path, scope) => todo!(),
[INFO] [stdout]    |                                        ^^^^^ help: if this is intentional, prefix it with an underscore: `_scope`
[INFO] [stdout] 
[INFO] [stdout] 
[INFO] [stdout] warning: unused variable: `path`
[INFO] [stdout]   --> runtime/src/eval/expression/binary.rs:74:42
[INFO] [stdout]    |
[INFO] [stdout] 74 |                         Value::Reference(path, scope) => todo!(),
[INFO] [stdout]    |                                          ^^^^ help: if this is intentional, prefix it with an underscore: `_path`
[INFO] [stdout] 
[INFO] [stdout] 
[INFO] [stdout] warning: unused variable: `scope`
[INFO] [stdout]   --> runtime/src/eval/expression/binary.rs:74:48
[INFO] [stdout]    |
[INFO] [stdout] 74 |                         Value::Reference(path, scope) => todo!(),
[INFO] [stdout]    |                                                ^^^^^ help: if this is intentional, prefix it with an underscore: `_scope`
[INFO] [stdout] 
[INFO] [stdout] 
[INFO] [stdout] warning: unused variable: `path`
[INFO] [stdout]   --> runtime/src/eval/expression/call.rs:12:30
[INFO] [stdout]    |
[INFO] [stdout] 12 |             Value::Reference(path, scope) => match todo!() {
[INFO] [stdout]    |                              ^^^^ help: if this is intentional, prefix it with an underscore: `_path`
[INFO] [stdout] 
[INFO] [stdout] 
[INFO] [stdout] warning: unused variable: `scope`
[INFO] [stdout]   --> runtime/src/eval/expression/call.rs:12:36
[INFO] [stdout]    |
[INFO] [stdout] 12 |             Value::Reference(path, scope) => match todo!() {
[INFO] [stdout]    |                                    ^^^^^ help: if this is intentional, prefix it with an underscore: `_scope`
[INFO] [stdout] 
[INFO] [stdout] 
[INFO] [stdout] warning: unused variable: `path`
[INFO] [stdout]   --> runtime/src/eval/expression/call.rs:32:42
[INFO] [stdout]    |
[INFO] [stdout] 32 |                         Value::Reference(path, scope) => todo!(),
[INFO] [stdout]    |                                          ^^^^ help: if this is intentional, prefix it with an underscore: `_path`
[INFO] [stdout] 
[INFO] [stdout] 
[INFO] [stdout] warning: unused variable: `scope`
[INFO] [stdout]   --> runtime/src/eval/expression/call.rs:32:48
[INFO] [stdout]    |
[INFO] [stdout] 32 |                         Value::Reference(path, scope) => todo!(),
[INFO] [stdout]    |                                                ^^^^^ help: if this is intentional, prefix it with an underscore: `_scope`
[INFO] [stdout] 
[INFO] [stdout] 
[INFO] [stdout] warning: unused variable: `index_span`
[INFO] [stdout]   --> runtime/src/eval/expression/index.rs:11:14
[INFO] [stdout]    |
[INFO] [stdout] 11 |         let (index_span, index) = (
[INFO] [stdout]    |              ^^^^^^^^^^ help: if this is intentional, prefix it with an underscore: `_index_span`
[INFO] [stdout] 
[INFO] [stdout] 
[INFO] [stdout] warning: unused variable: `span`
[INFO] [stdout]  --> runtime/src/eval/statement/export.rs:8:14
[INFO] [stdout]   |
[INFO] [stdout] 8 |         let (span, value) = export.unpack();
[INFO] [stdout]   |              ^^^^ help: if this is intentional, prefix it with an underscore: `_span`
[INFO] [stdout] 
[INFO] [stdout] 
[INFO] [stdout] warning: unused variable: `statement`
[INFO] [stdout]  --> runtime/src/eval/statement/if_else.rs:7:31
[INFO] [stdout]   |
[INFO] [stdout] 7 |     pub fn eval_if(&mut self, statement: Positioned<IfStatement>) -> Value {
[INFO] [stdout]   |                               ^^^^^^^^^ help: if this is intentional, prefix it with an underscore: `_statement`
[INFO] [stdout] 
[INFO] [stdout] 
[INFO] [stdout] warning: unused variable: `span`
[INFO] [stdout]   --> runtime/src/eval/statement/variable.rs:11:14
[INFO] [stdout]    |
[INFO] [stdout] 11 |         let (span, variables) = variables.unpack();
[INFO] [stdout]    |              ^^^^ help: if this is intentional, prefix it with an underscore: `_span`
[INFO] [stdout] 
[INFO] [stdout] 
[INFO] [stdout] warning: unused variable: `path`
[INFO] [stdout]   --> runtime/src/eval/statement/variable.rs:25:42
[INFO] [stdout]    |
[INFO] [stdout] 25 |                         Value::Reference(path, scope) => todo!(),
[INFO] [stdout]    |                                          ^^^^ help: if this is intentional, prefix it with an underscore: `_path`
[INFO] [stdout] 
[INFO] [stdout] 
[INFO] [stdout] warning: unused variable: `scope`
[INFO] [stdout]   --> runtime/src/eval/statement/variable.rs:25:48
[INFO] [stdout]    |
[INFO] [stdout] 25 |                         Value::Reference(path, scope) => todo!(),
[INFO] [stdout]    |                                                ^^^^^ help: if this is intentional, prefix it with an underscore: `_scope`
[INFO] [stdout] 
[INFO] [stdout] 
[INFO] [stdout] warning: unused variable: `signature`
[INFO] [stdout]    --> runtime/src/value/mod.rs:606:47
[INFO] [stdout]     |
[INFO] [stdout] 606 | ...                   Signature::Method(signature) => name,
[INFO] [stdout]     |                                         ^^^^^^^^^ help: if this is intentional, prefix it with an underscore: `_signature`
[INFO] [stdout] 
[INFO] [stdout] 
[INFO] [stdout] warning: unused variable: `members`
[INFO] [stdout]    --> runtime/src/value/mod.rs:736:49
[INFO] [stdout]     |
[INFO] [stdout] 736 |                         PrimaryType::ObjectType(members) => match self {
[INFO] [stdout]     |                                                 ^^^^^^^ help: if this is intentional, prefix it with an underscore: `_members`
[INFO] [stdout] 
[INFO] [stdout] 
[INFO] [stdout] warning: unused variable: `func`
[INFO] [stdout]    --> runtime/src/value/mod.rs:834:34
[INFO] [stdout]     |
[INFO] [stdout] 834 |             Value::ArrowFunction(func) => PredefinedType::Any.into(),
[INFO] [stdout]     |                                  ^^^^ help: if this is intentional, prefix it with an underscore: `_func`
[INFO] [stdout] 
[INFO] [stdout] 
[INFO] [stdout] warning: unused variable: `name`
[INFO] [stdout]    --> runtime/src/value/mod.rs:837:17
[INFO] [stdout]     |
[INFO] [stdout] 837 |                 name,
[INFO] [stdout]     |                 ^^^^ help: try ignoring the field: `name: _`
[INFO] [stdout] 
[INFO] [stdout] 
[INFO] [stdout] warning: unused variable: `extends`
[INFO] [stdout]    --> runtime/src/value/mod.rs:838:17
[INFO] [stdout]     |
[INFO] [stdout] 838 |                 extends,
[INFO] [stdout]     |                 ^^^^^^^ help: try ignoring the field: `extends: _`
[INFO] [stdout] 
[INFO] [stdout] 
[INFO] [stdout] warning: unused variable: `signatures`
[INFO] [stdout]    --> runtime/src/value/mod.rs:839:17
[INFO] [stdout]     |
[INFO] [stdout] 839 |                 signatures,
[INFO] [stdout]     |                 ^^^^^^^^^^ help: try ignoring the field: `signatures: _`
[INFO] [stdout] 
[INFO] [stdout] 
[INFO] [stdout] warning: unused variable: `name`
[INFO] [stdout]    --> runtime/src/value/mod.rs:842:17
[INFO] [stdout]     |
[INFO] [stdout] 842 |                 name,
[INFO] [stdout]     |                 ^^^^ help: try ignoring the field: `name: _`
[INFO] [stdout] 
[INFO] [stdout] 
[INFO] [stdout] warning: unused variable: `extends`
[INFO] [stdout]    --> runtime/src/value/mod.rs:843:17
[INFO] [stdout]     |
[INFO] [stdout] 843 |                 extends,
[INFO] [stdout]     |                 ^^^^^^^ help: try ignoring the field: `extends: _`
[INFO] [stdout] 
[INFO] [stdout] 
[INFO] [stdout] warning: unused variable: `implements`
[INFO] [stdout]    --> runtime/src/value/mod.rs:844:17
[INFO] [stdout]     |
[INFO] [stdout] 844 |                 implements,
[INFO] [stdout]     |                 ^^^^^^^^^^ help: try ignoring the field: `implements: _`
[INFO] [stdout] 
[INFO] [stdout] 
[INFO] [stdout] warning: unused variable: `constructors`
[INFO] [stdout]    --> runtime/src/value/mod.rs:845:17
[INFO] [stdout]     |
[INFO] [stdout] 845 |                 constructors,
[INFO] [stdout]     |                 ^^^^^^^^^^^^ help: try ignoring the field: `constructors: _`
[INFO] [stdout] 
[INFO] [stdout] 
[INFO] [stdout] warning: unused variable: `fields`
[INFO] [stdout]    --> runtime/src/value/mod.rs:846:17
[INFO] [stdout]     |
[INFO] [stdout] 846 |                 fields,
[INFO] [stdout]     |                 ^^^^^^ help: try ignoring the field: `fields: _`
[INFO] [stdout] 
[INFO] [stdout] 
[INFO] [stdout] warning: unused variable: `methods`
[INFO] [stdout]    --> runtime/src/value/mod.rs:847:17
[INFO] [stdout]     |
[INFO] [stdout] 847 |                 methods,
[INFO] [stdout]     |                 ^^^^^^^ help: try ignoring the field: `methods: _`
[INFO] [stdout] 
[INFO] [stdout] 
[INFO] [stdout] warning: unused variable: `span`
[INFO] [stdout]    --> runtime/src/value/mod.rs:851:26
[INFO] [stdout]     |
[INFO] [stdout] 851 |             Value::Error(span, code, message) => PredefinedType::Void.into(),
[INFO] [stdout]     |                          ^^^^ help: if this is intentional, prefix it with an underscore: `_span`
[INFO] [stdout] 
[INFO] [stdout] 
[INFO] [stdout] warning: unused variable: `code`
[INFO] [stdout]    --> runtime/src/value/mod.rs:851:32
[INFO] [stdout]     |
[INFO] [stdout] 851 |             Value::Error(span, code, message) => PredefinedType::Void.into(),
[INFO] [stdout]     |                                ^^^^ help: if this is intentional, prefix it with an underscore: `_code`
[INFO] [stdout] 
[INFO] [stdout] 
[INFO] [stdout] warning: unused variable: `message`
[INFO] [stdout]    --> runtime/src/value/mod.rs:851:38
[INFO] [stdout]     |
[INFO] [stdout] 851 |             Value::Error(span, code, message) => PredefinedType::Void.into(),
[INFO] [stdout]     |                                      ^^^^^^^ help: if this is intentional, prefix it with an underscore: `_message`
[INFO] [stdout] 
[INFO] [stdout] 
[INFO] [stdout] warning: unused variable: `name`
[INFO] [stdout]    --> runtime/src/value/mod.rs:853:32
[INFO] [stdout]     |
[INFO] [stdout] 853 |             Value::TypeAlias { name, ty } => todo!(),
[INFO] [stdout]     |                                ^^^^ help: try ignoring the field: `name: _`
[INFO] [stdout] 
[INFO] [stdout] 
[INFO] [stdout] warning: unused variable: `ty`
[INFO] [stdout]    --> runtime/src/value/mod.rs:853:38
[INFO] [stdout]     |
[INFO] [stdout] 853 |             Value::TypeAlias { name, ty } => todo!(),
[INFO] [stdout]     |                                      ^^ help: try ignoring the field: `ty: _`
[INFO] [stdout] 
[INFO] [stdout] 
[INFO] [stdout] warning: unused variable: `path`
[INFO] [stdout]    --> runtime/src/lib.rs:272:30
[INFO] [stdout]     |
[INFO] [stdout] 272 |             Value::Reference(path, scope) => todo!(),
[INFO] [stdout]     |                              ^^^^ help: if this is intentional, prefix it with an underscore: `_path`
[INFO] [stdout] 
[INFO] [stdout] 
[INFO] [stdout] warning: unused variable: `scope`
[INFO] [stdout]    --> runtime/src/lib.rs:272:36
[INFO] [stdout]     |
[INFO] [stdout] 272 |             Value::Reference(path, scope) => todo!(),
[INFO] [stdout]     |                                    ^^^^^ help: if this is intentional, prefix it with an underscore: `_scope`
[INFO] [stdout] 
[INFO] [stdout] 
[INFO] [stdout] warning: unused variable: `path`
[INFO] [stdout]   --> runtime/src/eval/expression/array.rs:15:34
[INFO] [stdout]    |
[INFO] [stdout] 15 |                 Value::Reference(path, scope) => todo!(),
[INFO] [stdout]    |                                  ^^^^ help: if this is intentional, prefix it with an underscore: `_path`
[INFO] [stdout]    |
[INFO] [stdout]    = note: `#[warn(unused_variables)]` on by default
[INFO] [stdout] 
[INFO] [stdout] 
[INFO] [stdout] warning: unused variable: `scope`
[INFO] [stdout]   --> runtime/src/eval/expression/array.rs:15:40
[INFO] [stdout]    |
[INFO] [stdout] 15 |                 Value::Reference(path, scope) => todo!(),
[INFO] [stdout]    |                                        ^^^^^ help: if this is intentional, prefix it with an underscore: `_scope`
[INFO] [stdout] 
[INFO] [stdout] 
[INFO] [stdout] warning: unused variable: `path`
[INFO] [stdout]   --> runtime/src/eval/expression/binary.rs:74:42
[INFO] [stdout]    |
[INFO] [stdout] 74 |                         Value::Reference(path, scope) => todo!(),
[INFO] [stdout]    |                                          ^^^^ help: if this is intentional, prefix it with an underscore: `_path`
[INFO] [stdout] 
[INFO] [stdout] 
[INFO] [stdout] warning: unused variable: `scope`
[INFO] [stdout]   --> runtime/src/eval/expression/binary.rs:74:48
[INFO] [stdout]    |
[INFO] [stdout] 74 |                         Value::Reference(path, scope) => todo!(),
[INFO] [stdout]    |                                                ^^^^^ help: if this is intentional, prefix it with an underscore: `_scope`
[INFO] [stdout] 
[INFO] [stdout] 
[INFO] [stdout] warning: unused variable: `path`
[INFO] [stdout]   --> runtime/src/eval/expression/call.rs:12:30
[INFO] [stdout]    |
[INFO] [stdout] 12 |             Value::Reference(path, scope) => match todo!() {
[INFO] [stdout]    |                              ^^^^ help: if this is intentional, prefix it with an underscore: `_path`
[INFO] [stdout] 
[INFO] [stdout] 
[INFO] [stdout] warning: unused variable: `scope`
[INFO] [stdout]   --> runtime/src/eval/expression/call.rs:12:36
[INFO] [stdout]    |
[INFO] [stdout] 12 |             Value::Reference(path, scope) => match todo!() {
[INFO] [stdout]    |                                    ^^^^^ help: if this is intentional, prefix it with an underscore: `_scope`
[INFO] [stdout] 
[INFO] [stdout] 
[INFO] [stdout] warning: unused variable: `path`
[INFO] [stdout]   --> runtime/src/eval/expression/call.rs:32:42
[INFO] [stdout]    |
[INFO] [stdout] 32 |                         Value::Reference(path, scope) => todo!(),
[INFO] [stdout]    |                                          ^^^^ help: if this is intentional, prefix it with an underscore: `_path`
[INFO] [stdout] 
[INFO] [stdout] 
[INFO] [stdout] warning: unused variable: `scope`
[INFO] [stdout]   --> runtime/src/eval/expression/call.rs:32:48
[INFO] [stdout]    |
[INFO] [stdout] 32 |                         Value::Reference(path, scope) => todo!(),
[INFO] [stdout]    |                                                ^^^^^ help: if this is intentional, prefix it with an underscore: `_scope`
[INFO] [stdout] 
[INFO] [stdout] 
[INFO] [stdout] warning: field `types` is never read
[INFO] [stdout]    --> runtime/src/lib.rs:135:5
[INFO] [stdout]     |
[INFO] [stdout] 134 | pub struct Runtime {
[INFO] [stdout]     |            ------- field in this struct
[INFO] [stdout] 135 |     types: Arc<RwLock<HashMap<String, Type>>>,
[INFO] [stdout]     |     ^^^^^
[INFO] [stdout]     |
[INFO] [stdout]     = note: `Runtime` has derived impls for the traits `Clone` and `Debug`, but these are intentionally ignored during dead code analysis
[INFO] [stdout]     = note: `#[warn(dead_code)]` on by default
[INFO] [stdout] 
[INFO] [stdout] 
[INFO] [stdout] warning: method `clear_scope_variables_filtered` is never used
[INFO] [stdout]    --> runtime/src/lib.rs:182:8
[INFO] [stdout]     |
[INFO] [stdout] 154 | impl Runtime {
[INFO] [stdout]     | ------------ method in this implementation
[INFO] [stdout] ...
[INFO] [stdout] 182 |     fn clear_scope_variables_filtered(&mut self, variables: &[String]) {
[INFO] [stdout]     |        ^^^^^^^^^^^^^^^^^^^^^^^^^^^^^^
[INFO] [stdout] 
[INFO] [stdout] 
[INFO] [stdout] warning: method `is_array` is never used
[INFO] [stdout]    --> runtime/src/lib.rs:269:8
[INFO] [stdout]     |
[INFO] [stdout] 268 | impl Runtime {
[INFO] [stdout]     | ------------ method in this implementation
[INFO] [stdout] 269 |     fn is_array(&self, value: Value) -> bool {
[INFO] [stdout]     |        ^^^^^^^^
[INFO] [stdout] 
[INFO] [stdout] 
[INFO] [stdout] warning: function `format_message` is never used
[INFO] [stdout]   --> runtime/src/value/mod.rs:62:4
[INFO] [stdout]    |
[INFO] [stdout] 62 | fn format_message(message: &str, args: impl Args) -> String {
[INFO] [stdout]    |    ^^^^^^^^^^^^^^
[INFO] [stdout] 
[INFO] [stdout] 
[INFO] [stdout] warning: unused variable: `index_span`
[INFO] [stdout]   --> runtime/src/eval/expression/index.rs:11:14
[INFO] [stdout]    |
[INFO] [stdout] 11 |         let (index_span, index) = (
[INFO] [stdout]    |              ^^^^^^^^^^ help: if this is intentional, prefix it with an underscore: `_index_span`
[INFO] [stdout] 
[INFO] [stdout] 
[INFO] [stdout] warning: unused variable: `span`
[INFO] [stdout]  --> runtime/src/eval/statement/export.rs:8:14
[INFO] [stdout]   |
[INFO] [stdout] 8 |         let (span, value) = export.unpack();
[INFO] [stdout]   |              ^^^^ help: if this is intentional, prefix it with an underscore: `_span`
[INFO] [stdout] 
[INFO] [stdout] 
[INFO] [stdout] warning: unused variable: `statement`
[INFO] [stdout]  --> runtime/src/eval/statement/if_else.rs:7:31
[INFO] [stdout]   |
[INFO] [stdout] 7 |     pub fn eval_if(&mut self, statement: Positioned<IfStatement>) -> Value {
[INFO] [stdout]   |                               ^^^^^^^^^ help: if this is intentional, prefix it with an underscore: `_statement`
[INFO] [stdout] 
[INFO] [stdout] 
[INFO] [stdout] warning: unused variable: `span`
[INFO] [stdout]   --> runtime/src/eval/statement/variable.rs:11:14
[INFO] [stdout]    |
[INFO] [stdout] 11 |         let (span, variables) = variables.unpack();
[INFO] [stdout]    |              ^^^^ help: if this is intentional, prefix it with an underscore: `_span`
[INFO] [stdout] 
[INFO] [stdout] 
[INFO] [stdout] warning: unused variable: `path`
[INFO] [stdout]   --> runtime/src/eval/statement/variable.rs:25:42
[INFO] [stdout]    |
[INFO] [stdout] 25 |                         Value::Reference(path, scope) => todo!(),
[INFO] [stdout]    |                                          ^^^^ help: if this is intentional, prefix it with an underscore: `_path`
[INFO] [stdout] 
[INFO] [stdout] 
[INFO] [stdout] warning: unused variable: `scope`
[INFO] [stdout]   --> runtime/src/eval/statement/variable.rs:25:48
[INFO] [stdout]    |
[INFO] [stdout] 25 |                         Value::Reference(path, scope) => todo!(),
[INFO] [stdout]    |                                                ^^^^^ help: if this is intentional, prefix it with an underscore: `_scope`
[INFO] [stdout] 
[INFO] [stdout] 
[INFO] [stdout] warning: unused variable: `signature`
[INFO] [stdout]    --> runtime/src/value/mod.rs:606:47
[INFO] [stdout]     |
[INFO] [stdout] 606 | ...                   Signature::Method(signature) => name,
[INFO] [stdout]     |                                         ^^^^^^^^^ help: if this is intentional, prefix it with an underscore: `_signature`
[INFO] [stdout] 
[INFO] [stdout] 
[INFO] [stdout] warning: unused variable: `members`
[INFO] [stdout]    --> runtime/src/value/mod.rs:736:49
[INFO] [stdout]     |
[INFO] [stdout] 736 |                         PrimaryType::ObjectType(members) => match self {
[INFO] [stdout]     |                                                 ^^^^^^^ help: if this is intentional, prefix it with an underscore: `_members`
[INFO] [stdout] 
[INFO] [stdout] 
[INFO] [stdout] warning: unused variable: `func`
[INFO] [stdout]    --> runtime/src/value/mod.rs:834:34
[INFO] [stdout]     |
[INFO] [stdout] 834 |             Value::ArrowFunction(func) => PredefinedType::Any.into(),
[INFO] [stdout]     |                                  ^^^^ help: if this is intentional, prefix it with an underscore: `_func`
[INFO] [stdout] 
[INFO] [stdout] 
[INFO] [stdout] warning: unused variable: `name`
[INFO] [stdout]    --> runtime/src/value/mod.rs:837:17
[INFO] [stdout]     |
[INFO] [stdout] 837 |                 name,
[INFO] [stdout]     |                 ^^^^ help: try ignoring the field: `name: _`
[INFO] [stdout] 
[INFO] [stdout] 
[INFO] [stdout] warning: unused variable: `extends`
[INFO] [stdout]    --> runtime/src/value/mod.rs:838:17
[INFO] [stdout]     |
[INFO] [stdout] 838 |                 extends,
[INFO] [stdout]     |                 ^^^^^^^ help: try ignoring the field: `extends: _`
[INFO] [stdout] 
[INFO] [stdout] 
[INFO] [stdout] warning: unused variable: `signatures`
[INFO] [stdout]    --> runtime/src/value/mod.rs:839:17
[INFO] [stdout]     |
[INFO] [stdout] 839 |                 signatures,
[INFO] [stdout]     |                 ^^^^^^^^^^ help: try ignoring the field: `signatures: _`
[INFO] [stdout] 
[INFO] [stdout] 
[INFO] [stdout] warning: unused variable: `name`
[INFO] [stdout]    --> runtime/src/value/mod.rs:842:17
[INFO] [stdout]     |
[INFO] [stdout] 842 |                 name,
[INFO] [stdout]     |                 ^^^^ help: try ignoring the field: `name: _`
[INFO] [stdout] 
[INFO] [stdout] 
[INFO] [stdout] warning: unused variable: `extends`
[INFO] [stdout]    --> runtime/src/value/mod.rs:843:17
[INFO] [stdout]     |
[INFO] [stdout] 843 |                 extends,
[INFO] [stdout]     |                 ^^^^^^^ help: try ignoring the field: `extends: _`
[INFO] [stdout] 
[INFO] [stdout] 
[INFO] [stdout] warning: unused variable: `implements`
[INFO] [stdout]    --> runtime/src/value/mod.rs:844:17
[INFO] [stdout]     |
[INFO] [stdout] 844 |                 implements,
[INFO] [stdout]     |                 ^^^^^^^^^^ help: try ignoring the field: `implements: _`
[INFO] [stdout] 
[INFO] [stdout] 
[INFO] [stdout] warning: unused variable: `constructors`
[INFO] [stdout]    --> runtime/src/value/mod.rs:845:17
[INFO] [stdout]     |
[INFO] [stdout] 845 |                 constructors,
[INFO] [stdout]     |                 ^^^^^^^^^^^^ help: try ignoring the field: `constructors: _`
[INFO] [stdout] 
[INFO] [stdout] 
[INFO] [stdout] warning: unused variable: `fields`
[INFO] [stdout]    --> runtime/src/value/mod.rs:846:17
[INFO] [stdout]     |
[INFO] [stdout] 846 |                 fields,
[INFO] [stdout]     |                 ^^^^^^ help: try ignoring the field: `fields: _`
[INFO] [stdout] 
[INFO] [stdout] 
[INFO] [stdout] warning: unused variable: `methods`
[INFO] [stdout]    --> runtime/src/value/mod.rs:847:17
[INFO] [stdout]     |
[INFO] [stdout] 847 |                 methods,
[INFO] [stdout]     |                 ^^^^^^^ help: try ignoring the field: `methods: _`
[INFO] [stdout] 
[INFO] [stdout] 
[INFO] [stdout] warning: unused variable: `span`
[INFO] [stdout]    --> runtime/src/value/mod.rs:851:26
[INFO] [stdout]     |
[INFO] [stdout] 851 |             Value::Error(span, code, message) => PredefinedType::Void.into(),
[INFO] [stdout]     |                          ^^^^ help: if this is intentional, prefix it with an underscore: `_span`
[INFO] [stdout] 
[INFO] [stdout] 
[INFO] [stdout] warning: unused variable: `code`
[INFO] [stdout]    --> runtime/src/value/mod.rs:851:32
[INFO] [stdout]     |
[INFO] [stdout] 851 |             Value::Error(span, code, message) => PredefinedType::Void.into(),
[INFO] [stdout]     |                                ^^^^ help: if this is intentional, prefix it with an underscore: `_code`
[INFO] [stdout] 
[INFO] [stdout] 
[INFO] [stdout] warning: unused variable: `message`
[INFO] [stdout]    --> runtime/src/value/mod.rs:851:38
[INFO] [stdout]     |
[INFO] [stdout] 851 |             Value::Error(span, code, message) => PredefinedType::Void.into(),
[INFO] [stdout]     |                                      ^^^^^^^ help: if this is intentional, prefix it with an underscore: `_message`
[INFO] [stdout] 
[INFO] [stdout] 
[INFO] [stdout] warning: unused variable: `name`
[INFO] [stdout]    --> runtime/src/value/mod.rs:853:32
[INFO] [stdout]     |
[INFO] [stdout] 853 |             Value::TypeAlias { name, ty } => todo!(),
[INFO] [stdout]     |                                ^^^^ help: try ignoring the field: `name: _`
[INFO] [stdout] 
[INFO] [stdout] 
[INFO] [stdout] warning: unused variable: `ty`
[INFO] [stdout]    --> runtime/src/value/mod.rs:853:38
[INFO] [stdout]     |
[INFO] [stdout] 853 |             Value::TypeAlias { name, ty } => todo!(),
[INFO] [stdout]     |                                      ^^ help: try ignoring the field: `ty: _`
[INFO] [stdout] 
[INFO] [stdout] 
[INFO] [stdout] warning: unused variable: `path`
[INFO] [stdout]    --> runtime/src/lib.rs:272:30
[INFO] [stdout]     |
[INFO] [stdout] 272 |             Value::Reference(path, scope) => todo!(),
[INFO] [stdout]     |                              ^^^^ help: if this is intentional, prefix it with an underscore: `_path`
[INFO] [stdout] 
[INFO] [stdout] 
[INFO] [stdout] warning: unused variable: `scope`
[INFO] [stdout]    --> runtime/src/lib.rs:272:36
[INFO] [stdout]     |
[INFO] [stdout] 272 |             Value::Reference(path, scope) => todo!(),
[INFO] [stdout]     |                                    ^^^^^ help: if this is intentional, prefix it with an underscore: `_scope`
[INFO] [stdout] 
[INFO] [stdout] 
[INFO] [stdout] warning: field `types` is never read
[INFO] [stdout]    --> runtime/src/lib.rs:135:5
[INFO] [stdout]     |
[INFO] [stdout] 134 | pub struct Runtime {
[INFO] [stdout]     |            ------- field in this struct
[INFO] [stdout] 135 |     types: Arc<RwLock<HashMap<String, Type>>>,
[INFO] [stdout]     |     ^^^^^
[INFO] [stdout]     |
[INFO] [stdout]     = note: `Runtime` has derived impls for the traits `Clone` and `Debug`, but these are intentionally ignored during dead code analysis
[INFO] [stdout]     = note: `#[warn(dead_code)]` on by default
[INFO] [stdout] 
[INFO] [stdout] 
[INFO] [stdout] warning: method `clear_scope_variables_filtered` is never used
[INFO] [stdout]    --> runtime/src/lib.rs:182:8
[INFO] [stdout]     |
[INFO] [stdout] 154 | impl Runtime {
[INFO] [stdout]     | ------------ method in this implementation
[INFO] [stdout] ...
[INFO] [stdout] 182 |     fn clear_scope_variables_filtered(&mut self, variables: &[String]) {
[INFO] [stdout]     |        ^^^^^^^^^^^^^^^^^^^^^^^^^^^^^^
[INFO] [stdout] 
[INFO] [stdout] 
[INFO] [stdout] warning: method `is_array` is never used
[INFO] [stdout]    --> runtime/src/lib.rs:269:8
[INFO] [stdout]     |
[INFO] [stdout] 268 | impl Runtime {
[INFO] [stdout]     | ------------ method in this implementation
[INFO] [stdout] 269 |     fn is_array(&self, value: Value) -> bool {
[INFO] [stdout]     |        ^^^^^^^^
[INFO] [stdout] 
[INFO] [stdout] 
[INFO] [stdout] warning: function `format_message` is never used
[INFO] [stdout]   --> runtime/src/value/mod.rs:62:4
[INFO] [stdout]    |
[INFO] [stdout] 62 | fn format_message(message: &str, args: impl Args) -> String {
[INFO] [stdout]    |    ^^^^^^^^^^^^^^
[INFO] [stdout] 
[INFO] [stdout] 
[INFO] [stderr]    Compiling tests v0.0.0 (/opt/rustwide/workdir/tests)
[INFO] [stderr]     Finished `test` profile [unoptimized + debuginfo] target(s) in 4.22s
[INFO] running `Command { std: "docker" "inspect" "b7932a742500744906ba2390aaec50c4c652ad8f8397983e28299184605a2c68", kill_on_drop: false }`
[INFO] running `Command { std: "docker" "rm" "-f" "b7932a742500744906ba2390aaec50c4c652ad8f8397983e28299184605a2c68", kill_on_drop: false }`
[INFO] [stdout] b7932a742500744906ba2390aaec50c4c652ad8f8397983e28299184605a2c68
[INFO] running `Command { std: "docker" "create" "-v" "/var/lib/crater-agent-workspace/builds/worker-3-tc2/target:/opt/rustwide/target:rw,Z" "-v" "/var/lib/crater-agent-workspace/builds/worker-3-tc2/source:/opt/rustwide/workdir:ro,Z" "-v" "/var/lib/crater-agent-workspace/cargo-home:/opt/rustwide/cargo-home:ro,Z" "-v" "/var/lib/crater-agent-workspace/rustup-home:/opt/rustwide/rustup-home:ro,Z" "-e" "SOURCE_DIR=/opt/rustwide/workdir" "-e" "CARGO_TARGET_DIR=/opt/rustwide/target" "-e" "CARGO_INCREMENTAL=0" "-e" "RUST_BACKTRACE=full" "-e" "RUSTFLAGS=--cap-lints=warn" "-e" "RUSTDOCFLAGS=--cap-lints=warn" "-e" "CARGO_HOME=/opt/rustwide/cargo-home" "-e" "RUSTUP_HOME=/opt/rustwide/rustup-home" "-w" "/opt/rustwide/workdir" "-m" "1610612736" "--user" "0:0" "--network" "none" "ghcr.io/rust-lang/crates-build-env/linux@sha256:f3a9d4ad9d972b27faf3965f35b62e55ba32bbce8f20bc8fe909558a86702fde" "/opt/rustwide/cargo-home/bin/cargo" "+beta-2024-12-08" "test" "--frozen", kill_on_drop: false }`
[INFO] [stdout] c4f9ba927bf232d27d3776a19db77e43d9a90bfb6e72e8dd09f6c917f1d08f33
[INFO] running `Command { std: "docker" "start" "-a" "c4f9ba927bf232d27d3776a19db77e43d9a90bfb6e72e8dd09f6c917f1d08f33", kill_on_drop: false }`
[INFO] [stderr] warning: unreachable arm
[INFO] [stderr]   --> runtime/src/eval/expression/call.rs:13:50
[INFO] [stderr]    |
[INFO] [stderr] 12 |               Value::Reference(path, scope) => match todo!() {
[INFO] [stderr]    |                                                      ------- any code following this expression is unreachable
[INFO] [stderr] 13 |                   Value::Reference(path, scope) => self
[INFO] [stderr]    |  __________________________________________________^
[INFO] [stderr] 14 | |                     .context
[INFO] [stderr] 15 | |                     .lock()
[INFO] [stderr] 16 | |                     .unwrap()
[INFO] [stderr] ...  |
[INFO] [stderr] 19 | |                     .value
[INFO] [stderr] 20 | |                     .clone(),
[INFO] [stderr]    | |____________________________^ unreachable arm
[INFO] [stderr]    |
[INFO] [stderr]    = note: `#[warn(unreachable_code)]` on by default
[INFO] [stderr] 
[INFO] [stderr] warning: unused variable: `path`
[INFO] [stderr]   --> runtime/src/eval/expression/array.rs:15:34
[INFO] [stderr]    |
[INFO] [stderr] 15 |                 Value::Reference(path, scope) => todo!(),
[INFO] [stderr]    |                                  ^^^^ help: if this is intentional, prefix it with an underscore: `_path`
[INFO] [stderr]    |
[INFO] [stderr]    = note: `#[warn(unused_variables)]` on by default
[INFO] [stderr] 
[INFO] [stderr] warning: unused variable: `scope`
[INFO] [stderr]   --> runtime/src/eval/expression/array.rs:15:40
[INFO] [stderr]    |
[INFO] [stderr] 15 |                 Value::Reference(path, scope) => todo!(),
[INFO] [stderr]    |                                        ^^^^^ help: if this is intentional, prefix it with an underscore: `_scope`
[INFO] [stderr] 
[INFO] [stderr] warning: unused variable: `path`
[INFO] [stderr]   --> runtime/src/eval/expression/binary.rs:74:42
[INFO] [stderr]    |
[INFO] [stderr] 74 |                         Value::Reference(path, scope) => todo!(),
[INFO] [stderr]    |                                          ^^^^ help: if this is intentional, prefix it with an underscore: `_path`
[INFO] [stderr] 
[INFO] [stderr] warning: unused variable: `scope`
[INFO] [stderr]   --> runtime/src/eval/expression/binary.rs:74:48
[INFO] [stderr]    |
[INFO] [stderr] 74 |                         Value::Reference(path, scope) => todo!(),
[INFO] [stderr]    |                                                ^^^^^ help: if this is intentional, prefix it with an underscore: `_scope`
[INFO] [stderr] 
[INFO] [stderr] warning: unused variable: `path`
[INFO] [stderr]   --> runtime/src/eval/expression/call.rs:12:30
[INFO] [stderr]    |
[INFO] [stderr] 12 |             Value::Reference(path, scope) => match todo!() {
[INFO] [stderr]    |                              ^^^^ help: if this is intentional, prefix it with an underscore: `_path`
[INFO] [stderr] 
[INFO] [stderr] warning: unused variable: `scope`
[INFO] [stderr]   --> runtime/src/eval/expression/call.rs:12:36
[INFO] [stderr]    |
[INFO] [stderr] 12 |             Value::Reference(path, scope) => match todo!() {
[INFO] [stderr]    |                                    ^^^^^ help: if this is intentional, prefix it with an underscore: `_scope`
[INFO] [stderr] 
[INFO] [stderr] warning: unused variable: `path`
[INFO] [stderr]   --> runtime/src/eval/expression/call.rs:32:42
[INFO] [stderr]    |
[INFO] [stderr] 32 |                         Value::Reference(path, scope) => todo!(),
[INFO] [stderr]    |                                          ^^^^ help: if this is intentional, prefix it with an underscore: `_path`
[INFO] [stderr] 
[INFO] [stderr] warning: unused variable: `scope`
[INFO] [stderr]   --> runtime/src/eval/expression/call.rs:32:48
[INFO] [stderr]    |
[INFO] [stderr] 32 |                         Value::Reference(path, scope) => todo!(),
[INFO] [stderr]    |                                                ^^^^^ help: if this is intentional, prefix it with an underscore: `_scope`
[INFO] [stderr] 
[INFO] [stderr] warning: unused variable: `index_span`
[INFO] [stderr]   --> runtime/src/eval/expression/index.rs:11:14
[INFO] [stderr]    |
[INFO] [stderr] 11 |         let (index_span, index) = (
[INFO] [stderr]    |              ^^^^^^^^^^ help: if this is intentional, prefix it with an underscore: `_index_span`
[INFO] [stderr] 
[INFO] [stderr] warning: unused variable: `span`
[INFO] [stderr]  --> runtime/src/eval/statement/export.rs:8:14
[INFO] [stderr]   |
[INFO] [stderr] 8 |         let (span, value) = export.unpack();
[INFO] [stderr]   |              ^^^^ help: if this is intentional, prefix it with an underscore: `_span`
[INFO] [stderr] 
[INFO] [stderr] warning: unused variable: `statement`
[INFO] [stderr]  --> runtime/src/eval/statement/if_else.rs:7:31
[INFO] [stderr]   |
[INFO] [stderr] 7 |     pub fn eval_if(&mut self, statement: Positioned<IfStatement>) -> Value {
[INFO] [stderr]   |                               ^^^^^^^^^ help: if this is intentional, prefix it with an underscore: `_statement`
[INFO] [stderr] 
[INFO] [stderr] warning: unused variable: `span`
[INFO] [stderr]   --> runtime/src/eval/statement/variable.rs:11:14
[INFO] [stderr]    |
[INFO] [stderr] 11 |         let (span, variables) = variables.unpack();
[INFO] [stderr]    |              ^^^^ help: if this is intentional, prefix it with an underscore: `_span`
[INFO] [stderr] 
[INFO] [stderr] warning: unused variable: `path`
[INFO] [stderr]   --> runtime/src/eval/statement/variable.rs:25:42
[INFO] [stderr]    |
[INFO] [stderr] 25 |                         Value::Reference(path, scope) => todo!(),
[INFO] [stderr]    |                                          ^^^^ help: if this is intentional, prefix it with an underscore: `_path`
[INFO] [stderr] 
[INFO] [stderr] warning: unused variable: `scope`
[INFO] [stderr]   --> runtime/src/eval/statement/variable.rs:25:48
[INFO] [stderr]    |
[INFO] [stderr] 25 |                         Value::Reference(path, scope) => todo!(),
[INFO] [stderr]    |                                                ^^^^^ help: if this is intentional, prefix it with an underscore: `_scope`
[INFO] [stderr] 
[INFO] [stderr] warning: unused variable: `signature`
[INFO] [stderr]    --> runtime/src/value/mod.rs:606:47
[INFO] [stderr]     |
[INFO] [stderr] 606 | ...                   Signature::Method(signature) => name,
[INFO] [stderr]     |                                         ^^^^^^^^^ help: if this is intentional, prefix it with an underscore: `_signature`
[INFO] [stderr] 
[INFO] [stderr] warning: unused variable: `members`
[INFO] [stderr]    --> runtime/src/value/mod.rs:736:49
[INFO] [stderr]     |
[INFO] [stderr] 736 |                         PrimaryType::ObjectType(members) => match self {
[INFO] [stderr]     |                                                 ^^^^^^^ help: if this is intentional, prefix it with an underscore: `_members`
[INFO] [stderr] 
[INFO] [stderr] warning: unused variable: `func`
[INFO] [stderr]    --> runtime/src/value/mod.rs:834:34
[INFO] [stderr]     |
[INFO] [stderr] 834 |             Value::ArrowFunction(func) => PredefinedType::Any.into(),
[INFO] [stderr]     |                                  ^^^^ help: if this is intentional, prefix it with an underscore: `_func`
[INFO] [stderr] 
[INFO] [stderr] warning: unused variable: `name`
[INFO] [stderr]    --> runtime/src/value/mod.rs:837:17
[INFO] [stderr]     |
[INFO] [stderr] 837 |                 name,
[INFO] [stderr]     |                 ^^^^ help: try ignoring the field: `name: _`
[INFO] [stderr] 
[INFO] [stderr] warning: unused variable: `extends`
[INFO] [stderr]    --> runtime/src/value/mod.rs:838:17
[INFO] [stderr]     |
[INFO] [stderr] 838 |                 extends,
[INFO] [stderr]     |                 ^^^^^^^ help: try ignoring the field: `extends: _`
[INFO] [stderr] 
[INFO] [stderr] warning: unused variable: `signatures`
[INFO] [stderr]    --> runtime/src/value/mod.rs:839:17
[INFO] [stderr]     |
[INFO] [stderr] 839 |                 signatures,
[INFO] [stderr]     |                 ^^^^^^^^^^ help: try ignoring the field: `signatures: _`
[INFO] [stderr] 
[INFO] [stderr] warning: unused variable: `name`
[INFO] [stderr]    --> runtime/src/value/mod.rs:842:17
[INFO] [stderr]     |
[INFO] [stderr] 842 |                 name,
[INFO] [stderr]     |                 ^^^^ help: try ignoring the field: `name: _`
[INFO] [stderr] 
[INFO] [stderr] warning: unused variable: `extends`
[INFO] [stderr]    --> runtime/src/value/mod.rs:843:17
[INFO] [stderr]     |
[INFO] [stderr] 843 |                 extends,
[INFO] [stderr]     |                 ^^^^^^^ help: try ignoring the field: `extends: _`
[INFO] [stderr] 
[INFO] [stderr] warning: unused variable: `implements`
[INFO] [stderr]    --> runtime/src/value/mod.rs:844:17
[INFO] [stderr]     |
[INFO] [stderr] 844 |                 implements,
[INFO] [stderr]     |                 ^^^^^^^^^^ help: try ignoring the field: `implements: _`
[INFO] [stderr] 
[INFO] [stderr] warning: unused variable: `constructors`
[INFO] [stderr]    --> runtime/src/value/mod.rs:845:17
[INFO] [stderr]     |
[INFO] [stderr] 845 |                 constructors,
[INFO] [stderr]     |                 ^^^^^^^^^^^^ help: try ignoring the field: `constructors: _`
[INFO] [stderr] 
[INFO] [stderr] warning: unused variable: `fields`
[INFO] [stderr]    --> runtime/src/value/mod.rs:846:17
[INFO] [stderr]     |
[INFO] [stderr] 846 |                 fields,
[INFO] [stderr]     |                 ^^^^^^ help: try ignoring the field: `fields: _`
[INFO] [stderr] 
[INFO] [stderr] warning: unused variable: `methods`
[INFO] [stderr]    --> runtime/src/value/mod.rs:847:17
[INFO] [stderr]     |
[INFO] [stderr] 847 |                 methods,
[INFO] [stderr]     |                 ^^^^^^^ help: try ignoring the field: `methods: _`
[INFO] [stderr] 
[INFO] [stderr] warning: unused variable: `span`
[INFO] [stderr]    --> runtime/src/value/mod.rs:851:26
[INFO] [stderr]     |
[INFO] [stderr] 851 |             Value::Error(span, code, message) => PredefinedType::Void.into(),
[INFO] [stderr]     |                          ^^^^ help: if this is intentional, prefix it with an underscore: `_span`
[INFO] [stderr] 
[INFO] [stderr] warning: unused variable: `code`
[INFO] [stderr]    --> runtime/src/value/mod.rs:851:32
[INFO] [stderr]     |
[INFO] [stderr] 851 |             Value::Error(span, code, message) => PredefinedType::Void.into(),
[INFO] [stderr]     |                                ^^^^ help: if this is intentional, prefix it with an underscore: `_code`
[INFO] [stderr] 
[INFO] [stderr] warning: unused variable: `message`
[INFO] [stderr]    --> runtime/src/value/mod.rs:851:38
[INFO] [stderr]     |
[INFO] [stderr] 851 |             Value::Error(span, code, message) => PredefinedType::Void.into(),
[INFO] [stderr]     |                                      ^^^^^^^ help: if this is intentional, prefix it with an underscore: `_message`
[INFO] [stderr] 
[INFO] [stderr] warning: unused variable: `name`
[INFO] [stderr]    --> runtime/src/value/mod.rs:853:32
[INFO] [stderr]     |
[INFO] [stderr] 853 |             Value::TypeAlias { name, ty } => todo!(),
[INFO] [stderr]     |                                ^^^^ help: try ignoring the field: `name: _`
[INFO] [stderr] 
[INFO] [stderr] warning: unused variable: `ty`
[INFO] [stderr]    --> runtime/src/value/mod.rs:853:38
[INFO] [stderr]     |
[INFO] [stderr] 853 |             Value::TypeAlias { name, ty } => todo!(),
[INFO] [stderr]     |                                      ^^ help: try ignoring the field: `ty: _`
[INFO] [stderr] 
[INFO] [stderr] warning: unused variable: `path`
[INFO] [stderr]    --> runtime/src/lib.rs:272:30
[INFO] [stderr]     |
[INFO] [stderr] 272 |             Value::Reference(path, scope) => todo!(),
[INFO] [stderr]     |                              ^^^^ help: if this is intentional, prefix it with an underscore: `_path`
[INFO] [stderr] 
[INFO] [stderr] warning: unused variable: `scope`
[INFO] [stderr]    --> runtime/src/lib.rs:272:36
[INFO] [stderr]     |
[INFO] [stderr] 272 |             Value::Reference(path, scope) => todo!(),
[INFO] [stderr]     |                                    ^^^^^ help: if this is intentional, prefix it with an underscore: `_scope`
[INFO] [stderr] 
[INFO] [stderr] warning: field `types` is never read
[INFO] [stderr]    --> runtime/src/lib.rs:135:5
[INFO] [stderr]     |
[INFO] [stderr] 134 | pub struct Runtime {
[INFO] [stderr]     |            ------- field in this struct
[INFO] [stderr] 135 |     types: Arc<RwLock<HashMap<String, Type>>>,
[INFO] [stderr]     |     ^^^^^
[INFO] [stderr]     |
[INFO] [stderr]     = note: `Runtime` has derived impls for the traits `Clone` and `Debug`, but these are intentionally ignored during dead code analysis
[INFO] [stderr]     = note: `#[warn(dead_code)]` on by default
[INFO] [stderr] 
[INFO] [stderr] warning: method `clear_scope_variables_filtered` is never used
[INFO] [stderr]    --> runtime/src/lib.rs:182:8
[INFO] [stderr]     |
[INFO] [stderr] 154 | impl Runtime {
[INFO] [stderr]     | ------------ method in this implementation
[INFO] [stderr] ...
[INFO] [stderr] 182 |     fn clear_scope_variables_filtered(&mut self, variables: &[String]) {
[INFO] [stderr]     |        ^^^^^^^^^^^^^^^^^^^^^^^^^^^^^^
[INFO] [stderr] 
[INFO] [stderr] warning: method `is_array` is never used
[INFO] [stderr]    --> runtime/src/lib.rs:269:8
[INFO] [stderr]     |
[INFO] [stderr] 268 | impl Runtime {
[INFO] [stderr]     | ------------ method in this implementation
[INFO] [stderr] 269 |     fn is_array(&self, value: Value) -> bool {
[INFO] [stderr]     |        ^^^^^^^^
[INFO] [stderr] 
[INFO] [stderr] warning: function `format_message` is never used
[INFO] [stderr]   --> runtime/src/value/mod.rs:62:4
[INFO] [stderr]    |
[INFO] [stderr] 62 | fn format_message(message: &str, args: impl Args) -> String {
[INFO] [stderr]    |    ^^^^^^^^^^^^^^
[INFO] [stderr] 
[INFO] [stderr] warning: `tsr-runtime` (lib) generated 38 warnings
[INFO] [stderr] warning: `tsr-runtime` (lib test) generated 38 warnings (38 duplicates)
[INFO] [stderr]     Finished `test` profile [unoptimized + debuginfo] target(s) in 0.04s
[INFO] [stderr]      Running lexer.rs (/opt/rustwide/target/debug/deps/test_lexer-bf232827175b5bf2)
[INFO] [stdout] 
[INFO] [stdout] running 1 test
[INFO] [stderr]      Running parser.rs (/opt/rustwide/target/debug/deps/test_parser-72f567c12719e60f)
[INFO] [stdout] test main ... ok
[INFO] [stdout] 
[INFO] [stdout] test result: ok. 1 passed; 0 failed; 0 ignored; 0 measured; 0 filtered out; finished in 0.01s
[INFO] [stdout] 
[INFO] [stdout] 
[INFO] [stdout] running 1 test
[INFO] [stdout] test main ... FAILED
[INFO] [stdout] 
[INFO] [stdout] failures:
[INFO] [stdout] 
[INFO] [stdout] ---- main stdout ----
[INFO] [stdout] thread 'main' panicked at tests/parser.rs:12:50:
[INFO] [stdout] called `Result::unwrap()` on an `Err` value: Error(Error { input: Tokens { tok: [ReservedWord(
[INFO] [stdout]     Import,
[INFO] [stdout] ), Delimiter(
[INFO] [stdout]     BraceOpen,
[INFO] [stdout] ), Ident(
[INFO] [stdout]     "getFunctionData",
[INFO] [stdout] ), Delimiter(
[INFO] [stdout]     BraceClose,
[INFO] [stdout] ), ReservedWord(
[INFO] [stdout]     From,
[INFO] [stdout] ), Illegal, Ident(
[INFO] [stdout]     "reflection",
[INFO] [stdout] ), Illegal, Punctuation(
[INFO] [stdout]     Semi,
[INFO] [stdout] ), ReservedWord(
[INFO] [stdout]     Import,
[INFO] [stdout] ), Delimiter(
[INFO] [stderr] error: test failed, to rerun pass `-p tests --test test_parser`
[INFO] [stdout]     BraceOpen,
[INFO] [stdout] ), Ident(
[INFO] [stdout]     "inspect",
[INFO] [stdout] ), Delimiter(
[INFO] [stdout]     BraceClose,
[INFO] [stdout] ), ReservedWord(
[INFO] [stdout]     From,
[INFO] [stdout] ), Illegal, Ident(
[INFO] [stdout]     "util",
[INFO] [stdout] ), Illegal, Punctuation(
[INFO] [stdout]     Semi,
[INFO] [stdout] ), Ident(
[INFO] [stdout]     "console",
[INFO] [stdout] ), Punctuation(
[INFO] [stdout]     Dot,
[INFO] [stdout] ), Ident(
[INFO] [stdout]     "log",
[INFO] [stdout] ), Delimiter(
[INFO] [stdout]     ParenOpen,
[INFO] [stdout] ), Ident(
[INFO] [stdout]     "inspect",
[INFO] [stdout] ), Delimiter(
[INFO] [stdout]     ParenOpen,
[INFO] [stdout] ), Ident(
[INFO] [stdout]     "getFunctionData",
[INFO] [stdout] ), Delimiter(
[INFO] [stdout]     ParenOpen,
[INFO] [stdout] ), Ident(
[INFO] [stdout]     "getFunctionData",
[INFO] [stdout] ), Delimiter(
[INFO] [stdout]     ParenClose,
[INFO] [stdout] ), Punctuation(
[INFO] [stdout]     Comma,
[INFO] [stdout] ), Literal(
[INFO] [stdout]     Boolean(
[INFO] [stdout]         true,
[INFO] [stdout]     ),
[INFO] [stdout] ), Delimiter(
[INFO] [stdout]     ParenClose,
[INFO] [stdout] ), Delimiter(
[INFO] [stdout]     ParenClose,
[INFO] [stdout] ), Punctuation(
[INFO] [stdout]     Semi,
[INFO] [stdout] ), EOF], start: 0, end: 34 }, code: Verify })
[INFO] [stdout] stack backtrace:
[INFO] [stdout]    0:     0x62a6ce18702a - std::backtrace_rs::backtrace::libunwind::trace::h8810477743020387
[INFO] [stdout]                                at /rustc/202008a1b8de96d2e5b6bc02d379db03a877d34d/library/std/src/../../backtrace/src/backtrace/libunwind.rs:116:5
[INFO] [stdout]    1:     0x62a6ce18702a - std::backtrace_rs::backtrace::trace_unsynchronized::h3aa55355dd6c54a6
[INFO] [stdout]                                at /rustc/202008a1b8de96d2e5b6bc02d379db03a877d34d/library/std/src/../../backtrace/src/backtrace/mod.rs:66:5
[INFO] [stdout]    2:     0x62a6ce18702a - std::sys::backtrace::_print_fmt::h8588b0f62410823f
[INFO] [stdout]                                at /rustc/202008a1b8de96d2e5b6bc02d379db03a877d34d/library/std/src/sys/backtrace.rs:66:9
[INFO] [stdout]    3:     0x62a6ce18702a - <std::sys::backtrace::BacktraceLock::print::DisplayBacktrace as core::fmt::Display>::fmt::h98c26ac25ffe89bb
[INFO] [stdout]                                at /rustc/202008a1b8de96d2e5b6bc02d379db03a877d34d/library/std/src/sys/backtrace.rs:39:26
[INFO] [stdout]    4:     0x62a6ce1acfe3 - core::fmt::rt::Argument::fmt::hf95377f4aebd453b
[INFO] [stdout]                                at /rustc/202008a1b8de96d2e5b6bc02d379db03a877d34d/library/core/src/fmt/rt.rs:177:76
[INFO] [stdout]    5:     0x62a6ce1acfe3 - core::fmt::write::h0dd5f6e2238c7982
[INFO] [stdout]                                at /rustc/202008a1b8de96d2e5b6bc02d379db03a877d34d/library/core/src/fmt/mod.rs:1189:21
[INFO] [stdout]    6:     0x62a6ce1841c3 - std::io::Write::write_fmt::h03bb0ca26e6faf8c
[INFO] [stdout]                                at /rustc/202008a1b8de96d2e5b6bc02d379db03a877d34d/library/std/src/io/mod.rs:1884:15
[INFO] [stdout]    7:     0x62a6ce186e72 - std::sys::backtrace::BacktraceLock::print::h5c19c1c038ee186d
[INFO] [stdout]                                at /rustc/202008a1b8de96d2e5b6bc02d379db03a877d34d/library/std/src/sys/backtrace.rs:42:9
[INFO] [stdout]    8:     0x62a6ce1884ad - std::panicking::default_hook::{{closure}}::h77172f079a1fcb13
[INFO] [stdout]                                at /rustc/202008a1b8de96d2e5b6bc02d379db03a877d34d/library/std/src/panicking.rs:268:22
[INFO] [stdout]    9:     0x62a6ce1882b7 - std::panicking::default_hook::he5f8e3b203ccddba
[INFO] [stdout]                                at /rustc/202008a1b8de96d2e5b6bc02d379db03a877d34d/library/std/src/panicking.rs:292:9
[INFO] [stdout]   10:     0x62a6ce0219e7 - <alloc::boxed::Box<F,A> as core::ops::function::Fn<Args>>::call::h7a3c7b4a1ae77f2f
[INFO] [stdout]                                at /rustc/202008a1b8de96d2e5b6bc02d379db03a877d34d/library/alloc/src/boxed.rs:1986:9
[INFO] [stdout]   11:     0x62a6ce0219e7 - test::test_main::{{closure}}::hf0d3b69ae9b353d1
[INFO] [stdout]                                at /rustc/202008a1b8de96d2e5b6bc02d379db03a877d34d/library/test/src/lib.rs:134:21
[INFO] [stdout]   12:     0x62a6ce188b58 - <alloc::boxed::Box<F,A> as core::ops::function::Fn<Args>>::call::h6332e82e7b189abd
[INFO] [stdout]                                at /rustc/202008a1b8de96d2e5b6bc02d379db03a877d34d/library/alloc/src/boxed.rs:1986:9
[INFO] [stdout]   13:     0x62a6ce188b58 - std::panicking::rust_panic_with_hook::h53863d4e9018df39
[INFO] [stdout]                                at /rustc/202008a1b8de96d2e5b6bc02d379db03a877d34d/library/std/src/panicking.rs:809:13
[INFO] [stdout]   14:     0x62a6ce18891a - std::panicking::begin_panic_handler::{{closure}}::h67280e6fa0757873
[INFO] [stdout]                                at /rustc/202008a1b8de96d2e5b6bc02d379db03a877d34d/library/std/src/panicking.rs:674:13
[INFO] [stdout]   15:     0x62a6ce187509 - std::sys::backtrace::__rust_end_short_backtrace::h1dac3f54d6fbbeb2
[INFO] [stdout]                                at /rustc/202008a1b8de96d2e5b6bc02d379db03a877d34d/library/std/src/sys/backtrace.rs:170:18
[INFO] [stdout]   16:     0x62a6ce1885ac - rust_begin_unwind
[INFO] [stdout]                                at /rustc/202008a1b8de96d2e5b6bc02d379db03a877d34d/library/std/src/panicking.rs:665:5
[INFO] [stdout]   17:     0x62a6cdfe0010 - core::panicking::panic_fmt::h6792bd1b2bf01041
[INFO] [stdout]                                at /rustc/202008a1b8de96d2e5b6bc02d379db03a877d34d/library/core/src/panicking.rs:76:14
[INFO] [stdout]   18:     0x62a6cdfe0496 - core::result::unwrap_failed::h05e0602ed34287c5
[INFO] [stdout]                                at /rustc/202008a1b8de96d2e5b6bc02d379db03a877d34d/library/core/src/result.rs:1699:5
[INFO] [stdout]   19:     0x62a6cdfe7c40 - core::result::Result<T,E>::unwrap::h8476bd8445188de2
[INFO] [stdout]                                at /rustc/202008a1b8de96d2e5b6bc02d379db03a877d34d/library/core/src/result.rs:1104:23
[INFO] [stdout]   20:     0x62a6cdfe7c40 - test_parser::main::hce9b185cf21e1360
[INFO] [stdout]                                at /opt/rustwide/workdir/tests/parser.rs:12:20
[INFO] [stdout]   21:     0x62a6cdfe78e7 - test_parser::main::{{closure}}::h7060156a41cef5d5
[INFO] [stdout]                                at /opt/rustwide/workdir/tests/parser.rs:7:14
[INFO] [stdout]   22:     0x62a6cdfe1596 - core::ops::function::FnOnce::call_once::h7ccec553293770ea
[INFO] [stdout]                                at /rustc/202008a1b8de96d2e5b6bc02d379db03a877d34d/library/core/src/ops/function.rs:250:5
[INFO] [stdout]   23:     0x62a6ce02650b - core::ops::function::FnOnce::call_once::h871bf86719ec9aa4
[INFO] [stdout]                                at /rustc/202008a1b8de96d2e5b6bc02d379db03a877d34d/library/core/src/ops/function.rs:250:5
[INFO] [stdout]   24:     0x62a6ce02650b - test::__rust_begin_short_backtrace::h2167df1e2b7d76fd
[INFO] [stdout]                                at /rustc/202008a1b8de96d2e5b6bc02d379db03a877d34d/library/test/src/lib.rs:632:18
[INFO] [stdout]   25:     0x62a6ce025ef8 - test::run_test_in_process::{{closure}}::h15d92f75a3adfb79
[INFO] [stdout]                                at /rustc/202008a1b8de96d2e5b6bc02d379db03a877d34d/library/test/src/lib.rs:655:60
[INFO] [stdout]   26:     0x62a6ce025ef8 - <core::panic::unwind_safe::AssertUnwindSafe<F> as core::ops::function::FnOnce<()>>::call_once::hb6c8955835a8dbbb
[INFO] [stdout]                                at /rustc/202008a1b8de96d2e5b6bc02d379db03a877d34d/library/core/src/panic/unwind_safe.rs:272:9
[INFO] [stdout]   27:     0x62a6ce025ef8 - std::panicking::try::do_call::hc79d0fc888a0bd30
[INFO] [stdout]                                at /rustc/202008a1b8de96d2e5b6bc02d379db03a877d34d/library/std/src/panicking.rs:557:40
[INFO] [stdout]   28:     0x62a6ce025ef8 - std::panicking::try::hb8a7878e3a8589d6
[INFO] [stdout]                                at /rustc/202008a1b8de96d2e5b6bc02d379db03a877d34d/library/std/src/panicking.rs:520:19
[INFO] [stdout]   29:     0x62a6ce025ef8 - std::panic::catch_unwind::hb8e4600ff0ff5cfa
[INFO] [stdout]                                at /rustc/202008a1b8de96d2e5b6bc02d379db03a877d34d/library/std/src/panic.rs:358:14
[INFO] [stdout]   30:     0x62a6ce025ef8 - test::run_test_in_process::hc2900b0b18688dd6
[INFO] [stdout]                                at /rustc/202008a1b8de96d2e5b6bc02d379db03a877d34d/library/test/src/lib.rs:655:27
[INFO] [stdout]   31:     0x62a6ce025ef8 - test::run_test::{{closure}}::hac2a9cb07be3d48d
[INFO] [stdout]                                at /rustc/202008a1b8de96d2e5b6bc02d379db03a877d34d/library/test/src/lib.rs:576:43
[INFO] [stdout]   32:     0x62a6cdfe999a - test::run_test::{{closure}}::h4a5b729e66a38cd8
[INFO] [stdout]                                at /rustc/202008a1b8de96d2e5b6bc02d379db03a877d34d/library/test/src/lib.rs:606:41
[INFO] [stdout]   33:     0x62a6cdfe999a - std::sys::backtrace::__rust_begin_short_backtrace::h0496fb742492f573
[INFO] [stdout]                                at /rustc/202008a1b8de96d2e5b6bc02d379db03a877d34d/library/std/src/sys/backtrace.rs:154:18
[INFO] [stdout]   34:     0x62a6cdfed314 - std::thread::Builder::spawn_unchecked_::{{closure}}::{{closure}}::hbb6d257c550a54bd
[INFO] [stdout]                                at /rustc/202008a1b8de96d2e5b6bc02d379db03a877d34d/library/std/src/thread/mod.rs:561:17
[INFO] [stdout]   35:     0x62a6cdfed314 - <core::panic::unwind_safe::AssertUnwindSafe<F> as core::ops::function::FnOnce<()>>::call_once::h46696fe4a6832328
[INFO] [stdout]                                at /rustc/202008a1b8de96d2e5b6bc02d379db03a877d34d/library/core/src/panic/unwind_safe.rs:272:9
[INFO] [stdout]   36:     0x62a6cdfed314 - std::panicking::try::do_call::h2625a51b667bfb64
[INFO] [stdout]                                at /rustc/202008a1b8de96d2e5b6bc02d379db03a877d34d/library/std/src/panicking.rs:557:40
[INFO] [stdout]   37:     0x62a6cdfed314 - std::panicking::try::hb956a59a1973aa4c
[INFO] [stdout]                                at /rustc/202008a1b8de96d2e5b6bc02d379db03a877d34d/library/std/src/panicking.rs:520:19
[INFO] [stdout]   38:     0x62a6cdfed314 - std::panic::catch_unwind::h64f3b9d1067ef6a0
[INFO] [stdout]                                at /rustc/202008a1b8de96d2e5b6bc02d379db03a877d34d/library/std/src/panic.rs:358:14
[INFO] [stdout]   39:     0x62a6cdfed314 - std::thread::Builder::spawn_unchecked_::{{closure}}::h42b2841295b6c0b2
[INFO] [stdout]                                at /rustc/202008a1b8de96d2e5b6bc02d379db03a877d34d/library/std/src/thread/mod.rs:559:30
[INFO] [stdout]   40:     0x62a6cdfed314 - core::ops::function::FnOnce::call_once{{vtable.shim}}::h6127de71b8124639
[INFO] [stdout]                                at /rustc/202008a1b8de96d2e5b6bc02d379db03a877d34d/library/core/src/ops/function.rs:250:5
[INFO] [stdout]   41:     0x62a6ce18ca9b - <alloc::boxed::Box<F,A> as core::ops::function::FnOnce<Args>>::call_once::h42f0ba71002a1b2c
[INFO] [stdout]                                at /rustc/202008a1b8de96d2e5b6bc02d379db03a877d34d/library/alloc/src/boxed.rs:1972:9
[INFO] [stdout]   42:     0x62a6ce18ca9b - <alloc::boxed::Box<F,A> as core::ops::function::FnOnce<Args>>::call_once::had9e47d7a3dcecb8
[INFO] [stdout]                                at /rustc/202008a1b8de96d2e5b6bc02d379db03a877d34d/library/alloc/src/boxed.rs:1972:9
[INFO] [stdout]   43:     0x62a6ce18ca9b - std::sys::pal::unix::thread::Thread::new::thread_start::h48cf765408f6f5f2
[INFO] [stdout]                                at /rustc/202008a1b8de96d2e5b6bc02d379db03a877d34d/library/std/src/sys/pal/unix/thread.rs:105:17
[INFO] [stdout]   44:     0x7b8e837beac3 - <unknown>
[INFO] [stdout]   45:     0x7b8e8384fa04 - clone
[INFO] [stdout]   46:                0x0 - <unknown>
[INFO] [stdout] 
[INFO] [stdout] 
[INFO] [stdout] failures:
[INFO] [stdout]     main
[INFO] [stdout] 
[INFO] [stdout] test result: FAILED. 0 passed; 1 failed; 0 ignored; 0 measured; 0 filtered out; finished in 0.03s
[INFO] [stdout] 
[INFO] running `Command { std: "docker" "inspect" "c4f9ba927bf232d27d3776a19db77e43d9a90bfb6e72e8dd09f6c917f1d08f33", kill_on_drop: false }`
[INFO] running `Command { std: "docker" "rm" "-f" "c4f9ba927bf232d27d3776a19db77e43d9a90bfb6e72e8dd09f6c917f1d08f33", kill_on_drop: false }`
[INFO] [stdout] c4f9ba927bf232d27d3776a19db77e43d9a90bfb6e72e8dd09f6c917f1d08f33
