[INFO] cloning repository https://github.com/Aiving/aivell
[INFO] running `Command { std: "git" "-c" "credential.helper=" "-c" "credential.helper=/workspace/cargo-home/bin/git-credential-null" "clone" "--bare" "https://github.com/Aiving/aivell" "/workspace/cache/git-repos/https%3A%2F%2Fgithub.com%2FAiving%2Faivell", kill_on_drop: false }`
[INFO] [stderr] Cloning into bare repository '/workspace/cache/git-repos/https%3A%2F%2Fgithub.com%2FAiving%2Faivell'...
[INFO] running `Command { std: "git" "rev-parse" "HEAD", kill_on_drop: false }`
[INFO] [stdout] dd64fca16a7fd32f95365429c5cd111d1428f4a4
[INFO] testing Aiving/aivell against 1.83.0 for beta-1.84.0-4-retry
[INFO] running `Command { std: "git" "clone" "/workspace/cache/git-repos/https%3A%2F%2Fgithub.com%2FAiving%2Faivell" "/workspace/builds/worker-1-tc1/source", kill_on_drop: false }`
[INFO] [stderr] Cloning into '/workspace/builds/worker-1-tc1/source'...
[INFO] [stderr] done.
[INFO] validating manifest of git repo https://github.com/Aiving/aivell on toolchain 1.83.0
[INFO] running `Command { std: CARGO_HOME="/workspace/cargo-home" RUSTUP_HOME="/workspace/rustup-home" "/workspace/cargo-home/bin/cargo" "+1.83.0" "metadata" "--manifest-path" "Cargo.toml" "--no-deps", kill_on_drop: false }`
[INFO] started tweaking git repo https://github.com/Aiving/aivell
[INFO] finished tweaking git repo https://github.com/Aiving/aivell
[INFO] tweaked toml for git repo https://github.com/Aiving/aivell written to /workspace/builds/worker-1-tc1/source/Cargo.toml
[INFO] crate git repo https://github.com/Aiving/aivell already has a lockfile, it will not be regenerated
[INFO] running `Command { std: CARGO_HOME="/workspace/cargo-home" RUSTUP_HOME="/workspace/rustup-home" "/workspace/cargo-home/bin/cargo" "+1.83.0" "fetch" "--manifest-path" "Cargo.toml", kill_on_drop: false }`
[INFO] [stderr]     Blocking waiting for file lock on package cache
[INFO] [stderr]     Updating crates.io index
[INFO] [stderr]     Blocking waiting for file lock on package cache
[INFO] [stderr]  Downloading crates ...
[INFO] [stderr]   Downloaded bytecount v0.6.8
[INFO] [stderr]   Downloaded derive-name v1.1.0
[INFO] [stderr]   Downloaded derive-name-macros v1.1.1
[INFO] [stderr]   Downloaded nom_locate v4.2.0
[INFO] [stderr]   Downloaded redox_syscall v0.5.2
[INFO] [stderr]   Downloaded ariadne v0.4.1
[INFO] [stderr]   Downloaded syn v2.0.71
[INFO] [stderr]   Downloaded object v0.36.1
[INFO] [stderr]   Downloaded tokio v1.38.1
[INFO] running `Command { std: "docker" "create" "-v" "/var/lib/crater-agent-workspace/builds/worker-1-tc1/target:/opt/rustwide/target:rw,Z" "-v" "/var/lib/crater-agent-workspace/builds/worker-1-tc1/source:/opt/rustwide/workdir:ro,Z" "-v" "/var/lib/crater-agent-workspace/cargo-home:/opt/rustwide/cargo-home:ro,Z" "-v" "/var/lib/crater-agent-workspace/rustup-home:/opt/rustwide/rustup-home:ro,Z" "-e" "SOURCE_DIR=/opt/rustwide/workdir" "-e" "CARGO_TARGET_DIR=/opt/rustwide/target" "-e" "CARGO_HOME=/opt/rustwide/cargo-home" "-e" "RUSTUP_HOME=/opt/rustwide/rustup-home" "-w" "/opt/rustwide/workdir" "-m" "1610612736" "--user" "0:0" "--network" "none" "ghcr.io/rust-lang/crates-build-env/linux@sha256:f3a9d4ad9d972b27faf3965f35b62e55ba32bbce8f20bc8fe909558a86702fde" "/opt/rustwide/cargo-home/bin/cargo" "+1.83.0" "metadata" "--no-deps" "--format-version=1", kill_on_drop: false }`
[INFO] [stdout] a8b86de0947fd531d4186745f534feb29b8b675d9cd72cef47c58130af5e440c
[INFO] running `Command { std: "docker" "start" "-a" "a8b86de0947fd531d4186745f534feb29b8b675d9cd72cef47c58130af5e440c", kill_on_drop: false }`
[INFO] running `Command { std: "docker" "inspect" "a8b86de0947fd531d4186745f534feb29b8b675d9cd72cef47c58130af5e440c", kill_on_drop: false }`
[INFO] running `Command { std: "docker" "rm" "-f" "a8b86de0947fd531d4186745f534feb29b8b675d9cd72cef47c58130af5e440c", kill_on_drop: false }`
[INFO] [stdout] a8b86de0947fd531d4186745f534feb29b8b675d9cd72cef47c58130af5e440c
[INFO] running `Command { std: "docker" "create" "-v" "/var/lib/crater-agent-workspace/builds/worker-1-tc1/target:/opt/rustwide/target:rw,Z" "-v" "/var/lib/crater-agent-workspace/builds/worker-1-tc1/source:/opt/rustwide/workdir:ro,Z" "-v" "/var/lib/crater-agent-workspace/cargo-home:/opt/rustwide/cargo-home:ro,Z" "-v" "/var/lib/crater-agent-workspace/rustup-home:/opt/rustwide/rustup-home:ro,Z" "-e" "SOURCE_DIR=/opt/rustwide/workdir" "-e" "CARGO_TARGET_DIR=/opt/rustwide/target" "-e" "CARGO_INCREMENTAL=0" "-e" "RUST_BACKTRACE=full" "-e" "RUSTFLAGS=--cap-lints=warn" "-e" "RUSTDOCFLAGS=--cap-lints=warn" "-e" "CARGO_HOME=/opt/rustwide/cargo-home" "-e" "RUSTUP_HOME=/opt/rustwide/rustup-home" "-w" "/opt/rustwide/workdir" "-m" "1610612736" "--user" "0:0" "--network" "none" "ghcr.io/rust-lang/crates-build-env/linux@sha256:f3a9d4ad9d972b27faf3965f35b62e55ba32bbce8f20bc8fe909558a86702fde" "/opt/rustwide/cargo-home/bin/cargo" "+1.83.0" "build" "--frozen" "--message-format=json", kill_on_drop: false }`
[INFO] [stdout] c83f41bc0a2f38373fe71907c62402792b2b99980726b7fd6b242d7bc59ff8aa
[INFO] running `Command { std: "docker" "start" "-a" "c83f41bc0a2f38373fe71907c62402792b2b99980726b7fd6b242d7bc59ff8aa", kill_on_drop: false }`
[INFO] [stderr]    Compiling memchr v2.7.4
[INFO] [stderr]    Compiling minimal-lexical v0.2.1
[INFO] [stderr]    Compiling bytecount v0.6.8
[INFO] [stderr]    Compiling yansi v1.0.1
[INFO] [stderr]    Compiling unicode-width v0.1.13
[INFO] [stderr]    Compiling unicode-segmentation v1.11.0
[INFO] [stderr]    Compiling num-traits v0.2.19
[INFO] [stderr]    Compiling rustc-hash v2.0.0
[INFO] [stderr]    Compiling dunce v1.0.4
[INFO] [stderr]    Compiling instant v0.1.13
[INFO] [stderr]    Compiling downcast-rs v1.2.1
[INFO] [stderr]    Compiling syn v2.0.71
[INFO] [stderr]    Compiling num_cpus v1.16.0
[INFO] [stderr]    Compiling memory v0.1.0 (/opt/rustwide/workdir/crates/memory)
[INFO] [stderr]    Compiling tokio v1.38.1
[INFO] [stderr]    Compiling ariadne v0.4.1
[INFO] [stderr]    Compiling nom v7.1.3
[INFO] [stderr]    Compiling chrono v0.4.38
[INFO] [stderr]    Compiling derive-name-macros v1.1.1
[INFO] [stderr]    Compiling thiserror-impl v1.0.63
[INFO] [stderr]    Compiling deriver v0.1.0 (/opt/rustwide/workdir/crates/deriver)
[INFO] [stderr]    Compiling nom_locate v4.2.0
[INFO] [stderr]    Compiling shared v0.1.0 (/opt/rustwide/workdir/crates/shared)
[INFO] [stderr]    Compiling lexer v0.1.0 (/opt/rustwide/workdir/crates/lexer)
[INFO] [stderr]    Compiling derive-name v1.1.0
[INFO] [stderr]    Compiling thiserror v1.0.63
[INFO] [stderr]    Compiling parser v0.1.0 (/opt/rustwide/workdir/crates/parser)
[INFO] [stdout] warning: unused import: `lexer::token::Token`
[INFO] [stdout]  --> crates/parser/src/error.rs:3:5
[INFO] [stdout]   |
[INFO] [stdout] 3 | use lexer::token::Token;
[INFO] [stdout]   |     ^^^^^^^^^^^^^^^^^^^
[INFO] [stdout]   |
[INFO] [stdout]   = note: `#[warn(unused_imports)]` on by default
[INFO] [stdout] 
[INFO] [stdout] 
[INFO] [stdout] warning: unused import: `Positioned`
[INFO] [stdout]  --> crates/parser/src/error.rs:4:14
[INFO] [stdout]   |
[INFO] [stdout] 4 | use shared::{Positioned, Span};
[INFO] [stdout]   |              ^^^^^^^^^^
[INFO] [stdout] 
[INFO] [stdout] 
[INFO] [stdout] warning: unused import: `fmt::Write`
[INFO] [stdout]  --> crates/parser/src/error.rs:5:11
[INFO] [stdout]   |
[INFO] [stdout] 5 | use std::{fmt::Write, io::Cursor, path::Path};
[INFO] [stdout]   |           ^^^^^^^^^^
[INFO] [stdout] 
[INFO] [stdout] 
[INFO] [stdout] warning: method `get_str` is never used
[INFO] [stdout]    --> crates/parser/src/constant_pool.rs:291:12
[INFO] [stdout]     |
[INFO] [stdout] 240 | impl ConstantPoolBuilder {
[INFO] [stdout]     | ------------------------ method in this implementation
[INFO] [stdout] ...
[INFO] [stdout] 291 |     pub fn get_str(&self, index: ConstantIndex) -> &str {
[INFO] [stdout]     |            ^^^^^^^
[INFO] [stdout]     |
[INFO] [stdout]     = note: `#[warn(dead_code)]` on by default
[INFO] [stdout] 
[INFO] [stdout] 
[INFO] [stdout] warning: associated function `parse` is never used
[INFO] [stdout]   --> crates/parser/src/string_format_options.rs:21:19
[INFO] [stdout]    |
[INFO] [stdout] 19 | impl StringFormatOptions {
[INFO] [stdout]    | ------------------------ associated function in this implementation
[INFO] [stdout] 20 |     /// Parses a format string
[INFO] [stdout] 21 |     pub(crate) fn parse(
[INFO] [stdout]    |                   ^^^^^
[INFO] [stdout] 
[INFO] [stdout] 
[INFO] [stdout] warning: enum `FormatParsePosition` is never used
[INFO] [stdout]   --> crates/parser/src/string_format_options.rs:90:6
[INFO] [stdout]    |
[INFO] [stdout] 90 | enum FormatParsePosition {
[INFO] [stdout]    |      ^^^^^^^^^^^^^^^^^^^
[INFO] [stdout] 
[INFO] [stdout] 
[INFO] [stdout] warning: function `consume_u32` is never used
[INFO] [stdout]   --> crates/parser/src/string_format_options.rs:98:4
[INFO] [stdout]    |
[INFO] [stdout] 98 | fn consume_u32(first: char, chars: &mut Peekable<Chars>) -> Result<u32, StringFormatError> {
[INFO] [stdout]    |    ^^^^^^^^^^^
[INFO] [stdout] 
[INFO] [stdout] 
[INFO] [stderr]    Compiling bytecode v0.1.0 (/opt/rustwide/workdir/crates/bytecode)
[INFO] [stderr]    Compiling runtime v0.1.0 (/opt/rustwide/workdir/crates/runtime)
[INFO] [stdout] warning: function `redundant_argument_error` is never used
[INFO] [stdout]    --> crates/runtime/src/error.rs:208:8
[INFO] [stdout]     |
[INFO] [stdout] 208 | pub fn redundant_argument_error<T>(expected_str: &str, unexpected: &[KValue]) -> Result<T> {
[INFO] [stdout]     |        ^^^^^^^^^^^^^^^^^^^^^^^^
[INFO] [stdout]     |
[INFO] [stdout]     = note: `#[warn(dead_code)]` on by default
[INFO] [stdout] 
[INFO] [stdout] 
[INFO] [stdout] warning: field `state` is never read
[INFO] [stdout]   --> crates/runtime/src/types/map.rs:66:5
[INFO] [stdout]    |
[INFO] [stdout] 65 | pub struct KMap {
[INFO] [stdout]    |            ---- field in this struct
[INFO] [stdout] 66 |     state: Ptr<Option<Box<dyn Any + Send + Sync>>>,
[INFO] [stdout]    |     ^^^^^
[INFO] [stdout]    |
[INFO] [stdout]    = note: `KMap` has a derived impl for the trait `Clone`, but this is intentionally ignored during dead code analysis
[INFO] [stdout] 
[INFO] [stdout] 
[INFO] [stdout] warning: missing documentation for a trait
[INFO] [stdout]   --> crates/runtime/src/types/native_function.rs:22:1
[INFO] [stdout]    |
[INFO] [stdout] 22 | / pub trait AsyncKotoFunction:
[INFO] [stdout] 23 | |     Fn(&mut CallContext) -> BoxFuture<Result<KValue>> + KotoSend + KotoSync + 'static
[INFO] [stdout]    | |_____________________________________________________________________________________^
[INFO] [stdout]    |
[INFO] [stdout] note: the lint level is defined here
[INFO] [stdout]   --> crates/runtime/src/lib.rs:3:9
[INFO] [stdout]    |
[INFO] [stdout] 3  | #![warn(missing_docs)]
[INFO] [stdout]    |         ^^^^^^^^^^^^
[INFO] [stdout] 
[INFO] [stdout] 
[INFO] [stderr]    Compiling aivell v0.1.0 (/opt/rustwide/workdir/crates/aivell)
[INFO] [stderr]     Finished `dev` profile [unoptimized + debuginfo] target(s) in 19.20s
[INFO] running `Command { std: "docker" "inspect" "c83f41bc0a2f38373fe71907c62402792b2b99980726b7fd6b242d7bc59ff8aa", kill_on_drop: false }`
[INFO] running `Command { std: "docker" "rm" "-f" "c83f41bc0a2f38373fe71907c62402792b2b99980726b7fd6b242d7bc59ff8aa", kill_on_drop: false }`
[INFO] [stdout] c83f41bc0a2f38373fe71907c62402792b2b99980726b7fd6b242d7bc59ff8aa
[INFO] running `Command { std: "docker" "create" "-v" "/var/lib/crater-agent-workspace/builds/worker-1-tc1/target:/opt/rustwide/target:rw,Z" "-v" "/var/lib/crater-agent-workspace/builds/worker-1-tc1/source:/opt/rustwide/workdir:ro,Z" "-v" "/var/lib/crater-agent-workspace/cargo-home:/opt/rustwide/cargo-home:ro,Z" "-v" "/var/lib/crater-agent-workspace/rustup-home:/opt/rustwide/rustup-home:ro,Z" "-e" "SOURCE_DIR=/opt/rustwide/workdir" "-e" "CARGO_TARGET_DIR=/opt/rustwide/target" "-e" "CARGO_INCREMENTAL=0" "-e" "RUST_BACKTRACE=full" "-e" "RUSTFLAGS=--cap-lints=warn" "-e" "RUSTDOCFLAGS=--cap-lints=warn" "-e" "CARGO_HOME=/opt/rustwide/cargo-home" "-e" "RUSTUP_HOME=/opt/rustwide/rustup-home" "-w" "/opt/rustwide/workdir" "-m" "1610612736" "--user" "0:0" "--network" "none" "ghcr.io/rust-lang/crates-build-env/linux@sha256:f3a9d4ad9d972b27faf3965f35b62e55ba32bbce8f20bc8fe909558a86702fde" "/opt/rustwide/cargo-home/bin/cargo" "+1.83.0" "test" "--frozen" "--no-run" "--message-format=json", kill_on_drop: false }`
[INFO] [stdout] 365e66e0b52a95f9d75013cecebdd30ec059eb145a2362b2c646919ae3ed8038
[INFO] running `Command { std: "docker" "start" "-a" "365e66e0b52a95f9d75013cecebdd30ec059eb145a2362b2c646919ae3ed8038", kill_on_drop: false }`
[INFO] [stderr]    Compiling shared v0.1.0 (/opt/rustwide/workdir/crates/shared)
[INFO] [stderr]    Compiling deriver v0.1.0 (/opt/rustwide/workdir/crates/deriver)
[INFO] [stderr]    Compiling lexer v0.1.0 (/opt/rustwide/workdir/crates/lexer)
[INFO] [stderr]    Compiling memory v0.1.0 (/opt/rustwide/workdir/crates/memory)
[INFO] [stderr]    Compiling parser v0.1.0 (/opt/rustwide/workdir/crates/parser)
[INFO] [stderr]    Compiling bytecode v0.1.0 (/opt/rustwide/workdir/crates/bytecode)
[INFO] [stdout] warning: unused import: `lexer::token::Token`
[INFO] [stdout]  --> crates/parser/src/error.rs:3:5
[INFO] [stdout]   |
[INFO] [stdout] 3 | use lexer::token::Token;
[INFO] [stdout]   |     ^^^^^^^^^^^^^^^^^^^
[INFO] [stdout]   |
[INFO] [stdout]   = note: `#[warn(unused_imports)]` on by default
[INFO] [stdout] 
[INFO] [stdout] 
[INFO] [stdout] warning: unused import: `Positioned`
[INFO] [stdout]  --> crates/parser/src/error.rs:4:14
[INFO] [stdout]   |
[INFO] [stdout] 4 | use shared::{Positioned, Span};
[INFO] [stdout]   |              ^^^^^^^^^^
[INFO] [stdout] 
[INFO] [stdout] 
[INFO] [stdout] warning: unused import: `fmt::Write`
[INFO] [stdout]  --> crates/parser/src/error.rs:5:11
[INFO] [stdout]   |
[INFO] [stdout] 5 | use std::{fmt::Write, io::Cursor, path::Path};
[INFO] [stdout]   |           ^^^^^^^^^^
[INFO] [stdout] 
[INFO] [stdout] 
[INFO] [stdout] warning: method `get_str` is never used
[INFO] [stdout]    --> crates/parser/src/constant_pool.rs:291:12
[INFO] [stdout]     |
[INFO] [stdout] 240 | impl ConstantPoolBuilder {
[INFO] [stdout]     | ------------------------ method in this implementation
[INFO] [stdout] ...
[INFO] [stdout] 291 |     pub fn get_str(&self, index: ConstantIndex) -> &str {
[INFO] [stdout]     |            ^^^^^^^
[INFO] [stdout]     |
[INFO] [stdout]     = note: `#[warn(dead_code)]` on by default
[INFO] [stdout] 
[INFO] [stdout] 
[INFO] [stdout] warning: associated function `parse` is never used
[INFO] [stdout]   --> crates/parser/src/string_format_options.rs:21:19
[INFO] [stdout]    |
[INFO] [stdout] 19 | impl StringFormatOptions {
[INFO] [stdout]    | ------------------------ associated function in this implementation
[INFO] [stdout] 20 |     /// Parses a format string
[INFO] [stdout] 21 |     pub(crate) fn parse(
[INFO] [stdout]    |                   ^^^^^
[INFO] [stdout] 
[INFO] [stdout] 
[INFO] [stdout] warning: enum `FormatParsePosition` is never used
[INFO] [stdout]   --> crates/parser/src/string_format_options.rs:90:6
[INFO] [stdout]    |
[INFO] [stdout] 90 | enum FormatParsePosition {
[INFO] [stdout]    |      ^^^^^^^^^^^^^^^^^^^
[INFO] [stdout] 
[INFO] [stdout] 
[INFO] [stdout] warning: function `consume_u32` is never used
[INFO] [stdout]   --> crates/parser/src/string_format_options.rs:98:4
[INFO] [stdout]    |
[INFO] [stdout] 98 | fn consume_u32(first: char, chars: &mut Peekable<Chars>) -> Result<u32, StringFormatError> {
[INFO] [stdout]    |    ^^^^^^^^^^^
[INFO] [stdout] 
[INFO] [stdout] 
[INFO] [stdout] warning: unused import: `lexer::token::Token`
[INFO] [stdout]  --> crates/parser/src/error.rs:3:5
[INFO] [stdout]   |
[INFO] [stdout] 3 | use lexer::token::Token;
[INFO] [stdout]   |     ^^^^^^^^^^^^^^^^^^^
[INFO] [stdout]   |
[INFO] [stdout]   = note: `#[warn(unused_imports)]` on by default
[INFO] [stdout] 
[INFO] [stdout] 
[INFO] [stdout] warning: unused import: `Positioned`
[INFO] [stdout]  --> crates/parser/src/error.rs:4:14
[INFO] [stdout]   |
[INFO] [stdout] 4 | use shared::{Positioned, Span};
[INFO] [stdout]   |              ^^^^^^^^^^
[INFO] [stdout] 
[INFO] [stdout] 
[INFO] [stdout] warning: unused import: `fmt::Write`
[INFO] [stdout]  --> crates/parser/src/error.rs:5:11
[INFO] [stdout]   |
[INFO] [stdout] 5 | use std::{fmt::Write, io::Cursor, path::Path};
[INFO] [stdout]   |           ^^^^^^^^^^
[INFO] [stdout] 
[INFO] [stdout] 
[INFO] [stdout] warning: method `get_str` is never used
[INFO] [stdout]    --> crates/parser/src/constant_pool.rs:291:12
[INFO] [stdout]     |
[INFO] [stdout] 240 | impl ConstantPoolBuilder {
[INFO] [stdout]     | ------------------------ method in this implementation
[INFO] [stdout] ...
[INFO] [stdout] 291 |     pub fn get_str(&self, index: ConstantIndex) -> &str {
[INFO] [stdout]     |            ^^^^^^^
[INFO] [stdout]     |
[INFO] [stdout]     = note: `#[warn(dead_code)]` on by default
[INFO] [stdout] 
[INFO] [stdout] 
[INFO] [stderr]    Compiling runtime v0.1.0 (/opt/rustwide/workdir/crates/runtime)
[INFO] [stdout] warning: function `redundant_argument_error` is never used
[INFO] [stdout]    --> crates/runtime/src/error.rs:208:8
[INFO] [stdout]     |
[INFO] [stdout] 208 | pub fn redundant_argument_error<T>(expected_str: &str, unexpected: &[KValue]) -> Result<T> {
[INFO] [stdout]     |        ^^^^^^^^^^^^^^^^^^^^^^^^
[INFO] [stdout]     |
[INFO] [stdout]     = note: `#[warn(dead_code)]` on by default
[INFO] [stdout] 
[INFO] [stdout] 
[INFO] [stdout] warning: field `state` is never read
[INFO] [stdout]   --> crates/runtime/src/types/map.rs:66:5
[INFO] [stdout]    |
[INFO] [stdout] 65 | pub struct KMap {
[INFO] [stdout]    |            ---- field in this struct
[INFO] [stdout] 66 |     state: Ptr<Option<Box<dyn Any + Send + Sync>>>,
[INFO] [stdout]    |     ^^^^^
[INFO] [stdout]    |
[INFO] [stdout]    = note: `KMap` has a derived impl for the trait `Clone`, but this is intentionally ignored during dead code analysis
[INFO] [stdout] 
[INFO] [stdout] 
[INFO] [stdout] warning: method `clear` is never used
[INFO] [stdout]   --> crates/runtime/src/lib.rs:72:16
[INFO] [stdout]    |
[INFO] [stdout] 57 |     impl OutputCapture {
[INFO] [stdout]    |     ------------------ method in this implementation
[INFO] [stdout] ...
[INFO] [stdout] 72 |         pub fn clear(&mut self) {
[INFO] [stdout]    |                ^^^^^
[INFO] [stdout] 
[INFO] [stdout] 
[INFO] [stdout] warning: missing documentation for a trait
[INFO] [stdout]   --> crates/runtime/src/types/native_function.rs:22:1
[INFO] [stdout]    |
[INFO] [stdout] 22 | / pub trait AsyncKotoFunction:
[INFO] [stdout] 23 | |     Fn(&mut CallContext) -> BoxFuture<Result<KValue>> + KotoSend + KotoSync + 'static
[INFO] [stdout]    | |_____________________________________________________________________________________^
[INFO] [stdout]    |
[INFO] [stdout] note: the lint level is defined here
[INFO] [stdout]   --> crates/runtime/src/lib.rs:3:9
[INFO] [stdout]    |
[INFO] [stdout] 3  | #![warn(missing_docs)]
[INFO] [stdout]    |         ^^^^^^^^^^^^
[INFO] [stdout] 
[INFO] [stdout] 
[INFO] [stdout] warning: function `redundant_argument_error` is never used
[INFO] [stdout]    --> crates/runtime/src/error.rs:208:8
[INFO] [stdout]     |
[INFO] [stdout] 208 | pub fn redundant_argument_error<T>(expected_str: &str, unexpected: &[KValue]) -> Result<T> {
[INFO] [stdout]     |        ^^^^^^^^^^^^^^^^^^^^^^^^
[INFO] [stdout]     |
[INFO] [stdout]     = note: `#[warn(dead_code)]` on by default
[INFO] [stdout] 
[INFO] [stdout] 
[INFO] [stdout] warning: field `state` is never read
[INFO] [stdout]   --> crates/runtime/src/types/map.rs:66:5
[INFO] [stdout]    |
[INFO] [stdout] 65 | pub struct KMap {
[INFO] [stdout]    |            ---- field in this struct
[INFO] [stdout] 66 |     state: Ptr<Option<Box<dyn Any + Send + Sync>>>,
[INFO] [stdout]    |     ^^^^^
[INFO] [stdout]    |
[INFO] [stdout]    = note: `KMap` has a derived impl for the trait `Clone`, but this is intentionally ignored during dead code analysis
[INFO] [stdout] 
[INFO] [stdout] 
[INFO] [stdout] warning: missing documentation for a trait
[INFO] [stdout]   --> crates/runtime/src/types/native_function.rs:22:1
[INFO] [stdout]    |
[INFO] [stdout] 22 | / pub trait AsyncKotoFunction:
[INFO] [stdout] 23 | |     Fn(&mut CallContext) -> BoxFuture<Result<KValue>> + KotoSend + KotoSync + 'static
[INFO] [stdout]    | |_____________________________________________________________________________________^
[INFO] [stdout]    |
[INFO] [stdout] note: the lint level is defined here
[INFO] [stdout]   --> crates/runtime/src/lib.rs:3:9
[INFO] [stdout]    |
[INFO] [stdout] 3  | #![warn(missing_docs)]
[INFO] [stdout]    |         ^^^^^^^^^^^^
[INFO] [stdout] 
[INFO] [stdout] 
[INFO] [stderr]    Compiling aivell v0.1.0 (/opt/rustwide/workdir/crates/aivell)
[INFO] [stderr]     Finished `test` profile [unoptimized + debuginfo] target(s) in 11.19s
[INFO] running `Command { std: "docker" "inspect" "365e66e0b52a95f9d75013cecebdd30ec059eb145a2362b2c646919ae3ed8038", kill_on_drop: false }`
[INFO] running `Command { std: "docker" "rm" "-f" "365e66e0b52a95f9d75013cecebdd30ec059eb145a2362b2c646919ae3ed8038", kill_on_drop: false }`
[INFO] [stdout] 365e66e0b52a95f9d75013cecebdd30ec059eb145a2362b2c646919ae3ed8038
[INFO] running `Command { std: "docker" "create" "-v" "/var/lib/crater-agent-workspace/builds/worker-1-tc1/target:/opt/rustwide/target:rw,Z" "-v" "/var/lib/crater-agent-workspace/builds/worker-1-tc1/source:/opt/rustwide/workdir:ro,Z" "-v" "/var/lib/crater-agent-workspace/cargo-home:/opt/rustwide/cargo-home:ro,Z" "-v" "/var/lib/crater-agent-workspace/rustup-home:/opt/rustwide/rustup-home:ro,Z" "-e" "SOURCE_DIR=/opt/rustwide/workdir" "-e" "CARGO_TARGET_DIR=/opt/rustwide/target" "-e" "CARGO_INCREMENTAL=0" "-e" "RUST_BACKTRACE=full" "-e" "RUSTFLAGS=--cap-lints=warn" "-e" "RUSTDOCFLAGS=--cap-lints=warn" "-e" "CARGO_HOME=/opt/rustwide/cargo-home" "-e" "RUSTUP_HOME=/opt/rustwide/rustup-home" "-w" "/opt/rustwide/workdir" "-m" "1610612736" "--user" "0:0" "--network" "none" "ghcr.io/rust-lang/crates-build-env/linux@sha256:f3a9d4ad9d972b27faf3965f35b62e55ba32bbce8f20bc8fe909558a86702fde" "/opt/rustwide/cargo-home/bin/cargo" "+1.83.0" "test" "--frozen", kill_on_drop: false }`
[INFO] [stdout] b5f5442da30fb4eb7822edd2027b75c624f41d9a083f9c48df33cdface8f9f00
[INFO] running `Command { std: "docker" "start" "-a" "b5f5442da30fb4eb7822edd2027b75c624f41d9a083f9c48df33cdface8f9f00", kill_on_drop: false }`
[INFO] [stderr] warning: unused import: `lexer::token::Token`
[INFO] [stderr]  --> crates/parser/src/error.rs:3:5
[INFO] [stderr]   |
[INFO] [stderr] 3 | use lexer::token::Token;
[INFO] [stderr]   |     ^^^^^^^^^^^^^^^^^^^
[INFO] [stderr]   |
[INFO] [stderr]   = note: `#[warn(unused_imports)]` on by default
[INFO] [stderr] 
[INFO] [stderr] warning: unused import: `Positioned`
[INFO] [stderr]  --> crates/parser/src/error.rs:4:14
[INFO] [stderr]   |
[INFO] [stderr] 4 | use shared::{Positioned, Span};
[INFO] [stderr]   |              ^^^^^^^^^^
[INFO] [stderr] 
[INFO] [stderr] warning: unused import: `fmt::Write`
[INFO] [stderr]  --> crates/parser/src/error.rs:5:11
[INFO] [stderr]   |
[INFO] [stderr] 5 | use std::{fmt::Write, io::Cursor, path::Path};
[INFO] [stderr]   |           ^^^^^^^^^^
[INFO] [stderr] 
[INFO] [stderr] warning: method `get_str` is never used
[INFO] [stderr]    --> crates/parser/src/constant_pool.rs:291:12
[INFO] [stderr]     |
[INFO] [stderr] 240 | impl ConstantPoolBuilder {
[INFO] [stderr]     | ------------------------ method in this implementation
[INFO] [stderr] ...
[INFO] [stderr] 291 |     pub fn get_str(&self, index: ConstantIndex) -> &str {
[INFO] [stderr]     |            ^^^^^^^
[INFO] [stderr]     |
[INFO] [stderr]     = note: `#[warn(dead_code)]` on by default
[INFO] [stderr] 
[INFO] [stderr] warning: associated function `parse` is never used
[INFO] [stderr]   --> crates/parser/src/string_format_options.rs:21:19
[INFO] [stderr]    |
[INFO] [stderr] 19 | impl StringFormatOptions {
[INFO] [stderr]    | ------------------------ associated function in this implementation
[INFO] [stderr] 20 |     /// Parses a format string
[INFO] [stderr] 21 |     pub(crate) fn parse(
[INFO] [stderr]    |                   ^^^^^
[INFO] [stderr] 
[INFO] [stderr] warning: enum `FormatParsePosition` is never used
[INFO] [stderr]   --> crates/parser/src/string_format_options.rs:90:6
[INFO] [stderr]    |
[INFO] [stderr] 90 | enum FormatParsePosition {
[INFO] [stderr]    |      ^^^^^^^^^^^^^^^^^^^
[INFO] [stderr] 
[INFO] [stderr] warning: function `consume_u32` is never used
[INFO] [stderr]   --> crates/parser/src/string_format_options.rs:98:4
[INFO] [stderr]    |
[INFO] [stderr] 98 | fn consume_u32(first: char, chars: &mut Peekable<Chars>) -> Result<u32, StringFormatError> {
[INFO] [stderr]    |    ^^^^^^^^^^^
[INFO] [stderr] 
[INFO] [stderr] warning: `parser` (lib) generated 7 warnings (run `cargo fix --lib -p parser` to apply 2 suggestions)
[INFO] [stderr] warning: `parser` (lib test) generated 4 warnings (4 duplicates)
[INFO] [stderr] warning: function `redundant_argument_error` is never used
[INFO] [stderr]    --> crates/runtime/src/error.rs:208:8
[INFO] [stderr]     |
[INFO] [stderr] 208 | pub fn redundant_argument_error<T>(expected_str: &str, unexpected: &[KValue]) -> Result<T> {
[INFO] [stderr]     |        ^^^^^^^^^^^^^^^^^^^^^^^^
[INFO] [stderr]     |
[INFO] [stderr]     = note: `#[warn(dead_code)]` on by default
[INFO] [stderr] 
[INFO] [stderr] warning: field `state` is never read
[INFO] [stderr]   --> crates/runtime/src/types/map.rs:66:5
[INFO] [stderr]    |
[INFO] [stderr] 65 | pub struct KMap {
[INFO] [stderr]    |            ---- field in this struct
[INFO] [stderr] 66 |     state: Ptr<Option<Box<dyn Any + Send + Sync>>>,
[INFO] [stderr]    |     ^^^^^
[INFO] [stderr]    |
[INFO] [stderr]    = note: `KMap` has a derived impl for the trait `Clone`, but this is intentionally ignored during dead code analysis
[INFO] [stderr] 
[INFO] [stderr] warning: missing documentation for a trait
[INFO] [stderr]   --> crates/runtime/src/types/native_function.rs:22:1
[INFO] [stderr]    |
[INFO] [stderr] 22 | / pub trait AsyncKotoFunction:
[INFO] [stderr] 23 | |     Fn(&mut CallContext) -> BoxFuture<Result<KValue>> + KotoSend + KotoSync + 'static
[INFO] [stderr]    | |_____________________________________________________________________________________^
[INFO] [stderr]    |
[INFO] [stderr] note: the lint level is defined here
[INFO] [stderr]   --> crates/runtime/src/lib.rs:3:9
[INFO] [stderr]    |
[INFO] [stderr] 3  | #![warn(missing_docs)]
[INFO] [stderr]    |         ^^^^^^^^^^^^
[INFO] [stderr] 
[INFO] [stderr] warning: method `clear` is never used
[INFO] [stderr]   --> crates/runtime/src/lib.rs:72:16
[INFO] [stderr]    |
[INFO] [stderr] 57 |     impl OutputCapture {
[INFO] [stderr]    |     ------------------ method in this implementation
[INFO] [stderr] ...
[INFO] [stderr] 72 |         pub fn clear(&mut self) {
[INFO] [stderr]    |                ^^^^^
[INFO] [stderr] 
[INFO] [stderr] warning: `runtime` (lib) generated 3 warnings
[INFO] [stderr] warning: `runtime` (lib test) generated 4 warnings (3 duplicates)
[INFO] [stderr]     Finished `test` profile [unoptimized + debuginfo] target(s) in 0.07s
[INFO] [stderr]      Running unittests src/lib.rs (/opt/rustwide/target/debug/deps/aivell-617fa6c593775b9d)
[INFO] [stdout] 
[INFO] [stdout] running 0 tests
[INFO] [stdout] 
[INFO] [stdout] test result: ok. 0 passed; 0 failed; 0 ignored; 0 measured; 0 filtered out; finished in 0.00s
[INFO] [stdout] 
[INFO] [stderr]      Running unittests src/lib.rs (/opt/rustwide/target/debug/deps/bytecode-13a42fc91e98cd0b)
[INFO] [stdout] 
[INFO] [stdout] running 1 test
[INFO] [stdout] test op::tests::check_op_count ... ok
[INFO] [stdout] 
[INFO] [stdout] test result: ok. 1 passed; 0 failed; 0 ignored; 0 measured; 0 filtered out; finished in 0.00s
[INFO] [stdout] 
[INFO] [stderr]      Running unittests src/lib.rs (/opt/rustwide/target/debug/deps/deriver-54018b10e92a8dad)
[INFO] [stdout] 
[INFO] [stdout] running 0 tests
[INFO] [stdout] 
[INFO] [stderr]      Running unittests src/lib.rs (/opt/rustwide/target/debug/deps/lexer-093e3fbe9d00f891)
[INFO] [stdout] test result: ok. 0 passed; 0 failed; 0 ignored; 0 measured; 0 filtered out; finished in 0.00s
[INFO] [stdout] 
[INFO] [stdout] 
[INFO] [stdout] running 0 tests
[INFO] [stdout] 
[INFO] [stdout] test result: ok. 0 passed; 0 failed; 0 ignored; 0 measured; 0 filtered out; finished in 0.00s
[INFO] [stdout] 
[INFO] [stderr]      Running unittests src/lib.rs (/opt/rustwide/target/debug/deps/memory-0304cc3f5dbb5e19)
[INFO] [stdout] 
[INFO] [stdout] running 0 tests
[INFO] [stderr]      Running unittests src/lib.rs (/opt/rustwide/target/debug/deps/parser-b0c4d6348d266de1)
[INFO] [stdout] 
[INFO] [stdout] test result: ok. 0 passed; 0 failed; 0 ignored; 0 measured; 0 filtered out; finished in 0.00s
[INFO] [stdout] 
[INFO] [stdout] 
[INFO] [stdout] running 11 tests
[INFO] [stdout] test constant_pool::tests::test_adding_numbers_and_strings ... ok
[INFO] [stdout] test constant_pool::tests::test_iter ... ok
[INFO] [stdout] test string_slice::test::equality ... ok
[INFO] [stdout] test string_format_options::tests::width_and_precision ... ok
[INFO] [stdout] test string_slice::test::new ... ok
[INFO] [stdout] test string_slice::test::split ... ok
[INFO] [stdout] test string_slice::test::with_bounds ... ok
[INFO] [stdout] test string_format_options::tests::fill_and_alignment ... ok
[INFO] [stdout] test constant_pool::tests::test_adding_numbers ... ok
[INFO] [stdout] test constant_pool::tests::test_adding_strings ... ok
[INFO] [stdout] test node::tests::node_size ... FAILED
[INFO] [stdout] 
[INFO] [stdout] failures:
[INFO] [stdout] 
[INFO] [stdout] ---- node::tests::node_size stdout ----
[INFO] [stdout] thread 'node::tests::node_size' panicked at crates/parser/src/node.rs:646:9:
[INFO] [stdout] Node has a size of 96 bytes, the allowed maximum is 72 bytes
[INFO] [stdout] stack backtrace:
[INFO] [stdout]    0:     0x5cdc3294586a - std::backtrace_rs::backtrace::libunwind::trace::h5a5b8284f2d0c266
[INFO] [stdout]                                at /rustc/90b35a6239c3d8bdabc530a6a0816f7ff89a0aaf/library/std/src/../../backtrace/src/backtrace/libunwind.rs:116:5
[INFO] [stdout]    1:     0x5cdc3294586a - std::backtrace_rs::backtrace::trace_unsynchronized::h76d4f1c9b0b875e3
[INFO] [stdout]                                at /rustc/90b35a6239c3d8bdabc530a6a0816f7ff89a0aaf/library/std/src/../../backtrace/src/backtrace/mod.rs:66:5
[INFO] [stdout]    2:     0x5cdc3294586a - std::sys::backtrace::_print_fmt::hc4546b8364a537c6
[INFO] [stdout]                                at /rustc/90b35a6239c3d8bdabc530a6a0816f7ff89a0aaf/library/std/src/sys/backtrace.rs:66:9
[INFO] [stdout]    3:     0x5cdc3294586a - <std::sys::backtrace::BacktraceLock::print::DisplayBacktrace as core::fmt::Display>::fmt::h5b6bd5631a6d1f6b
[INFO] [stdout]                                at /rustc/90b35a6239c3d8bdabc530a6a0816f7ff89a0aaf/library/std/src/sys/backtrace.rs:39:26
[INFO] [stdout]    4:     0x5cdc3296afa3 - core::fmt::rt::Argument::fmt::h270f6602a2b96f62
[INFO] [stdout]                                at /rustc/90b35a6239c3d8bdabc530a6a0816f7ff89a0aaf/library/core/src/fmt/rt.rs:177:76
[INFO] [stdout]    5:     0x5cdc3296afa3 - core::fmt::write::h7550c97b06c86515
[INFO] [stdout]                                at /rustc/90b35a6239c3d8bdabc530a6a0816f7ff89a0aaf/library/core/src/fmt/mod.rs:1186:21
[INFO] [stdout]    6:     0x5cdc32942a33 - std::io::Write::write_fmt::h509ff860e5956e5e
[INFO] [stdout]                                at /rustc/90b35a6239c3d8bdabc530a6a0816f7ff89a0aaf/library/std/src/io/mod.rs:1839:15
[INFO] [stdout]    7:     0x5cdc329456b2 - std::sys::backtrace::BacktraceLock::print::h2395ccd2c84ba3aa
[INFO] [stdout]                                at /rustc/90b35a6239c3d8bdabc530a6a0816f7ff89a0aaf/library/std/src/sys/backtrace.rs:42:9
[INFO] [stdout]    8:     0x5cdc32946cca - std::panicking::default_hook::{{closure}}::he19d4c7230e07961
[INFO] [stdout]                                at /rustc/90b35a6239c3d8bdabc530a6a0816f7ff89a0aaf/library/std/src/panicking.rs:268:22
[INFO] [stdout]    9:     0x5cdc32946ad4 - std::panicking::default_hook::hf614597d3c67bbdb
[INFO] [stdout]                                at /rustc/90b35a6239c3d8bdabc530a6a0816f7ff89a0aaf/library/std/src/panicking.rs:292:9
[INFO] [stdout]   10:     0x5cdc3290c369 - <alloc::boxed::Box<F,A> as core::ops::function::Fn<Args>>::call::h39b51ce4599c23d1
[INFO] [stdout]                                at /rustc/90b35a6239c3d8bdabc530a6a0816f7ff89a0aaf/library/alloc/src/boxed.rs:2468:9
[INFO] [stdout]   11:     0x5cdc3290c369 - test::test_main::{{closure}}::he977ae839a582784
[INFO] [stdout]                                at /rustc/90b35a6239c3d8bdabc530a6a0816f7ff89a0aaf/library/test/src/lib.rs:133:21
[INFO] [stdout]   12:     0x5cdc32947368 - <alloc::boxed::Box<F,A> as core::ops::function::Fn<Args>>::call::h9455091b6b06f9fb
[INFO] [stdout]                                at /rustc/90b35a6239c3d8bdabc530a6a0816f7ff89a0aaf/library/alloc/src/boxed.rs:2468:9
[INFO] [stdout]   13:     0x5cdc32947368 - std::panicking::rust_panic_with_hook::h8942133a8b252070
[INFO] [stdout]                                at /rustc/90b35a6239c3d8bdabc530a6a0816f7ff89a0aaf/library/std/src/panicking.rs:809:13
[INFO] [stdout]   14:     0x5cdc3294712a - std::panicking::begin_panic_handler::{{closure}}::hb5f5963570096b29
[INFO] [stdout]                                at /rustc/90b35a6239c3d8bdabc530a6a0816f7ff89a0aaf/library/std/src/panicking.rs:674:13
[INFO] [stdout]   15:     0x5cdc32945d49 - std::sys::backtrace::__rust_end_short_backtrace::h6208cedc1922feda
[INFO] [stdout]                                at /rustc/90b35a6239c3d8bdabc530a6a0816f7ff89a0aaf/library/std/src/sys/backtrace.rs:170:18
[INFO] [stdout]   16:     0x5cdc32946dbc - rust_begin_unwind
[INFO] [stdout]                                at /rustc/90b35a6239c3d8bdabc530a6a0816f7ff89a0aaf/library/std/src/panicking.rs:665:5
[INFO] [stdout]   17:     0x5cdc328bda60 - core::panicking::panic_fmt::h0c3082644d1bf418
[INFO] [stdout]                                at /rustc/90b35a6239c3d8bdabc530a6a0816f7ff89a0aaf/library/core/src/panicking.rs:74:14
[INFO] [stdout]   18:     0x5cdc328d3102 - parser::node::tests::node_size::h38c279e614ab884c
[INFO] [stdout]                                at /opt/rustwide/workdir/crates/parser/src/node.rs:646:9
[INFO] [stdout]   19:     0x5cdc328d2ff7 - parser::node::tests::node_size::{{closure}}::hfcb7c0fad062af61
[INFO] [stdout]                                at /opt/rustwide/workdir/crates/parser/src/node.rs:642:19
[INFO] [stdout]   20:     0x5cdc328ce066 - core::ops::function::FnOnce::call_once::h38b78db963cddb07
[INFO] [stdout]                                at /rustc/90b35a6239c3d8bdabc530a6a0816f7ff89a0aaf/library/core/src/ops/function.rs:250:5
[INFO] [stdout]   21:     0x5cdc32910d2b - core::ops::function::FnOnce::call_once::h109cf8051a59b34e
[INFO] [stdout]                                at /rustc/90b35a6239c3d8bdabc530a6a0816f7ff89a0aaf/library/core/src/ops/function.rs:250:5
[INFO] [stdout]   22:     0x5cdc32910d2b - test::__rust_begin_short_backtrace::hf4fff89d377446ba
[INFO] [stdout]                                at /rustc/90b35a6239c3d8bdabc530a6a0816f7ff89a0aaf/library/test/src/lib.rs:621:18
[INFO] [stdout]   23:     0x5cdc32910567 - test::run_test_in_process::{{closure}}::h0e39181dd7ee5a43
[INFO] [stdout]                                at /rustc/90b35a6239c3d8bdabc530a6a0816f7ff89a0aaf/library/test/src/lib.rs:644:60
[INFO] [stdout]   24:     0x5cdc32910567 - <core::panic::unwind_safe::AssertUnwindSafe<F> as core::ops::function::FnOnce<()>>::call_once::hc5a66a30f0bdfd1f
[INFO] [stdout]                                at /rustc/90b35a6239c3d8bdabc530a6a0816f7ff89a0aaf/library/core/src/panic/unwind_safe.rs:272:9
[INFO] [stdout]   25:     0x5cdc32910567 - std::panicking::try::do_call::h873b7cf639554a5e
[INFO] [stdout]                                at /rustc/90b35a6239c3d8bdabc530a6a0816f7ff89a0aaf/library/std/src/panicking.rs:557:40
[INFO] [stdout]   26:     0x5cdc32910567 - std::panicking::try::hdb19862fad9c8bd1
[INFO] [stdout]                                at /rustc/90b35a6239c3d8bdabc530a6a0816f7ff89a0aaf/library/std/src/panicking.rs:520:19
[INFO] [stdout]   27:     0x5cdc32910567 - std::panic::catch_unwind::h281fe732d236d260
[INFO] [stdout]                                at /rustc/90b35a6239c3d8bdabc530a6a0816f7ff89a0aaf/library/std/src/panic.rs:358:14
[INFO] [stdout]   28:     0x5cdc32910567 - test::run_test_in_process::h949b6df8457ed338
[INFO] [stdout]                                at /rustc/90b35a6239c3d8bdabc530a6a0816f7ff89a0aaf/library/test/src/lib.rs:644:27
[INFO] [stdout]   29:     0x5cdc32910567 - test::run_test::{{closure}}::h52c556a6d4740e10
[INFO] [stdout]                                at /rustc/90b35a6239c3d8bdabc530a6a0816f7ff89a0aaf/library/test/src/lib.rs:565:43
[INFO] [stdout]   30:     0x5cdc328d5844 - test::run_test::{{closure}}::h4237f6381c45ccb9
[INFO] [stdout]                                at /rustc/90b35a6239c3d8bdabc530a6a0816f7ff89a0aaf/library/test/src/lib.rs:595:41
[INFO] [stdout]   31:     0x5cdc328d5844 - std::sys::backtrace::__rust_begin_short_backtrace::h505c97a579eca628
[INFO] [stdout]                                at /rustc/90b35a6239c3d8bdabc530a6a0816f7ff89a0aaf/library/std/src/sys/backtrace.rs:154:18
[INFO] [stdout]   32:     0x5cdc328d8f0e - std::thread::Builder::spawn_unchecked_::{{closure}}::{{closure}}::h9e86b2e2bc107ea3
[INFO] [stdout]                                at /rustc/90b35a6239c3d8bdabc530a6a0816f7ff89a0aaf/library/std/src/thread/mod.rs:538:17
[INFO] [stdout]   33:     0x5cdc328d8f0e - <core::panic::unwind_safe::AssertUnwindSafe<F> as core::ops::function::FnOnce<()>>::call_once::h8b06ddb275ff4a25
[INFO] [stdout]                                at /rustc/90b35a6239c3d8bdabc530a6a0816f7ff89a0aaf/library/core/src/panic/unwind_safe.rs:272:9
[INFO] [stdout]   34:     0x5cdc328d8f0e - std::panicking::try::do_call::hb26ecd7cd9a9355d
[INFO] [stdout]                                at /rustc/90b35a6239c3d8bdabc530a6a0816f7ff89a0aaf/library/std/src/panicking.rs:557:40
[INFO] [stdout]   35:     0x5cdc328d8f0e - std::panicking::try::h8ddeca9d705f9069
[INFO] [stdout]                                at /rustc/90b35a6239c3d8bdabc530a6a0816f7ff89a0aaf/library/std/src/panicking.rs:520:19
[INFO] [stdout]   36:     0x5cdc328d8f0e - std::panic::catch_unwind::h49e1c33078844c46
[INFO] [stdout]                                at /rustc/90b35a6239c3d8bdabc530a6a0816f7ff89a0aaf/library/std/src/panic.rs:358:14
[INFO] [stdout]   37:     0x5cdc328d8f0e - std::thread::Builder::spawn_unchecked_::{{closure}}::h6073db6ff56ad35d
[INFO] [stdout]                                at /rustc/90b35a6239c3d8bdabc530a6a0816f7ff89a0aaf/library/std/src/thread/mod.rs:537:30
[INFO] [stdout]   38:     0x5cdc328d8f0e - core::ops::function::FnOnce::call_once{{vtable.shim}}::h2c5a5f3779c774f1
[INFO] [stdout]                                at /rustc/90b35a6239c3d8bdabc530a6a0816f7ff89a0aaf/library/core/src/ops/function.rs:250:5
[INFO] [stdout]   39:     0x5cdc3294b0bb - <alloc::boxed::Box<F,A> as core::ops::function::FnOnce<Args>>::call_once::hf75717d9f28faebf
[INFO] [stdout]                                at /rustc/90b35a6239c3d8bdabc530a6a0816f7ff89a0aaf/library/alloc/src/boxed.rs:2454:9
[INFO] [stdout]   40:     0x5cdc3294b0bb - <alloc::boxed::Box<F,A> as core::ops::function::FnOnce<Args>>::call_once::h7bd883a5f3c5f3c1
[INFO] [stdout]                                at /rustc/90b35a6239c3d8bdabc530a6a0816f7ff89a0aaf/library/alloc/src/boxed.rs:2454:9
[INFO] [stdout]   41:     0x5cdc3294b0bb - std::sys::pal::unix::thread::Thread::new::thread_start::hcc78f3943333fa94
[INFO] [stdout]                                at /rustc/90b35a6239c3d8bdabc530a6a0816f7ff89a0aaf/library/std/src/sys/pal/unix/thread.rs:105:17
[INFO] [stdout]   42:     0x760e50f68ac3 - <unknown>
[INFO] [stdout]   43:     0x760e50ff9a04 - clone
[INFO] [stdout]   44:                0x0 - <unknown>
[INFO] [stdout] 
[INFO] [stdout] 
[INFO] [stdout] failures:
[INFO] [stdout]     node::tests::node_size
[INFO] [stdout] 
[INFO] [stdout] test result: FAILED. 10 passed; 1 failed; 0 ignored; 0 measured; 0 filtered out; finished in 0.07s
[INFO] [stdout] 
[INFO] [stderr] error: test failed, to rerun pass `-p parser --lib`
[INFO] running `Command { std: "docker" "inspect" "b5f5442da30fb4eb7822edd2027b75c624f41d9a083f9c48df33cdface8f9f00", kill_on_drop: false }`
[INFO] running `Command { std: "docker" "rm" "-f" "b5f5442da30fb4eb7822edd2027b75c624f41d9a083f9c48df33cdface8f9f00", kill_on_drop: false }`
[INFO] [stdout] b5f5442da30fb4eb7822edd2027b75c624f41d9a083f9c48df33cdface8f9f00
