[INFO] cloning repository https://github.com/Ahuang0107/my-xdiff
[INFO] running `Command { std: "git" "-c" "credential.helper=" "-c" "credential.helper=/workspace/cargo-home/bin/git-credential-null" "clone" "--bare" "https://github.com/Ahuang0107/my-xdiff" "/workspace/cache/git-repos/https%3A%2F%2Fgithub.com%2FAhuang0107%2Fmy-xdiff", kill_on_drop: false }`
[INFO] [stderr] Cloning into bare repository '/workspace/cache/git-repos/https%3A%2F%2Fgithub.com%2FAhuang0107%2Fmy-xdiff'...
[INFO] running `Command { std: "git" "rev-parse" "HEAD", kill_on_drop: false }`
[INFO] [stdout] 0914c28a71d4bc4594f0169984a717e9094593b4
[INFO] testing Ahuang0107/my-xdiff against 1.83.0 for beta-1.84.0-4-retry
[INFO] running `Command { std: "git" "clone" "/workspace/cache/git-repos/https%3A%2F%2Fgithub.com%2FAhuang0107%2Fmy-xdiff" "/workspace/builds/worker-5-tc1/source", kill_on_drop: false }`
[INFO] [stderr] Cloning into '/workspace/builds/worker-5-tc1/source'...
[INFO] [stderr] done.
[INFO] validating manifest of git repo https://github.com/Ahuang0107/my-xdiff on toolchain 1.83.0
[INFO] running `Command { std: CARGO_HOME="/workspace/cargo-home" RUSTUP_HOME="/workspace/rustup-home" "/workspace/cargo-home/bin/cargo" "+1.83.0" "metadata" "--manifest-path" "Cargo.toml" "--no-deps", kill_on_drop: false }`
[INFO] started tweaking git repo https://github.com/Ahuang0107/my-xdiff
[INFO] finished tweaking git repo https://github.com/Ahuang0107/my-xdiff
[INFO] tweaked toml for git repo https://github.com/Ahuang0107/my-xdiff written to /workspace/builds/worker-5-tc1/source/Cargo.toml
[INFO] crate git repo https://github.com/Ahuang0107/my-xdiff already has a lockfile, it will not be regenerated
[INFO] running `Command { std: CARGO_HOME="/workspace/cargo-home" RUSTUP_HOME="/workspace/rustup-home" "/workspace/cargo-home/bin/cargo" "+1.83.0" "fetch" "--manifest-path" "Cargo.toml", kill_on_drop: false }`
[INFO] [stderr]     Updating crates.io index
[INFO] [stderr]  Downloading crates ...
[INFO] [stderr]   Downloaded slab v0.4.7
[INFO] [stderr]   Downloaded is-terminal v0.4.1
[INFO] [stderr]   Downloaded num_cpus v1.14.0
[INFO] [stderr]   Downloaded clap_derive v4.0.21
[INFO] [stderr]   Downloaded futures-channel v0.3.25
[INFO] [stderr]   Downloaded serde v1.0.149
[INFO] [stderr]   Downloaded tokio-util v0.7.4
[INFO] [stderr]   Downloaded io-lifetimes v1.0.3
[INFO] [stderr]   Downloaded rustls v0.20.7
[INFO] [stderr]   Downloaded anyhow v1.0.66
[INFO] [stderr]   Downloaded ipnet v2.6.0
[INFO] [stderr]   Downloaded cc v1.0.77
[INFO] [stderr]   Downloaded errno v0.2.8
[INFO] [stderr]   Downloaded os_str_bytes v6.4.1
[INFO] [stderr]   Downloaded h2 v0.3.15
[INFO] [stderr]   Downloaded console v0.15.2
[INFO] [stderr]   Downloaded unsafe-libyaml v0.2.4
[INFO] [stderr]   Downloaded clap v4.0.29
[INFO] [stderr]   Downloaded rustls-pemfile v1.0.1
[INFO] [stderr]   Downloaded futures-util v0.3.25
[INFO] [stderr]   Downloaded wasm-bindgen v0.2.83
[INFO] [stderr]   Downloaded hyper v0.14.23
[INFO] [stderr]   Downloaded futures-core v0.3.25
[INFO] [stderr]   Downloaded rustix v0.36.5
[INFO] [stderr]   Downloaded wasm-bindgen-shared v0.2.83
[INFO] [stderr]   Downloaded futures-sink v0.3.25
[INFO] [stderr]   Downloaded wasm-bindgen-futures v0.4.33
[INFO] [stderr]   Downloaded bumpalo v3.11.1
[INFO] [stderr]   Downloaded wasm-bindgen-macro-support v0.2.83
[INFO] [stderr]   Downloaded serde_yaml v0.9.14
[INFO] [stderr]   Downloaded similar v2.2.1
[INFO] [stderr]   Downloaded parking_lot_core v0.9.5
[INFO] [stderr]   Downloaded wasm-bindgen-backend v0.2.83
[INFO] [stderr]   Downloaded wasm-bindgen-macro v0.2.83
[INFO] [stderr]   Downloaded reqwest v0.11.13
[INFO] [stderr]   Downloaded terminal_size v0.1.17
[INFO] [stderr]   Downloaded http-serde v1.1.2
[INFO] [stderr]   Downloaded web-sys v0.3.60
[INFO] [stderr]   Downloaded futures-task v0.3.25
[INFO] [stderr]   Downloaded bytes v1.3.0
[INFO] [stderr]   Downloaded tokio v1.23.0
[INFO] [stderr]   Downloaded form_urlencoded v1.1.0
[INFO] [stderr]   Downloaded unicode-bidi v0.3.8
[INFO] [stderr]   Downloaded idna v0.3.0
[INFO] [stderr]   Downloaded linux-raw-sys v0.1.3
[INFO] [stderr]   Downloaded encoding_rs v0.8.31
[INFO] [stderr]   Downloaded serde_derive v1.0.149
[INFO] [stderr]   Downloaded url v2.3.1
[INFO] [stderr]   Downloaded hyper-rustls v0.23.2
[INFO] [stderr]   Downloaded js-sys v0.3.60
[INFO] [stderr]   Downloaded winreg v0.10.1
[INFO] [stderr]   Downloaded percent-encoding v2.2.0
[INFO] [stderr]   Downloaded libc v0.2.138
[INFO] running `Command { std: "docker" "create" "-v" "/var/lib/crater-agent-workspace/builds/worker-5-tc1/target:/opt/rustwide/target:rw,Z" "-v" "/var/lib/crater-agent-workspace/builds/worker-5-tc1/source:/opt/rustwide/workdir:ro,Z" "-v" "/var/lib/crater-agent-workspace/cargo-home:/opt/rustwide/cargo-home:ro,Z" "-v" "/var/lib/crater-agent-workspace/rustup-home:/opt/rustwide/rustup-home:ro,Z" "-e" "SOURCE_DIR=/opt/rustwide/workdir" "-e" "CARGO_TARGET_DIR=/opt/rustwide/target" "-e" "CARGO_HOME=/opt/rustwide/cargo-home" "-e" "RUSTUP_HOME=/opt/rustwide/rustup-home" "-w" "/opt/rustwide/workdir" "-m" "1610612736" "--user" "0:0" "--network" "none" "ghcr.io/rust-lang/crates-build-env/linux@sha256:f3a9d4ad9d972b27faf3965f35b62e55ba32bbce8f20bc8fe909558a86702fde" "/opt/rustwide/cargo-home/bin/cargo" "+1.83.0" "metadata" "--no-deps" "--format-version=1", kill_on_drop: false }`
[INFO] [stdout] ec70b72dd2dfe17a5421a91f58beb4d7c54c02110b2449f00f9e01f34f5d35b5
[INFO] running `Command { std: "docker" "start" "-a" "ec70b72dd2dfe17a5421a91f58beb4d7c54c02110b2449f00f9e01f34f5d35b5", kill_on_drop: false }`
[INFO] running `Command { std: "docker" "inspect" "ec70b72dd2dfe17a5421a91f58beb4d7c54c02110b2449f00f9e01f34f5d35b5", kill_on_drop: false }`
[INFO] running `Command { std: "docker" "rm" "-f" "ec70b72dd2dfe17a5421a91f58beb4d7c54c02110b2449f00f9e01f34f5d35b5", kill_on_drop: false }`
[INFO] [stdout] ec70b72dd2dfe17a5421a91f58beb4d7c54c02110b2449f00f9e01f34f5d35b5
[INFO] running `Command { std: "docker" "create" "-v" "/var/lib/crater-agent-workspace/builds/worker-5-tc1/target:/opt/rustwide/target:rw,Z" "-v" "/var/lib/crater-agent-workspace/builds/worker-5-tc1/source:/opt/rustwide/workdir:ro,Z" "-v" "/var/lib/crater-agent-workspace/cargo-home:/opt/rustwide/cargo-home:ro,Z" "-v" "/var/lib/crater-agent-workspace/rustup-home:/opt/rustwide/rustup-home:ro,Z" "-e" "SOURCE_DIR=/opt/rustwide/workdir" "-e" "CARGO_TARGET_DIR=/opt/rustwide/target" "-e" "CARGO_INCREMENTAL=0" "-e" "RUST_BACKTRACE=full" "-e" "RUSTFLAGS=--cap-lints=warn" "-e" "RUSTDOCFLAGS=--cap-lints=warn" "-e" "CARGO_HOME=/opt/rustwide/cargo-home" "-e" "RUSTUP_HOME=/opt/rustwide/rustup-home" "-w" "/opt/rustwide/workdir" "-m" "1610612736" "--user" "0:0" "--network" "none" "ghcr.io/rust-lang/crates-build-env/linux@sha256:f3a9d4ad9d972b27faf3965f35b62e55ba32bbce8f20bc8fe909558a86702fde" "/opt/rustwide/cargo-home/bin/cargo" "+1.83.0" "build" "--frozen" "--message-format=json", kill_on_drop: false }`
[INFO] [stdout] 966ab3cc732c6d419f0ff24f619d8285cf7f0eb1356e8353deeba6d588dc3090
[INFO] running `Command { std: "docker" "start" "-a" "966ab3cc732c6d419f0ff24f619d8285cf7f0eb1356e8353deeba6d588dc3090", kill_on_drop: false }`
[INFO] [stderr]    Compiling libc v0.2.138
[INFO] [stderr]    Compiling proc-macro2 v1.0.47
[INFO] [stderr]    Compiling quote v1.0.21
[INFO] [stderr]    Compiling unicode-ident v1.0.5
[INFO] [stderr]    Compiling autocfg v1.1.0
[INFO] [stderr]    Compiling syn v1.0.105
[INFO] [stderr]    Compiling once_cell v1.16.0
[INFO] [stderr]    Compiling log v0.4.17
[INFO] [stderr]    Compiling cc v1.0.77
[INFO] [stderr]    Compiling bytes v1.3.0
[INFO] [stderr]    Compiling itoa v1.0.4
[INFO] [stderr]    Compiling parking_lot_core v0.9.5
[INFO] [stderr]    Compiling pin-project-lite v0.2.9
[INFO] [stderr]    Compiling futures-core v0.3.25
[INFO] [stderr]    Compiling smallvec v1.10.0
[INFO] [stderr]    Compiling scopeguard v1.1.0
[INFO] [stderr]    Compiling serde_derive v1.0.149
[INFO] [stderr]    Compiling memchr v2.5.0
[INFO] [stderr]    Compiling serde v1.0.149
[INFO] [stderr]    Compiling untrusted v0.7.1
[INFO] [stderr]    Compiling spin v0.5.2
[INFO] [stderr]    Compiling futures-task v0.3.25
[INFO] [stderr]    Compiling tracing-core v0.1.30
[INFO] [stderr]    Compiling futures-util v0.3.25
[INFO] [stderr]    Compiling hashbrown v0.12.3
[INFO] [stderr]    Compiling proc-macro-error-attr v1.0.4
[INFO] [stderr]    Compiling lock_api v0.4.9
[INFO] [stderr]    Compiling tokio v1.23.0
[INFO] [stderr]    Compiling indexmap v1.9.2
[INFO] [stderr]    Compiling http v0.2.8
[INFO] [stderr]    Compiling slab v0.4.7
[INFO] [stderr]    Compiling tracing v0.1.37
[INFO] [stderr]    Compiling io-lifetimes v1.0.3
[INFO] [stderr]    Compiling futures-channel v0.3.25
[INFO] [stderr]    Compiling tinyvec_macros v0.1.0
[INFO] [stderr]    Compiling futures-sink v0.3.25
[INFO] [stderr]    Compiling rustls v0.20.7
[INFO] [stderr]    Compiling httparse v1.8.0
[INFO] [stderr]    Compiling tinyvec v1.6.0
[INFO] [stderr]    Compiling proc-macro-error v1.0.4
[INFO] [stderr]    Compiling ryu v1.0.11
[INFO] [stderr]    Compiling percent-encoding v2.2.0
[INFO] [stderr]    Compiling rustix v0.36.5
[INFO] [stderr]    Compiling try-lock v0.2.3
[INFO] [stderr]    Compiling http-body v0.4.5
[INFO] [stderr]    Compiling want v0.3.0
[INFO] [stderr]    Compiling form_urlencoded v1.1.0
[INFO] [stderr]    Compiling httpdate v1.0.2
[INFO] [stderr]    Compiling ring v0.16.20
[INFO] [stderr]    Compiling linux-raw-sys v0.1.3
[INFO] [stderr]    Compiling tower-service v0.3.2
[INFO] [stderr]    Compiling encoding_rs v0.8.31
[INFO] [stderr]    Compiling unicode-bidi v0.3.8
[INFO] [stderr]    Compiling heck v0.4.0
[INFO] [stderr]    Compiling os_str_bytes v6.4.1
[INFO] [stderr]    Compiling serde_json v1.0.89
[INFO] [stderr]    Compiling anyhow v1.0.66
[INFO] [stderr]    Compiling signal-hook-registry v1.4.0
[INFO] [stderr]    Compiling num_cpus v1.14.0
[INFO] [stderr]    Compiling socket2 v0.4.7
[INFO] [stderr]    Compiling mio v0.8.5
[INFO] [stderr]    Compiling base64 v0.13.1
[INFO] [stderr]    Compiling parking_lot v0.12.1
[INFO] [stderr]    Compiling unicode-normalization v0.1.22
[INFO] [stderr]    Compiling clap_lex v0.3.0
[INFO] [stderr]    Compiling rustls-pemfile v1.0.1
[INFO] [stderr]    Compiling terminal_size v0.1.17
[INFO] [stderr]    Compiling unsafe-libyaml v0.2.4
[INFO] [stderr]    Compiling ipnet v2.6.0
[INFO] [stderr]    Compiling mime v0.3.16
[INFO] [stderr]    Compiling termcolor v1.1.3
[INFO] [stderr]    Compiling unicode-width v0.1.10
[INFO] [stderr]    Compiling strsim v0.10.0
[INFO] [stderr]    Compiling console v0.15.2
[INFO] [stderr]    Compiling similar v2.2.1
[INFO] [stderr]    Compiling idna v0.3.0
[INFO] [stderr]    Compiling is-terminal v0.4.1
[INFO] [stderr]    Compiling tokio-macros v1.8.2
[INFO] [stderr]    Compiling clap_derive v4.0.21
[INFO] [stderr]    Compiling webpki v0.22.0
[INFO] [stderr]    Compiling sct v0.7.0
[INFO] [stderr]    Compiling webpki-roots v0.22.6
[INFO] [stderr]    Compiling clap v4.0.29
[INFO] [stderr]    Compiling tokio-util v0.7.4
[INFO] [stderr]    Compiling tokio-rustls v0.23.4
[INFO] [stderr]    Compiling h2 v0.3.15
[INFO] [stderr]    Compiling url v2.3.1
[INFO] [stderr]    Compiling serde_urlencoded v0.7.1
[INFO] [stderr]    Compiling http-serde v1.1.2
[INFO] [stderr]    Compiling serde_yaml v0.9.14
[INFO] [stderr]    Compiling hyper v0.14.23
[INFO] [stderr]    Compiling hyper-rustls v0.23.2
[INFO] [stderr]    Compiling reqwest v0.11.13
[INFO] [stderr]    Compiling my-xdiff v0.1.0 (/opt/rustwide/workdir)
[INFO] [stderr]     Finished `dev` profile [unoptimized + debuginfo] target(s) in 59.68s
[INFO] running `Command { std: "docker" "inspect" "966ab3cc732c6d419f0ff24f619d8285cf7f0eb1356e8353deeba6d588dc3090", kill_on_drop: false }`
[INFO] running `Command { std: "docker" "rm" "-f" "966ab3cc732c6d419f0ff24f619d8285cf7f0eb1356e8353deeba6d588dc3090", kill_on_drop: false }`
[INFO] [stdout] 966ab3cc732c6d419f0ff24f619d8285cf7f0eb1356e8353deeba6d588dc3090
[INFO] running `Command { std: "docker" "create" "-v" "/var/lib/crater-agent-workspace/builds/worker-5-tc1/target:/opt/rustwide/target:rw,Z" "-v" "/var/lib/crater-agent-workspace/builds/worker-5-tc1/source:/opt/rustwide/workdir:ro,Z" "-v" "/var/lib/crater-agent-workspace/cargo-home:/opt/rustwide/cargo-home:ro,Z" "-v" "/var/lib/crater-agent-workspace/rustup-home:/opt/rustwide/rustup-home:ro,Z" "-e" "SOURCE_DIR=/opt/rustwide/workdir" "-e" "CARGO_TARGET_DIR=/opt/rustwide/target" "-e" "CARGO_INCREMENTAL=0" "-e" "RUST_BACKTRACE=full" "-e" "RUSTFLAGS=--cap-lints=warn" "-e" "RUSTDOCFLAGS=--cap-lints=warn" "-e" "CARGO_HOME=/opt/rustwide/cargo-home" "-e" "RUSTUP_HOME=/opt/rustwide/rustup-home" "-w" "/opt/rustwide/workdir" "-m" "1610612736" "--user" "0:0" "--network" "none" "ghcr.io/rust-lang/crates-build-env/linux@sha256:f3a9d4ad9d972b27faf3965f35b62e55ba32bbce8f20bc8fe909558a86702fde" "/opt/rustwide/cargo-home/bin/cargo" "+1.83.0" "test" "--frozen" "--no-run" "--message-format=json", kill_on_drop: false }`
[INFO] [stdout] f9419502ab4e5d01ad8abeeeae29180b8f10e491ea29e9be237b02b1ae34039a
[INFO] running `Command { std: "docker" "start" "-a" "f9419502ab4e5d01ad8abeeeae29180b8f10e491ea29e9be237b02b1ae34039a", kill_on_drop: false }`
[INFO] [stderr]    Compiling my-xdiff v0.1.0 (/opt/rustwide/workdir)
[INFO] [stderr]     Finished `test` profile [unoptimized + debuginfo] target(s) in 4.81s
[INFO] running `Command { std: "docker" "inspect" "f9419502ab4e5d01ad8abeeeae29180b8f10e491ea29e9be237b02b1ae34039a", kill_on_drop: false }`
[INFO] running `Command { std: "docker" "rm" "-f" "f9419502ab4e5d01ad8abeeeae29180b8f10e491ea29e9be237b02b1ae34039a", kill_on_drop: false }`
[INFO] [stdout] f9419502ab4e5d01ad8abeeeae29180b8f10e491ea29e9be237b02b1ae34039a
[INFO] running `Command { std: "docker" "create" "-v" "/var/lib/crater-agent-workspace/builds/worker-5-tc1/target:/opt/rustwide/target:rw,Z" "-v" "/var/lib/crater-agent-workspace/builds/worker-5-tc1/source:/opt/rustwide/workdir:ro,Z" "-v" "/var/lib/crater-agent-workspace/cargo-home:/opt/rustwide/cargo-home:ro,Z" "-v" "/var/lib/crater-agent-workspace/rustup-home:/opt/rustwide/rustup-home:ro,Z" "-e" "SOURCE_DIR=/opt/rustwide/workdir" "-e" "CARGO_TARGET_DIR=/opt/rustwide/target" "-e" "CARGO_INCREMENTAL=0" "-e" "RUST_BACKTRACE=full" "-e" "RUSTFLAGS=--cap-lints=warn" "-e" "RUSTDOCFLAGS=--cap-lints=warn" "-e" "CARGO_HOME=/opt/rustwide/cargo-home" "-e" "RUSTUP_HOME=/opt/rustwide/rustup-home" "-w" "/opt/rustwide/workdir" "-m" "1610612736" "--user" "0:0" "--network" "none" "ghcr.io/rust-lang/crates-build-env/linux@sha256:f3a9d4ad9d972b27faf3965f35b62e55ba32bbce8f20bc8fe909558a86702fde" "/opt/rustwide/cargo-home/bin/cargo" "+1.83.0" "test" "--frozen", kill_on_drop: false }`
[INFO] [stdout] 9b3344a47d0daaf960a2adbdc9bab07a601d690d592a522813a6a2de1ba50f72
[INFO] running `Command { std: "docker" "start" "-a" "9b3344a47d0daaf960a2adbdc9bab07a601d690d592a522813a6a2de1ba50f72", kill_on_drop: false }`
[INFO] [stderr]     Finished `test` profile [unoptimized + debuginfo] target(s) in 0.17s
[INFO] [stderr]      Running unittests src/lib.rs (/opt/rustwide/target/debug/deps/my_xdiff-9f7c7be0fe9c0b88)
[INFO] [stdout] 
[INFO] [stdout] running 1 test
[INFO] [stdout] test config::test::it_works ... FAILED
[INFO] [stdout] 
[INFO] [stdout] failures:
[INFO] [stdout] 
[INFO] [stdout] ---- config::test::it_works stdout ----
[INFO] [stdout] DiffConfig {
[INFO] [stdout]     profiles: {
[INFO] [stdout]         "todo": DiffProfile {
[INFO] [stdout]             req1: RequestProfile {
[INFO] [stdout]                 method: GET,
[INFO] [stdout]                 url: Url {
[INFO] [stdout]                     scheme: "https",
[INFO] [stdout]                     cannot_be_a_base: false,
[INFO] [stdout]                     username: "",
[INFO] [stdout]                     password: None,
[INFO] [stdout]                     host: Some(
[INFO] [stdout]                         Domain(
[INFO] [stdout]                             "jsonplaceholder.typicode.com",
[INFO] [stdout]                         ),
[INFO] [stdout]                     ),
[INFO] [stdout]                     port: None,
[INFO] [stdout]                     path: "/todos/1",
[INFO] [stdout]                     query: None,
[INFO] [stdout]                     fragment: None,
[INFO] [stdout]                 },
[INFO] [stdout]                 params: Some(
[INFO] [stdout]                     Object {
[INFO] [stdout]                         "a": Number(100),
[INFO] [stdout]                     },
[INFO] [stdout]                 ),
[INFO] [stdout]                 headers: {},
[INFO] [stdout]                 body: None,
[INFO] [stdout]             },
[INFO] [stdout]             req2: RequestProfile {
[INFO] [stdout]                 method: GET,
[INFO] [stdout]                 url: Url {
[INFO] [stdout]                     scheme: "https",
[INFO] [stdout]                     cannot_be_a_base: false,
[INFO] [stdout]                     username: "",
[INFO] [stdout]                     password: None,
[INFO] [stdout]                     host: Some(
[INFO] [stdout]                         Domain(
[INFO] [stdout]                             "jsonplaceholder.typicode.com",
[INFO] [stdout]                         ),
[INFO] [stdout]                     ),
[INFO] [stdout]                     port: None,
[INFO] [stdout]                     path: "/todos/2",
[INFO] [stdout]                     query: None,
[INFO] [stdout]                     fragment: None,
[INFO] [stdout]                 },
[INFO] [stdout]                 params: Some(
[INFO] [stdout]                     Object {
[INFO] [stdout]                         "c": Number(200),
[INFO] [stdout]                     },
[INFO] [stdout]                 ),
[INFO] [stdout]                 headers: {},
[INFO] [stdout]                 body: None,
[INFO] [stdout]             },
[INFO] [stdout]             res: ResponseProfile {
[INFO] [stdout]                 skip_headers: [
[INFO] [stdout]                     "report-to",
[INFO] [stdout]                     "set-cookie",
[INFO] [stdout]                     "date",
[INFO] [stdout]                     "via",
[INFO] [stdout]                     "x-amz-cf-id",
[INFO] [stdout]                     "x-powered-by",
[INFO] [stdout]                     "x-ratelimit-limit",
[INFO] [stdout]                     "x-ratelimit-remaining",
[INFO] [stdout]                     "x-ratelimit-reset",
[INFO] [stdout]                     "access-control-allow-credentials",
[INFO] [stdout]                     "cache-control",
[INFO] [stdout]                     "pragma",
[INFO] [stdout]                     "expires",
[INFO] [stdout]                     "x-content-type-options",
[INFO] [stdout]                     "etag",
[INFO] [stdout]                     "cf-cache-status",
[INFO] [stdout]                     "age",
[INFO] [stdout]                     "accept-ranges",
[INFO] [stdout]                     "server-timing",
[INFO] [stdout]                     "nel",
[INFO] [stdout]                     "server",
[INFO] [stdout]                     "cf-ray",
[INFO] [stdout]                     "alt-svc",
[INFO] [stdout]                 ],
[INFO] [stdout]                 skip_body: [
[INFO] [stdout]                     "id",
[INFO] [stdout]                 ],
[INFO] [stdout]             },
[INFO] [stdout]         },
[INFO] [stdout]         "rust": DiffProfile {
[INFO] [stdout]             req1: RequestProfile {
[INFO] [stdout]                 method: GET,
[INFO] [stdout]                 url: Url {
[INFO] [stdout]                     scheme: "https",
[INFO] [stdout]                     cannot_be_a_base: false,
[INFO] [stdout]                     username: "",
[INFO] [stdout]                     password: None,
[INFO] [stdout]                     host: Some(
[INFO] [stdout]                         Domain(
[INFO] [stdout]                             "www.rust-lang.org",
[INFO] [stdout]                         ),
[INFO] [stdout]                     ),
[INFO] [stdout]                     port: None,
[INFO] [stdout]                     path: "/",
[INFO] [stdout]                     query: None,
[INFO] [stdout]                     fragment: None,
[INFO] [stdout]                 },
[INFO] [stdout]                 params: Some(
[INFO] [stdout]                     Object {
[INFO] [stdout]                         "hello": String("world"),
[INFO] [stdout]                     },
[INFO] [stdout]                 ),
[INFO] [stdout]                 headers: {
[INFO] [stdout]                     "user-agent": "Aloha",
[INFO] [stdout]                 },
[INFO] [stdout]                 body: None,
[INFO] [stdout]             },
[INFO] [stdout]             req2: RequestProfile {
[INFO] [stdout]                 method: GET,
[INFO] [stdout]                 url: Url {
[INFO] [stdout]                     scheme: "https",
[INFO] [stdout]                     cannot_be_a_base: false,
[INFO] [stdout]                     username: "",
[INFO] [stdout]                     password: None,
[INFO] [stdout]                     host: Some(
[INFO] [stdout]                         Domain(
[INFO] [stdout]                             "www.rust-lang.org",
[INFO] [stdout]                         ),
[INFO] [stdout]                     ),
[INFO] [stdout]                     port: None,
[INFO] [stdout]                     path: "/",
[INFO] [stdout]                     query: None,
[INFO] [stdout]                     fragment: None,
[INFO] [stdout]                 },
[INFO] [stdout]                 params: Some(
[INFO] [stdout]                     Object {},
[INFO] [stdout]                 ),
[INFO] [stdout]                 headers: {},
[INFO] [stdout]                 body: None,
[INFO] [stdout]             },
[INFO] [stdout]             res: ResponseProfile {
[INFO] [stdout]                 skip_headers: [
[INFO] [stdout]                     "set-cookie",
[INFO] [stdout]                     "date",
[INFO] [stdout]                     "via",
[INFO] [stdout]                     "x-amz-cf-id",
[INFO] [stdout]                 ],
[INFO] [stdout]                 skip_body: [],
[INFO] [stdout]             },
[INFO] [stdout]         },
[INFO] [stdout]     },
[INFO] [stdout] }
[INFO] [stdout] thread 'config::test::it_works' panicked at src/config.rs:84:9:
[INFO] [stdout] assertion `left == right` failed
[INFO] [stdout]   left: 2
[INFO] [stdout]  right: 1
[INFO] [stdout] stack backtrace:
[INFO] [stdout]    0:     0x572f9695986a - std::backtrace_rs::backtrace::libunwind::trace::h5a5b8284f2d0c266
[INFO] [stdout]                                at /rustc/90b35a6239c3d8bdabc530a6a0816f7ff89a0aaf/library/std/src/../../backtrace/src/backtrace/libunwind.rs:116:5
[INFO] [stdout]    1:     0x572f9695986a - std::backtrace_rs::backtrace::trace_unsynchronized::h76d4f1c9b0b875e3
[INFO] [stdout]                                at /rustc/90b35a6239c3d8bdabc530a6a0816f7ff89a0aaf/library/std/src/../../backtrace/src/backtrace/mod.rs:66:5
[INFO] [stdout]    2:     0x572f9695986a - std::sys::backtrace::_print_fmt::hc4546b8364a537c6
[INFO] [stdout]                                at /rustc/90b35a6239c3d8bdabc530a6a0816f7ff89a0aaf/library/std/src/sys/backtrace.rs:66:9
[INFO] [stdout]    3:     0x572f9695986a - <std::sys::backtrace::BacktraceLock::print::DisplayBacktrace as core::fmt::Display>::fmt::h5b6bd5631a6d1f6b
[INFO] [stdout]                                at /rustc/90b35a6239c3d8bdabc530a6a0816f7ff89a0aaf/library/std/src/sys/backtrace.rs:39:26
[INFO] [stdout]    4:     0x572f969818c3 - core::fmt::rt::Argument::fmt::h270f6602a2b96f62
[INFO] [stdout]                                at /rustc/90b35a6239c3d8bdabc530a6a0816f7ff89a0aaf/library/core/src/fmt/rt.rs:177:76
[INFO] [stdout]    5:     0x572f969818c3 - core::fmt::write::h7550c97b06c86515
[INFO] [stdout]                                at /rustc/90b35a6239c3d8bdabc530a6a0816f7ff89a0aaf/library/core/src/fmt/mod.rs:1186:21
[INFO] [stdout]    6:     0x572f96956723 - std::io::Write::write_fmt::h509ff860e5956e5e
[INFO] [stdout]                                at /rustc/90b35a6239c3d8bdabc530a6a0816f7ff89a0aaf/library/std/src/io/mod.rs:1839:15
[INFO] [stdout]    7:     0x572f969596b2 - std::sys::backtrace::BacktraceLock::print::h2395ccd2c84ba3aa
[INFO] [stdout]                                at /rustc/90b35a6239c3d8bdabc530a6a0816f7ff89a0aaf/library/std/src/sys/backtrace.rs:42:9
[INFO] [stdout]    8:     0x572f9695acca - std::panicking::default_hook::{{closure}}::he19d4c7230e07961
[INFO] [stdout]                                at /rustc/90b35a6239c3d8bdabc530a6a0816f7ff89a0aaf/library/std/src/panicking.rs:268:22
[INFO] [stdout]    9:     0x572f9695aad4 - std::panicking::default_hook::hf614597d3c67bbdb
[INFO] [stdout]                                at /rustc/90b35a6239c3d8bdabc530a6a0816f7ff89a0aaf/library/std/src/panicking.rs:292:9
[INFO] [stdout]   10:     0x572f9686caf9 - <alloc::boxed::Box<F,A> as core::ops::function::Fn<Args>>::call::h39b51ce4599c23d1
[INFO] [stdout]                                at /rustc/90b35a6239c3d8bdabc530a6a0816f7ff89a0aaf/library/alloc/src/boxed.rs:2468:9
[INFO] [stdout]   11:     0x572f9686caf9 - test::test_main::{{closure}}::he977ae839a582784
[INFO] [stdout]                                at /rustc/90b35a6239c3d8bdabc530a6a0816f7ff89a0aaf/library/test/src/lib.rs:133:21
[INFO] [stdout]   12:     0x572f9695b368 - <alloc::boxed::Box<F,A> as core::ops::function::Fn<Args>>::call::h9455091b6b06f9fb
[INFO] [stdout]                                at /rustc/90b35a6239c3d8bdabc530a6a0816f7ff89a0aaf/library/alloc/src/boxed.rs:2468:9
[INFO] [stdout]   13:     0x572f9695b368 - std::panicking::rust_panic_with_hook::h8942133a8b252070
[INFO] [stdout]                                at /rustc/90b35a6239c3d8bdabc530a6a0816f7ff89a0aaf/library/std/src/panicking.rs:809:13
[INFO] [stdout]   14:     0x572f9695b12a - std::panicking::begin_panic_handler::{{closure}}::hb5f5963570096b29
[INFO] [stdout]                                at /rustc/90b35a6239c3d8bdabc530a6a0816f7ff89a0aaf/library/std/src/panicking.rs:674:13
[INFO] [stdout]   15:     0x572f96959d49 - std::sys::backtrace::__rust_end_short_backtrace::h6208cedc1922feda
[INFO] [stdout]                                at /rustc/90b35a6239c3d8bdabc530a6a0816f7ff89a0aaf/library/std/src/sys/backtrace.rs:170:18
[INFO] [stdout]   16:     0x572f9695adbc - rust_begin_unwind
[INFO] [stdout]                                at /rustc/90b35a6239c3d8bdabc530a6a0816f7ff89a0aaf/library/std/src/panicking.rs:665:5
[INFO] [stdout]   17:     0x572f96727bc0 - core::panicking::panic_fmt::h0c3082644d1bf418
[INFO] [stdout]                                at /rustc/90b35a6239c3d8bdabc530a6a0816f7ff89a0aaf/library/core/src/panicking.rs:74:14
[INFO] [stdout]   18:     0x572f96727fec - core::panicking::assert_failed_inner::h2ddf1fcc067fa858
[INFO] [stdout]   19:     0x572f96773e62 - core::panicking::assert_failed::hffc14d0e25340a3b
[INFO] [stdout]                                at /rustc/90b35a6239c3d8bdabc530a6a0816f7ff89a0aaf/library/core/src/panicking.rs:367:5
[INFO] [stdout]   20:     0x572f967403a5 - my_xdiff::config::test::it_works::{{closure}}::hac07f059114fbf81
[INFO] [stdout]                                at /opt/rustwide/workdir/src/config.rs:84:9
[INFO] [stdout]   21:     0x572f96751655 - <core::pin::Pin<P> as core::future::future::Future>::poll::ha57d0ac8229b426f
[INFO] [stdout]                                at /rustc/90b35a6239c3d8bdabc530a6a0816f7ff89a0aaf/library/core/src/future/future.rs:123:9
[INFO] [stdout]   22:     0x572f9675160d - <core::pin::Pin<P> as core::future::future::Future>::poll::h15485580ac19140c
[INFO] [stdout]                                at /rustc/90b35a6239c3d8bdabc530a6a0816f7ff89a0aaf/library/core/src/future/future.rs:123:9
[INFO] [stdout]   23:     0x572f9675930f - tokio::runtime::scheduler::current_thread::CoreGuard::block_on::{{closure}}::{{closure}}::{{closure}}::hbe24dde9f95210f1
[INFO] [stdout]                                at /opt/rustwide/cargo-home/registry/src/index.crates.io-6f17d22bba15001f/tokio-1.23.0/src/runtime/scheduler/current_thread.rs:541:57
[INFO] [stdout]   24:     0x572f96759226 - tokio::runtime::coop::with_budget::he9aa4b60b91d83ff
[INFO] [stdout]                                at /opt/rustwide/cargo-home/registry/src/index.crates.io-6f17d22bba15001f/tokio-1.23.0/src/runtime/coop.rs:102:5
[INFO] [stdout]   25:     0x572f96759226 - tokio::runtime::coop::budget::h05f0c60d02c7a722
[INFO] [stdout]                                at /opt/rustwide/cargo-home/registry/src/index.crates.io-6f17d22bba15001f/tokio-1.23.0/src/runtime/coop.rs:68:5
[INFO] [stdout]   26:     0x572f96759226 - tokio::runtime::scheduler::current_thread::CoreGuard::block_on::{{closure}}::{{closure}}::h9efda98647ac6c1b
[INFO] [stdout]                                at /opt/rustwide/cargo-home/registry/src/index.crates.io-6f17d22bba15001f/tokio-1.23.0/src/runtime/scheduler/current_thread.rs:541:25
[INFO] [stdout]   27:     0x572f96757d4a - tokio::runtime::scheduler::current_thread::Context::enter::h6d499d29c8769aaa
[INFO] [stdout]                                at /opt/rustwide/cargo-home/registry/src/index.crates.io-6f17d22bba15001f/tokio-1.23.0/src/runtime/scheduler/current_thread.rs:350:19
[INFO] [stdout]   28:     0x572f96758822 - tokio::runtime::scheduler::current_thread::CoreGuard::block_on::{{closure}}::hd8487b58db4aa1ce
[INFO] [stdout]                                at /opt/rustwide/cargo-home/registry/src/index.crates.io-6f17d22bba15001f/tokio-1.23.0/src/runtime/scheduler/current_thread.rs:540:36
[INFO] [stdout]   29:     0x572f9675858b - tokio::runtime::scheduler::current_thread::CoreGuard::enter::{{closure}}::h21c1431c3ea4cf01
[INFO] [stdout]                                at /opt/rustwide/cargo-home/registry/src/index.crates.io-6f17d22bba15001f/tokio-1.23.0/src/runtime/scheduler/current_thread.rs:615:57
[INFO] [stdout]   30:     0x572f9672c54a - tokio::macros::scoped_tls::ScopedKey<T>::set::hdfd835eb139ebb2f
[INFO] [stdout]                                at /opt/rustwide/cargo-home/registry/src/index.crates.io-6f17d22bba15001f/tokio-1.23.0/src/macros/scoped_tls.rs:61:9
[INFO] [stdout]   31:     0x572f96758304 - tokio::runtime::scheduler::current_thread::CoreGuard::enter::h4697dff0fc205bb9
[INFO] [stdout]                                at /opt/rustwide/cargo-home/registry/src/index.crates.io-6f17d22bba15001f/tokio-1.23.0/src/runtime/scheduler/current_thread.rs:615:27
[INFO] [stdout]   32:     0x572f967585b2 - tokio::runtime::scheduler::current_thread::CoreGuard::block_on::ha0805c02155c233c
[INFO] [stdout]                                at /opt/rustwide/cargo-home/registry/src/index.crates.io-6f17d22bba15001f/tokio-1.23.0/src/runtime/scheduler/current_thread.rs:530:19
[INFO] [stdout]   33:     0x572f967574a7 - tokio::runtime::scheduler::current_thread::CurrentThread::block_on::h3059e470f138bd6c
[INFO] [stdout]                                at /opt/rustwide/cargo-home/registry/src/index.crates.io-6f17d22bba15001f/tokio-1.23.0/src/runtime/scheduler/current_thread.rs:154:24
[INFO] [stdout]   34:     0x572f967342e9 - tokio::runtime::runtime::Runtime::block_on::h8b417667e14800b6
[INFO] [stdout]                                at /opt/rustwide/cargo-home/registry/src/index.crates.io-6f17d22bba15001f/tokio-1.23.0/src/runtime/runtime.rs:282:47
[INFO] [stdout]   35:     0x572f9673fe40 - my_xdiff::config::test::it_works::hd4bba134e20d6e13
[INFO] [stdout]                                at /opt/rustwide/workdir/src/config.rs:87:9
[INFO] [stdout]   36:     0x572f9673fce7 - my_xdiff::config::test::it_works::{{closure}}::h9d176ac794ba813b
[INFO] [stdout]                                at /opt/rustwide/workdir/src/config.rs:81:28
[INFO] [stdout]   37:     0x572f96747dd6 - core::ops::function::FnOnce::call_once::h4fc2136ad602a3ab
[INFO] [stdout]                                at /rustc/90b35a6239c3d8bdabc530a6a0816f7ff89a0aaf/library/core/src/ops/function.rs:250:5
[INFO] [stdout]   38:     0x572f968714bb - core::ops::function::FnOnce::call_once::h109cf8051a59b34e
[INFO] [stdout]                                at /rustc/90b35a6239c3d8bdabc530a6a0816f7ff89a0aaf/library/core/src/ops/function.rs:250:5
[INFO] [stdout]   39:     0x572f968714bb - test::__rust_begin_short_backtrace::hf4fff89d377446ba
[INFO] [stdout]                                at /rustc/90b35a6239c3d8bdabc530a6a0816f7ff89a0aaf/library/test/src/lib.rs:621:18
[INFO] [stdout]   40:     0x572f96870cf7 - test::run_test_in_process::{{closure}}::h0e39181dd7ee5a43
[INFO] [stdout]                                at /rustc/90b35a6239c3d8bdabc530a6a0816f7ff89a0aaf/library/test/src/lib.rs:644:60
[INFO] [stdout]   41:     0x572f96870cf7 - <core::panic::unwind_safe::AssertUnwindSafe<F> as core::ops::function::FnOnce<()>>::call_once::hc5a66a30f0bdfd1f
[INFO] [stdout]                                at /rustc/90b35a6239c3d8bdabc530a6a0816f7ff89a0aaf/library/core/src/panic/unwind_safe.rs:272:9
[INFO] [stdout]   42:     0x572f96870cf7 - std::panicking::try::do_call::h873b7cf639554a5e
[INFO] [stdout]                                at /rustc/90b35a6239c3d8bdabc530a6a0816f7ff89a0aaf/library/std/src/panicking.rs:557:40
[INFO] [stdout]   43:     0x572f96870cf7 - std::panicking::try::hdb19862fad9c8bd1
[INFO] [stdout]                                at /rustc/90b35a6239c3d8bdabc530a6a0816f7ff89a0aaf/library/std/src/panicking.rs:520:19
[INFO] [stdout]   44:     0x572f96870cf7 - std::panic::catch_unwind::h281fe732d236d260
[INFO] [stdout]                                at /rustc/90b35a6239c3d8bdabc530a6a0816f7ff89a0aaf/library/std/src/panic.rs:358:14
[INFO] [stdout]   45:     0x572f96870cf7 - test::run_test_in_process::h949b6df8457ed338
[INFO] [stdout]                                at /rustc/90b35a6239c3d8bdabc530a6a0816f7ff89a0aaf/library/test/src/lib.rs:644:27
[INFO] [stdout]   46:     0x572f96870cf7 - test::run_test::{{closure}}::h52c556a6d4740e10
[INFO] [stdout]                                at /rustc/90b35a6239c3d8bdabc530a6a0816f7ff89a0aaf/library/test/src/lib.rs:565:43
[INFO] [stdout]   47:     0x572f96835fd4 - test::run_test::{{closure}}::h4237f6381c45ccb9
[INFO] [stdout]                                at /rustc/90b35a6239c3d8bdabc530a6a0816f7ff89a0aaf/library/test/src/lib.rs:595:41
[INFO] [stdout]   48:     0x572f96835fd4 - std::sys::backtrace::__rust_begin_short_backtrace::h505c97a579eca628
[INFO] [stdout]                                at /rustc/90b35a6239c3d8bdabc530a6a0816f7ff89a0aaf/library/std/src/sys/backtrace.rs:154:18
[INFO] [stdout]   49:     0x572f9683969e - std::thread::Builder::spawn_unchecked_::{{closure}}::{{closure}}::h9e86b2e2bc107ea3
[INFO] [stdout]                                at /rustc/90b35a6239c3d8bdabc530a6a0816f7ff89a0aaf/library/std/src/thread/mod.rs:538:17
[INFO] [stdout]   50:     0x572f9683969e - <core::panic::unwind_safe::AssertUnwindSafe<F> as core::ops::function::FnOnce<()>>::call_once::h8b06ddb275ff4a25
[INFO] [stdout]                                at /rustc/90b35a6239c3d8bdabc530a6a0816f7ff89a0aaf/library/core/src/panic/unwind_safe.rs:272:9
[INFO] [stdout]   51:     0x572f9683969e - std::panicking::try::do_call::hb26ecd7cd9a9355d
[INFO] [stdout]                                at /rustc/90b35a6239c3d8bdabc530a6a0816f7ff89a0aaf/library/std/src/panicking.rs:557:40
[INFO] [stdout]   52:     0x572f9683969e - std::panicking::try::h8ddeca9d705f9069
[INFO] [stdout]                                at /rustc/90b35a6239c3d8bdabc530a6a0816f7ff89a0aaf/library/std/src/panicking.rs:520:19
[INFO] [stdout]   53:     0x572f9683969e - std::panic::catch_unwind::h49e1c33078844c46
[INFO] [stdout]                                at /rustc/90b35a6239c3d8bdabc530a6a0816f7ff89a0aaf/library/std/src/panic.rs:358:14
[INFO] [stdout]   54:     0x572f9683969e - std::thread::Builder::spawn_unchecked_::{{closure}}::h6073db6ff56ad35d
[INFO] [stdout]                                at /rustc/90b35a6239c3d8bdabc530a6a0816f7ff89a0aaf/library/std/src/thread/mod.rs:537:30
[INFO] [stdout]   55:     0x572f9683969e - core::ops::function::FnOnce::call_once{{vtable.shim}}::h2c5a5f3779c774f1
[INFO] [stdout]                                at /rustc/90b35a6239c3d8bdabc530a6a0816f7ff89a0aaf/library/core/src/ops/function.rs:250:5
[INFO] [stdout]   56:     0x572f9695f3cb - <alloc::boxed::Box<F,A> as core::ops::function::FnOnce<Args>>::call_once::hf75717d9f28faebf
[INFO] [stdout]                                at /rustc/90b35a6239c3d8bdabc530a6a0816f7ff89a0aaf/library/alloc/src/boxed.rs:2454:9
[INFO] [stdout]   57:     0x572f9695f3cb - <alloc::boxed::Box<F,A> as core::ops::function::FnOnce<Args>>::call_once::h7bd883a5f3c5f3c1
[INFO] [stdout]                                at /rustc/90b35a6239c3d8bdabc530a6a0816f7ff89a0aaf/library/alloc/src/boxed.rs:2454:9
[INFO] [stdout]   58:     0x572f9695f3cb - std::sys::pal::unix::thread::Thread::new::thread_start::hcc78f3943333fa94
[INFO] [stdout]                                at /rustc/90b35a6239c3d8bdabc530a6a0816f7ff89a0aaf/library/std/src/sys/pal/unix/thread.rs:105:17
[INFO] [stdout]   59:     0x799857bc9ac3 - <unknown>
[INFO] [stdout]   60:     0x799857c5aa04 - clone
[INFO] [stdout]   61:                0x0 - <unknown>
[INFO] [stdout] 
[INFO] [stdout] 
[INFO] [stdout] failures:
[INFO] [stdout]     config::test::it_works
[INFO] [stdout] 
[INFO] [stdout] test result: FAILED. 0 passed; 1 failed; 0 ignored; 0 measured; 0 filtered out; finished in 0.07s
[INFO] [stdout] 
[INFO] [stderr] error: test failed, to rerun pass `--lib`
[INFO] running `Command { std: "docker" "inspect" "9b3344a47d0daaf960a2adbdc9bab07a601d690d592a522813a6a2de1ba50f72", kill_on_drop: false }`
[INFO] running `Command { std: "docker" "rm" "-f" "9b3344a47d0daaf960a2adbdc9bab07a601d690d592a522813a6a2de1ba50f72", kill_on_drop: false }`
[INFO] [stdout] 9b3344a47d0daaf960a2adbdc9bab07a601d690d592a522813a6a2de1ba50f72
