[INFO] cloning repository https://github.com/AdwitM/Token-Sale-Contract-Scrypto
[INFO] running `Command { std: "git" "-c" "credential.helper=" "-c" "credential.helper=/workspace/cargo-home/bin/git-credential-null" "clone" "--bare" "https://github.com/AdwitM/Token-Sale-Contract-Scrypto" "/workspace/cache/git-repos/https%3A%2F%2Fgithub.com%2FAdwitM%2FToken-Sale-Contract-Scrypto", kill_on_drop: false }`
[INFO] [stderr] Cloning into bare repository '/workspace/cache/git-repos/https%3A%2F%2Fgithub.com%2FAdwitM%2FToken-Sale-Contract-Scrypto'...
[INFO] running `Command { std: "git" "rev-parse" "HEAD", kill_on_drop: false }`
[INFO] [stdout] 87a7a5e431bca25b9cc7a4036048300f5f4ee711
[INFO] testing AdwitM/Token-Sale-Contract-Scrypto against 1.83.0 for beta-1.84.0-4-retry
[INFO] running `Command { std: "git" "clone" "/workspace/cache/git-repos/https%3A%2F%2Fgithub.com%2FAdwitM%2FToken-Sale-Contract-Scrypto" "/workspace/builds/worker-7-tc1/source", kill_on_drop: false }`
[INFO] [stderr] Cloning into '/workspace/builds/worker-7-tc1/source'...
[INFO] [stderr] done.
[INFO] [stderr] Updating files:  51% (732/1409)
Updating files:  52% (733/1409)
Updating files:  53% (747/1409)
Updating files:  54% (761/1409)
Updating files:  55% (775/1409)
Updating files:  56% (790/1409)
Updating files:  57% (804/1409)
Updating files:  58% (818/1409)
Updating files:  59% (832/1409)
Updating files:  60% (846/1409)
Updating files:  61% (860/1409)
Updating files:  62% (874/1409)
Updating files:  63% (888/1409)
Updating files:  64% (902/1409)
Updating files:  65% (916/1409)
Updating files:  66% (930/1409)
Updating files:  67% (945/1409)
Updating files:  68% (959/1409)
Updating files:  69% (973/1409)
Updating files:  70% (987/1409)
Updating files:  71% (1001/1409)
Updating files:  72% (1015/1409)
Updating files:  73% (1029/1409)
Updating files:  74% (1043/1409)
Updating files:  75% (1057/1409)
Updating files:  76% (1071/1409)
Updating files:  77% (1085/1409)
Updating files:  78% (1100/1409)
Updating files:  79% (1114/1409)
Updating files:  80% (1128/1409)
Updating files:  81% (1142/1409)
Updating files:  82% (1156/1409)
Updating files:  83% (1170/1409)
Updating files:  84% (1184/1409)
Updating files:  85% (1198/1409)
Updating files:  86% (1212/1409)
Updating files:  87% (1226/1409)
Updating files:  88% (1240/1409)
Updating files:  89% (1255/1409)
Updating files:  90% (1269/1409)
Updating files:  91% (1283/1409)
Updating files:  92% (1297/1409)
Updating files:  93% (1311/1409)
Updating files:  94% (1325/1409)
Updating files:  95% (1339/1409)
Updating files:  95% (1346/1409)
Updating files:  96% (1353/1409)
Updating files:  97% (1367/1409)
Updating files:  98% (1381/1409)
Updating files:  99% (1395/1409)
Updating files: 100% (1409/1409)
Updating files: 100% (1409/1409), done.
[INFO] validating manifest of git repo https://github.com/AdwitM/Token-Sale-Contract-Scrypto on toolchain 1.83.0
[INFO] running `Command { std: CARGO_HOME="/workspace/cargo-home" RUSTUP_HOME="/workspace/rustup-home" "/workspace/cargo-home/bin/cargo" "+1.83.0" "metadata" "--manifest-path" "Cargo.toml" "--no-deps", kill_on_drop: false }`
[INFO] started tweaking git repo https://github.com/AdwitM/Token-Sale-Contract-Scrypto
[INFO] finished tweaking git repo https://github.com/AdwitM/Token-Sale-Contract-Scrypto
[INFO] tweaked toml for git repo https://github.com/AdwitM/Token-Sale-Contract-Scrypto written to /workspace/builds/worker-7-tc1/source/Cargo.toml
[INFO] crate git repo https://github.com/AdwitM/Token-Sale-Contract-Scrypto already has a lockfile, it will not be regenerated
[INFO] running `Command { std: CARGO_HOME="/workspace/cargo-home" RUSTUP_HOME="/workspace/rustup-home" "/workspace/cargo-home/bin/cargo" "+1.83.0" "fetch" "--manifest-path" "Cargo.toml", kill_on_drop: false }`
[INFO] [stderr]     Blocking waiting for file lock on package cache
[INFO] [stderr]     Updating git repository `https://github.com/radixdlt/radixdlt-scrypto`
[INFO] [stderr] error: invalid string
[INFO] [stderr] expected `"`, `'`
[INFO] [stderr]  --> ../../../cargo-home/git/checkouts/radixdlt-scrypto-1833d92590086ce0/8c176b7/assets/template/Cargo.toml:7:8
[INFO] [stderr]   |
[INFO] [stderr] 7 | sbor = ${sbor}
[INFO] [stderr]   |        ^
[INFO] [stderr]   |
[INFO] [stderr]     Updating git repository `https://github.com/radixdlt/elliptic-curves`
[INFO] [stderr]     Updating git repository `https://github.com/bluss/indexmap`
[INFO] [stderr]     Updating git repository `https://github.com/radixdlt/wasmi`
[INFO] [stderr]     Updating git submodule `https://github.com/robbepop/wasm_kernel.git`
[INFO] [stderr]     Updating git submodule `https://github.com/WebAssembly/testsuite.git`
[INFO] [stderr]     Updating git submodule `https://github.com/WebAssembly/testsuite.git`
[INFO] [stderr]     Blocking waiting for file lock on package cache
[INFO] [stderr]  Downloading crates ...
[INFO] [stderr]   Downloaded unicode-ident v1.0.2
[INFO] [stderr]   Downloaded const-oid v0.7.1
[INFO] [stderr]   Downloaded der v0.5.1
[INFO] [stderr]   Downloaded rfc6979 v0.1.0
[INFO] [stderr]   Downloaded group v0.11.0
[INFO] [stderr]   Downloaded serde_derive v1.0.140
[INFO] [stderr]   Downloaded lru v0.7.8
[INFO] [stderr]   Downloaded crypto-bigint v0.3.2
[INFO] [stderr]   Downloaded serde v1.0.140
[INFO] [stderr]   Downloaded cargo_toml v0.10.3
[INFO] [stderr]   Downloaded elliptic-curve v0.11.12
[INFO] [stderr]   Downloaded signature v1.4.0
[INFO] [stderr]   Downloaded ecdsa v0.13.4
[INFO] [stderr]   Downloaded ff v0.11.1
[INFO] [stderr]   Downloaded sec1 v0.2.1
[INFO] running `Command { std: "docker" "create" "-v" "/var/lib/crater-agent-workspace/builds/worker-7-tc1/target:/opt/rustwide/target:rw,Z" "-v" "/var/lib/crater-agent-workspace/builds/worker-7-tc1/source:/opt/rustwide/workdir:ro,Z" "-v" "/var/lib/crater-agent-workspace/cargo-home:/opt/rustwide/cargo-home:ro,Z" "-v" "/var/lib/crater-agent-workspace/rustup-home:/opt/rustwide/rustup-home:ro,Z" "-e" "SOURCE_DIR=/opt/rustwide/workdir" "-e" "CARGO_TARGET_DIR=/opt/rustwide/target" "-e" "CARGO_HOME=/opt/rustwide/cargo-home" "-e" "RUSTUP_HOME=/opt/rustwide/rustup-home" "-w" "/opt/rustwide/workdir" "-m" "1610612736" "--user" "0:0" "--network" "none" "ghcr.io/rust-lang/crates-build-env/linux@sha256:f3a9d4ad9d972b27faf3965f35b62e55ba32bbce8f20bc8fe909558a86702fde" "/opt/rustwide/cargo-home/bin/cargo" "+1.83.0" "metadata" "--no-deps" "--format-version=1", kill_on_drop: false }`
[INFO] [stdout] c4c33bf54bd27b1a54aa71fdb00c6d76fa1617d6b39392d6175131a84168cdb8
[INFO] running `Command { std: "docker" "start" "-a" "c4c33bf54bd27b1a54aa71fdb00c6d76fa1617d6b39392d6175131a84168cdb8", kill_on_drop: false }`
[INFO] running `Command { std: "docker" "inspect" "c4c33bf54bd27b1a54aa71fdb00c6d76fa1617d6b39392d6175131a84168cdb8", kill_on_drop: false }`
[INFO] running `Command { std: "docker" "rm" "-f" "c4c33bf54bd27b1a54aa71fdb00c6d76fa1617d6b39392d6175131a84168cdb8", kill_on_drop: false }`
[INFO] [stdout] c4c33bf54bd27b1a54aa71fdb00c6d76fa1617d6b39392d6175131a84168cdb8
[INFO] running `Command { std: "docker" "create" "-v" "/var/lib/crater-agent-workspace/builds/worker-7-tc1/target:/opt/rustwide/target:rw,Z" "-v" "/var/lib/crater-agent-workspace/builds/worker-7-tc1/source:/opt/rustwide/workdir:ro,Z" "-v" "/var/lib/crater-agent-workspace/cargo-home:/opt/rustwide/cargo-home:ro,Z" "-v" "/var/lib/crater-agent-workspace/rustup-home:/opt/rustwide/rustup-home:ro,Z" "-e" "SOURCE_DIR=/opt/rustwide/workdir" "-e" "CARGO_TARGET_DIR=/opt/rustwide/target" "-e" "CARGO_INCREMENTAL=0" "-e" "RUST_BACKTRACE=full" "-e" "RUSTFLAGS=--cap-lints=warn" "-e" "RUSTDOCFLAGS=--cap-lints=warn" "-e" "CARGO_HOME=/opt/rustwide/cargo-home" "-e" "RUSTUP_HOME=/opt/rustwide/rustup-home" "-w" "/opt/rustwide/workdir" "-m" "1610612736" "--user" "0:0" "--network" "none" "ghcr.io/rust-lang/crates-build-env/linux@sha256:f3a9d4ad9d972b27faf3965f35b62e55ba32bbce8f20bc8fe909558a86702fde" "/opt/rustwide/cargo-home/bin/cargo" "+1.83.0" "build" "--frozen" "--message-format=json", kill_on_drop: false }`
[INFO] [stdout] e8667d7549814b390fe86e6ca910c8c35be57119ecf96870552152d6946894b6
[INFO] running `Command { std: "docker" "start" "-a" "e8667d7549814b390fe86e6ca910c8c35be57119ecf96870552152d6946894b6", kill_on_drop: false }`
[INFO] [stderr] error: invalid string
[INFO] [stderr] expected `"`, `'`
[INFO] [stderr]  --> ../cargo-home/git/checkouts/radixdlt-scrypto-1833d92590086ce0/8c176b7/assets/template/Cargo.toml:7:8
[INFO] [stderr]   |
[INFO] [stderr] 7 | sbor = ${sbor}
[INFO] [stderr]   |        ^
[INFO] [stderr]   |
[INFO] [stderr]    Compiling generic-array v0.14.5
[INFO] [stderr]    Compiling unicode-ident v1.0.2
[INFO] [stderr]    Compiling syn v1.0.98
[INFO] [stderr]    Compiling subtle v2.4.1
[INFO] [stderr]    Compiling libc v0.2.126
[INFO] [stderr]    Compiling serde_derive v1.0.140
[INFO] [stderr]    Compiling serde v1.0.140
[INFO] [stderr]    Compiling zeroize v1.5.7
[INFO] [stderr]    Compiling const-oid v0.7.1
[INFO] [stderr]    Compiling num-traits v0.2.15
[INFO] [stderr]    Compiling num-integer v0.1.45
[INFO] [stderr]    Compiling serde_json v1.0.82
[INFO] [stderr]    Compiling base16ct v0.1.1
[INFO] [stderr]    Compiling num-bigint v0.4.3
[INFO] [stderr]    Compiling ryu v1.0.10
[INFO] [stderr]    Compiling proc-macro2 v1.0.40
[INFO] [stderr]    Compiling der v0.5.1
[INFO] [stderr]    Compiling ff v0.11.1
[INFO] [stderr]    Compiling itoa v1.0.2
[INFO] [stderr]    Compiling hex v0.4.3
[INFO] [stderr]    Compiling group v0.11.0
[INFO] [stderr]    Compiling quote v1.0.20
[INFO] [stderr]    Compiling getrandom v0.2.7
[INFO] [stderr]    Compiling uuid v0.8.2
[INFO] [stderr]    Compiling digest v0.9.0
[INFO] [stderr]    Compiling crypto-bigint v0.3.2
[INFO] [stderr]    Compiling crypto-mac v0.11.1
[INFO] [stderr]    Compiling sec1 v0.2.1
[INFO] [stderr]    Compiling block-buffer v0.9.0
[INFO] [stderr]    Compiling block-buffer v0.10.2
[INFO] [stderr]    Compiling crypto-common v0.1.6
[INFO] [stderr]    Compiling hmac v0.11.0
[INFO] [stderr]    Compiling signature v1.4.0
[INFO] [stderr]    Compiling sha2 v0.9.9
[INFO] [stderr]    Compiling digest v0.10.3
[INFO] [stderr]    Compiling sha3 v0.10.1
[INFO] [stderr]    Compiling elliptic-curve v0.11.12
[INFO] [stderr]    Compiling rfc6979 v0.1.0
[INFO] [stderr]    Compiling ecdsa v0.13.4
[INFO] [stderr]    Compiling p256 v0.10.1 (https://github.com/radixdlt/elliptic-curves?branch=alloc#e747aa3e)
[INFO] [stderr]    Compiling toml v0.5.9
[INFO] [stderr]    Compiling sbor-derive v0.4.1 (https://github.com/radixdlt/radixdlt-scrypto?tag=v0.4.1#8c176b71)
[INFO] [stderr]    Compiling sbor v0.4.1 (https://github.com/radixdlt/radixdlt-scrypto?tag=v0.4.1#8c176b71)
[INFO] [stderr]    Compiling scrypto-abi v0.4.1 (https://github.com/radixdlt/radixdlt-scrypto?tag=v0.4.1#8c176b71)
[INFO] [stderr]    Compiling cargo_toml v0.10.3
[INFO] [stderr]    Compiling scrypto-derive v0.4.1 (https://github.com/radixdlt/radixdlt-scrypto?tag=v0.4.1#8c176b71)
[INFO] [stderr]    Compiling scrypto v0.4.1 (https://github.com/radixdlt/radixdlt-scrypto?tag=v0.4.1#8c176b71)
[INFO] [stderr]    Compiling token-sale v0.1.0 (/opt/rustwide/workdir)
[INFO] [stderr]     Finished `dev` profile [unoptimized + debuginfo] target(s) in 24.54s
[INFO] running `Command { std: "docker" "inspect" "e8667d7549814b390fe86e6ca910c8c35be57119ecf96870552152d6946894b6", kill_on_drop: false }`
[INFO] running `Command { std: "docker" "rm" "-f" "e8667d7549814b390fe86e6ca910c8c35be57119ecf96870552152d6946894b6", kill_on_drop: false }`
[INFO] [stdout] e8667d7549814b390fe86e6ca910c8c35be57119ecf96870552152d6946894b6
[INFO] running `Command { std: "docker" "create" "-v" "/var/lib/crater-agent-workspace/builds/worker-7-tc1/target:/opt/rustwide/target:rw,Z" "-v" "/var/lib/crater-agent-workspace/builds/worker-7-tc1/source:/opt/rustwide/workdir:ro,Z" "-v" "/var/lib/crater-agent-workspace/cargo-home:/opt/rustwide/cargo-home:ro,Z" "-v" "/var/lib/crater-agent-workspace/rustup-home:/opt/rustwide/rustup-home:ro,Z" "-e" "SOURCE_DIR=/opt/rustwide/workdir" "-e" "CARGO_TARGET_DIR=/opt/rustwide/target" "-e" "CARGO_INCREMENTAL=0" "-e" "RUST_BACKTRACE=full" "-e" "RUSTFLAGS=--cap-lints=warn" "-e" "RUSTDOCFLAGS=--cap-lints=warn" "-e" "CARGO_HOME=/opt/rustwide/cargo-home" "-e" "RUSTUP_HOME=/opt/rustwide/rustup-home" "-w" "/opt/rustwide/workdir" "-m" "1610612736" "--user" "0:0" "--network" "none" "ghcr.io/rust-lang/crates-build-env/linux@sha256:f3a9d4ad9d972b27faf3965f35b62e55ba32bbce8f20bc8fe909558a86702fde" "/opt/rustwide/cargo-home/bin/cargo" "+1.83.0" "test" "--frozen" "--no-run" "--message-format=json", kill_on_drop: false }`
[INFO] [stdout] 54d3857ee45f8adaedb2da6a67d9e493afc4959ff09619450e58371419cb5f0c
[INFO] running `Command { std: "docker" "start" "-a" "54d3857ee45f8adaedb2da6a67d9e493afc4959ff09619450e58371419cb5f0c", kill_on_drop: false }`
[INFO] [stderr] error: invalid string
[INFO] [stderr] expected `"`, `'`
[INFO] [stderr]  --> ../cargo-home/git/checkouts/radixdlt-scrypto-1833d92590086ce0/8c176b7/assets/template/Cargo.toml:7:8
[INFO] [stderr]   |
[INFO] [stderr] 7 | sbor = ${sbor}
[INFO] [stderr]   |        ^
[INFO] [stderr]   |
[INFO] [stderr]    Compiling libc v0.2.126
[INFO] [stderr]    Compiling num-rational v0.4.1
[INFO] [stderr]    Compiling libm v0.2.2
[INFO] [stderr]    Compiling once_cell v1.13.0
[INFO] [stderr]    Compiling parity-wasm v0.42.2
[INFO] [stderr]    Compiling indexmap v1.8.1 (https://github.com/bluss/indexmap?tag=1.8.1#275379c4)
[INFO] [stderr]    Compiling downcast-rs v1.2.0
[INFO] [stderr]    Compiling memory_units v0.4.0
[INFO] [stderr]    Compiling hashbrown v0.11.2
[INFO] [stderr]    Compiling bencher v0.1.5
[INFO] [stderr]    Compiling getrandom v0.2.7
[INFO] [stderr]    Compiling atty v0.2.14
[INFO] [stderr]    Compiling colored v2.0.0
[INFO] [stderr]    Compiling uuid v0.8.2
[INFO] [stderr]    Compiling ahash v0.7.6
[INFO] [stderr]    Compiling hashbrown v0.12.3
[INFO] [stderr]    Compiling sbor-derive v0.4.1 (https://github.com/radixdlt/radixdlt-scrypto?tag=v0.4.1#8c176b71)
[INFO] [stderr]    Compiling wasmi_core v0.1.0 (https://github.com/radixdlt/wasmi?branch=expose-exports#e331fa3d)
[INFO] [stderr]    Compiling wasmi-validation v0.4.1 (https://github.com/radixdlt/wasmi?branch=expose-exports#e331fa3d)
[INFO] [stderr]    Compiling lru v0.7.8
[INFO] [stderr]    Compiling wasmi v0.11.0 (https://github.com/radixdlt/wasmi?branch=expose-exports#e331fa3d)
[INFO] [stderr]    Compiling sbor v0.4.1 (https://github.com/radixdlt/radixdlt-scrypto?tag=v0.4.1#8c176b71)
[INFO] [stderr]    Compiling scrypto-abi v0.4.1 (https://github.com/radixdlt/radixdlt-scrypto?tag=v0.4.1#8c176b71)
[INFO] [stderr]    Compiling scrypto-derive v0.4.1 (https://github.com/radixdlt/radixdlt-scrypto?tag=v0.4.1#8c176b71)
[INFO] [stderr]    Compiling scrypto v0.4.1 (https://github.com/radixdlt/radixdlt-scrypto?tag=v0.4.1#8c176b71)
[INFO] [stderr]    Compiling radix-engine v0.4.1 (https://github.com/radixdlt/radixdlt-scrypto?tag=v0.4.1#8c176b71)
[INFO] [stderr]    Compiling token-sale v0.1.0 (/opt/rustwide/workdir)
[INFO] [stderr]     Finished `test` profile [unoptimized + debuginfo] target(s) in 16.72s
[INFO] running `Command { std: "docker" "inspect" "54d3857ee45f8adaedb2da6a67d9e493afc4959ff09619450e58371419cb5f0c", kill_on_drop: false }`
[INFO] running `Command { std: "docker" "rm" "-f" "54d3857ee45f8adaedb2da6a67d9e493afc4959ff09619450e58371419cb5f0c", kill_on_drop: false }`
[INFO] [stdout] 54d3857ee45f8adaedb2da6a67d9e493afc4959ff09619450e58371419cb5f0c
[INFO] running `Command { std: "docker" "create" "-v" "/var/lib/crater-agent-workspace/builds/worker-7-tc1/target:/opt/rustwide/target:rw,Z" "-v" "/var/lib/crater-agent-workspace/builds/worker-7-tc1/source:/opt/rustwide/workdir:ro,Z" "-v" "/var/lib/crater-agent-workspace/cargo-home:/opt/rustwide/cargo-home:ro,Z" "-v" "/var/lib/crater-agent-workspace/rustup-home:/opt/rustwide/rustup-home:ro,Z" "-e" "SOURCE_DIR=/opt/rustwide/workdir" "-e" "CARGO_TARGET_DIR=/opt/rustwide/target" "-e" "CARGO_INCREMENTAL=0" "-e" "RUST_BACKTRACE=full" "-e" "RUSTFLAGS=--cap-lints=warn" "-e" "RUSTDOCFLAGS=--cap-lints=warn" "-e" "CARGO_HOME=/opt/rustwide/cargo-home" "-e" "RUSTUP_HOME=/opt/rustwide/rustup-home" "-w" "/opt/rustwide/workdir" "-m" "1610612736" "--user" "0:0" "--network" "none" "ghcr.io/rust-lang/crates-build-env/linux@sha256:f3a9d4ad9d972b27faf3965f35b62e55ba32bbce8f20bc8fe909558a86702fde" "/opt/rustwide/cargo-home/bin/cargo" "+1.83.0" "test" "--frozen", kill_on_drop: false }`
[INFO] [stdout] 92b2fce96b1d05f4921b312dfaad8a4dfb96c5ac9d274139eb307830671dfe06
[INFO] running `Command { std: "docker" "start" "-a" "92b2fce96b1d05f4921b312dfaad8a4dfb96c5ac9d274139eb307830671dfe06", kill_on_drop: false }`
[INFO] [stderr] error: invalid string
[INFO] [stderr] expected `"`, `'`
[INFO] [stderr]  --> ../cargo-home/git/checkouts/radixdlt-scrypto-1833d92590086ce0/8c176b7/assets/template/Cargo.toml:7:8
[INFO] [stderr]   |
[INFO] [stderr] 7 | sbor = ${sbor}
[INFO] [stderr]   |        ^
[INFO] [stderr]   |
[INFO] [stderr]     Finished `test` profile [unoptimized + debuginfo] target(s) in 0.18s
[INFO] [stderr]      Running unittests src/lib.rs (/opt/rustwide/target/debug/deps/token_sale-0129e49bec0fac37)
[INFO] [stderr]      Running tests/lib.rs (/opt/rustwide/target/debug/deps/lib-1e489b73d381c7df)
[INFO] [stdout] 
[INFO] [stdout] running 0 tests
[INFO] [stdout] 
[INFO] [stdout] test result: ok. 0 passed; 0 failed; 0 ignored; 0 measured; 0 filtered out; finished in 0.00s
[INFO] [stdout] 
[INFO] [stdout] 
[INFO] [stdout] running 1 test
[INFO] [stderr] error: invalid string
[INFO] [stderr] expected `"`, `'`
[INFO] [stderr]  --> ../cargo-home/git/checkouts/radixdlt-scrypto-1833d92590086ce0/8c176b7/assets/template/Cargo.toml:7:8
[INFO] [stderr]   |
[INFO] [stderr] 7 | sbor = ${sbor}
[INFO] [stderr]   |        ^
[INFO] [stderr]   |
[INFO] [stderr]    Compiling typenum v1.15.0
[INFO] [stderr]    Compiling version_check v0.9.4
[INFO] [stderr]    Compiling proc-macro2 v1.0.40
[INFO] [stderr]    Compiling quote v1.0.20
[INFO] [stderr]    Compiling unicode-ident v1.0.2
[INFO] [stderr]    Compiling syn v1.0.98
[INFO] [stderr]    Compiling subtle v2.4.1
[INFO] [stderr]    Compiling libc v0.2.126
[INFO] [stderr]    Compiling serde_derive v1.0.140
[INFO] [stderr]    Compiling autocfg v1.1.0
[INFO] [stderr]    Compiling rand_core v0.6.3
[INFO] [stderr]    Compiling cfg-if v1.0.0
[INFO] [stderr]    Compiling serde v1.0.140
[INFO] [stderr]    Compiling zeroize v1.5.7
[INFO] [stderr]    Compiling const-oid v0.7.1
[INFO] [stderr] error[E0463]: can't find crate for `core`
[INFO] [stderr]   |
[INFO] [stderr]   = note: the `wasm32-unknown-unknown` target may not be installed
[INFO] [stderr]   = help: consider downloading the target with `rustup target add wasm32-unknown-unknown`
[INFO] [stderr] 
[INFO] [stderr]    Compiling serde_json v1.0.82
[INFO] [stderr] For more information about this error, try `rustc --explain E0463`.
[INFO] [stderr] error: could not compile `zeroize` (lib) due to 1 previous error
[INFO] [stderr] warning: build failed, waiting for other jobs to finish...
[INFO] [stderr] error: could not compile `subtle` (lib) due to 1 previous error
[INFO] [stderr] error: could not compile `rand_core` (lib) due to 1 previous error
[INFO] [stderr] error: could not compile `const-oid` (lib) due to 1 previous error
[INFO] [stdout] test test_hello ... FAILED
[INFO] [stderr] error: test failed, to rerun pass `--test lib`
[INFO] [stdout] 
[INFO] [stdout] failures:
[INFO] [stdout] 
[INFO] [stdout] ---- test_hello stdout ----
[INFO] [stdout] thread 'test_hello' panicked at /opt/rustwide/cargo-home/git/checkouts/radixdlt-scrypto-1833d92590086ce0/8c176b7/scrypto/src/misc/cargo.rs:15:9:
[INFO] [stdout] Failed to compile package: "/opt/rustwide/workdir"
[INFO] [stdout] stack backtrace:
[INFO] [stdout]    0:     0x6393a720b96a - std::backtrace_rs::backtrace::libunwind::trace::h5a5b8284f2d0c266
[INFO] [stdout]                                at /rustc/90b35a6239c3d8bdabc530a6a0816f7ff89a0aaf/library/std/src/../../backtrace/src/backtrace/libunwind.rs:116:5
[INFO] [stdout]    1:     0x6393a720b96a - std::backtrace_rs::backtrace::trace_unsynchronized::h76d4f1c9b0b875e3
[INFO] [stdout]                                at /rustc/90b35a6239c3d8bdabc530a6a0816f7ff89a0aaf/library/std/src/../../backtrace/src/backtrace/mod.rs:66:5
[INFO] [stdout]    2:     0x6393a720b96a - std::sys::backtrace::_print_fmt::hc4546b8364a537c6
[INFO] [stdout]                                at /rustc/90b35a6239c3d8bdabc530a6a0816f7ff89a0aaf/library/std/src/sys/backtrace.rs:66:9
[INFO] [stdout]    3:     0x6393a720b96a - <std::sys::backtrace::BacktraceLock::print::DisplayBacktrace as core::fmt::Display>::fmt::h5b6bd5631a6d1f6b
[INFO] [stdout]                                at /rustc/90b35a6239c3d8bdabc530a6a0816f7ff89a0aaf/library/std/src/sys/backtrace.rs:39:26
[INFO] [stdout]    4:     0x6393a7233bd3 - core::fmt::rt::Argument::fmt::h270f6602a2b96f62
[INFO] [stdout]                                at /rustc/90b35a6239c3d8bdabc530a6a0816f7ff89a0aaf/library/core/src/fmt/rt.rs:177:76
[INFO] [stdout]    5:     0x6393a7233bd3 - core::fmt::write::h7550c97b06c86515
[INFO] [stdout]                                at /rustc/90b35a6239c3d8bdabc530a6a0816f7ff89a0aaf/library/core/src/fmt/mod.rs:1186:21
[INFO] [stdout]    6:     0x6393a72087b3 - std::io::Write::write_fmt::h509ff860e5956e5e
[INFO] [stdout]                                at /rustc/90b35a6239c3d8bdabc530a6a0816f7ff89a0aaf/library/std/src/io/mod.rs:1839:15
[INFO] [stdout]    7:     0x6393a720b7b2 - std::sys::backtrace::BacktraceLock::print::h2395ccd2c84ba3aa
[INFO] [stdout]                                at /rustc/90b35a6239c3d8bdabc530a6a0816f7ff89a0aaf/library/std/src/sys/backtrace.rs:42:9
[INFO] [stdout]    8:     0x6393a720cdca - std::panicking::default_hook::{{closure}}::he19d4c7230e07961
[INFO] [stdout]                                at /rustc/90b35a6239c3d8bdabc530a6a0816f7ff89a0aaf/library/std/src/panicking.rs:268:22
[INFO] [stdout]    9:     0x6393a720cbd4 - std::panicking::default_hook::hf614597d3c67bbdb
[INFO] [stdout]                                at /rustc/90b35a6239c3d8bdabc530a6a0816f7ff89a0aaf/library/std/src/panicking.rs:292:9
[INFO] [stdout]   10:     0x6393a6d34119 - <alloc::boxed::Box<F,A> as core::ops::function::Fn<Args>>::call::h39b51ce4599c23d1
[INFO] [stdout]                                at /rustc/90b35a6239c3d8bdabc530a6a0816f7ff89a0aaf/library/alloc/src/boxed.rs:2468:9
[INFO] [stdout]   11:     0x6393a6d34119 - test::test_main::{{closure}}::he977ae839a582784
[INFO] [stdout]                                at /rustc/90b35a6239c3d8bdabc530a6a0816f7ff89a0aaf/library/test/src/lib.rs:133:21
[INFO] [stdout]   12:     0x6393a720d468 - <alloc::boxed::Box<F,A> as core::ops::function::Fn<Args>>::call::h9455091b6b06f9fb
[INFO] [stdout]                                at /rustc/90b35a6239c3d8bdabc530a6a0816f7ff89a0aaf/library/alloc/src/boxed.rs:2468:9
[INFO] [stdout]   13:     0x6393a720d468 - std::panicking::rust_panic_with_hook::h8942133a8b252070
[INFO] [stdout]                                at /rustc/90b35a6239c3d8bdabc530a6a0816f7ff89a0aaf/library/std/src/panicking.rs:809:13
[INFO] [stdout]   14:     0x6393a720d22a - std::panicking::begin_panic_handler::{{closure}}::hb5f5963570096b29
[INFO] [stdout]                                at /rustc/90b35a6239c3d8bdabc530a6a0816f7ff89a0aaf/library/std/src/panicking.rs:674:13
[INFO] [stdout]   15:     0x6393a720be49 - std::sys::backtrace::__rust_end_short_backtrace::h6208cedc1922feda
[INFO] [stdout]                                at /rustc/90b35a6239c3d8bdabc530a6a0816f7ff89a0aaf/library/std/src/sys/backtrace.rs:170:18
[INFO] [stdout]   16:     0x6393a720cebc - rust_begin_unwind
[INFO] [stdout]                                at /rustc/90b35a6239c3d8bdabc530a6a0816f7ff89a0aaf/library/std/src/panicking.rs:665:5
[INFO] [stdout]   17:     0x6393a6cdec50 - core::panicking::panic_fmt::h0c3082644d1bf418
[INFO] [stdout]                                at /rustc/90b35a6239c3d8bdabc530a6a0816f7ff89a0aaf/library/core/src/panicking.rs:74:14
[INFO] [stdout]   18:     0x6393a6ce3162 - scrypto::misc::cargo::compile_package::h70ec952701ae690d
[INFO] [stdout]                                at /opt/rustwide/cargo-home/git/checkouts/radixdlt-scrypto-1833d92590086ce0/8c176b7/scrypto/src/misc/cargo.rs:15:9
[INFO] [stdout]   19:     0x6393a6ce6376 - lib::test_hello::h7a105632d7681f7d
[INFO] [stdout]                                at /opt/rustwide/workdir/tests/lib.rs:11:44
[INFO] [stdout]   20:     0x6393a6ce6217 - lib::test_hello::{{closure}}::h110e6f535af1655d
[INFO] [stdout]                                at /opt/rustwide/workdir/tests/lib.rs:6:16
[INFO] [stdout]   21:     0x6393a6cedbf6 - core::ops::function::FnOnce::call_once::h2858781464276bec
[INFO] [stdout]                                at /rustc/90b35a6239c3d8bdabc530a6a0816f7ff89a0aaf/library/core/src/ops/function.rs:250:5
[INFO] [stdout]   22:     0x6393a6d38adb - core::ops::function::FnOnce::call_once::h109cf8051a59b34e
[INFO] [stdout]                                at /rustc/90b35a6239c3d8bdabc530a6a0816f7ff89a0aaf/library/core/src/ops/function.rs:250:5
[INFO] [stdout]   23:     0x6393a6d38adb - test::__rust_begin_short_backtrace::hf4fff89d377446ba
[INFO] [stdout]                                at /rustc/90b35a6239c3d8bdabc530a6a0816f7ff89a0aaf/library/test/src/lib.rs:621:18
[INFO] [stdout]   24:     0x6393a6d38317 - test::run_test_in_process::{{closure}}::h0e39181dd7ee5a43
[INFO] [stdout]                                at /rustc/90b35a6239c3d8bdabc530a6a0816f7ff89a0aaf/library/test/src/lib.rs:644:60
[INFO] [stdout]   25:     0x6393a6d38317 - <core::panic::unwind_safe::AssertUnwindSafe<F> as core::ops::function::FnOnce<()>>::call_once::hc5a66a30f0bdfd1f
[INFO] [stdout]                                at /rustc/90b35a6239c3d8bdabc530a6a0816f7ff89a0aaf/library/core/src/panic/unwind_safe.rs:272:9
[INFO] [stdout]   26:     0x6393a6d38317 - std::panicking::try::do_call::h873b7cf639554a5e
[INFO] [stdout]                                at /rustc/90b35a6239c3d8bdabc530a6a0816f7ff89a0aaf/library/std/src/panicking.rs:557:40
[INFO] [stdout]   27:     0x6393a6d38317 - std::panicking::try::hdb19862fad9c8bd1
[INFO] [stdout]                                at /rustc/90b35a6239c3d8bdabc530a6a0816f7ff89a0aaf/library/std/src/panicking.rs:520:19
[INFO] [stdout]   28:     0x6393a6d38317 - std::panic::catch_unwind::h281fe732d236d260
[INFO] [stdout]                                at /rustc/90b35a6239c3d8bdabc530a6a0816f7ff89a0aaf/library/std/src/panic.rs:358:14
[INFO] [stdout]   29:     0x6393a6d38317 - test::run_test_in_process::h949b6df8457ed338
[INFO] [stdout]                                at /rustc/90b35a6239c3d8bdabc530a6a0816f7ff89a0aaf/library/test/src/lib.rs:644:27
[INFO] [stdout]   30:     0x6393a6d38317 - test::run_test::{{closure}}::h52c556a6d4740e10
[INFO] [stdout]                                at /rustc/90b35a6239c3d8bdabc530a6a0816f7ff89a0aaf/library/test/src/lib.rs:565:43
[INFO] [stdout]   31:     0x6393a6cfd5f4 - test::run_test::{{closure}}::h4237f6381c45ccb9
[INFO] [stdout]                                at /rustc/90b35a6239c3d8bdabc530a6a0816f7ff89a0aaf/library/test/src/lib.rs:595:41
[INFO] [stdout]   32:     0x6393a6cfd5f4 - std::sys::backtrace::__rust_begin_short_backtrace::h505c97a579eca628
[INFO] [stdout]                                at /rustc/90b35a6239c3d8bdabc530a6a0816f7ff89a0aaf/library/std/src/sys/backtrace.rs:154:18
[INFO] [stdout]   33:     0x6393a6d00cbe - std::thread::Builder::spawn_unchecked_::{{closure}}::{{closure}}::h9e86b2e2bc107ea3
[INFO] [stdout]                                at /rustc/90b35a6239c3d8bdabc530a6a0816f7ff89a0aaf/library/std/src/thread/mod.rs:538:17
[INFO] [stdout]   34:     0x6393a6d00cbe - <core::panic::unwind_safe::AssertUnwindSafe<F> as core::ops::function::FnOnce<()>>::call_once::h8b06ddb275ff4a25
[INFO] [stdout]                                at /rustc/90b35a6239c3d8bdabc530a6a0816f7ff89a0aaf/library/core/src/panic/unwind_safe.rs:272:9
[INFO] [stdout]   35:     0x6393a6d00cbe - std::panicking::try::do_call::hb26ecd7cd9a9355d
[INFO] [stdout]                                at /rustc/90b35a6239c3d8bdabc530a6a0816f7ff89a0aaf/library/std/src/panicking.rs:557:40
[INFO] [stdout]   36:     0x6393a6d00cbe - std::panicking::try::h8ddeca9d705f9069
[INFO] [stdout]                                at /rustc/90b35a6239c3d8bdabc530a6a0816f7ff89a0aaf/library/std/src/panicking.rs:520:19
[INFO] [stdout]   37:     0x6393a6d00cbe - std::panic::catch_unwind::h49e1c33078844c46
[INFO] [stdout]                                at /rustc/90b35a6239c3d8bdabc530a6a0816f7ff89a0aaf/library/std/src/panic.rs:358:14
[INFO] [stdout]   38:     0x6393a6d00cbe - std::thread::Builder::spawn_unchecked_::{{closure}}::h6073db6ff56ad35d
[INFO] [stdout]                                at /rustc/90b35a6239c3d8bdabc530a6a0816f7ff89a0aaf/library/std/src/thread/mod.rs:537:30
[INFO] [stdout]   39:     0x6393a6d00cbe - core::ops::function::FnOnce::call_once{{vtable.shim}}::h2c5a5f3779c774f1
[INFO] [stdout]                                at /rustc/90b35a6239c3d8bdabc530a6a0816f7ff89a0aaf/library/core/src/ops/function.rs:250:5
[INFO] [stdout]   40:     0x6393a72117db - <alloc::boxed::Box<F,A> as core::ops::function::FnOnce<Args>>::call_once::hf75717d9f28faebf
[INFO] [stdout]                                at /rustc/90b35a6239c3d8bdabc530a6a0816f7ff89a0aaf/library/alloc/src/boxed.rs:2454:9
[INFO] [stdout]   41:     0x6393a72117db - <alloc::boxed::Box<F,A> as core::ops::function::FnOnce<Args>>::call_once::h7bd883a5f3c5f3c1
[INFO] [stdout]                                at /rustc/90b35a6239c3d8bdabc530a6a0816f7ff89a0aaf/library/alloc/src/boxed.rs:2454:9
[INFO] [stdout]   42:     0x6393a72117db - std::sys::pal::unix::thread::Thread::new::thread_start::hcc78f3943333fa94
[INFO] [stdout]                                at /rustc/90b35a6239c3d8bdabc530a6a0816f7ff89a0aaf/library/std/src/sys/pal/unix/thread.rs:105:17
[INFO] [stdout]   43:     0x7b4885685ac3 - <unknown>
[INFO] [stdout]   44:     0x7b4885716a04 - clone
[INFO] [stdout]   45:                0x0 - <unknown>
[INFO] [stdout] 
[INFO] [stdout] 
[INFO] [stdout] failures:
[INFO] [stdout]     test_hello
[INFO] [stdout] 
[INFO] [stdout] test result: FAILED. 0 passed; 1 failed; 0 ignored; 0 measured; 0 filtered out; finished in 2.24s
[INFO] [stdout] 
[INFO] running `Command { std: "docker" "inspect" "92b2fce96b1d05f4921b312dfaad8a4dfb96c5ac9d274139eb307830671dfe06", kill_on_drop: false }`
[INFO] running `Command { std: "docker" "rm" "-f" "92b2fce96b1d05f4921b312dfaad8a4dfb96c5ac9d274139eb307830671dfe06", kill_on_drop: false }`
[INFO] [stdout] 92b2fce96b1d05f4921b312dfaad8a4dfb96c5ac9d274139eb307830671dfe06
