[INFO] cloning repository https://github.com/Achill113/dmctl
[INFO] running `Command { std: "git" "-c" "credential.helper=" "-c" "credential.helper=/workspace/cargo-home/bin/git-credential-null" "clone" "--bare" "https://github.com/Achill113/dmctl" "/workspace/cache/git-repos/https%3A%2F%2Fgithub.com%2FAchill113%2Fdmctl", kill_on_drop: false }`
[INFO] [stderr] Cloning into bare repository '/workspace/cache/git-repos/https%3A%2F%2Fgithub.com%2FAchill113%2Fdmctl'...
[INFO] running `Command { std: "git" "rev-parse" "HEAD", kill_on_drop: false }`
[INFO] [stdout] df6b053d0d358c19974037e062a142bf2238519a
[INFO] testing Achill113/dmctl against 1.83.0 for beta-1.84.0-4-retry
[INFO] running `Command { std: "git" "clone" "/workspace/cache/git-repos/https%3A%2F%2Fgithub.com%2FAchill113%2Fdmctl" "/workspace/builds/worker-2-tc1/source", kill_on_drop: false }`
[INFO] [stderr] Cloning into '/workspace/builds/worker-2-tc1/source'...
[INFO] [stderr] done.
[INFO] validating manifest of git repo https://github.com/Achill113/dmctl on toolchain 1.83.0
[INFO] running `Command { std: CARGO_HOME="/workspace/cargo-home" RUSTUP_HOME="/workspace/rustup-home" "/workspace/cargo-home/bin/cargo" "+1.83.0" "metadata" "--manifest-path" "Cargo.toml" "--no-deps", kill_on_drop: false }`
[INFO] started tweaking git repo https://github.com/Achill113/dmctl
[INFO] finished tweaking git repo https://github.com/Achill113/dmctl
[INFO] tweaked toml for git repo https://github.com/Achill113/dmctl written to /workspace/builds/worker-2-tc1/source/Cargo.toml
[INFO] crate git repo https://github.com/Achill113/dmctl already has a lockfile, it will not be regenerated
[INFO] running `Command { std: CARGO_HOME="/workspace/cargo-home" RUSTUP_HOME="/workspace/rustup-home" "/workspace/cargo-home/bin/cargo" "+1.83.0" "fetch" "--manifest-path" "Cargo.toml", kill_on_drop: false }`
[INFO] [stderr]     Updating crates.io index
[INFO] [stderr]  Downloading crates ...
[INFO] [stderr]   Downloaded termtree v0.4.1
[INFO] [stderr]   Downloaded sync_wrapper v0.1.2
[INFO] [stderr]   Downloaded hermit-abi v0.3.4
[INFO] [stderr]   Downloaded smallvec v1.13.1
[INFO] [stderr]   Downloaded assert_cmd v2.0.13
[INFO] [stderr]   Downloaded memchr v2.7.1
[INFO] [stderr]   Downloaded anstream v0.6.11
[INFO] [stderr]   Downloaded bitflags v2.4.2
[INFO] [stderr]   Downloaded wait-timeout v0.2.0
[INFO] [stderr]   Downloaded clap v4.4.18
[INFO] [stderr]   Downloaded diesel_derives v2.1.2
[INFO] [stderr]   Downloaded doc-comment v0.3.3
[INFO] [stderr]   Downloaded wasm-bindgen-shared v0.2.90
[INFO] [stderr]   Downloaded wasm-bindgen-futures v0.4.40
[INFO] [stderr]   Downloaded indexmap v2.2.2
[INFO] [stderr]   Downloaded serde_json v1.0.113
[INFO] [stderr]   Downloaded wasm-bindgen-macro-support v0.2.90
[INFO] [stderr]   Downloaded regex v1.10.3
[INFO] [stderr]   Downloaded time v0.3.34
[INFO] [stderr]   Downloaded js-sys v0.3.67
[INFO] [stderr]   Downloaded anstyle v1.0.5
[INFO] [stderr]   Downloaded regex-automata v0.4.5
[INFO] [stderr]   Downloaded tokio v1.36.0
[INFO] [stderr]   Downloaded openssl v0.10.63
[INFO] [stderr]   Downloaded h2 v0.3.24
[INFO] [stderr]   Downloaded openssl-sys v0.9.99
[INFO] [stderr]   Downloaded bstr v1.9.0
[INFO] [stderr]   Downloaded wasm-bindgen-backend v0.2.90
[INFO] [stderr]   Downloaded reqwest v0.11.24
[INFO] [stderr]   Downloaded predicates-tree v1.0.9
[INFO] [stderr]   Downloaded time-macros v0.2.17
[INFO] [stderr]   Downloaded predicates-core v1.0.6
[INFO] [stderr]   Downloaded pkg-config v0.3.29
[INFO] [stderr]   Downloaded rustix v0.38.31
[INFO] [stderr]   Downloaded wasm-bindgen-macro v0.2.90
[INFO] [stderr]   Downloaded libc v0.2.153
[INFO] [stderr]   Downloaded predicates v3.1.0
[INFO] [stderr]   Downloaded tempfile v3.9.0
[INFO] [stderr]   Downloaded wasm-bindgen v0.2.90
[INFO] [stderr]   Downloaded diesel v2.1.4
[INFO] [stderr]   Downloaded serde_derive v1.0.196
[INFO] [stderr]   Downloaded serde v1.0.196
[INFO] [stderr]   Downloaded syn v2.0.48
[INFO] [stderr]   Downloaded clap_builder v4.4.18
[INFO] [stderr]   Downloaded diesel_table_macro_syntax v0.1.0
[INFO] [stderr]   Downloaded proc-macro2 v1.0.78
[INFO] [stderr]   Downloaded web-sys v0.3.67
[INFO] [stderr]   Downloaded linux-raw-sys v0.4.13
[INFO] running `Command { std: "docker" "create" "-v" "/var/lib/crater-agent-workspace/builds/worker-2-tc1/target:/opt/rustwide/target:rw,Z" "-v" "/var/lib/crater-agent-workspace/builds/worker-2-tc1/source:/opt/rustwide/workdir:ro,Z" "-v" "/var/lib/crater-agent-workspace/cargo-home:/opt/rustwide/cargo-home:ro,Z" "-v" "/var/lib/crater-agent-workspace/rustup-home:/opt/rustwide/rustup-home:ro,Z" "-e" "SOURCE_DIR=/opt/rustwide/workdir" "-e" "CARGO_TARGET_DIR=/opt/rustwide/target" "-e" "CARGO_HOME=/opt/rustwide/cargo-home" "-e" "RUSTUP_HOME=/opt/rustwide/rustup-home" "-w" "/opt/rustwide/workdir" "-m" "1610612736" "--user" "0:0" "--network" "none" "ghcr.io/rust-lang/crates-build-env/linux@sha256:f3a9d4ad9d972b27faf3965f35b62e55ba32bbce8f20bc8fe909558a86702fde" "/opt/rustwide/cargo-home/bin/cargo" "+1.83.0" "metadata" "--no-deps" "--format-version=1", kill_on_drop: false }`
[INFO] [stdout] a64ca2b9a0411eb6a965b999941a58c4fe2437a2b6169e619d948033281faaf8
[INFO] running `Command { std: "docker" "start" "-a" "a64ca2b9a0411eb6a965b999941a58c4fe2437a2b6169e619d948033281faaf8", kill_on_drop: false }`
[INFO] running `Command { std: "docker" "inspect" "a64ca2b9a0411eb6a965b999941a58c4fe2437a2b6169e619d948033281faaf8", kill_on_drop: false }`
[INFO] running `Command { std: "docker" "rm" "-f" "a64ca2b9a0411eb6a965b999941a58c4fe2437a2b6169e619d948033281faaf8", kill_on_drop: false }`
[INFO] [stdout] a64ca2b9a0411eb6a965b999941a58c4fe2437a2b6169e619d948033281faaf8
[INFO] running `Command { std: "docker" "create" "-v" "/var/lib/crater-agent-workspace/builds/worker-2-tc1/target:/opt/rustwide/target:rw,Z" "-v" "/var/lib/crater-agent-workspace/builds/worker-2-tc1/source:/opt/rustwide/workdir:ro,Z" "-v" "/var/lib/crater-agent-workspace/cargo-home:/opt/rustwide/cargo-home:ro,Z" "-v" "/var/lib/crater-agent-workspace/rustup-home:/opt/rustwide/rustup-home:ro,Z" "-e" "SOURCE_DIR=/opt/rustwide/workdir" "-e" "CARGO_TARGET_DIR=/opt/rustwide/target" "-e" "CARGO_INCREMENTAL=0" "-e" "RUST_BACKTRACE=full" "-e" "RUSTFLAGS=--cap-lints=warn" "-e" "RUSTDOCFLAGS=--cap-lints=warn" "-e" "CARGO_HOME=/opt/rustwide/cargo-home" "-e" "RUSTUP_HOME=/opt/rustwide/rustup-home" "-w" "/opt/rustwide/workdir" "-m" "1610612736" "--user" "0:0" "--network" "none" "ghcr.io/rust-lang/crates-build-env/linux@sha256:f3a9d4ad9d972b27faf3965f35b62e55ba32bbce8f20bc8fe909558a86702fde" "/opt/rustwide/cargo-home/bin/cargo" "+1.83.0" "build" "--frozen" "--message-format=json", kill_on_drop: false }`
[INFO] [stdout] 0598a48ee6bba401b892dbadee72f71b450501b3274ecbbba1c0c37504ffc3ab
[INFO] running `Command { std: "docker" "start" "-a" "0598a48ee6bba401b892dbadee72f71b450501b3274ecbbba1c0c37504ffc3ab", kill_on_drop: false }`
[INFO] [stderr]    Compiling proc-macro2 v1.0.78
[INFO] [stderr]    Compiling libc v0.2.153
[INFO] [stderr]    Compiling pkg-config v0.3.29
[INFO] [stderr]    Compiling autocfg v1.1.0
[INFO] [stderr]    Compiling vcpkg v0.2.15
[INFO] [stderr]    Compiling parking_lot_core v0.9.9
[INFO] [stderr]    Compiling pin-project-lite v0.2.13
[INFO] [stderr]    Compiling bytes v1.5.0
[INFO] [stderr]    Compiling scopeguard v1.2.0
[INFO] [stderr]    Compiling smallvec v1.13.1
[INFO] [stderr]    Compiling lock_api v0.4.11
[INFO] [stderr]    Compiling itoa v1.0.10
[INFO] [stderr]    Compiling futures-core v0.3.30
[INFO] [stderr]    Compiling slab v0.4.9
[INFO] [stderr]    Compiling tracing-core v0.1.32
[INFO] [stderr]    Compiling openssl v0.10.63
[INFO] [stderr]    Compiling quote v1.0.35
[INFO] [stderr]    Compiling foreign-types-shared v0.1.1
[INFO] [stderr]    Compiling http v0.2.11
[INFO] [stderr]    Compiling foreign-types v0.3.2
[INFO] [stderr]    Compiling equivalent v1.0.1
[INFO] [stderr]    Compiling bitflags v2.4.2
[INFO] [stderr]    Compiling hashbrown v0.14.3
[INFO] [stderr]    Compiling syn v2.0.48
[INFO] [stderr]    Compiling signal-hook-registry v1.4.1
[INFO] [stderr]    Compiling num_cpus v1.16.0
[INFO] [stderr]    Compiling cc v1.0.83
[INFO] [stderr]    Compiling parking_lot v0.12.1
[INFO] [stderr]    Compiling socket2 v0.5.5
[INFO] [stderr]    Compiling mio v0.8.10
[INFO] [stderr]    Compiling tracing v0.1.40
[INFO] [stderr]    Compiling futures-sink v0.3.30
[INFO] [stderr]    Compiling futures-task v0.3.30
[INFO] [stderr]    Compiling native-tls v0.2.11
[INFO] [stderr]    Compiling httparse v1.8.0
[INFO] [stderr]    Compiling serde v1.0.196
[INFO] [stderr]    Compiling pin-utils v0.1.0
[INFO] [stderr]    Compiling tinyvec v1.6.0
[INFO] [stderr]    Compiling futures-util v0.3.30
[INFO] [stderr]    Compiling indexmap v2.2.2
[INFO] [stderr]    Compiling try-lock v0.2.5
[INFO] [stderr]    Compiling openssl-probe v0.1.5
[INFO] [stderr]    Compiling utf8parse v0.2.1
[INFO] [stderr]    Compiling openssl-sys v0.9.99
[INFO] [stderr]    Compiling log v0.4.20
[INFO] [stderr]    Compiling anstyle-parse v0.2.3
[INFO] [stderr]    Compiling form_urlencoded v1.2.1
[INFO] [stderr]    Compiling want v0.3.1
[INFO] [stderr]    Compiling http-body v0.4.6
[INFO] [stderr]    Compiling libsqlite3-sys v0.27.0
[INFO] [stderr]    Compiling futures-channel v0.3.30
[INFO] [stderr]    Compiling colorchoice v1.0.0
[INFO] [stderr]    Compiling anstyle-query v1.0.2
[INFO] [stderr]    Compiling unicode-bidi v0.3.15
[INFO] [stderr]    Compiling httpdate v1.0.3
[INFO] [stderr]    Compiling ryu v1.0.16
[INFO] [stderr]    Compiling tower-service v0.3.2
[INFO] [stderr]    Compiling unicode-normalization v0.1.22
[INFO] [stderr]    Compiling serde_json v1.0.113
[INFO] [stderr]    Compiling anstyle v1.0.5
[INFO] [stderr]    Compiling strsim v0.10.0
[INFO] [stderr]    Compiling clap_lex v0.6.0
[INFO] [stderr]    Compiling anstream v0.6.11
[INFO] [stderr]    Compiling heck v0.4.1
[INFO] [stderr]    Compiling rustls-pemfile v1.0.4
[INFO] [stderr]    Compiling encoding_rs v0.8.33
[INFO] [stderr]    Compiling idna v0.5.0
[INFO] [stderr]    Compiling clap_builder v4.4.18
[INFO] [stderr]    Compiling ipnet v2.9.0
[INFO] [stderr]    Compiling sync_wrapper v0.1.2
[INFO] [stderr]    Compiling mime v0.3.17
[INFO] [stderr]    Compiling dotenvy v0.15.7
[INFO] [stderr]    Compiling url v2.5.0
[INFO] [stderr]    Compiling diesel_table_macro_syntax v0.1.0
[INFO] [stderr]    Compiling tokio-macros v2.2.0
[INFO] [stderr]    Compiling openssl-macros v0.1.1
[INFO] [stderr]    Compiling serde_derive v1.0.196
[INFO] [stderr]    Compiling diesel_derives v2.1.2
[INFO] [stderr]    Compiling clap_derive v4.4.7
[INFO] [stderr]    Compiling tokio v1.36.0
[INFO] [stderr]    Compiling clap v4.4.18
[INFO] [stderr]    Compiling diesel v2.1.4
[INFO] [stderr]    Compiling tokio-util v0.7.10
[INFO] [stderr]    Compiling tokio-native-tls v0.3.1
[INFO] [stderr]    Compiling serde_urlencoded v0.7.1
[INFO] [stderr]    Compiling h2 v0.3.24
[INFO] [stderr]    Compiling hyper v0.14.28
[INFO] [stderr]    Compiling hyper-tls v0.5.0
[INFO] [stderr]    Compiling reqwest v0.11.24
[INFO] [stderr]    Compiling dmctl v0.1.0 (/opt/rustwide/workdir)
[INFO] [stdout] warning: methods `level_range` and `roll_range` are never used
[INFO] [stdout]   --> src/domain/encounters/entities/encounter.rs:23:8
[INFO] [stdout]    |
[INFO] [stdout] 21 | pub trait BaseEncounter {
[INFO] [stdout]    |           ------------- methods in this trait
[INFO] [stdout] 22 |     fn environment(&self) -> &str;
[INFO] [stdout] 23 |     fn level_range(&self) -> &LevelRange;
[INFO] [stdout]    |        ^^^^^^^^^^^
[INFO] [stdout] 24 |     fn roll_range(&self) -> &RollRange;
[INFO] [stdout]    |        ^^^^^^^^^^
[INFO] [stdout]    |
[INFO] [stdout]    = note: `#[warn(dead_code)]` on by default
[INFO] [stdout] 
[INFO] [stdout] 
[INFO] [stdout] warning: field `situation` is never read
[INFO] [stdout]   --> src/domain/encounters/entities/encounter.rs:43:9
[INFO] [stdout]    |
[INFO] [stdout] 41 | pub struct SituationalEncounter {
[INFO] [stdout]    |            -------------------- field in this struct
[INFO] [stdout] 42 |     pub encounter: Encounter,
[INFO] [stdout] 43 |     pub situation: String,
[INFO] [stdout]    |         ^^^^^^^^^
[INFO] [stdout] 
[INFO] [stdout] 
[INFO] [stdout] warning: field `enemy_formulas` is never read
[INFO] [stdout]   --> src/domain/encounters/entities/encounter.rs:54:9
[INFO] [stdout]    |
[INFO] [stdout] 52 | pub struct CombatEncounter {
[INFO] [stdout]    |            --------------- field in this struct
[INFO] [stdout] 53 |     pub encounter: Encounter,
[INFO] [stdout] 54 |     pub enemy_formulas: Vec<EnemyFormula>,
[INFO] [stdout]    |         ^^^^^^^^^^^^^^
[INFO] [stdout] 
[INFO] [stdout] 
[INFO] [stdout] warning: fields `enemy_name`, `die_type`, and `count` are never read
[INFO] [stdout]  --> src/domain/encounters/entities/enemy_formula.rs:4:9
[INFO] [stdout]   |
[INFO] [stdout] 3 | pub struct EnemyFormula {
[INFO] [stdout]   |            ------------ fields in this struct
[INFO] [stdout] 4 |     pub enemy_name: String,
[INFO] [stdout]   |         ^^^^^^^^^^
[INFO] [stdout] 5 |     pub die_type: Option<String>,
[INFO] [stdout]   |         ^^^^^^^^
[INFO] [stdout] 6 |     pub count: i32,
[INFO] [stdout]   |         ^^^^^
[INFO] [stdout] 
[INFO] [stdout] 
[INFO] [stdout] warning: fields `min_level` and `max_level` are never read
[INFO] [stdout]  --> src/domain/encounters/value_objects/level_range.rs:4:9
[INFO] [stdout]   |
[INFO] [stdout] 3 | pub struct LevelRange {
[INFO] [stdout]   |            ---------- fields in this struct
[INFO] [stdout] 4 |     pub min_level: i32,
[INFO] [stdout]   |         ^^^^^^^^^
[INFO] [stdout] 5 |     pub max_level: i32,
[INFO] [stdout]   |         ^^^^^^^^^
[INFO] [stdout] 
[INFO] [stdout] 
[INFO] [stdout] warning: fields `min_roll` and `max_roll` are never read
[INFO] [stdout]  --> src/domain/encounters/value_objects/roll_range.rs:4:9
[INFO] [stdout]   |
[INFO] [stdout] 3 | pub struct RollRange {
[INFO] [stdout]   |            --------- fields in this struct
[INFO] [stdout] 4 |     pub min_roll: i32,
[INFO] [stdout]   |         ^^^^^^^^
[INFO] [stdout] 5 |     pub max_roll: i32,
[INFO] [stdout]   |         ^^^^^^^^
[INFO] [stdout] 
[INFO] [stdout] 
[INFO] [stderr]     Finished `dev` profile [unoptimized + debuginfo] target(s) in 1m 44s
[INFO] running `Command { std: "docker" "inspect" "0598a48ee6bba401b892dbadee72f71b450501b3274ecbbba1c0c37504ffc3ab", kill_on_drop: false }`
[INFO] running `Command { std: "docker" "rm" "-f" "0598a48ee6bba401b892dbadee72f71b450501b3274ecbbba1c0c37504ffc3ab", kill_on_drop: false }`
[INFO] [stdout] 0598a48ee6bba401b892dbadee72f71b450501b3274ecbbba1c0c37504ffc3ab
[INFO] running `Command { std: "docker" "create" "-v" "/var/lib/crater-agent-workspace/builds/worker-2-tc1/target:/opt/rustwide/target:rw,Z" "-v" "/var/lib/crater-agent-workspace/builds/worker-2-tc1/source:/opt/rustwide/workdir:ro,Z" "-v" "/var/lib/crater-agent-workspace/cargo-home:/opt/rustwide/cargo-home:ro,Z" "-v" "/var/lib/crater-agent-workspace/rustup-home:/opt/rustwide/rustup-home:ro,Z" "-e" "SOURCE_DIR=/opt/rustwide/workdir" "-e" "CARGO_TARGET_DIR=/opt/rustwide/target" "-e" "CARGO_INCREMENTAL=0" "-e" "RUST_BACKTRACE=full" "-e" "RUSTFLAGS=--cap-lints=warn" "-e" "RUSTDOCFLAGS=--cap-lints=warn" "-e" "CARGO_HOME=/opt/rustwide/cargo-home" "-e" "RUSTUP_HOME=/opt/rustwide/rustup-home" "-w" "/opt/rustwide/workdir" "-m" "1610612736" "--user" "0:0" "--network" "none" "ghcr.io/rust-lang/crates-build-env/linux@sha256:f3a9d4ad9d972b27faf3965f35b62e55ba32bbce8f20bc8fe909558a86702fde" "/opt/rustwide/cargo-home/bin/cargo" "+1.83.0" "test" "--frozen" "--no-run" "--message-format=json", kill_on_drop: false }`
[INFO] [stdout] b6f18a4d6f36d079dc93a6374333a72f097ed2dfc824839bfc1ad521d6a16b19
[INFO] running `Command { std: "docker" "start" "-a" "b6f18a4d6f36d079dc93a6374333a72f097ed2dfc824839bfc1ad521d6a16b19", kill_on_drop: false }`
[INFO] [stderr]    Compiling memchr v2.7.1
[INFO] [stderr]    Compiling num-traits v0.2.17
[INFO] [stderr]    Compiling regex-syntax v0.8.2
[INFO] [stderr]    Compiling doc-comment v0.3.3
[INFO] [stderr]    Compiling predicates-core v1.0.6
[INFO] [stderr]    Compiling difflib v0.4.0
[INFO] [stderr]    Compiling termtree v0.4.1
[INFO] [stderr]    Compiling normalize-line-endings v0.3.0
[INFO] [stderr]    Compiling wait-timeout v0.2.0
[INFO] [stderr]    Compiling predicates-tree v1.0.9
[INFO] [stderr]    Compiling aho-corasick v1.1.2
[INFO] [stderr]    Compiling float-cmp v0.9.0
[INFO] [stderr]    Compiling regex-automata v0.4.5
[INFO] [stderr]    Compiling regex v1.10.3
[INFO] [stderr]    Compiling bstr v1.9.0
[INFO] [stderr]    Compiling predicates v3.1.0
[INFO] [stderr]    Compiling assert_cmd v2.0.13
[INFO] [stderr]    Compiling dmctl v0.1.0 (/opt/rustwide/workdir)
[INFO] [stdout] warning: methods `level_range` and `roll_range` are never used
[INFO] [stdout]   --> src/domain/encounters/entities/encounter.rs:23:8
[INFO] [stdout]    |
[INFO] [stdout] 21 | pub trait BaseEncounter {
[INFO] [stdout]    |           ------------- methods in this trait
[INFO] [stdout] 22 |     fn environment(&self) -> &str;
[INFO] [stdout] 23 |     fn level_range(&self) -> &LevelRange;
[INFO] [stdout]    |        ^^^^^^^^^^^
[INFO] [stdout] 24 |     fn roll_range(&self) -> &RollRange;
[INFO] [stdout]    |        ^^^^^^^^^^
[INFO] [stdout]    |
[INFO] [stdout]    = note: `#[warn(dead_code)]` on by default
[INFO] [stdout] 
[INFO] [stdout] 
[INFO] [stdout] warning: field `situation` is never read
[INFO] [stdout]   --> src/domain/encounters/entities/encounter.rs:43:9
[INFO] [stdout]    |
[INFO] [stdout] 41 | pub struct SituationalEncounter {
[INFO] [stdout]    |            -------------------- field in this struct
[INFO] [stdout] 42 |     pub encounter: Encounter,
[INFO] [stdout] 43 |     pub situation: String,
[INFO] [stdout]    |         ^^^^^^^^^
[INFO] [stdout] 
[INFO] [stdout] 
[INFO] [stdout] warning: field `enemy_formulas` is never read
[INFO] [stdout]   --> src/domain/encounters/entities/encounter.rs:54:9
[INFO] [stdout]    |
[INFO] [stdout] 52 | pub struct CombatEncounter {
[INFO] [stdout]    |            --------------- field in this struct
[INFO] [stdout] 53 |     pub encounter: Encounter,
[INFO] [stdout] 54 |     pub enemy_formulas: Vec<EnemyFormula>,
[INFO] [stdout]    |         ^^^^^^^^^^^^^^
[INFO] [stdout] 
[INFO] [stdout] 
[INFO] [stdout] warning: fields `enemy_name`, `die_type`, and `count` are never read
[INFO] [stdout]  --> src/domain/encounters/entities/enemy_formula.rs:4:9
[INFO] [stdout]   |
[INFO] [stdout] 3 | pub struct EnemyFormula {
[INFO] [stdout]   |            ------------ fields in this struct
[INFO] [stdout] 4 |     pub enemy_name: String,
[INFO] [stdout]   |         ^^^^^^^^^^
[INFO] [stdout] 5 |     pub die_type: Option<String>,
[INFO] [stdout]   |         ^^^^^^^^
[INFO] [stdout] 6 |     pub count: i32,
[INFO] [stdout]   |         ^^^^^
[INFO] [stdout] 
[INFO] [stdout] 
[INFO] [stdout] warning: fields `min_level` and `max_level` are never read
[INFO] [stdout]  --> src/domain/encounters/value_objects/level_range.rs:4:9
[INFO] [stdout]   |
[INFO] [stdout] 3 | pub struct LevelRange {
[INFO] [stdout]   |            ---------- fields in this struct
[INFO] [stdout] 4 |     pub min_level: i32,
[INFO] [stdout]   |         ^^^^^^^^^
[INFO] [stdout] 5 |     pub max_level: i32,
[INFO] [stdout]   |         ^^^^^^^^^
[INFO] [stdout] 
[INFO] [stdout] 
[INFO] [stdout] warning: fields `min_roll` and `max_roll` are never read
[INFO] [stdout]  --> src/domain/encounters/value_objects/roll_range.rs:4:9
[INFO] [stdout]   |
[INFO] [stdout] 3 | pub struct RollRange {
[INFO] [stdout]   |            --------- fields in this struct
[INFO] [stdout] 4 |     pub min_roll: i32,
[INFO] [stdout]   |         ^^^^^^^^
[INFO] [stdout] 5 |     pub max_roll: i32,
[INFO] [stdout]   |         ^^^^^^^^
[INFO] [stdout] 
[INFO] [stdout] 
[INFO] [stderr]     Finished `test` profile [unoptimized + debuginfo] target(s) in 26.02s
[INFO] running `Command { std: "docker" "inspect" "b6f18a4d6f36d079dc93a6374333a72f097ed2dfc824839bfc1ad521d6a16b19", kill_on_drop: false }`
[INFO] running `Command { std: "docker" "rm" "-f" "b6f18a4d6f36d079dc93a6374333a72f097ed2dfc824839bfc1ad521d6a16b19", kill_on_drop: false }`
[INFO] [stdout] b6f18a4d6f36d079dc93a6374333a72f097ed2dfc824839bfc1ad521d6a16b19
[INFO] running `Command { std: "docker" "create" "-v" "/var/lib/crater-agent-workspace/builds/worker-2-tc1/target:/opt/rustwide/target:rw,Z" "-v" "/var/lib/crater-agent-workspace/builds/worker-2-tc1/source:/opt/rustwide/workdir:ro,Z" "-v" "/var/lib/crater-agent-workspace/cargo-home:/opt/rustwide/cargo-home:ro,Z" "-v" "/var/lib/crater-agent-workspace/rustup-home:/opt/rustwide/rustup-home:ro,Z" "-e" "SOURCE_DIR=/opt/rustwide/workdir" "-e" "CARGO_TARGET_DIR=/opt/rustwide/target" "-e" "CARGO_INCREMENTAL=0" "-e" "RUST_BACKTRACE=full" "-e" "RUSTFLAGS=--cap-lints=warn" "-e" "RUSTDOCFLAGS=--cap-lints=warn" "-e" "CARGO_HOME=/opt/rustwide/cargo-home" "-e" "RUSTUP_HOME=/opt/rustwide/rustup-home" "-w" "/opt/rustwide/workdir" "-m" "1610612736" "--user" "0:0" "--network" "none" "ghcr.io/rust-lang/crates-build-env/linux@sha256:f3a9d4ad9d972b27faf3965f35b62e55ba32bbce8f20bc8fe909558a86702fde" "/opt/rustwide/cargo-home/bin/cargo" "+1.83.0" "test" "--frozen", kill_on_drop: false }`
[INFO] [stdout] 6a693192d9715822f65bc656837b70eba4683777591e3cbfd9aa7e45bb684e76
[INFO] running `Command { std: "docker" "start" "-a" "6a693192d9715822f65bc656837b70eba4683777591e3cbfd9aa7e45bb684e76", kill_on_drop: false }`
[INFO] [stderr] warning: methods `level_range` and `roll_range` are never used
[INFO] [stderr]   --> src/domain/encounters/entities/encounter.rs:23:8
[INFO] [stderr]    |
[INFO] [stderr] 21 | pub trait BaseEncounter {
[INFO] [stderr]    |           ------------- methods in this trait
[INFO] [stderr] 22 |     fn environment(&self) -> &str;
[INFO] [stderr] 23 |     fn level_range(&self) -> &LevelRange;
[INFO] [stderr]    |        ^^^^^^^^^^^
[INFO] [stderr] 24 |     fn roll_range(&self) -> &RollRange;
[INFO] [stderr]    |        ^^^^^^^^^^
[INFO] [stderr]    |
[INFO] [stderr]    = note: `#[warn(dead_code)]` on by default
[INFO] [stderr] 
[INFO] [stderr] warning: field `situation` is never read
[INFO] [stderr]   --> src/domain/encounters/entities/encounter.rs:43:9
[INFO] [stderr]    |
[INFO] [stderr] 41 | pub struct SituationalEncounter {
[INFO] [stderr]    |            -------------------- field in this struct
[INFO] [stderr] 42 |     pub encounter: Encounter,
[INFO] [stderr] 43 |     pub situation: String,
[INFO] [stderr]    |         ^^^^^^^^^
[INFO] [stderr] 
[INFO] [stderr] warning: field `enemy_formulas` is never read
[INFO] [stderr]   --> src/domain/encounters/entities/encounter.rs:54:9
[INFO] [stderr]    |
[INFO] [stderr] 52 | pub struct CombatEncounter {
[INFO] [stderr]    |            --------------- field in this struct
[INFO] [stderr] 53 |     pub encounter: Encounter,
[INFO] [stderr] 54 |     pub enemy_formulas: Vec<EnemyFormula>,
[INFO] [stderr]    |         ^^^^^^^^^^^^^^
[INFO] [stderr] 
[INFO] [stderr] warning: fields `enemy_name`, `die_type`, and `count` are never read
[INFO] [stderr]  --> src/domain/encounters/entities/enemy_formula.rs:4:9
[INFO] [stderr]   |
[INFO] [stderr] 3 | pub struct EnemyFormula {
[INFO] [stderr]   |            ------------ fields in this struct
[INFO] [stderr] 4 |     pub enemy_name: String,
[INFO] [stderr]   |         ^^^^^^^^^^
[INFO] [stderr] 5 |     pub die_type: Option<String>,
[INFO] [stderr]   |         ^^^^^^^^
[INFO] [stderr] 6 |     pub count: i32,
[INFO] [stderr]   |         ^^^^^
[INFO] [stderr] 
[INFO] [stderr] warning: fields `min_level` and `max_level` are never read
[INFO] [stderr]  --> src/domain/encounters/value_objects/level_range.rs:4:9
[INFO] [stderr]   |
[INFO] [stderr] 3 | pub struct LevelRange {
[INFO] [stderr]   |            ---------- fields in this struct
[INFO] [stderr] 4 |     pub min_level: i32,
[INFO] [stderr]   |         ^^^^^^^^^
[INFO] [stderr] 5 |     pub max_level: i32,
[INFO] [stderr]   |         ^^^^^^^^^
[INFO] [stderr] 
[INFO] [stderr] warning: fields `min_roll` and `max_roll` are never read
[INFO] [stderr]  --> src/domain/encounters/value_objects/roll_range.rs:4:9
[INFO] [stderr]   |
[INFO] [stderr] 3 | pub struct RollRange {
[INFO] [stderr]   |            --------- fields in this struct
[INFO] [stderr] 4 |     pub min_roll: i32,
[INFO] [stderr]   |         ^^^^^^^^
[INFO] [stderr] 5 |     pub max_roll: i32,
[INFO] [stderr]   |         ^^^^^^^^
[INFO] [stderr] 
[INFO] [stderr] warning: `dmctl` (bin "dmctl" test) generated 6 warnings
[INFO] [stderr]     Finished `test` profile [unoptimized + debuginfo] target(s) in 0.25s
[INFO] [stderr]      Running unittests src/main.rs (/opt/rustwide/target/debug/deps/dmctl-d9609e67d238a53b)
[INFO] [stdout] 
[INFO] [stdout] running 2 tests
[INFO] [stdout] test application::cli::services::tests::handle_input_prints_names_when_generate_name_command_is_passed ... FAILED
[INFO] [stdout] test infrastructure::muna::repository::test::get_race_names_should_return_10_elf_names_when_10_elf_names_is_requested ... FAILED
[INFO] [stdout] 
[INFO] [stdout] failures:
[INFO] [stdout] 
[INFO] [stdout] ---- application::cli::services::tests::handle_input_prints_names_when_generate_name_command_is_passed stdout ----
[INFO] [stdout] thread 'application::cli::services::tests::handle_input_prints_names_when_generate_name_command_is_passed' panicked at src/application/names/services.rs:9:82:
[INFO] [stdout] Something went wrong generating names: reqwest::Error { kind: Request, url: Url { scheme: "https", cannot_be_a_base: false, username: "", password: None, host: Some(Domain("muna.ironarachne.com")), port: None, path: "/elf", query: Some("count=10&nameType=male"), fragment: None }, source: hyper::Error(Connect, ConnectError("dns error", Custom { kind: Uncategorized, error: "failed to lookup address information: Temporary failure in name resolution" })) }
[INFO] [stdout] stack backtrace:
[INFO] [stdout]    0:     0x5a13e7a96e1a - std::backtrace_rs::backtrace::libunwind::trace::h5a5b8284f2d0c266
[INFO] [stdout]                                at /rustc/90b35a6239c3d8bdabc530a6a0816f7ff89a0aaf/library/std/src/../../backtrace/src/backtrace/libunwind.rs:116:5
[INFO] [stdout]    1:     0x5a13e7a96e1a - std::backtrace_rs::backtrace::trace_unsynchronized::h76d4f1c9b0b875e3
[INFO] [stdout]                                at /rustc/90b35a6239c3d8bdabc530a6a0816f7ff89a0aaf/library/std/src/../../backtrace/src/backtrace/mod.rs:66:5
[INFO] [stdout]    2:     0x5a13e7a96e1a - std::sys::backtrace::_print_fmt::hc4546b8364a537c6
[INFO] [stdout]                                at /rustc/90b35a6239c3d8bdabc530a6a0816f7ff89a0aaf/library/std/src/sys/backtrace.rs:66:9
[INFO] [stdout]    3:     0x5a13e7a96e1a - <std::sys::backtrace::BacktraceLock::print::DisplayBacktrace as core::fmt::Display>::fmt::h5b6bd5631a6d1f6b
[INFO] [stdout]                                at /rustc/90b35a6239c3d8bdabc530a6a0816f7ff89a0aaf/library/std/src/sys/backtrace.rs:39:26
[INFO] [stdout]    4:     0x5a13e7abfe53 - core::fmt::rt::Argument::fmt::h270f6602a2b96f62
[INFO] [stdout]                                at /rustc/90b35a6239c3d8bdabc530a6a0816f7ff89a0aaf/library/core/src/fmt/rt.rs:177:76
[INFO] [stdout]    5:     0x5a13e7abfe53 - core::fmt::write::h7550c97b06c86515
[INFO] [stdout]                                at /rustc/90b35a6239c3d8bdabc530a6a0816f7ff89a0aaf/library/core/src/fmt/mod.rs:1186:21
[INFO] [stdout]    6:     0x5a13e7a93433 - std::io::Write::write_fmt::h509ff860e5956e5e
[INFO] [stdout]                                at /rustc/90b35a6239c3d8bdabc530a6a0816f7ff89a0aaf/library/std/src/io/mod.rs:1839:15
[INFO] [stdout]    7:     0x5a13e7a96c62 - std::sys::backtrace::BacktraceLock::print::h2395ccd2c84ba3aa
[INFO] [stdout]                                at /rustc/90b35a6239c3d8bdabc530a6a0816f7ff89a0aaf/library/std/src/sys/backtrace.rs:42:9
[INFO] [stdout]    8:     0x5a13e7a9827a - std::panicking::default_hook::{{closure}}::he19d4c7230e07961
[INFO] [stdout]                                at /rustc/90b35a6239c3d8bdabc530a6a0816f7ff89a0aaf/library/std/src/panicking.rs:268:22
[INFO] [stdout]    9:     0x5a13e7a98084 - std::panicking::default_hook::hf614597d3c67bbdb
[INFO] [stdout]                                at /rustc/90b35a6239c3d8bdabc530a6a0816f7ff89a0aaf/library/std/src/panicking.rs:292:9
[INFO] [stdout]   10:     0x5a13e795d539 - <alloc::boxed::Box<F,A> as core::ops::function::Fn<Args>>::call::h39b51ce4599c23d1
[INFO] [stdout]                                at /rustc/90b35a6239c3d8bdabc530a6a0816f7ff89a0aaf/library/alloc/src/boxed.rs:2468:9
[INFO] [stdout]   11:     0x5a13e795d539 - test::test_main::{{closure}}::he977ae839a582784
[INFO] [stdout]                                at /rustc/90b35a6239c3d8bdabc530a6a0816f7ff89a0aaf/library/test/src/lib.rs:133:21
[INFO] [stdout]   12:     0x5a13e7a98918 - <alloc::boxed::Box<F,A> as core::ops::function::Fn<Args>>::call::h9455091b6b06f9fb
[INFO] [stdout]                                at /rustc/90b35a6239c3d8bdabc530a6a0816f7ff89a0aaf/library/alloc/src/boxed.rs:2468:9
[INFO] [stdout]   13:     0x5a13e7a98918 - std::panicking::rust_panic_with_hook::h8942133a8b252070
[INFO] [stdout]                                at /rustc/90b35a6239c3d8bdabc530a6a0816f7ff89a0aaf/library/std/src/panicking.rs:809:13
[INFO] [stdout]   14:     0x5a13e7a986da - std::panicking::begin_panic_handler::{{closure}}::hb5f5963570096b29
[INFO] [stdout]                                at /rustc/90b35a6239c3d8bdabc530a6a0816f7ff89a0aaf/library/std/src/panicking.rs:674:13
[INFO] [stdout]   15:     0x5a13e7a972f9 - std::sys::backtrace::__rust_end_short_backtrace::h6208cedc1922feda
[INFO] [stdout]                                at /rustc/90b35a6239c3d8bdabc530a6a0816f7ff89a0aaf/library/std/src/sys/backtrace.rs:170:18
[INFO] [stdout]   16:     0x5a13e7a9836c - rust_begin_unwind
[INFO] [stdout]                                at /rustc/90b35a6239c3d8bdabc530a6a0816f7ff89a0aaf/library/std/src/panicking.rs:665:5
[INFO] [stdout]   17:     0x5a13e75da2a0 - core::panicking::panic_fmt::h0c3082644d1bf418
[INFO] [stdout]                                at /rustc/90b35a6239c3d8bdabc530a6a0816f7ff89a0aaf/library/core/src/panicking.rs:74:14
[INFO] [stdout]   18:     0x5a13e75da786 - core::result::unwrap_failed::hd20b4aa073bda1e2
[INFO] [stdout]                                at /rustc/90b35a6239c3d8bdabc530a6a0816f7ff89a0aaf/library/core/src/result.rs:1700:5
[INFO] [stdout]   19:     0x5a13e75f8def - core::result::Result<T,E>::expect::h5879105e0949e1e1
[INFO] [stdout]                                at /rustc/90b35a6239c3d8bdabc530a6a0816f7ff89a0aaf/library/core/src/result.rs:1061:23
[INFO] [stdout]   20:     0x5a13e75f4b4d - dmctl::application::names::services::NamesService::get_names::{{closure}}::h8bad65897c0a2c0e
[INFO] [stdout]                                at /opt/rustwide/workdir/src/application/names/services.rs:9:24
[INFO] [stdout]   21:     0x5a13e7605171 - dmctl::application::cli::services::CliService::handle_generate_inputs::{{closure}}::hec0e4db5c62a9844
[INFO] [stdout]                                at /opt/rustwide/workdir/src/application/cli/services.rs:31:62
[INFO] [stdout]   22:     0x5a13e7604e77 - dmctl::application::cli::services::CliService::handle_input::{{closure}}::hcf694db98544c33b
[INFO] [stdout]                                at /opt/rustwide/workdir/src/application/cli/services.rs:15:55
[INFO] [stdout]   23:     0x5a13e760b6e6 - dmctl::application::cli::services::tests::handle_input_prints_names_when_generate_name_command_is_passed::{{closure}}::h7ca411eb126f30e4
[INFO] [stdout]                                at /opt/rustwide/workdir/src/application/cli/services.rs:67:53
[INFO] [stdout]   24:     0x5a13e75f9b62 - <core::pin::Pin<P> as core::future::future::Future>::poll::hf579033031c80c0e
[INFO] [stdout]                                at /rustc/90b35a6239c3d8bdabc530a6a0816f7ff89a0aaf/library/core/src/future/future.rs:123:9
[INFO] [stdout]   25:     0x5a13e75f9b1d - <core::pin::Pin<P> as core::future::future::Future>::poll::h43c7f91535fccff7
[INFO] [stdout]                                at /rustc/90b35a6239c3d8bdabc530a6a0816f7ff89a0aaf/library/core/src/future/future.rs:123:9
[INFO] [stdout]   26:     0x5a13e75f0b0f - tokio::runtime::scheduler::current_thread::CoreGuard::block_on::{{closure}}::{{closure}}::{{closure}}::hc5ddd13c5cd7ca85
[INFO] [stdout]                                at /opt/rustwide/cargo-home/registry/src/index.crates.io-6f17d22bba15001f/tokio-1.36.0/src/runtime/scheduler/current_thread/mod.rs:659:57
[INFO] [stdout]   27:     0x5a13e75f0a55 - tokio::runtime::coop::with_budget::h4ce4409c32910449
[INFO] [stdout]                                at /opt/rustwide/cargo-home/registry/src/index.crates.io-6f17d22bba15001f/tokio-1.36.0/src/runtime/coop.rs:107:5
[INFO] [stdout]   28:     0x5a13e75f0a55 - tokio::runtime::coop::budget::h2b5473e5267efd1b
[INFO] [stdout]                                at /opt/rustwide/cargo-home/registry/src/index.crates.io-6f17d22bba15001f/tokio-1.36.0/src/runtime/coop.rs:73:5
[INFO] [stdout]   29:     0x5a13e75f0a55 - tokio::runtime::scheduler::current_thread::CoreGuard::block_on::{{closure}}::{{closure}}::he0af5c3fa25f19e1
[INFO] [stdout]                                at /opt/rustwide/cargo-home/registry/src/index.crates.io-6f17d22bba15001f/tokio-1.36.0/src/runtime/scheduler/current_thread/mod.rs:659:25
[INFO] [stdout]   30:     0x5a13e75ef500 - tokio::runtime::scheduler::current_thread::Context::enter::h5269d2ce6e29851f
[INFO] [stdout]                                at /opt/rustwide/cargo-home/registry/src/index.crates.io-6f17d22bba15001f/tokio-1.36.0/src/runtime/scheduler/current_thread/mod.rs:404:19
[INFO] [stdout]   31:     0x5a13e75f02ae - tokio::runtime::scheduler::current_thread::CoreGuard::block_on::{{closure}}::hc8434abd7c27e635
[INFO] [stdout]                                at /opt/rustwide/cargo-home/registry/src/index.crates.io-6f17d22bba15001f/tokio-1.36.0/src/runtime/scheduler/current_thread/mod.rs:658:36
[INFO] [stdout]   32:     0x5a13e75f0024 - tokio::runtime::scheduler::current_thread::CoreGuard::enter::{{closure}}::h6f3122694381959c
[INFO] [stdout]                                at /opt/rustwide/cargo-home/registry/src/index.crates.io-6f17d22bba15001f/tokio-1.36.0/src/runtime/scheduler/current_thread/mod.rs:737:68
[INFO] [stdout]   33:     0x5a13e75f217b - tokio::runtime::context::scoped::Scoped<T>::set::hf51609af7a5ce402
[INFO] [stdout]                                at /opt/rustwide/cargo-home/registry/src/index.crates.io-6f17d22bba15001f/tokio-1.36.0/src/runtime/context/scoped.rs:40:9
[INFO] [stdout]   34:     0x5a13e75e5c99 - tokio::runtime::context::set_scheduler::{{closure}}::h10217354c999d12f
[INFO] [stdout]                                at /opt/rustwide/cargo-home/registry/src/index.crates.io-6f17d22bba15001f/tokio-1.36.0/src/runtime/context.rs:176:26
[INFO] [stdout]   35:     0x5a13e760086d - std::thread::local::LocalKey<T>::try_with::h728cc8aa63c997a5
[INFO] [stdout]                                at /rustc/90b35a6239c3d8bdabc530a6a0816f7ff89a0aaf/library/std/src/thread/local.rs:283:12
[INFO] [stdout]   36:     0x5a13e760061a - std::thread::local::LocalKey<T>::with::he0601ed9e4ff92ea
[INFO] [stdout]                                at /rustc/90b35a6239c3d8bdabc530a6a0816f7ff89a0aaf/library/std/src/thread/local.rs:260:9
[INFO] [stdout]   37:     0x5a13e75e5c4d - tokio::runtime::context::set_scheduler::h8bc9ceef83462b13
[INFO] [stdout]                                at /opt/rustwide/cargo-home/registry/src/index.crates.io-6f17d22bba15001f/tokio-1.36.0/src/runtime/context.rs:176:9
[INFO] [stdout]   38:     0x5a13e75efdd0 - tokio::runtime::scheduler::current_thread::CoreGuard::enter::h478aa665b3311103
[INFO] [stdout]                                at /opt/rustwide/cargo-home/registry/src/index.crates.io-6f17d22bba15001f/tokio-1.36.0/src/runtime/scheduler/current_thread/mod.rs:737:27
[INFO] [stdout]   39:     0x5a13e75f0043 - tokio::runtime::scheduler::current_thread::CoreGuard::block_on::hcc38ba56d423e851
[INFO] [stdout]                                at /opt/rustwide/cargo-home/registry/src/index.crates.io-6f17d22bba15001f/tokio-1.36.0/src/runtime/scheduler/current_thread/mod.rs:646:19
[INFO] [stdout]   40:     0x5a13e75ef03d - tokio::runtime::scheduler::current_thread::CurrentThread::block_on::{{closure}}::h53cee605d33922ca
[INFO] [stdout]                                at /opt/rustwide/cargo-home/registry/src/index.crates.io-6f17d22bba15001f/tokio-1.36.0/src/runtime/scheduler/current_thread/mod.rs:175:28
[INFO] [stdout]   41:     0x5a13e7608c76 - tokio::runtime::context::runtime::enter_runtime::h24f2d23d89388a08
[INFO] [stdout]                                at /opt/rustwide/cargo-home/registry/src/index.crates.io-6f17d22bba15001f/tokio-1.36.0/src/runtime/context/runtime.rs:65:16
[INFO] [stdout]   42:     0x5a13e75eef51 - tokio::runtime::scheduler::current_thread::CurrentThread::block_on::hb15d5c3a3467c473
[INFO] [stdout]                                at /opt/rustwide/cargo-home/registry/src/index.crates.io-6f17d22bba15001f/tokio-1.36.0/src/runtime/scheduler/current_thread/mod.rs:167:9
[INFO] [stdout]   43:     0x5a13e75fe18d - tokio::runtime::runtime::Runtime::block_on::h028ae80bad8be9f5
[INFO] [stdout]                                at /opt/rustwide/cargo-home/registry/src/index.crates.io-6f17d22bba15001f/tokio-1.36.0/src/runtime/runtime.rs:348:47
[INFO] [stdout]   44:     0x5a13e760b4b1 - dmctl::application::cli::services::tests::handle_input_prints_names_when_generate_name_command_is_passed::h1f51bc81bc2d054b
[INFO] [stdout]                                at /opt/rustwide/workdir/src/application/cli/services.rs:69:9
[INFO] [stdout]   45:     0x5a13e760b357 - dmctl::application::cli::services::tests::handle_input_prints_names_when_generate_name_command_is_passed::{{closure}}::h99d67fc9d09e7a54
[INFO] [stdout]                                at /opt/rustwide/workdir/src/application/cli/services.rs:62:78
[INFO] [stdout]   46:     0x5a13e75ecf36 - core::ops::function::FnOnce::call_once::hbade3c4077f526e1
[INFO] [stdout]                                at /rustc/90b35a6239c3d8bdabc530a6a0816f7ff89a0aaf/library/core/src/ops/function.rs:250:5
[INFO] [stdout]   47:     0x5a13e7961efb - core::ops::function::FnOnce::call_once::h109cf8051a59b34e
[INFO] [stdout]                                at /rustc/90b35a6239c3d8bdabc530a6a0816f7ff89a0aaf/library/core/src/ops/function.rs:250:5
[INFO] [stdout]   48:     0x5a13e7961efb - test::__rust_begin_short_backtrace::hf4fff89d377446ba
[INFO] [stdout]                                at /rustc/90b35a6239c3d8bdabc530a6a0816f7ff89a0aaf/library/test/src/lib.rs:621:18
[INFO] [stdout]   49:     0x5a13e7961737 - test::run_test_in_process::{{closure}}::h0e39181dd7ee5a43
[INFO] [stdout]                                at /rustc/90b35a6239c3d8bdabc530a6a0816f7ff89a0aaf/library/test/src/lib.rs:644:60
[INFO] [stdout]   50:     0x5a13e7961737 - <core::panic::unwind_safe::AssertUnwindSafe<F> as core::ops::function::FnOnce<()>>::call_once::hc5a66a30f0bdfd1f
[INFO] [stdout]                                at /rustc/90b35a6239c3d8bdabc530a6a0816f7ff89a0aaf/library/core/src/panic/unwind_safe.rs:272:9
[INFO] [stdout]   51:     0x5a13e7961737 - std::panicking::try::do_call::h873b7cf639554a5e
[INFO] [stdout]                                at /rustc/90b35a6239c3d8bdabc530a6a0816f7ff89a0aaf/library/std/src/panicking.rs:557:40
[INFO] [stdout]   52:     0x5a13e7961737 - std::panicking::try::hdb19862fad9c8bd1
[INFO] [stdout]                                at /rustc/90b35a6239c3d8bdabc530a6a0816f7ff89a0aaf/library/std/src/panicking.rs:520:19
[INFO] [stdout]   53:     0x5a13e7961737 - std::panic::catch_unwind::h281fe732d236d260
[INFO] [stdout]                                at /rustc/90b35a6239c3d8bdabc530a6a0816f7ff89a0aaf/library/std/src/panic.rs:358:14
[INFO] [stdout]   54:     0x5a13e7961737 - test::run_test_in_process::h949b6df8457ed338
[INFO] [stdout]                                at /rustc/90b35a6239c3d8bdabc530a6a0816f7ff89a0aaf/library/test/src/lib.rs:644:27
[INFO] [stdout]   55:     0x5a13e7961737 - test::run_test::{{closure}}::h52c556a6d4740e10
[INFO] [stdout]                                at /rustc/90b35a6239c3d8bdabc530a6a0816f7ff89a0aaf/library/test/src/lib.rs:565:43
[INFO] [stdout]   56:     0x5a13e7926a14 - test::run_test::{{closure}}::h4237f6381c45ccb9
[INFO] [stdout]                                at /rustc/90b35a6239c3d8bdabc530a6a0816f7ff89a0aaf/library/test/src/lib.rs:595:41
[INFO] [stdout]   57:     0x5a13e7926a14 - std::sys::backtrace::__rust_begin_short_backtrace::h505c97a579eca628
[INFO] [stdout]                                at /rustc/90b35a6239c3d8bdabc530a6a0816f7ff89a0aaf/library/std/src/sys/backtrace.rs:154:18
[INFO] [stdout]   58:     0x5a13e792a0de - std::thread::Builder::spawn_unchecked_::{{closure}}::{{closure}}::h9e86b2e2bc107ea3
[INFO] [stdout]                                at /rustc/90b35a6239c3d8bdabc530a6a0816f7ff89a0aaf/library/std/src/thread/mod.rs:538:17
[INFO] [stdout]   59:     0x5a13e792a0de - <core::panic::unwind_safe::AssertUnwindSafe<F> as core::ops::function::FnOnce<()>>::call_once::h8b06ddb275ff4a25
[INFO] [stdout]                                at /rustc/90b35a6239c3d8bdabc530a6a0816f7ff89a0aaf/library/core/src/panic/unwind_safe.rs:272:9
[INFO] [stdout]   60:     0x5a13e792a0de - std::panicking::try::do_call::hb26ecd7cd9a9355d
[INFO] [stdout]                                at /rustc/90b35a6239c3d8bdabc530a6a0816f7ff89a0aaf/library/std/src/panicking.rs:557:40
[INFO] [stdout]   61:     0x5a13e792a0de - std::panicking::try::h8ddeca9d705f9069
[INFO] [stdout]                                at /rustc/90b35a6239c3d8bdabc530a6a0816f7ff89a0aaf/library/std/src/panicking.rs:520:19
[INFO] [stdout]   62:     0x5a13e792a0de - std::panic::catch_unwind::h49e1c33078844c46
[INFO] [stdout]                                at /rustc/90b35a6239c3d8bdabc530a6a0816f7ff89a0aaf/library/std/src/panic.rs:358:14
[INFO] [stdout]   63:     0x5a13e792a0de - std::thread::Builder::spawn_unchecked_::{{closure}}::h6073db6ff56ad35d
[INFO] [stdout]                                at /rustc/90b35a6239c3d8bdabc530a6a0816f7ff89a0aaf/library/std/src/thread/mod.rs:537:30
[INFO] [stdout]   64:     0x5a13e792a0de - core::ops::function::FnOnce::call_once{{vtable.shim}}::h2c5a5f3779c774f1
[INFO] [stdout]                                at /rustc/90b35a6239c3d8bdabc530a6a0816f7ff89a0aaf/library/core/src/ops/function.rs:250:5
[INFO] [stdout]   65:     0x5a13e7a9cbdb - <alloc::boxed::Box<F,A> as core::ops::function::FnOnce<Args>>::call_once::hf75717d9f28faebf
[INFO] [stdout]                                at /rustc/90b35a6239c3d8bdabc530a6a0816f7ff89a0aaf/library/alloc/src/boxed.rs:2454:9
[INFO] [stdout]   66:     0x5a13e7a9cbdb - <alloc::boxed::Box<F,A> as core::ops::function::FnOnce<Args>>::call_once::h7bd883a5f3c5f3c1
[INFO] [stdout]                                at /rustc/90b35a6239c3d8bdabc530a6a0816f7ff89a0aaf/library/alloc/src/boxed.rs:2454:9
[INFO] [stdout]   67:     0x5a13e7a9cbdb - std::sys::pal::unix::thread::Thread::new::thread_start::hcc78f3943333fa94
[INFO] [stdout]                                at /rustc/90b35a6239c3d8bdabc530a6a0816f7ff89a0aaf/library/std/src/sys/pal/unix/thread.rs:105:17
[INFO] [stdout]   68:     0x795a66bafac3 - <unknown>
[INFO] [stdout]   69:     0x795a66c40a04 - clone
[INFO] [stdout]   70:                0x0 - <unknown>
[INFO] [stdout] 
[INFO] [stdout] ---- infrastructure::muna::repository::test::get_race_names_should_return_10_elf_names_when_10_elf_names_is_requested stdout ----
[INFO] [stdout] thread 'infrastructure::muna::repository::test::get_race_names_should_return_10_elf_names_when_10_elf_names_is_requested' panicked at src/infrastructure/muna/repository.rs:25:9:
[INFO] [stdout] assertion failed: !result.is_err()
[INFO] [stdout] stack backtrace:
[INFO] [stdout]    0:     0x5a13e7a96e1a - std::backtrace_rs::backtrace::libunwind::trace::h5a5b8284f2d0c266
[INFO] [stdout]                                at /rustc/90b35a6239c3d8bdabc530a6a0816f7ff89a0aaf/library/std/src/../../backtrace/src/backtrace/libunwind.rs:116:5
[INFO] [stdout]    1:     0x5a13e7a96e1a - std::backtrace_rs::backtrace::trace_unsynchronized::h76d4f1c9b0b875e3
[INFO] [stdout]                                at /rustc/90b35a6239c3d8bdabc530a6a0816f7ff89a0aaf/library/std/src/../../backtrace/src/backtrace/mod.rs:66:5
[INFO] [stdout]    2:     0x5a13e7a96e1a - std::sys::backtrace::_print_fmt::hc4546b8364a537c6
[INFO] [stdout]                                at /rustc/90b35a6239c3d8bdabc530a6a0816f7ff89a0aaf/library/std/src/sys/backtrace.rs:66:9
[INFO] [stdout]    3:     0x5a13e7a96e1a - <std::sys::backtrace::BacktraceLock::print::DisplayBacktrace as core::fmt::Display>::fmt::h5b6bd5631a6d1f6b
[INFO] [stdout]                                at /rustc/90b35a6239c3d8bdabc530a6a0816f7ff89a0aaf/library/std/src/sys/backtrace.rs:39:26
[INFO] [stdout]    4:     0x5a13e7abfe53 - core::fmt::rt::Argument::fmt::h270f6602a2b96f62
[INFO] [stdout]                                at /rustc/90b35a6239c3d8bdabc530a6a0816f7ff89a0aaf/library/core/src/fmt/rt.rs:177:76
[INFO] [stdout]    5:     0x5a13e7abfe53 - core::fmt::write::h7550c97b06c86515
[INFO] [stdout]                                at /rustc/90b35a6239c3d8bdabc530a6a0816f7ff89a0aaf/library/core/src/fmt/mod.rs:1186:21
[INFO] [stdout]    6:     0x5a13e7a93433 - std::io::Write::write_fmt::h509ff860e5956e5e
[INFO] [stdout]                                at /rustc/90b35a6239c3d8bdabc530a6a0816f7ff89a0aaf/library/std/src/io/mod.rs:1839:15
[INFO] [stdout]    7:     0x5a13e7a96c62 - std::sys::backtrace::BacktraceLock::print::h2395ccd2c84ba3aa
[INFO] [stdout]                                at /rustc/90b35a6239c3d8bdabc530a6a0816f7ff89a0aaf/library/std/src/sys/backtrace.rs:42:9
[INFO] [stdout]    8:     0x5a13e7a9827a - std::panicking::default_hook::{{closure}}::he19d4c7230e07961
[INFO] [stdout]                                at /rustc/90b35a6239c3d8bdabc530a6a0816f7ff89a0aaf/library/std/src/panicking.rs:268:22
[INFO] [stdout]    9:     0x5a13e7a98084 - std::panicking::default_hook::hf614597d3c67bbdb
[INFO] [stdout]                                at /rustc/90b35a6239c3d8bdabc530a6a0816f7ff89a0aaf/library/std/src/panicking.rs:292:9
[INFO] [stdout]   10:     0x5a13e795d539 - <alloc::boxed::Box<F,A> as core::ops::function::Fn<Args>>::call::h39b51ce4599c23d1
[INFO] [stdout]                                at /rustc/90b35a6239c3d8bdabc530a6a0816f7ff89a0aaf/library/alloc/src/boxed.rs:2468:9
[INFO] [stdout]   11:     0x5a13e795d539 - test::test_main::{{closure}}::he977ae839a582784
[INFO] [stdout]                                at /rustc/90b35a6239c3d8bdabc530a6a0816f7ff89a0aaf/library/test/src/lib.rs:133:21
[INFO] [stdout]   12:     0x5a13e7a98918 - <alloc::boxed::Box<F,A> as core::ops::function::Fn<Args>>::call::h9455091b6b06f9fb
[INFO] [stdout]                                at /rustc/90b35a6239c3d8bdabc530a6a0816f7ff89a0aaf/library/alloc/src/boxed.rs:2468:9
[INFO] [stdout]   13:     0x5a13e7a98918 - std::panicking::rust_panic_with_hook::h8942133a8b252070
[INFO] [stdout]                                at /rustc/90b35a6239c3d8bdabc530a6a0816f7ff89a0aaf/library/std/src/panicking.rs:809:13
[INFO] [stdout]   14:     0x5a13e7a986a6 - std::panicking::begin_panic_handler::{{closure}}::hb5f5963570096b29
[INFO] [stdout]                                at /rustc/90b35a6239c3d8bdabc530a6a0816f7ff89a0aaf/library/std/src/panicking.rs:667:13
[INFO] [stdout]   15:     0x5a13e7a972f9 - std::sys::backtrace::__rust_end_short_backtrace::h6208cedc1922feda
[INFO] [stdout]                                at /rustc/90b35a6239c3d8bdabc530a6a0816f7ff89a0aaf/library/std/src/sys/backtrace.rs:170:18
[INFO] [stdout]   16:     0x5a13e7a9836c - rust_begin_unwind
[INFO] [stdout]                                at /rustc/90b35a6239c3d8bdabc530a6a0816f7ff89a0aaf/library/std/src/panicking.rs:665:5
[INFO] [stdout]   17:     0x5a13e75da2a0 - core::panicking::panic_fmt::h0c3082644d1bf418
[INFO] [stdout]                                at /rustc/90b35a6239c3d8bdabc530a6a0816f7ff89a0aaf/library/core/src/panicking.rs:74:14
[INFO] [stdout]   18:     0x5a13e75da32c - core::panicking::panic::h957f98c65a3b3074
[INFO] [stdout]                                at /rustc/90b35a6239c3d8bdabc530a6a0816f7ff89a0aaf/library/core/src/panicking.rs:148:5
[INFO] [stdout]   19:     0x5a13e75f6755 - dmctl::infrastructure::muna::repository::test::get_race_names_should_return_10_elf_names_when_10_elf_names_is_requested::{{closure}}::h765bd3bc022f5cd6
[INFO] [stdout]                                at /opt/rustwide/workdir/src/infrastructure/muna/repository.rs:25:9
[INFO] [stdout]   20:     0x5a13e75f9b62 - <core::pin::Pin<P> as core::future::future::Future>::poll::hf579033031c80c0e
[INFO] [stdout]                                at /rustc/90b35a6239c3d8bdabc530a6a0816f7ff89a0aaf/library/core/src/future/future.rs:123:9
[INFO] [stdout]   21:     0x5a13e75f9b1d - <core::pin::Pin<P> as core::future::future::Future>::poll::h43c7f91535fccff7
[INFO] [stdout]                                at /rustc/90b35a6239c3d8bdabc530a6a0816f7ff89a0aaf/library/core/src/future/future.rs:123:9
[INFO] [stdout]   22:     0x5a13e75f0b0f - tokio::runtime::scheduler::current_thread::CoreGuard::block_on::{{closure}}::{{closure}}::{{closure}}::hc5ddd13c5cd7ca85
[INFO] [stdout]                                at /opt/rustwide/cargo-home/registry/src/index.crates.io-6f17d22bba15001f/tokio-1.36.0/src/runtime/scheduler/current_thread/mod.rs:659:57
[INFO] [stdout]   23:     0x5a13e75f0a55 - tokio::runtime::coop::with_budget::h4ce4409c32910449
[INFO] [stdout]                                at /opt/rustwide/cargo-home/registry/src/index.crates.io-6f17d22bba15001f/tokio-1.36.0/src/runtime/coop.rs:107:5
[INFO] [stdout]   24:     0x5a13e75f0a55 - tokio::runtime::coop::budget::h2b5473e5267efd1b
[INFO] [stdout]                                at /opt/rustwide/cargo-home/registry/src/index.crates.io-6f17d22bba15001f/tokio-1.36.0/src/runtime/coop.rs:73:5
[INFO] [stdout]   25:     0x5a13e75f0a55 - tokio::runtime::scheduler::current_thread::CoreGuard::block_on::{{closure}}::{{closure}}::he0af5c3fa25f19e1
[INFO] [stdout]                                at /opt/rustwide/cargo-home/registry/src/index.crates.io-6f17d22bba15001f/tokio-1.36.0/src/runtime/scheduler/current_thread/mod.rs:659:25
[INFO] [stdout]   26:     0x5a13e75ef500 - tokio::runtime::scheduler::current_thread::Context::enter::h5269d2ce6e29851f
[INFO] [stdout]                                at /opt/rustwide/cargo-home/registry/src/index.crates.io-6f17d22bba15001f/tokio-1.36.0/src/runtime/scheduler/current_thread/mod.rs:404:19
[INFO] [stdout]   27:     0x5a13e75f02ae - tokio::runtime::scheduler::current_thread::CoreGuard::block_on::{{closure}}::hc8434abd7c27e635
[INFO] [stdout]                                at /opt/rustwide/cargo-home/registry/src/index.crates.io-6f17d22bba15001f/tokio-1.36.0/src/runtime/scheduler/current_thread/mod.rs:658:36
[INFO] [stdout]   28:     0x5a13e75f0024 - tokio::runtime::scheduler::current_thread::CoreGuard::enter::{{closure}}::h6f3122694381959c
[INFO] [stdout]                                at /opt/rustwide/cargo-home/registry/src/index.crates.io-6f17d22bba15001f/tokio-1.36.0/src/runtime/scheduler/current_thread/mod.rs:737:68
[INFO] [stdout]   29:     0x5a13e75f217b - tokio::runtime::context::scoped::Scoped<T>::set::hf51609af7a5ce402
[INFO] [stdout]                                at /opt/rustwide/cargo-home/registry/src/index.crates.io-6f17d22bba15001f/tokio-1.36.0/src/runtime/context/scoped.rs:40:9
[INFO] [stdout]   30:     0x5a13e75e5c99 - tokio::runtime::context::set_scheduler::{{closure}}::h10217354c999d12f
[INFO] [stdout]                                at /opt/rustwide/cargo-home/registry/src/index.crates.io-6f17d22bba15001f/tokio-1.36.0/src/runtime/context.rs:176:26
[INFO] [stdout]   31:     0x5a13e760086d - std::thread::local::LocalKey<T>::try_with::h728cc8aa63c997a5
[INFO] [stdout]                                at /rustc/90b35a6239c3d8bdabc530a6a0816f7ff89a0aaf/library/std/src/thread/local.rs:283:12
[INFO] [stdout]   32:     0x5a13e760061a - std::thread::local::LocalKey<T>::with::he0601ed9e4ff92ea
[INFO] [stdout]                                at /rustc/90b35a6239c3d8bdabc530a6a0816f7ff89a0aaf/library/std/src/thread/local.rs:260:9
[INFO] [stdout]   33:     0x5a13e75e5c4d - tokio::runtime::context::set_scheduler::h8bc9ceef83462b13
[INFO] [stdout]                                at /opt/rustwide/cargo-home/registry/src/index.crates.io-6f17d22bba15001f/tokio-1.36.0/src/runtime/context.rs:176:9
[INFO] [stdout]   34:     0x5a13e75efdd0 - tokio::runtime::scheduler::current_thread::CoreGuard::enter::h478aa665b3311103
[INFO] [stdout]                                at /opt/rustwide/cargo-home/registry/src/index.crates.io-6f17d22bba15001f/tokio-1.36.0/src/runtime/scheduler/current_thread/mod.rs:737:27
[INFO] [stdout]   35:     0x5a13e75f0043 - tokio::runtime::scheduler::current_thread::CoreGuard::block_on::hcc38ba56d423e851
[INFO] [stdout]                                at /opt/rustwide/cargo-home/registry/src/index.crates.io-6f17d22bba15001f/tokio-1.36.0/src/runtime/scheduler/current_thread/mod.rs:646:19
[INFO] [stdout]   36:     0x5a13e75ef03d - tokio::runtime::scheduler::current_thread::CurrentThread::block_on::{{closure}}::h53cee605d33922ca
[INFO] [stdout]                                at /opt/rustwide/cargo-home/registry/src/index.crates.io-6f17d22bba15001f/tokio-1.36.0/src/runtime/scheduler/current_thread/mod.rs:175:28
[INFO] [stdout]   37:     0x5a13e7608c76 - tokio::runtime::context::runtime::enter_runtime::h24f2d23d89388a08
[INFO] [stdout]                                at /opt/rustwide/cargo-home/registry/src/index.crates.io-6f17d22bba15001f/tokio-1.36.0/src/runtime/context/runtime.rs:65:16
[INFO] [stdout]   38:     0x5a13e75eef51 - tokio::runtime::scheduler::current_thread::CurrentThread::block_on::hb15d5c3a3467c473
[INFO] [stdout]                                at /opt/rustwide/cargo-home/registry/src/index.crates.io-6f17d22bba15001f/tokio-1.36.0/src/runtime/scheduler/current_thread/mod.rs:167:9
[INFO] [stdout]   39:     0x5a13e75fe18d - tokio::runtime::runtime::Runtime::block_on::h028ae80bad8be9f5
[INFO] [stdout]                                at /opt/rustwide/cargo-home/registry/src/index.crates.io-6f17d22bba15001f/tokio-1.36.0/src/runtime/runtime.rs:348:47
[INFO] [stdout]   40:     0x5a13e75f6471 - dmctl::infrastructure::muna::repository::test::get_race_names_should_return_10_elf_names_when_10_elf_names_is_requested::h79b1757deb747f20
[INFO] [stdout]                                at /opt/rustwide/workdir/src/infrastructure/muna/repository.rs:25:9
[INFO] [stdout]   41:     0x5a13e75f6317 - dmctl::infrastructure::muna::repository::test::get_race_names_should_return_10_elf_names_when_10_elf_names_is_requested::{{closure}}::h11b567d4667e32c4
[INFO] [stdout]                                at /opt/rustwide/workdir/src/infrastructure/muna/repository.rs:22:88
[INFO] [stdout]   42:     0x5a13e75ecef6 - core::ops::function::FnOnce::call_once::h819084f045af9a0c
[INFO] [stdout]                                at /rustc/90b35a6239c3d8bdabc530a6a0816f7ff89a0aaf/library/core/src/ops/function.rs:250:5
[INFO] [stdout]   43:     0x5a13e7961efb - core::ops::function::FnOnce::call_once::h109cf8051a59b34e
[INFO] [stdout]                                at /rustc/90b35a6239c3d8bdabc530a6a0816f7ff89a0aaf/library/core/src/ops/function.rs:250:5
[INFO] [stdout]   44:     0x5a13e7961efb - test::__rust_begin_short_backtrace::hf4fff89d377446ba
[INFO] [stdout]                                at /rustc/90b35a6239c3d8bdabc530a6a0816f7ff89a0aaf/library/test/src/lib.rs:621:18
[INFO] [stdout]   45:     0x5a13e7961737 - test::run_test_in_process::{{closure}}::h0e39181dd7ee5a43
[INFO] [stdout]                                at /rustc/90b35a6239c3d8bdabc530a6a0816f7ff89a0aaf/library/test/src/lib.rs:644:60
[INFO] [stdout]   46:     0x5a13e7961737 - <core::panic::unwind_safe::AssertUnwindSafe<F> as core::ops::function::FnOnce<()>>::call_once::hc5a66a30f0bdfd1f
[INFO] [stdout]                                at /rustc/90b35a6239c3d8bdabc530a6a0816f7ff89a0aaf/library/core/src/panic/unwind_safe.rs:272:9
[INFO] [stdout]   47:     0x5a13e7961737 - std::panicking::try::do_call::h873b7cf639554a5e
[INFO] [stdout]                                at /rustc/90b35a6239c3d8bdabc530a6a0816f7ff89a0aaf/library/std/src/panicking.rs:557:40
[INFO] [stdout]   48:     0x5a13e7961737 - std::panicking::try::hdb19862fad9c8bd1
[INFO] [stdout]                                at /rustc/90b35a6239c3d8bdabc530a6a0816f7ff89a0aaf/library/std/src/panicking.rs:520:19
[INFO] [stdout]   49:     0x5a13e7961737 - std::panic::catch_unwind::h281fe732d236d260
[INFO] [stdout]                                at /rustc/90b35a6239c3d8bdabc530a6a0816f7ff89a0aaf/library/std/src/panic.rs:358:14
[INFO] [stdout]   50:     0x5a13e7961737 - test::run_test_in_process::h949b6df8457ed338
[INFO] [stdout]                                at /rustc/90b35a6239c3d8bdabc530a6a0816f7ff89a0aaf/library/test/src/lib.rs:644:27
[INFO] [stdout]   51:     0x5a13e7961737 - test::run_test::{{closure}}::h52c556a6d4740e10
[INFO] [stdout]                                at /rustc/90b35a6239c3d8bdabc530a6a0816f7ff89a0aaf/library/test/src/lib.rs:565:43
[INFO] [stdout]   52:     0x5a13e7926a14 - test::run_test::{{closure}}::h4237f6381c45ccb9
[INFO] [stdout]                                at /rustc/90b35a6239c3d8bdabc530a6a0816f7ff89a0aaf/library/test/src/lib.rs:595:41
[INFO] [stdout]   53:     0x5a13e7926a14 - std::sys::backtrace::__rust_begin_short_backtrace::h505c97a579eca628
[INFO] [stdout]                                at /rustc/90b35a6239c3d8bdabc530a6a0816f7ff89a0aaf/library/std/src/sys/backtrace.rs:154:18
[INFO] [stdout]   54:     0x5a13e792a0de - std::thread::Builder::spawn_unchecked_::{{closure}}::{{closure}}::h9e86b2e2bc107ea3
[INFO] [stdout]                                at /rustc/90b35a6239c3d8bdabc530a6a0816f7ff89a0aaf/library/std/src/thread/mod.rs:538:17
[INFO] [stdout]   55:     0x5a13e792a0de - <core::panic::unwind_safe::AssertUnwindSafe<F> as core::ops::function::FnOnce<()>>::call_once::h8b06ddb275ff4a25
[INFO] [stdout]                                at /rustc/90b35a6239c3d8bdabc530a6a0816f7ff89a0aaf/library/core/src/panic/unwind_safe.rs:272:9
[INFO] [stdout]   56:     0x5a13e792a0de - std::panicking::try::do_call::hb26ecd7cd9a9355d
[INFO] [stdout]                                at /rustc/90b35a6239c3d8bdabc530a6a0816f7ff89a0aaf/library/std/src/panicking.rs:557:40
[INFO] [stdout]   57:     0x5a13e792a0de - std::panicking::try::h8ddeca9d705f9069
[INFO] [stdout]                                at /rustc/90b35a6239c3d8bdabc530a6a0816f7ff89a0aaf/library/std/src/panicking.rs:520:19
[INFO] [stdout]   58:     0x5a13e792a0de - std::panic::catch_unwind::h49e1c33078844c46
[INFO] [stdout]                                at /rustc/90b35a6239c3d8bdabc530a6a0816f7ff89a0aaf/library/std/src/panic.rs:358:14
[INFO] [stdout]   59:     0x5a13e792a0de - std::thread::Builder::spawn_unchecked_::{{closure}}::h6073db6ff56ad35d
[INFO] [stdout]                                at /rustc/90b35a6239c3d8bdabc530a6a0816f7ff89a0aaf/library/std/src/thread/mod.rs:537:30
[INFO] [stdout]   60:     0x5a13e792a0de - core::ops::function::FnOnce::call_once{{vtable.shim}}::h2c5a5f3779c774f1
[INFO] [stdout]                                at /rustc/90b35a6239c3d8bdabc530a6a0816f7ff89a0aaf/library/core/src/ops/function.rs:250:5
[INFO] [stdout]   61:     0x5a13e7a9cbdb - <alloc::boxed::Box<F,A> as core::ops::function::FnOnce<Args>>::call_once::hf75717d9f28faebf
[INFO] [stdout]                                at /rustc/90b35a6239c3d8bdabc530a6a0816f7ff89a0aaf/library/alloc/src/boxed.rs:2454:9
[INFO] [stdout]   62:     0x5a13e7a9cbdb - <alloc::boxed::Box<F,A> as core::ops::function::FnOnce<Args>>::call_once::h7bd883a5f3c5f3c1
[INFO] [stdout]                                at /rustc/90b35a6239c3d8bdabc530a6a0816f7ff89a0aaf/library/alloc/src/boxed.rs:2454:9
[INFO] [stdout]   63:     0x5a13e7a9cbdb - std::sys::pal::unix::thread::Thread::new::thread_start::hcc78f3943333fa94
[INFO] [stdout]                                at /rustc/90b35a6239c3d8bdabc530a6a0816f7ff89a0aaf/library/std/src/sys/pal/unix/thread.rs:105:17
[INFO] [stdout]   64:     0x795a66bafac3 - <unknown>
[INFO] [stdout]   65:     0x795a66c40a04 - clone
[INFO] [stdout]   66:                0x0 - <unknown>
[INFO] [stdout] 
[INFO] [stdout] 
[INFO] [stdout] failures:
[INFO] [stdout]     application::cli::services::tests::handle_input_prints_names_when_generate_name_command_is_passed
[INFO] [stdout]     infrastructure::muna::repository::test::get_race_names_should_return_10_elf_names_when_10_elf_names_is_requested
[INFO] [stdout] 
[INFO] [stdout] test result: FAILED. 0 passed; 2 failed; 0 ignored; 0 measured; 0 filtered out; finished in 0.22s
[INFO] [stdout] 
[INFO] [stderr] error: test failed, to rerun pass `--bin dmctl`
[INFO] running `Command { std: "docker" "inspect" "6a693192d9715822f65bc656837b70eba4683777591e3cbfd9aa7e45bb684e76", kill_on_drop: false }`
[INFO] running `Command { std: "docker" "rm" "-f" "6a693192d9715822f65bc656837b70eba4683777591e3cbfd9aa7e45bb684e76", kill_on_drop: false }`
[INFO] [stdout] 6a693192d9715822f65bc656837b70eba4683777591e3cbfd9aa7e45bb684e76
