[INFO] cloning repository https://github.com/AbyssPortal/RustChess
[INFO] running `Command { std: "git" "-c" "credential.helper=" "-c" "credential.helper=/workspace/cargo-home/bin/git-credential-null" "clone" "--bare" "https://github.com/AbyssPortal/RustChess" "/workspace/cache/git-repos/https%3A%2F%2Fgithub.com%2FAbyssPortal%2FRustChess", kill_on_drop: false }`
[INFO] [stderr] Cloning into bare repository '/workspace/cache/git-repos/https%3A%2F%2Fgithub.com%2FAbyssPortal%2FRustChess'...
[INFO] running `Command { std: "git" "rev-parse" "HEAD", kill_on_drop: false }`
[INFO] [stdout] 77c9bb6403ae443b78763dfbca2ca70b60815ff7
[INFO] testing AbyssPortal/RustChess against beta-2024-12-08 for beta-1.84.0-4-retry
[INFO] running `Command { std: "git" "clone" "/workspace/cache/git-repos/https%3A%2F%2Fgithub.com%2FAbyssPortal%2FRustChess" "/workspace/builds/worker-4-tc2/source", kill_on_drop: false }`
[INFO] [stderr] Cloning into '/workspace/builds/worker-4-tc2/source'...
[INFO] [stderr] done.
[INFO] validating manifest of git repo https://github.com/AbyssPortal/RustChess on toolchain beta-2024-12-08
[INFO] running `Command { std: CARGO_HOME="/workspace/cargo-home" RUSTUP_HOME="/workspace/rustup-home" "/workspace/cargo-home/bin/cargo" "+beta-2024-12-08" "metadata" "--manifest-path" "Cargo.toml" "--no-deps", kill_on_drop: false }`
[INFO] started tweaking git repo https://github.com/AbyssPortal/RustChess
[INFO] finished tweaking git repo https://github.com/AbyssPortal/RustChess
[INFO] tweaked toml for git repo https://github.com/AbyssPortal/RustChess written to /workspace/builds/worker-4-tc2/source/Cargo.toml
[INFO] crate git repo https://github.com/AbyssPortal/RustChess already has a lockfile, it will not be regenerated
[INFO] running `Command { std: CARGO_HOME="/workspace/cargo-home" RUSTUP_HOME="/workspace/rustup-home" "/workspace/cargo-home/bin/cargo" "+beta-2024-12-08" "fetch" "--manifest-path" "Cargo.toml", kill_on_drop: false }`
[INFO] running `Command { std: "docker" "create" "-v" "/var/lib/crater-agent-workspace/builds/worker-4-tc2/target:/opt/rustwide/target:rw,Z" "-v" "/var/lib/crater-agent-workspace/builds/worker-4-tc2/source:/opt/rustwide/workdir:ro,Z" "-v" "/var/lib/crater-agent-workspace/cargo-home:/opt/rustwide/cargo-home:ro,Z" "-v" "/var/lib/crater-agent-workspace/rustup-home:/opt/rustwide/rustup-home:ro,Z" "-e" "SOURCE_DIR=/opt/rustwide/workdir" "-e" "CARGO_TARGET_DIR=/opt/rustwide/target" "-e" "CARGO_HOME=/opt/rustwide/cargo-home" "-e" "RUSTUP_HOME=/opt/rustwide/rustup-home" "-w" "/opt/rustwide/workdir" "-m" "1610612736" "--user" "0:0" "--network" "none" "ghcr.io/rust-lang/crates-build-env/linux@sha256:f3a9d4ad9d972b27faf3965f35b62e55ba32bbce8f20bc8fe909558a86702fde" "/opt/rustwide/cargo-home/bin/cargo" "+beta-2024-12-08" "metadata" "--no-deps" "--format-version=1", kill_on_drop: false }`
[INFO] [stdout] 8196501cce1e7c59ab43be4ce9ea0a9d2db5c7bd8b5bb04454f5259a5529925a
[INFO] running `Command { std: "docker" "start" "-a" "8196501cce1e7c59ab43be4ce9ea0a9d2db5c7bd8b5bb04454f5259a5529925a", kill_on_drop: false }`
[INFO] running `Command { std: "docker" "inspect" "8196501cce1e7c59ab43be4ce9ea0a9d2db5c7bd8b5bb04454f5259a5529925a", kill_on_drop: false }`
[INFO] running `Command { std: "docker" "rm" "-f" "8196501cce1e7c59ab43be4ce9ea0a9d2db5c7bd8b5bb04454f5259a5529925a", kill_on_drop: false }`
[INFO] [stdout] 8196501cce1e7c59ab43be4ce9ea0a9d2db5c7bd8b5bb04454f5259a5529925a
[INFO] running `Command { std: "docker" "create" "-v" "/var/lib/crater-agent-workspace/builds/worker-4-tc2/target:/opt/rustwide/target:rw,Z" "-v" "/var/lib/crater-agent-workspace/builds/worker-4-tc2/source:/opt/rustwide/workdir:ro,Z" "-v" "/var/lib/crater-agent-workspace/cargo-home:/opt/rustwide/cargo-home:ro,Z" "-v" "/var/lib/crater-agent-workspace/rustup-home:/opt/rustwide/rustup-home:ro,Z" "-e" "SOURCE_DIR=/opt/rustwide/workdir" "-e" "CARGO_TARGET_DIR=/opt/rustwide/target" "-e" "CARGO_INCREMENTAL=0" "-e" "RUST_BACKTRACE=full" "-e" "RUSTFLAGS=--cap-lints=warn" "-e" "RUSTDOCFLAGS=--cap-lints=warn" "-e" "CARGO_HOME=/opt/rustwide/cargo-home" "-e" "RUSTUP_HOME=/opt/rustwide/rustup-home" "-w" "/opt/rustwide/workdir" "-m" "1610612736" "--user" "0:0" "--network" "none" "ghcr.io/rust-lang/crates-build-env/linux@sha256:f3a9d4ad9d972b27faf3965f35b62e55ba32bbce8f20bc8fe909558a86702fde" "/opt/rustwide/cargo-home/bin/cargo" "+beta-2024-12-08" "build" "--frozen" "--message-format=json", kill_on_drop: false }`
[INFO] [stdout] 1100d82c0359128f74f2992f4fed04e84cc76ae80d5df911d889b638e56f15ce
[INFO] running `Command { std: "docker" "start" "-a" "1100d82c0359128f74f2992f4fed04e84cc76ae80d5df911d889b638e56f15ce", kill_on_drop: false }`
[INFO] [stderr]    Compiling text_io v0.1.12
[INFO] [stderr]    Compiling rust_chess v0.1.0 (/opt/rustwide/workdir)
[INFO] [stdout] warning: unused import: `chess::*`
[INFO] [stdout]  --> src/lib.rs:4:9
[INFO] [stdout]   |
[INFO] [stdout] 4 | pub use chess::*;
[INFO] [stdout]   |         ^^^^^^^^
[INFO] [stdout]   |
[INFO] [stdout]   = note: `#[warn(unused_imports)]` on by default
[INFO] [stdout] 
[INFO] [stdout] 
[INFO] [stdout] warning: unused import: `chess_io::*`
[INFO] [stdout]  --> src/lib.rs:5:9
[INFO] [stdout]   |
[INFO] [stdout] 5 | pub use chess_io::*;
[INFO] [stdout]   |         ^^^^^^^^^^^
[INFO] [stdout] 
[INFO] [stdout] 
[INFO] [stdout] warning: method `get_squares` is never used
[INFO] [stdout]    --> src/chess.rs:148:16
[INFO] [stdout]     |
[INFO] [stdout] 147 |     impl<'a> Board {
[INFO] [stdout]     |     -------------- method in this implementation
[INFO] [stdout] 148 |         pub fn get_squares(&'a self) -> &'a [[Option<Piece>; BOARD_SIZE]; BOARD_SIZE] {
[INFO] [stdout]     |                ^^^^^^^^^^^
[INFO] [stdout]     |
[INFO] [stdout]     = note: `#[warn(dead_code)]` on by default
[INFO] [stdout] 
[INFO] [stdout] 
[INFO] [stdout] warning: field `0` is never read
[INFO] [stdout]    --> src/chess.rs:955:31
[INFO] [stdout]     |
[INFO] [stdout] 955 |         UnrecognizedCharacter(char),
[INFO] [stdout]     |         --------------------- ^^^^
[INFO] [stdout]     |         |
[INFO] [stdout]     |         field in this variant
[INFO] [stdout]     |
[INFO] [stdout]     = note: `FenError` has a derived impl for the trait `Debug`, but this is intentionally ignored during dead code analysis
[INFO] [stdout] help: consider changing the field to be of unit type to suppress this warning while preserving the field numbering, or remove the field
[INFO] [stdout]     |
[INFO] [stdout] 955 |         UnrecognizedCharacter(()),
[INFO] [stdout]     |                               ~~
[INFO] [stdout] 
[INFO] [stdout] 
[INFO] [stderr]     Finished `dev` profile [unoptimized + debuginfo] target(s) in 1.61s
[INFO] running `Command { std: "docker" "inspect" "1100d82c0359128f74f2992f4fed04e84cc76ae80d5df911d889b638e56f15ce", kill_on_drop: false }`
[INFO] running `Command { std: "docker" "rm" "-f" "1100d82c0359128f74f2992f4fed04e84cc76ae80d5df911d889b638e56f15ce", kill_on_drop: false }`
[INFO] [stdout] 1100d82c0359128f74f2992f4fed04e84cc76ae80d5df911d889b638e56f15ce
[INFO] running `Command { std: "docker" "create" "-v" "/var/lib/crater-agent-workspace/builds/worker-4-tc2/target:/opt/rustwide/target:rw,Z" "-v" "/var/lib/crater-agent-workspace/builds/worker-4-tc2/source:/opt/rustwide/workdir:ro,Z" "-v" "/var/lib/crater-agent-workspace/cargo-home:/opt/rustwide/cargo-home:ro,Z" "-v" "/var/lib/crater-agent-workspace/rustup-home:/opt/rustwide/rustup-home:ro,Z" "-e" "SOURCE_DIR=/opt/rustwide/workdir" "-e" "CARGO_TARGET_DIR=/opt/rustwide/target" "-e" "CARGO_INCREMENTAL=0" "-e" "RUST_BACKTRACE=full" "-e" "RUSTFLAGS=--cap-lints=warn" "-e" "RUSTDOCFLAGS=--cap-lints=warn" "-e" "CARGO_HOME=/opt/rustwide/cargo-home" "-e" "RUSTUP_HOME=/opt/rustwide/rustup-home" "-w" "/opt/rustwide/workdir" "-m" "1610612736" "--user" "0:0" "--network" "none" "ghcr.io/rust-lang/crates-build-env/linux@sha256:f3a9d4ad9d972b27faf3965f35b62e55ba32bbce8f20bc8fe909558a86702fde" "/opt/rustwide/cargo-home/bin/cargo" "+beta-2024-12-08" "test" "--frozen" "--no-run" "--message-format=json", kill_on_drop: false }`
[INFO] [stdout] c0439bc2940bfd6984bc8d4ad31ad95b615ee322932651be3b0b99063987e57f
[INFO] running `Command { std: "docker" "start" "-a" "c0439bc2940bfd6984bc8d4ad31ad95b615ee322932651be3b0b99063987e57f", kill_on_drop: false }`
[INFO] [stderr]    Compiling rust_chess v0.1.0 (/opt/rustwide/workdir)
[INFO] [stdout] warning: unused import: `chess::*`
[INFO] [stdout]  --> src/lib.rs:4:9
[INFO] [stdout]   |
[INFO] [stdout] 4 | pub use chess::*;
[INFO] [stdout]   |         ^^^^^^^^
[INFO] [stdout]   |
[INFO] [stdout]   = note: `#[warn(unused_imports)]` on by default
[INFO] [stdout] 
[INFO] [stdout] 
[INFO] [stdout] warning: unused import: `chess_io::*`
[INFO] [stdout]  --> src/lib.rs:5:9
[INFO] [stdout]   |
[INFO] [stdout] 5 | pub use chess_io::*;
[INFO] [stdout]   |         ^^^^^^^^^^^
[INFO] [stdout] 
[INFO] [stdout] 
[INFO] [stdout] warning: unused import: `chess::*`
[INFO] [stdout]  --> src/lib.rs:4:9
[INFO] [stdout]   |
[INFO] [stdout] 4 | pub use chess::*;
[INFO] [stdout]   |         ^^^^^^^^
[INFO] [stdout]   |
[INFO] [stdout]   = note: `#[warn(unused_imports)]` on by default
[INFO] [stdout] 
[INFO] [stdout] 
[INFO] [stdout] warning: unused import: `chess_io::*`
[INFO] [stdout]  --> src/lib.rs:5:9
[INFO] [stdout]   |
[INFO] [stdout] 5 | pub use chess_io::*;
[INFO] [stdout]   |         ^^^^^^^^^^^
[INFO] [stdout] 
[INFO] [stdout] 
[INFO] [stdout] warning: method `get_squares` is never used
[INFO] [stdout]    --> src/chess.rs:148:16
[INFO] [stdout]     |
[INFO] [stdout] 147 |     impl<'a> Board {
[INFO] [stdout]     |     -------------- method in this implementation
[INFO] [stdout] 148 |         pub fn get_squares(&'a self) -> &'a [[Option<Piece>; BOARD_SIZE]; BOARD_SIZE] {
[INFO] [stdout]     |                ^^^^^^^^^^^
[INFO] [stdout]     |
[INFO] [stdout]     = note: `#[warn(dead_code)]` on by default
[INFO] [stdout] 
[INFO] [stdout] 
[INFO] [stdout] warning: field `0` is never read
[INFO] [stdout]    --> src/chess.rs:955:31
[INFO] [stdout]     |
[INFO] [stdout] 955 |         UnrecognizedCharacter(char),
[INFO] [stdout]     |         --------------------- ^^^^
[INFO] [stdout]     |         |
[INFO] [stdout]     |         field in this variant
[INFO] [stdout]     |
[INFO] [stdout]     = note: `FenError` has a derived impl for the trait `Debug`, but this is intentionally ignored during dead code analysis
[INFO] [stdout] help: consider changing the field to be of unit type to suppress this warning while preserving the field numbering, or remove the field
[INFO] [stdout]     |
[INFO] [stdout] 955 |         UnrecognizedCharacter(()),
[INFO] [stdout]     |                               ~~
[INFO] [stdout] 
[INFO] [stdout] 
[INFO] [stderr]     Finished `test` profile [unoptimized + debuginfo] target(s) in 0.96s
[INFO] running `Command { std: "docker" "inspect" "c0439bc2940bfd6984bc8d4ad31ad95b615ee322932651be3b0b99063987e57f", kill_on_drop: false }`
[INFO] running `Command { std: "docker" "rm" "-f" "c0439bc2940bfd6984bc8d4ad31ad95b615ee322932651be3b0b99063987e57f", kill_on_drop: false }`
[INFO] [stdout] c0439bc2940bfd6984bc8d4ad31ad95b615ee322932651be3b0b99063987e57f
[INFO] running `Command { std: "docker" "create" "-v" "/var/lib/crater-agent-workspace/builds/worker-4-tc2/target:/opt/rustwide/target:rw,Z" "-v" "/var/lib/crater-agent-workspace/builds/worker-4-tc2/source:/opt/rustwide/workdir:ro,Z" "-v" "/var/lib/crater-agent-workspace/cargo-home:/opt/rustwide/cargo-home:ro,Z" "-v" "/var/lib/crater-agent-workspace/rustup-home:/opt/rustwide/rustup-home:ro,Z" "-e" "SOURCE_DIR=/opt/rustwide/workdir" "-e" "CARGO_TARGET_DIR=/opt/rustwide/target" "-e" "CARGO_INCREMENTAL=0" "-e" "RUST_BACKTRACE=full" "-e" "RUSTFLAGS=--cap-lints=warn" "-e" "RUSTDOCFLAGS=--cap-lints=warn" "-e" "CARGO_HOME=/opt/rustwide/cargo-home" "-e" "RUSTUP_HOME=/opt/rustwide/rustup-home" "-w" "/opt/rustwide/workdir" "-m" "1610612736" "--user" "0:0" "--network" "none" "ghcr.io/rust-lang/crates-build-env/linux@sha256:f3a9d4ad9d972b27faf3965f35b62e55ba32bbce8f20bc8fe909558a86702fde" "/opt/rustwide/cargo-home/bin/cargo" "+beta-2024-12-08" "test" "--frozen", kill_on_drop: false }`
[INFO] [stdout] e5fcf47071a815ec7995da586480db97ef0dafcb1cb7ebb4d242cd4996497b4f
[INFO] running `Command { std: "docker" "start" "-a" "e5fcf47071a815ec7995da586480db97ef0dafcb1cb7ebb4d242cd4996497b4f", kill_on_drop: false }`
[INFO] [stderr] warning: unused import: `chess::*`
[INFO] [stderr]  --> src/lib.rs:4:9
[INFO] [stderr]   |
[INFO] [stderr] 4 | pub use chess::*;
[INFO] [stderr]   |         ^^^^^^^^
[INFO] [stderr]   |
[INFO] [stderr]   = note: `#[warn(unused_imports)]` on by default
[INFO] [stderr] 
[INFO] [stderr] warning: unused import: `chess_io::*`
[INFO] [stderr]  --> src/lib.rs:5:9
[INFO] [stderr]   |
[INFO] [stderr] 5 | pub use chess_io::*;
[INFO] [stderr]   |         ^^^^^^^^^^^
[INFO] [stderr] 
[INFO] [stderr] warning: `rust_chess` (lib) generated 2 warnings (run `cargo fix --lib -p rust_chess` to apply 2 suggestions)
[INFO] [stderr] warning: method `get_squares` is never used
[INFO] [stderr]    --> src/chess.rs:148:16
[INFO] [stderr]     |
[INFO] [stderr] 147 |     impl<'a> Board {
[INFO] [stderr]     |     -------------- method in this implementation
[INFO] [stderr] 148 |         pub fn get_squares(&'a self) -> &'a [[Option<Piece>; BOARD_SIZE]; BOARD_SIZE] {
[INFO] [stderr]     |                ^^^^^^^^^^^
[INFO] [stderr]     |
[INFO] [stderr]     = note: `#[warn(dead_code)]` on by default
[INFO] [stderr] 
[INFO] [stderr] warning: field `0` is never read
[INFO] [stderr]    --> src/chess.rs:955:31
[INFO] [stderr]     |
[INFO] [stderr] 955 |         UnrecognizedCharacter(char),
[INFO] [stderr]     |         --------------------- ^^^^
[INFO] [stderr]     |         |
[INFO] [stderr]     |         field in this variant
[INFO] [stderr]     |
[INFO] [stderr]     = note: `FenError` has a derived impl for the trait `Debug`, but this is intentionally ignored during dead code analysis
[INFO] [stderr] help: consider changing the field to be of unit type to suppress this warning while preserving the field numbering, or remove the field
[INFO] [stderr]     |
[INFO] [stderr] 955 |         UnrecognizedCharacter(()),
[INFO] [stderr]     |                               ~~
[INFO] [stderr] 
[INFO] [stderr] warning: `rust_chess` (bin "rust_chess" test) generated 2 warnings
[INFO] [stderr] warning: `rust_chess` (lib test) generated 2 warnings (2 duplicates)
[INFO] [stderr]     Finished `test` profile [unoptimized + debuginfo] target(s) in 0.01s
[INFO] [stderr]      Running unittests src/lib.rs (/opt/rustwide/target/debug/deps/rust_chess-b4f7dd2506e8d4b8)
[INFO] [stdout] 
[INFO] [stdout] running 0 tests
[INFO] [stdout] 
[INFO] [stdout] test result: ok. 0 passed; 0 failed; 0 ignored; 0 measured; 0 filtered out; finished in 0.00s
[INFO] [stdout] 
[INFO] [stderr]      Running unittests src/main.rs (/opt/rustwide/target/debug/deps/rust_chess-4ede01d704f58487)
[INFO] [stdout] 
[INFO] [stdout] running 6 tests
[INFO] [stdout] test test::test::kingside_castles_test ... ok
[INFO] [stdout] test test::test::fools_mate_test ... ok
[INFO] [stdout] test test::test::check_test ... ok
[INFO] [stdout] test test::test::queenside_castles_test ... ok
[INFO] [stdout] test test::test::stalemate_test ... ok
[INFO] [stdout] test test::test::check_test_try_illegal - should panic ... ok
[INFO] [stdout] 
[INFO] [stdout] test result: ok. 6 passed; 0 failed; 0 ignored; 0 measured; 0 filtered out; finished in 0.06s
[INFO] [stdout] 
[INFO] [stderr]    Doc-tests rust_chess
[INFO] [stdout] 
[INFO] [stdout] running 1 test
[INFO] [stdout] test src/chess_io.rs - chess_io::chess_io::Board::print_board (line 129) ... FAILED
[INFO] [stdout] 
[INFO] [stdout] failures:
[INFO] [stdout] 
[INFO] [stdout] ---- src/chess_io.rs - chess_io::chess_io::Board::print_board (line 129) stdout ----
[INFO] [stdout] error[E0433]: failed to resolve: use of undeclared type `Board`
[INFO] [stdout]  --> src/chess_io.rs:130:16
[INFO] [stdout]   |
[INFO] [stdout] 3 | let mut game = Board::new();
[INFO] [stdout]   |                ^^^^^ use of undeclared type `Board`
[INFO] [stdout]   |
[INFO] [stdout] help: consider importing this struct
[INFO] [stdout]   |
[INFO] [stdout] 2 + use rust_chess::chess::chess::Board;
[INFO] [stdout]   |
[INFO] [stdout] 
[INFO] [stdout] error: aborting due to 1 previous error
[INFO] [stdout] 
[INFO] [stdout] For more information about this error, try `rustc --explain E0433`.
[INFO] [stdout] Couldn't compile the test.
[INFO] [stdout] 
[INFO] [stdout] failures:
[INFO] [stdout]     src/chess_io.rs - chess_io::chess_io::Board::print_board (line 129)
[INFO] [stdout] 
[INFO] [stdout] test result: FAILED. 0 passed; 1 failed; 0 ignored; 0 measured; 0 filtered out; finished in 0.09s
[INFO] [stdout] 
[INFO] [stderr] error: doctest failed, to rerun pass `--doc`
[INFO] running `Command { std: "docker" "inspect" "e5fcf47071a815ec7995da586480db97ef0dafcb1cb7ebb4d242cd4996497b4f", kill_on_drop: false }`
[INFO] running `Command { std: "docker" "rm" "-f" "e5fcf47071a815ec7995da586480db97ef0dafcb1cb7ebb4d242cd4996497b4f", kill_on_drop: false }`
[INFO] [stdout] e5fcf47071a815ec7995da586480db97ef0dafcb1cb7ebb4d242cd4996497b4f
