[INFO] cloning repository https://github.com/Abdillah/openstreet-py
[INFO] running `Command { std: "git" "-c" "credential.helper=" "-c" "credential.helper=/workspace/cargo-home/bin/git-credential-null" "clone" "--bare" "https://github.com/Abdillah/openstreet-py" "/workspace/cache/git-repos/https%3A%2F%2Fgithub.com%2FAbdillah%2Fopenstreet-py", kill_on_drop: false }`
[INFO] [stderr] Cloning into bare repository '/workspace/cache/git-repos/https%3A%2F%2Fgithub.com%2FAbdillah%2Fopenstreet-py'...
[INFO] running `Command { std: "git" "rev-parse" "HEAD", kill_on_drop: false }`
[INFO] [stdout] 92049498d294044b3268ef3c3feca154be333cd7
[INFO] testing Abdillah/openstreet-py against 1.83.0 for beta-1.84.0-4-retry
[INFO] running `Command { std: "git" "clone" "/workspace/cache/git-repos/https%3A%2F%2Fgithub.com%2FAbdillah%2Fopenstreet-py" "/workspace/builds/worker-4-tc1/source", kill_on_drop: false }`
[INFO] [stderr] Cloning into '/workspace/builds/worker-4-tc1/source'...
[INFO] [stderr] done.
[INFO] validating manifest of git repo https://github.com/Abdillah/openstreet-py on toolchain 1.83.0
[INFO] running `Command { std: CARGO_HOME="/workspace/cargo-home" RUSTUP_HOME="/workspace/rustup-home" "/workspace/cargo-home/bin/cargo" "+1.83.0" "metadata" "--manifest-path" "Cargo.toml" "--no-deps", kill_on_drop: false }`
[INFO] started tweaking git repo https://github.com/Abdillah/openstreet-py
[INFO] finished tweaking git repo https://github.com/Abdillah/openstreet-py
[INFO] tweaked toml for git repo https://github.com/Abdillah/openstreet-py written to /workspace/builds/worker-4-tc1/source/Cargo.toml
[INFO] crate git repo https://github.com/Abdillah/openstreet-py already has a lockfile, it will not be regenerated
[INFO] running `Command { std: CARGO_HOME="/workspace/cargo-home" RUSTUP_HOME="/workspace/rustup-home" "/workspace/cargo-home/bin/cargo" "+1.83.0" "fetch" "--manifest-path" "Cargo.toml", kill_on_drop: false }`
[INFO] [stderr]     Blocking waiting for file lock on package cache
[INFO] [stderr]     Updating crates.io index
[INFO] [stderr]  Downloading crates ...
[INFO] [stderr]   Downloaded indoc v0.3.6
[INFO] [stderr]   Downloaded ctor v0.1.20
[INFO] [stderr]   Downloaded unindent v0.1.7
[INFO] [stderr]   Downloaded inventory-impl v0.1.10
[INFO] [stderr]   Downloaded inventory v0.1.10
[INFO] [stderr]   Downloaded indoc-impl v0.3.6
[INFO] [stderr]   Downloaded pyo3-macros v0.13.2
[INFO] [stderr]   Downloaded pyo3-macros-backend v0.13.2
[INFO] [stderr]   Downloaded priority-queue v1.1.1
[INFO] [stderr]   Downloaded xml-rs v0.7.0
[INFO] [stderr]   Downloaded pyo3 v0.13.2
[INFO] [stderr]   Downloaded fast_paths v0.2.0
[INFO] [stderr]   Downloaded osm-xml v0.6.2
[INFO] running `Command { std: "docker" "create" "-v" "/var/lib/crater-agent-workspace/builds/worker-4-tc1/target:/opt/rustwide/target:rw,Z" "-v" "/var/lib/crater-agent-workspace/builds/worker-4-tc1/source:/opt/rustwide/workdir:ro,Z" "-v" "/var/lib/crater-agent-workspace/cargo-home:/opt/rustwide/cargo-home:ro,Z" "-v" "/var/lib/crater-agent-workspace/rustup-home:/opt/rustwide/rustup-home:ro,Z" "-e" "SOURCE_DIR=/opt/rustwide/workdir" "-e" "CARGO_TARGET_DIR=/opt/rustwide/target" "-e" "CARGO_HOME=/opt/rustwide/cargo-home" "-e" "RUSTUP_HOME=/opt/rustwide/rustup-home" "-w" "/opt/rustwide/workdir" "-m" "1610612736" "--user" "0:0" "--network" "none" "ghcr.io/rust-lang/crates-build-env/linux@sha256:f3a9d4ad9d972b27faf3965f35b62e55ba32bbce8f20bc8fe909558a86702fde" "/opt/rustwide/cargo-home/bin/cargo" "+1.83.0" "metadata" "--no-deps" "--format-version=1", kill_on_drop: false }`
[INFO] [stdout] 83547d1668a3ba6057d33d4b97b532128090303b5336ff298d2db497c8f2f22b
[INFO] running `Command { std: "docker" "start" "-a" "83547d1668a3ba6057d33d4b97b532128090303b5336ff298d2db497c8f2f22b", kill_on_drop: false }`
[INFO] running `Command { std: "docker" "inspect" "83547d1668a3ba6057d33d4b97b532128090303b5336ff298d2db497c8f2f22b", kill_on_drop: false }`
[INFO] running `Command { std: "docker" "rm" "-f" "83547d1668a3ba6057d33d4b97b532128090303b5336ff298d2db497c8f2f22b", kill_on_drop: false }`
[INFO] [stdout] 83547d1668a3ba6057d33d4b97b532128090303b5336ff298d2db497c8f2f22b
[INFO] running `Command { std: "docker" "create" "-v" "/var/lib/crater-agent-workspace/builds/worker-4-tc1/target:/opt/rustwide/target:rw,Z" "-v" "/var/lib/crater-agent-workspace/builds/worker-4-tc1/source:/opt/rustwide/workdir:ro,Z" "-v" "/var/lib/crater-agent-workspace/cargo-home:/opt/rustwide/cargo-home:ro,Z" "-v" "/var/lib/crater-agent-workspace/rustup-home:/opt/rustwide/rustup-home:ro,Z" "-e" "SOURCE_DIR=/opt/rustwide/workdir" "-e" "CARGO_TARGET_DIR=/opt/rustwide/target" "-e" "CARGO_INCREMENTAL=0" "-e" "RUST_BACKTRACE=full" "-e" "RUSTFLAGS=--cap-lints=warn" "-e" "RUSTDOCFLAGS=--cap-lints=warn" "-e" "CARGO_HOME=/opt/rustwide/cargo-home" "-e" "RUSTUP_HOME=/opt/rustwide/rustup-home" "-w" "/opt/rustwide/workdir" "-m" "1610612736" "--user" "0:0" "--network" "none" "ghcr.io/rust-lang/crates-build-env/linux@sha256:f3a9d4ad9d972b27faf3965f35b62e55ba32bbce8f20bc8fe909558a86702fde" "/opt/rustwide/cargo-home/bin/cargo" "+1.83.0" "build" "--frozen" "--message-format=json", kill_on_drop: false }`
[INFO] [stdout] 0b5e286493a407eb10d625a66f6840da859c2ea016c9e6edb5b2a2ba025c0d3b
[INFO] running `Command { std: "docker" "start" "-a" "0b5e286493a407eb10d625a66f6840da859c2ea016c9e6edb5b2a2ba025c0d3b", kill_on_drop: false }`
[INFO] [stderr]    Compiling proc-macro2 v1.0.26
[INFO] [stderr]    Compiling unicode-xid v0.2.2
[INFO] [stderr]    Compiling syn v1.0.72
[INFO] [stderr]    Compiling proc-macro-hack v0.5.19
[INFO] [stderr]    Compiling autocfg v1.0.1
[INFO] [stderr]    Compiling serde_derive v1.0.125
[INFO] [stderr]    Compiling serde v1.0.125
[INFO] [stderr]    Compiling libc v0.2.94
[INFO] [stderr]    Compiling bitflags v1.2.1
[INFO] [stderr]    Compiling ryu v1.0.5
[INFO] [stderr]    Compiling log v0.4.14
[INFO] [stderr]    Compiling unindent v0.1.7
[INFO] [stderr]    Compiling smallvec v1.6.1
[INFO] [stderr]    Compiling scopeguard v1.1.0
[INFO] [stderr]    Compiling inventory v0.1.10
[INFO] [stderr]    Compiling instant v0.1.9
[INFO] [stderr]    Compiling hashbrown v0.9.1
[INFO] [stderr]    Compiling lock_api v0.4.4
[INFO] [stderr]    Compiling pyo3 v0.13.2
[INFO] [stderr]    Compiling serde_json v1.0.64
[INFO] [stderr]    Compiling itoa v0.4.7
[INFO] [stderr]    Compiling xml-rs v0.7.0
[INFO] [stderr]    Compiling indexmap v1.6.2
[INFO] [stderr]    Compiling priority-queue v1.1.1
[INFO] [stderr]    Compiling parking_lot_core v0.8.3
[INFO] [stderr]    Compiling osm-xml v0.6.2
[INFO] [stderr]    Compiling parking_lot v0.11.1
[INFO] [stderr]    Compiling quote v1.0.9
[INFO] [stderr]    Compiling paste-impl v0.1.18
[INFO] [stderr]    Compiling paste v0.1.18
[INFO] [stderr]    Compiling pyo3-macros-backend v0.13.2
[INFO] [stderr]    Compiling ghost v0.1.2
[INFO] [stderr]    Compiling indoc-impl v0.3.6
[INFO] [stderr]    Compiling inventory-impl v0.1.10
[INFO] [stderr]    Compiling ctor v0.1.20
[INFO] [stderr]    Compiling pyo3-macros v0.13.2
[INFO] [stderr]    Compiling indoc v0.3.6
[INFO] [stderr]    Compiling bincode v1.3.3
[INFO] [stderr]    Compiling fast_paths v0.2.0
[INFO] [stderr]    Compiling openstreet v0.0.1 (/opt/rustwide/workdir)
[INFO] [stdout] warning: variable `c` is assigned to, but never used
[INFO] [stdout]   --> src/network.rs:34:17
[INFO] [stdout]    |
[INFO] [stdout] 34 |         let mut c = 0;
[INFO] [stdout]    |                 ^
[INFO] [stdout]    |
[INFO] [stdout]    = note: consider using `_c` instead
[INFO] [stdout]    = note: `#[warn(unused_variables)]` on by default
[INFO] [stdout] 
[INFO] [stdout] 
[INFO] [stdout] warning: variable does not need to be mutable
[INFO] [stdout]   --> src/network.rs:32:13
[INFO] [stdout]    |
[INFO] [stdout] 32 |         let mut qnodes = map.nodes();
[INFO] [stdout]    |             ----^^^^^^
[INFO] [stdout]    |             |
[INFO] [stdout]    |             help: remove this `mut`
[INFO] [stdout]    |
[INFO] [stdout]    = note: `#[warn(unused_mut)]` on by default
[INFO] [stdout] 
[INFO] [stdout] 
[INFO] [stdout] warning: method `filters` is never used
[INFO] [stdout]    --> src/queries.rs:141:8
[INFO] [stdout]     |
[INFO] [stdout] 127 | impl<T: Clone> Builder<T> {
[INFO] [stdout]     | ------------------------- method in this implementation
[INFO] [stdout] ...
[INFO] [stdout] 141 |     fn filters(&self) -> Vec<FilterQuery> {
[INFO] [stdout]     |        ^^^^^^^
[INFO] [stdout]     |
[INFO] [stdout]     = note: `#[warn(dead_code)]` on by default
[INFO] [stdout] 
[INFO] [stdout] 
[INFO] [stdout] warning: unused `Result` that must be used
[INFO] [stdout]   --> src/main.rs:35:5
[INFO] [stdout]    |
[INFO] [stdout] 35 |     fs::write(path, bytes);
[INFO] [stdout]    |     ^^^^^^^^^^^^^^^^^^^^^^
[INFO] [stdout]    |
[INFO] [stdout]    = note: this `Result` may be an `Err` variant, which should be handled
[INFO] [stdout]    = note: `#[warn(unused_must_use)]` on by default
[INFO] [stdout] help: use `let _ = ...` to ignore the resulting value
[INFO] [stdout]    |
[INFO] [stdout] 35 |     let _ = fs::write(path, bytes);
[INFO] [stdout]    |     +++++++
[INFO] [stdout] 
[INFO] [stdout] 
[INFO] [stderr]     Finished `dev` profile [unoptimized + debuginfo] target(s) in 22.93s
[INFO] [stderr] warning: the following packages contain code that will be rejected by a future version of Rust: pyo3 v0.13.2, pyo3-macros-backend v0.13.2
[INFO] [stderr] note: to see what the problems were, use the option `--future-incompat-report`, or run `cargo report future-incompatibilities --id 1`
[INFO] running `Command { std: "docker" "inspect" "0b5e286493a407eb10d625a66f6840da859c2ea016c9e6edb5b2a2ba025c0d3b", kill_on_drop: false }`
[INFO] running `Command { std: "docker" "rm" "-f" "0b5e286493a407eb10d625a66f6840da859c2ea016c9e6edb5b2a2ba025c0d3b", kill_on_drop: false }`
[INFO] [stdout] 0b5e286493a407eb10d625a66f6840da859c2ea016c9e6edb5b2a2ba025c0d3b
[INFO] running `Command { std: "docker" "create" "-v" "/var/lib/crater-agent-workspace/builds/worker-4-tc1/target:/opt/rustwide/target:rw,Z" "-v" "/var/lib/crater-agent-workspace/builds/worker-4-tc1/source:/opt/rustwide/workdir:ro,Z" "-v" "/var/lib/crater-agent-workspace/cargo-home:/opt/rustwide/cargo-home:ro,Z" "-v" "/var/lib/crater-agent-workspace/rustup-home:/opt/rustwide/rustup-home:ro,Z" "-e" "SOURCE_DIR=/opt/rustwide/workdir" "-e" "CARGO_TARGET_DIR=/opt/rustwide/target" "-e" "CARGO_INCREMENTAL=0" "-e" "RUST_BACKTRACE=full" "-e" "RUSTFLAGS=--cap-lints=warn" "-e" "RUSTDOCFLAGS=--cap-lints=warn" "-e" "CARGO_HOME=/opt/rustwide/cargo-home" "-e" "RUSTUP_HOME=/opt/rustwide/rustup-home" "-w" "/opt/rustwide/workdir" "-m" "1610612736" "--user" "0:0" "--network" "none" "ghcr.io/rust-lang/crates-build-env/linux@sha256:f3a9d4ad9d972b27faf3965f35b62e55ba32bbce8f20bc8fe909558a86702fde" "/opt/rustwide/cargo-home/bin/cargo" "+1.83.0" "test" "--frozen" "--no-run" "--message-format=json", kill_on_drop: false }`
[INFO] [stdout] 3c9338a59de8b7621af42f838035abbcd5e110bd901c1fdb8f839188fedd9d65
[INFO] running `Command { std: "docker" "start" "-a" "3c9338a59de8b7621af42f838035abbcd5e110bd901c1fdb8f839188fedd9d65", kill_on_drop: false }`
[INFO] [stdout] warning: variable `c` is assigned to, but never used
[INFO] [stdout]   --> src/network.rs:34:17
[INFO] [stdout]    |
[INFO] [stdout] 34 |         let mut c = 0;
[INFO] [stdout]    |                 ^
[INFO] [stdout]    |
[INFO] [stdout]    = note: consider using `_c` instead
[INFO] [stdout]    = note: `#[warn(unused_variables)]` on by default
[INFO] [stdout] 
[INFO] [stdout] 
[INFO] [stdout] warning: variable does not need to be mutable
[INFO] [stdout]   --> src/network.rs:32:13
[INFO] [stdout]    |
[INFO] [stdout] 32 |         let mut qnodes = map.nodes();
[INFO] [stdout]    |             ----^^^^^^
[INFO] [stdout]    |             |
[INFO] [stdout]    |             help: remove this `mut`
[INFO] [stdout]    |
[INFO] [stdout]    = note: `#[warn(unused_mut)]` on by default
[INFO] [stdout] 
[INFO] [stdout] 
[INFO] [stdout] warning: method `filters` is never used
[INFO] [stdout]    --> src/queries.rs:141:8
[INFO] [stdout]     |
[INFO] [stdout] 127 | impl<T: Clone> Builder<T> {
[INFO] [stdout]     | ------------------------- method in this implementation
[INFO] [stdout] ...
[INFO] [stdout] 141 |     fn filters(&self) -> Vec<FilterQuery> {
[INFO] [stdout]     |        ^^^^^^^
[INFO] [stdout]     |
[INFO] [stdout]     = note: `#[warn(dead_code)]` on by default
[INFO] [stdout] 
[INFO] [stdout] 
[INFO] [stderr]    Compiling openstreet v0.0.1 (/opt/rustwide/workdir)
[INFO] [stdout] warning: unused `Result` that must be used
[INFO] [stdout]   --> src/main.rs:35:5
[INFO] [stdout]    |
[INFO] [stdout] 35 |     fs::write(path, bytes);
[INFO] [stdout]    |     ^^^^^^^^^^^^^^^^^^^^^^
[INFO] [stdout]    |
[INFO] [stdout]    = note: this `Result` may be an `Err` variant, which should be handled
[INFO] [stdout]    = note: `#[warn(unused_must_use)]` on by default
[INFO] [stdout] help: use `let _ = ...` to ignore the resulting value
[INFO] [stdout]    |
[INFO] [stdout] 35 |     let _ = fs::write(path, bytes);
[INFO] [stdout]    |     +++++++
[INFO] [stdout] 
[INFO] [stdout] 
[INFO] [stdout] warning: variable `c` is assigned to, but never used
[INFO] [stdout]   --> src/network.rs:34:17
[INFO] [stdout]    |
[INFO] [stdout] 34 |         let mut c = 0;
[INFO] [stdout]    |                 ^
[INFO] [stdout]    |
[INFO] [stdout]    = note: consider using `_c` instead
[INFO] [stdout]    = note: `#[warn(unused_variables)]` on by default
[INFO] [stdout] 
[INFO] [stdout] 
[INFO] [stdout] warning: variable does not need to be mutable
[INFO] [stdout]   --> src/network.rs:32:13
[INFO] [stdout]    |
[INFO] [stdout] 32 |         let mut qnodes = map.nodes();
[INFO] [stdout]    |             ----^^^^^^
[INFO] [stdout]    |             |
[INFO] [stdout]    |             help: remove this `mut`
[INFO] [stdout]    |
[INFO] [stdout]    = note: `#[warn(unused_mut)]` on by default
[INFO] [stdout] 
[INFO] [stdout] 
[INFO] [stdout] warning: variable does not need to be mutable
[INFO] [stdout]    --> src/queries.rs:225:13
[INFO] [stdout]     |
[INFO] [stdout] 225 |         let mut qstreets: Builder<crate::map::Way> = Builder::new(hm)
[INFO] [stdout]     |             ----^^^^^^^^
[INFO] [stdout]     |             |
[INFO] [stdout]     |             help: remove this `mut`
[INFO] [stdout] 
[INFO] [stdout] 
[INFO] [stdout] warning: unused variable: `k`
[INFO] [stdout]    --> src/queries.rs:268:36
[INFO] [stdout]     |
[INFO] [stdout] 268 |         qstreets.iter().for_each(|(k, v)| {
[INFO] [stdout]     |                                    ^ help: if this is intentional, prefix it with an underscore: `_k`
[INFO] [stdout] 
[INFO] [stdout] 
[INFO] [stdout] warning: variable does not need to be mutable
[INFO] [stdout]    --> src/queries.rs:252:13
[INFO] [stdout]     |
[INFO] [stdout] 252 |         let mut qstreets: Builder<crate::map::Way> = Builder::new(hm.clone())
[INFO] [stdout]     |             ----^^^^^^^^
[INFO] [stdout]     |             |
[INFO] [stdout]     |             help: remove this `mut`
[INFO] [stdout] 
[INFO] [stdout] 
[INFO] [stderr]     Finished `test` profile [unoptimized + debuginfo] target(s) in 1.39s
[INFO] [stderr] warning: the following packages contain code that will be rejected by a future version of Rust: pyo3 v0.13.2, pyo3-macros-backend v0.13.2
[INFO] [stderr] note: to see what the problems were, use the option `--future-incompat-report`, or run `cargo report future-incompatibilities --id 1`
[INFO] running `Command { std: "docker" "inspect" "3c9338a59de8b7621af42f838035abbcd5e110bd901c1fdb8f839188fedd9d65", kill_on_drop: false }`
[INFO] running `Command { std: "docker" "rm" "-f" "3c9338a59de8b7621af42f838035abbcd5e110bd901c1fdb8f839188fedd9d65", kill_on_drop: false }`
[INFO] [stdout] 3c9338a59de8b7621af42f838035abbcd5e110bd901c1fdb8f839188fedd9d65
[INFO] running `Command { std: "docker" "create" "-v" "/var/lib/crater-agent-workspace/builds/worker-4-tc1/target:/opt/rustwide/target:rw,Z" "-v" "/var/lib/crater-agent-workspace/builds/worker-4-tc1/source:/opt/rustwide/workdir:ro,Z" "-v" "/var/lib/crater-agent-workspace/cargo-home:/opt/rustwide/cargo-home:ro,Z" "-v" "/var/lib/crater-agent-workspace/rustup-home:/opt/rustwide/rustup-home:ro,Z" "-e" "SOURCE_DIR=/opt/rustwide/workdir" "-e" "CARGO_TARGET_DIR=/opt/rustwide/target" "-e" "CARGO_INCREMENTAL=0" "-e" "RUST_BACKTRACE=full" "-e" "RUSTFLAGS=--cap-lints=warn" "-e" "RUSTDOCFLAGS=--cap-lints=warn" "-e" "CARGO_HOME=/opt/rustwide/cargo-home" "-e" "RUSTUP_HOME=/opt/rustwide/rustup-home" "-w" "/opt/rustwide/workdir" "-m" "1610612736" "--user" "0:0" "--network" "none" "ghcr.io/rust-lang/crates-build-env/linux@sha256:f3a9d4ad9d972b27faf3965f35b62e55ba32bbce8f20bc8fe909558a86702fde" "/opt/rustwide/cargo-home/bin/cargo" "+1.83.0" "test" "--frozen", kill_on_drop: false }`
[INFO] [stdout] 797bf94195074276ed46d9885cf82ab1cbb55547a5b84d9758f71b9f16fa36ff
[INFO] running `Command { std: "docker" "start" "-a" "797bf94195074276ed46d9885cf82ab1cbb55547a5b84d9758f71b9f16fa36ff", kill_on_drop: false }`
[INFO] [stderr] warning: variable `c` is assigned to, but never used
[INFO] [stderr]   --> src/network.rs:34:17
[INFO] [stderr]    |
[INFO] [stderr] 34 |         let mut c = 0;
[INFO] [stderr]    |                 ^
[INFO] [stderr]    |
[INFO] [stderr]    = note: consider using `_c` instead
[INFO] [stderr]    = note: `#[warn(unused_variables)]` on by default
[INFO] [stderr] 
[INFO] [stderr] warning: variable does not need to be mutable
[INFO] [stderr]   --> src/network.rs:32:13
[INFO] [stderr]    |
[INFO] [stderr] 32 |         let mut qnodes = map.nodes();
[INFO] [stderr]    |             ----^^^^^^
[INFO] [stderr]    |             |
[INFO] [stderr]    |             help: remove this `mut`
[INFO] [stderr]    |
[INFO] [stderr]    = note: `#[warn(unused_mut)]` on by default
[INFO] [stderr] 
[INFO] [stderr] warning: method `filters` is never used
[INFO] [stderr]    --> src/queries.rs:141:8
[INFO] [stderr]     |
[INFO] [stderr] 127 | impl<T: Clone> Builder<T> {
[INFO] [stderr]     | ------------------------- method in this implementation
[INFO] [stderr] ...
[INFO] [stderr] 141 |     fn filters(&self) -> Vec<FilterQuery> {
[INFO] [stderr]     |        ^^^^^^^
[INFO] [stderr]     |
[INFO] [stderr]     = note: `#[warn(dead_code)]` on by default
[INFO] [stderr] 
[INFO] [stderr] warning: variable does not need to be mutable
[INFO] [stderr]    --> src/queries.rs:225:13
[INFO] [stderr]     |
[INFO] [stderr] 225 |         let mut qstreets: Builder<crate::map::Way> = Builder::new(hm)
[INFO] [stderr]     |             ----^^^^^^^^
[INFO] [stderr]     |             |
[INFO] [stderr]     |             help: remove this `mut`
[INFO] [stderr] 
[INFO] [stderr] warning: unused variable: `k`
[INFO] [stderr]    --> src/queries.rs:268:36
[INFO] [stderr]     |
[INFO] [stderr] 268 |         qstreets.iter().for_each(|(k, v)| {
[INFO] [stderr]     |                                    ^ help: if this is intentional, prefix it with an underscore: `_k`
[INFO] [stderr] 
[INFO] [stderr] warning: variable does not need to be mutable
[INFO] [stderr]    --> src/queries.rs:252:13
[INFO] [stderr]     |
[INFO] [stderr] 252 |         let mut qstreets: Builder<crate::map::Way> = Builder::new(hm.clone())
[INFO] [stderr]     |             ----^^^^^^^^
[INFO] [stderr]     |             |
[INFO] [stderr]     |             help: remove this `mut`
[INFO] [stderr] 
[INFO] [stderr] warning: `openstreet` (lib) generated 3 warnings (run `cargo fix --lib -p openstreet` to apply 1 suggestion)
[INFO] [stderr] warning: `openstreet` (lib test) generated 5 warnings (2 duplicates) (run `cargo fix --lib -p openstreet --tests` to apply 2 suggestions)
[INFO] [stderr] warning: unused `Result` that must be used
[INFO] [stderr]   --> src/main.rs:35:5
[INFO] [stderr]    |
[INFO] [stderr] 35 |     fs::write(path, bytes);
[INFO] [stderr]    |     ^^^^^^^^^^^^^^^^^^^^^^
[INFO] [stderr]    |
[INFO] [stderr]    = note: this `Result` may be an `Err` variant, which should be handled
[INFO] [stderr]    = note: `#[warn(unused_must_use)]` on by default
[INFO] [stderr] help: use `let _ = ...` to ignore the resulting value
[INFO] [stderr]    |
[INFO] [stderr] 35 |     let _ = fs::write(path, bytes);
[INFO] [stderr]    |     +++++++
[INFO] [stderr] 
[INFO] [stderr] warning: `openstreet` (bin "streetgraphing" test) generated 1 warning
[INFO] [stderr]     Finished `test` profile [unoptimized + debuginfo] target(s) in 0.19s
[INFO] [stderr] warning: the following packages contain code that will be rejected by a future version of Rust: pyo3 v0.13.2, pyo3-macros-backend v0.13.2
[INFO] [stderr] note: to see what the problems were, use the option `--future-incompat-report`, or run `cargo report future-incompatibilities --id 1`
[INFO] [stderr]      Running unittests src/lib.rs (/opt/rustwide/target/debug/deps/openstreet-24d8a3ee178c50db)
[INFO] [stdout] 
[INFO] [stdout] running 7 tests
[INFO] [stdout] test map::test::detect_ruletype_all_with_tag_val ... ok
[INFO] [stdout] test map::test::closed_loop_is_polygon ... ok
[INFO] [stdout] test map::test::tagless_and_nonloop_is_not_polygon ... ok
[INFO] [stdout] test map::test::detect_ruletype_all_without_tag_val ... ok
[INFO] [stdout] test queries::test::test_by_multiple_tag ... ok
[INFO] [stdout] test queries::test::test_iter ... ok
[INFO] [stdout] test network::test_fastpath has been running for over 60 seconds
[INFO] [stdout] test network::test_fastpath ... FAILED
[INFO] [stdout] 
[INFO] [stdout] failures:
[INFO] [stdout] 
[INFO] [stdout] ---- network::test_fastpath stdout ----
[INFO] [stdout] Creating Map!
[INFO] [stdout] Into StreetNetwork!
[INFO] [stdout] thread 'network::test_fastpath' panicked at /opt/rustwide/cargo-home/registry/src/index.crates.io-6f17d22bba15001f/fast_paths-0.2.0/src/path_calculator.rs:66:9:
[INFO] [stdout] invalid start node
[INFO] [stdout] stack backtrace:
[INFO] [stdout]    0:     0x59e43f6d583a - std::backtrace_rs::backtrace::libunwind::trace::h5a5b8284f2d0c266
[INFO] [stdout]                                at /rustc/90b35a6239c3d8bdabc530a6a0816f7ff89a0aaf/library/std/src/../../backtrace/src/backtrace/libunwind.rs:116:5
[INFO] [stdout]    1:     0x59e43f6d583a - std::backtrace_rs::backtrace::trace_unsynchronized::h76d4f1c9b0b875e3
[INFO] [stdout]                                at /rustc/90b35a6239c3d8bdabc530a6a0816f7ff89a0aaf/library/std/src/../../backtrace/src/backtrace/mod.rs:66:5
[INFO] [stdout]    2:     0x59e43f6d583a - std::sys::backtrace::_print_fmt::hc4546b8364a537c6
[INFO] [stdout]                                at /rustc/90b35a6239c3d8bdabc530a6a0816f7ff89a0aaf/library/std/src/sys/backtrace.rs:66:9
[INFO] [stdout]    3:     0x59e43f6d583a - <std::sys::backtrace::BacktraceLock::print::DisplayBacktrace as core::fmt::Display>::fmt::h5b6bd5631a6d1f6b
[INFO] [stdout]                                at /rustc/90b35a6239c3d8bdabc530a6a0816f7ff89a0aaf/library/std/src/sys/backtrace.rs:39:26
[INFO] [stdout]    4:     0x59e43f6fc873 - core::fmt::rt::Argument::fmt::h270f6602a2b96f62
[INFO] [stdout]                                at /rustc/90b35a6239c3d8bdabc530a6a0816f7ff89a0aaf/library/core/src/fmt/rt.rs:177:76
[INFO] [stdout]    5:     0x59e43f6fc873 - core::fmt::write::h7550c97b06c86515
[INFO] [stdout]                                at /rustc/90b35a6239c3d8bdabc530a6a0816f7ff89a0aaf/library/core/src/fmt/mod.rs:1186:21
[INFO] [stdout]    6:     0x59e43f6d2a03 - std::io::Write::write_fmt::h509ff860e5956e5e
[INFO] [stdout]                                at /rustc/90b35a6239c3d8bdabc530a6a0816f7ff89a0aaf/library/std/src/io/mod.rs:1839:15
[INFO] [stdout]    7:     0x59e43f6d5682 - std::sys::backtrace::BacktraceLock::print::h2395ccd2c84ba3aa
[INFO] [stdout]                                at /rustc/90b35a6239c3d8bdabc530a6a0816f7ff89a0aaf/library/std/src/sys/backtrace.rs:42:9
[INFO] [stdout]    8:     0x59e43f6d6c9a - std::panicking::default_hook::{{closure}}::he19d4c7230e07961
[INFO] [stdout]                                at /rustc/90b35a6239c3d8bdabc530a6a0816f7ff89a0aaf/library/std/src/panicking.rs:268:22
[INFO] [stdout]    9:     0x59e43f6d6aa4 - std::panicking::default_hook::hf614597d3c67bbdb
[INFO] [stdout]                                at /rustc/90b35a6239c3d8bdabc530a6a0816f7ff89a0aaf/library/std/src/panicking.rs:292:9
[INFO] [stdout]   10:     0x59e43f643f99 - <alloc::boxed::Box<F,A> as core::ops::function::Fn<Args>>::call::h39b51ce4599c23d1
[INFO] [stdout]                                at /rustc/90b35a6239c3d8bdabc530a6a0816f7ff89a0aaf/library/alloc/src/boxed.rs:2468:9
[INFO] [stdout]   11:     0x59e43f643f99 - test::test_main::{{closure}}::he977ae839a582784
[INFO] [stdout]                                at /rustc/90b35a6239c3d8bdabc530a6a0816f7ff89a0aaf/library/test/src/lib.rs:133:21
[INFO] [stdout]   12:     0x59e43f6d7338 - <alloc::boxed::Box<F,A> as core::ops::function::Fn<Args>>::call::h9455091b6b06f9fb
[INFO] [stdout]                                at /rustc/90b35a6239c3d8bdabc530a6a0816f7ff89a0aaf/library/alloc/src/boxed.rs:2468:9
[INFO] [stdout]   13:     0x59e43f6d7338 - std::panicking::rust_panic_with_hook::h8942133a8b252070
[INFO] [stdout]                                at /rustc/90b35a6239c3d8bdabc530a6a0816f7ff89a0aaf/library/std/src/panicking.rs:809:13
[INFO] [stdout]   14:     0x59e43f679eaa - std::panicking::begin_panic::{{closure}}::h257aabc3ba204abe
[INFO] [stdout]                                at /rustc/90b35a6239c3d8bdabc530a6a0816f7ff89a0aaf/library/std/src/panicking.rs:738:9
[INFO] [stdout]   15:     0x59e43f679e1a - std::sys::backtrace::__rust_end_short_backtrace::h05373ac03b6e1ec2
[INFO] [stdout]                                at /rustc/90b35a6239c3d8bdabc530a6a0816f7ff89a0aaf/library/std/src/sys/backtrace.rs:170:18
[INFO] [stdout]   16:     0x59e43f679e53 - std::panicking::begin_panic::h89f421c4b6623b94
[INFO] [stdout]                                at /rustc/90b35a6239c3d8bdabc530a6a0816f7ff89a0aaf/library/std/src/panicking.rs:737:5
[INFO] [stdout]   17:     0x59e43f67013b - fast_paths::path_calculator::PathCalculator::calc_path::hc4c709fe6e731aaf
[INFO] [stdout]                                at /opt/rustwide/cargo-home/registry/src/index.crates.io-6f17d22bba15001f/fast_paths-0.2.0/src/path_calculator.rs:66:9
[INFO] [stdout]   18:     0x59e43f65a791 - fast_paths::calc_path::ha137185d1701b437
[INFO] [stdout]                                at /opt/rustwide/cargo-home/registry/src/index.crates.io-6f17d22bba15001f/fast_paths-0.2.0/src/lib.rs:74:5
[INFO] [stdout]   19:     0x59e43f5f08c8 - openstreet::network::StreetNetwork::shortest_path::h654f4d83df31e9d2
[INFO] [stdout]                                at /opt/rustwide/workdir/src/network.rs:86:15
[INFO] [stdout]   20:     0x59e43f5f1a2a - openstreet::network::test_fastpath::h676955129a8075a6
[INFO] [stdout]                                at /opt/rustwide/workdir/src/network.rs:112:14
[INFO] [stdout]   21:     0x59e43f5f1827 - openstreet::network::test_fastpath::{{closure}}::h671dd82e423f09b5
[INFO] [stdout]                                at /opt/rustwide/workdir/src/network.rs:102:19
[INFO] [stdout]   22:     0x59e43f6051f6 - core::ops::function::FnOnce::call_once::h280e8b6038f975e5
[INFO] [stdout]                                at /rustc/90b35a6239c3d8bdabc530a6a0816f7ff89a0aaf/library/core/src/ops/function.rs:250:5
[INFO] [stdout]   23:     0x59e43f64895b - core::ops::function::FnOnce::call_once::h109cf8051a59b34e
[INFO] [stdout]                                at /rustc/90b35a6239c3d8bdabc530a6a0816f7ff89a0aaf/library/core/src/ops/function.rs:250:5
[INFO] [stdout]   24:     0x59e43f64895b - test::__rust_begin_short_backtrace::hf4fff89d377446ba
[INFO] [stdout]                                at /rustc/90b35a6239c3d8bdabc530a6a0816f7ff89a0aaf/library/test/src/lib.rs:621:18
[INFO] [stdout]   25:     0x59e43f648197 - test::run_test_in_process::{{closure}}::h0e39181dd7ee5a43
[INFO] [stdout]                                at /rustc/90b35a6239c3d8bdabc530a6a0816f7ff89a0aaf/library/test/src/lib.rs:644:60
[INFO] [stdout]   26:     0x59e43f648197 - <core::panic::unwind_safe::AssertUnwindSafe<F> as core::ops::function::FnOnce<()>>::call_once::hc5a66a30f0bdfd1f
[INFO] [stdout]                                at /rustc/90b35a6239c3d8bdabc530a6a0816f7ff89a0aaf/library/core/src/panic/unwind_safe.rs:272:9
[INFO] [stdout]   27:     0x59e43f648197 - std::panicking::try::do_call::h873b7cf639554a5e
[INFO] [stdout]                                at /rustc/90b35a6239c3d8bdabc530a6a0816f7ff89a0aaf/library/std/src/panicking.rs:557:40
[INFO] [stdout]   28:     0x59e43f648197 - std::panicking::try::hdb19862fad9c8bd1
[INFO] [stdout]                                at /rustc/90b35a6239c3d8bdabc530a6a0816f7ff89a0aaf/library/std/src/panicking.rs:520:19
[INFO] [stdout]   29:     0x59e43f648197 - std::panic::catch_unwind::h281fe732d236d260
[INFO] [stdout]                                at /rustc/90b35a6239c3d8bdabc530a6a0816f7ff89a0aaf/library/std/src/panic.rs:358:14
[INFO] [stdout]   30:     0x59e43f648197 - test::run_test_in_process::h949b6df8457ed338
[INFO] [stdout]                                at /rustc/90b35a6239c3d8bdabc530a6a0816f7ff89a0aaf/library/test/src/lib.rs:644:27
[INFO] [stdout]   31:     0x59e43f648197 - test::run_test::{{closure}}::h52c556a6d4740e10
[INFO] [stdout]                                at /rustc/90b35a6239c3d8bdabc530a6a0816f7ff89a0aaf/library/test/src/lib.rs:565:43
[INFO] [stdout]   32:     0x59e43f60d474 - test::run_test::{{closure}}::h4237f6381c45ccb9
[INFO] [stdout]                                at /rustc/90b35a6239c3d8bdabc530a6a0816f7ff89a0aaf/library/test/src/lib.rs:595:41
[INFO] [stdout]   33:     0x59e43f60d474 - std::sys::backtrace::__rust_begin_short_backtrace::h505c97a579eca628
[INFO] [stdout]                                at /rustc/90b35a6239c3d8bdabc530a6a0816f7ff89a0aaf/library/std/src/sys/backtrace.rs:154:18
[INFO] [stdout]   34:     0x59e43f610b3e - std::thread::Builder::spawn_unchecked_::{{closure}}::{{closure}}::h9e86b2e2bc107ea3
[INFO] [stdout]                                at /rustc/90b35a6239c3d8bdabc530a6a0816f7ff89a0aaf/library/std/src/thread/mod.rs:538:17
[INFO] [stdout]   35:     0x59e43f610b3e - <core::panic::unwind_safe::AssertUnwindSafe<F> as core::ops::function::FnOnce<()>>::call_once::h8b06ddb275ff4a25
[INFO] [stdout]                                at /rustc/90b35a6239c3d8bdabc530a6a0816f7ff89a0aaf/library/core/src/panic/unwind_safe.rs:272:9
[INFO] [stdout]   36:     0x59e43f610b3e - std::panicking::try::do_call::hb26ecd7cd9a9355d
[INFO] [stdout]                                at /rustc/90b35a6239c3d8bdabc530a6a0816f7ff89a0aaf/library/std/src/panicking.rs:557:40
[INFO] [stdout]   37:     0x59e43f610b3e - std::panicking::try::h8ddeca9d705f9069
[INFO] [stdout]                                at /rustc/90b35a6239c3d8bdabc530a6a0816f7ff89a0aaf/library/std/src/panicking.rs:520:19
[INFO] [stdout]   38:     0x59e43f610b3e - std::panic::catch_unwind::h49e1c33078844c46
[INFO] [stdout]                                at /rustc/90b35a6239c3d8bdabc530a6a0816f7ff89a0aaf/library/std/src/panic.rs:358:14
[INFO] [stdout]   39:     0x59e43f610b3e - std::thread::Builder::spawn_unchecked_::{{closure}}::h6073db6ff56ad35d
[INFO] [stdout]                                at /rustc/90b35a6239c3d8bdabc530a6a0816f7ff89a0aaf/library/std/src/thread/mod.rs:537:30
[INFO] [stdout]   40:     0x59e43f610b3e - core::ops::function::FnOnce::call_once{{vtable.shim}}::h2c5a5f3779c774f1
[INFO] [stdout]                                at /rustc/90b35a6239c3d8bdabc530a6a0816f7ff89a0aaf/library/core/src/ops/function.rs:250:5
[INFO] [stdout]   41:     0x59e43f6db09b - <alloc::boxed::Box<F,A> as core::ops::function::FnOnce<Args>>::call_once::hf75717d9f28faebf
[INFO] [stdout]                                at /rustc/90b35a6239c3d8bdabc530a6a0816f7ff89a0aaf/library/alloc/src/boxed.rs:2454:9
[INFO] [stdout]   42:     0x59e43f6db09b - <alloc::boxed::Box<F,A> as core::ops::function::FnOnce<Args>>::call_once::h7bd883a5f3c5f3c1
[INFO] [stdout]                                at /rustc/90b35a6239c3d8bdabc530a6a0816f7ff89a0aaf/library/alloc/src/boxed.rs:2454:9
[INFO] [stdout]   43:     0x59e43f6db09b - std::sys::pal::unix::thread::Thread::new::thread_start::hcc78f3943333fa94
[INFO] [stdout]                                at /rustc/90b35a6239c3d8bdabc530a6a0816f7ff89a0aaf/library/std/src/sys/pal/unix/thread.rs:105:17
[INFO] [stdout]   44:     0x77ca14672ac3 - <unknown>
[INFO] [stdout]   45:     0x77ca14703a04 - clone
[INFO] [stdout]   46:                0x0 - <unknown>
[INFO] [stdout] 
[INFO] [stdout] 
[INFO] [stdout] failures:
[INFO] [stdout]     network::test_fastpath
[INFO] [stdout] 
[INFO] [stdout] test result: FAILED. 6 passed; 1 failed; 0 ignored; 0 measured; 0 filtered out; finished in 87.42s
[INFO] [stdout] 
[INFO] [stderr] error: test failed, to rerun pass `--lib`
[INFO] running `Command { std: "docker" "inspect" "797bf94195074276ed46d9885cf82ab1cbb55547a5b84d9758f71b9f16fa36ff", kill_on_drop: false }`
[INFO] running `Command { std: "docker" "rm" "-f" "797bf94195074276ed46d9885cf82ab1cbb55547a5b84d9758f71b9f16fa36ff", kill_on_drop: false }`
[INFO] [stdout] 797bf94195074276ed46d9885cf82ab1cbb55547a5b84d9758f71b9f16fa36ff
