[INFO] cloning repository https://github.com/Aandreba/ffi-closure
[INFO] running `Command { std: "git" "-c" "credential.helper=" "-c" "credential.helper=/workspace/cargo-home/bin/git-credential-null" "clone" "--bare" "https://github.com/Aandreba/ffi-closure" "/workspace/cache/git-repos/https%3A%2F%2Fgithub.com%2FAandreba%2Fffi-closure", kill_on_drop: false }`
[INFO] [stderr] Cloning into bare repository '/workspace/cache/git-repos/https%3A%2F%2Fgithub.com%2FAandreba%2Fffi-closure'...
[INFO] running `Command { std: "git" "rev-parse" "HEAD", kill_on_drop: false }`
[INFO] [stdout] 9e0440baa316b57527a0832084ec616e142975d8
[INFO] testing Aandreba/ffi-closure against 1.83.0 for beta-1.84.0-4-retry
[INFO] running `Command { std: "git" "clone" "/workspace/cache/git-repos/https%3A%2F%2Fgithub.com%2FAandreba%2Fffi-closure" "/workspace/builds/worker-7-tc1/source", kill_on_drop: false }`
[INFO] [stderr] Cloning into '/workspace/builds/worker-7-tc1/source'...
[INFO] [stderr] done.
[INFO] validating manifest of git repo https://github.com/Aandreba/ffi-closure on toolchain 1.83.0
[INFO] running `Command { std: CARGO_HOME="/workspace/cargo-home" RUSTUP_HOME="/workspace/rustup-home" "/workspace/cargo-home/bin/cargo" "+1.83.0" "metadata" "--manifest-path" "Cargo.toml" "--no-deps", kill_on_drop: false }`
[INFO] started tweaking git repo https://github.com/Aandreba/ffi-closure
[INFO] finished tweaking git repo https://github.com/Aandreba/ffi-closure
[INFO] tweaked toml for git repo https://github.com/Aandreba/ffi-closure written to /workspace/builds/worker-7-tc1/source/Cargo.toml
[INFO] crate git repo https://github.com/Aandreba/ffi-closure already has a lockfile, it will not be regenerated
[INFO] running `Command { std: CARGO_HOME="/workspace/cargo-home" RUSTUP_HOME="/workspace/rustup-home" "/workspace/cargo-home/bin/cargo" "+1.83.0" "fetch" "--manifest-path" "Cargo.toml", kill_on_drop: false }`
[INFO] [stderr]     Blocking waiting for file lock on package cache
[INFO] [stderr]     Updating crates.io index
[INFO] [stderr]     Blocking waiting for file lock on package cache
[INFO] [stderr]  Downloading crates ...
[INFO] [stderr]   Downloaded docfg v0.1.0
[INFO] running `Command { std: "docker" "create" "-v" "/var/lib/crater-agent-workspace/builds/worker-7-tc1/target:/opt/rustwide/target:rw,Z" "-v" "/var/lib/crater-agent-workspace/builds/worker-7-tc1/source:/opt/rustwide/workdir:ro,Z" "-v" "/var/lib/crater-agent-workspace/cargo-home:/opt/rustwide/cargo-home:ro,Z" "-v" "/var/lib/crater-agent-workspace/rustup-home:/opt/rustwide/rustup-home:ro,Z" "-e" "SOURCE_DIR=/opt/rustwide/workdir" "-e" "CARGO_TARGET_DIR=/opt/rustwide/target" "-e" "CARGO_HOME=/opt/rustwide/cargo-home" "-e" "RUSTUP_HOME=/opt/rustwide/rustup-home" "-w" "/opt/rustwide/workdir" "-m" "1610612736" "--user" "0:0" "--network" "none" "ghcr.io/rust-lang/crates-build-env/linux@sha256:f3a9d4ad9d972b27faf3965f35b62e55ba32bbce8f20bc8fe909558a86702fde" "/opt/rustwide/cargo-home/bin/cargo" "+1.83.0" "metadata" "--no-deps" "--format-version=1", kill_on_drop: false }`
[INFO] [stdout] 801c676baa5b7454d6e17602801dccab9ef6627167f5fb074b6f622c7329ffaa
[INFO] running `Command { std: "docker" "start" "-a" "801c676baa5b7454d6e17602801dccab9ef6627167f5fb074b6f622c7329ffaa", kill_on_drop: false }`
[INFO] running `Command { std: "docker" "inspect" "801c676baa5b7454d6e17602801dccab9ef6627167f5fb074b6f622c7329ffaa", kill_on_drop: false }`
[INFO] running `Command { std: "docker" "rm" "-f" "801c676baa5b7454d6e17602801dccab9ef6627167f5fb074b6f622c7329ffaa", kill_on_drop: false }`
[INFO] [stdout] 801c676baa5b7454d6e17602801dccab9ef6627167f5fb074b6f622c7329ffaa
[INFO] running `Command { std: "docker" "create" "-v" "/var/lib/crater-agent-workspace/builds/worker-7-tc1/target:/opt/rustwide/target:rw,Z" "-v" "/var/lib/crater-agent-workspace/builds/worker-7-tc1/source:/opt/rustwide/workdir:ro,Z" "-v" "/var/lib/crater-agent-workspace/cargo-home:/opt/rustwide/cargo-home:ro,Z" "-v" "/var/lib/crater-agent-workspace/rustup-home:/opt/rustwide/rustup-home:ro,Z" "-e" "SOURCE_DIR=/opt/rustwide/workdir" "-e" "CARGO_TARGET_DIR=/opt/rustwide/target" "-e" "CARGO_INCREMENTAL=0" "-e" "RUST_BACKTRACE=full" "-e" "RUSTFLAGS=--cap-lints=warn" "-e" "RUSTDOCFLAGS=--cap-lints=warn" "-e" "CARGO_HOME=/opt/rustwide/cargo-home" "-e" "RUSTUP_HOME=/opt/rustwide/rustup-home" "-w" "/opt/rustwide/workdir" "-m" "1610612736" "--user" "0:0" "--network" "none" "ghcr.io/rust-lang/crates-build-env/linux@sha256:f3a9d4ad9d972b27faf3965f35b62e55ba32bbce8f20bc8fe909558a86702fde" "/opt/rustwide/cargo-home/bin/cargo" "+1.83.0" "build" "--frozen" "--message-format=json", kill_on_drop: false }`
[INFO] [stdout] d1e0ecc3fd36a7498cbef7b3b5589940bc657a6e3031baabe21084b16d4106c9
[INFO] running `Command { std: "docker" "start" "-a" "d1e0ecc3fd36a7498cbef7b3b5589940bc657a6e3031baabe21084b16d4106c9", kill_on_drop: false }`
[INFO] [stderr]    Compiling proc-macro2 v1.0.78
[INFO] [stderr]    Compiling unicode-ident v1.0.12
[INFO] [stderr]    Compiling syn v1.0.109
[INFO] [stderr]    Compiling quote v1.0.35
[INFO] [stderr]    Compiling docfg v0.1.0
[INFO] [stderr]    Compiling ffi-closure v1.1.0 (/opt/rustwide/workdir)
[INFO] [stderr]     Finished `dev` profile [unoptimized + debuginfo] target(s) in 7.82s
[INFO] running `Command { std: "docker" "inspect" "d1e0ecc3fd36a7498cbef7b3b5589940bc657a6e3031baabe21084b16d4106c9", kill_on_drop: false }`
[INFO] running `Command { std: "docker" "rm" "-f" "d1e0ecc3fd36a7498cbef7b3b5589940bc657a6e3031baabe21084b16d4106c9", kill_on_drop: false }`
[INFO] [stdout] d1e0ecc3fd36a7498cbef7b3b5589940bc657a6e3031baabe21084b16d4106c9
[INFO] running `Command { std: "docker" "create" "-v" "/var/lib/crater-agent-workspace/builds/worker-7-tc1/target:/opt/rustwide/target:rw,Z" "-v" "/var/lib/crater-agent-workspace/builds/worker-7-tc1/source:/opt/rustwide/workdir:ro,Z" "-v" "/var/lib/crater-agent-workspace/cargo-home:/opt/rustwide/cargo-home:ro,Z" "-v" "/var/lib/crater-agent-workspace/rustup-home:/opt/rustwide/rustup-home:ro,Z" "-e" "SOURCE_DIR=/opt/rustwide/workdir" "-e" "CARGO_TARGET_DIR=/opt/rustwide/target" "-e" "CARGO_INCREMENTAL=0" "-e" "RUST_BACKTRACE=full" "-e" "RUSTFLAGS=--cap-lints=warn" "-e" "RUSTDOCFLAGS=--cap-lints=warn" "-e" "CARGO_HOME=/opt/rustwide/cargo-home" "-e" "RUSTUP_HOME=/opt/rustwide/rustup-home" "-w" "/opt/rustwide/workdir" "-m" "1610612736" "--user" "0:0" "--network" "none" "ghcr.io/rust-lang/crates-build-env/linux@sha256:f3a9d4ad9d972b27faf3965f35b62e55ba32bbce8f20bc8fe909558a86702fde" "/opt/rustwide/cargo-home/bin/cargo" "+1.83.0" "test" "--frozen" "--no-run" "--message-format=json", kill_on_drop: false }`
[INFO] [stdout] 119d053c0b8a52dce543b784e29982a4b355f4a4dd5cdefd427f762850587d61
[INFO] running `Command { std: "docker" "start" "-a" "119d053c0b8a52dce543b784e29982a4b355f4a4dd5cdefd427f762850587d61", kill_on_drop: false }`
[INFO] [stderr]    Compiling ffi-closure v1.1.0 (/opt/rustwide/workdir)
[INFO] [stderr]     Finished `test` profile [unoptimized + debuginfo] target(s) in 2.67s
[INFO] running `Command { std: "docker" "inspect" "119d053c0b8a52dce543b784e29982a4b355f4a4dd5cdefd427f762850587d61", kill_on_drop: false }`
[INFO] running `Command { std: "docker" "rm" "-f" "119d053c0b8a52dce543b784e29982a4b355f4a4dd5cdefd427f762850587d61", kill_on_drop: false }`
[INFO] [stdout] 119d053c0b8a52dce543b784e29982a4b355f4a4dd5cdefd427f762850587d61
[INFO] running `Command { std: "docker" "create" "-v" "/var/lib/crater-agent-workspace/builds/worker-7-tc1/target:/opt/rustwide/target:rw,Z" "-v" "/var/lib/crater-agent-workspace/builds/worker-7-tc1/source:/opt/rustwide/workdir:ro,Z" "-v" "/var/lib/crater-agent-workspace/cargo-home:/opt/rustwide/cargo-home:ro,Z" "-v" "/var/lib/crater-agent-workspace/rustup-home:/opt/rustwide/rustup-home:ro,Z" "-e" "SOURCE_DIR=/opt/rustwide/workdir" "-e" "CARGO_TARGET_DIR=/opt/rustwide/target" "-e" "CARGO_INCREMENTAL=0" "-e" "RUST_BACKTRACE=full" "-e" "RUSTFLAGS=--cap-lints=warn" "-e" "RUSTDOCFLAGS=--cap-lints=warn" "-e" "CARGO_HOME=/opt/rustwide/cargo-home" "-e" "RUSTUP_HOME=/opt/rustwide/rustup-home" "-w" "/opt/rustwide/workdir" "-m" "1610612736" "--user" "0:0" "--network" "none" "ghcr.io/rust-lang/crates-build-env/linux@sha256:f3a9d4ad9d972b27faf3965f35b62e55ba32bbce8f20bc8fe909558a86702fde" "/opt/rustwide/cargo-home/bin/cargo" "+1.83.0" "test" "--frozen", kill_on_drop: false }`
[INFO] [stdout] 5a2906fa3cb36ab561d0358a90fe0536ecf9aa6f7ac9ca43463bf400a0036cd1
[INFO] running `Command { std: "docker" "start" "-a" "5a2906fa3cb36ab561d0358a90fe0536ecf9aa6f7ac9ca43463bf400a0036cd1", kill_on_drop: false }`
[INFO] [stderr]     Finished `test` profile [unoptimized + debuginfo] target(s) in 0.03s
[INFO] [stderr]      Running unittests src/lib.rs (/opt/rustwide/target/debug/deps/ffi_closure-34fb1f06462692ae)
[INFO] [stdout] 
[INFO] [stdout] running 0 tests
[INFO] [stdout] 
[INFO] [stdout] test result: ok. 0 passed; 0 failed; 0 ignored; 0 measured; 0 filtered out; finished in 0.00s
[INFO] [stderr]      Running tests/main.rs (/opt/rustwide/target/debug/deps/main-03c5776b4039286d)
[INFO] [stdout] 
[INFO] [stdout] 
[INFO] [stdout] running 2 tests
[INFO] [stdout] test export ... ok
[INFO] [stdout] test import ... ok
[INFO] [stderr]    Doc-tests ffi_closure
[INFO] [stdout] 
[INFO] [stdout] test result: ok. 2 passed; 0 failed; 0 ignored; 0 measured; 0 filtered out; finished in 0.01s
[INFO] [stdout] 
[INFO] [stdout] 
[INFO] [stdout] running 10 tests
[INFO] [stdout] test src/../README.md - (line 74) ... FAILED
[INFO] [stdout] test src/../README.md - (line 93) ... FAILED
[INFO] [stdout] test src/lib.rs - compile_fail (line 173) - compile fail ... ok
[INFO] [stdout] test src/lib.rs - compile_fail (line 160) - compile fail ... ok
[INFO] [stdout] test src/lib.rs - Closure<T,Cc>::call (line 112) ... ok
[INFO] [stdout] test src/../README.md - (line 48) ... ok
[INFO] [stdout] test src/lib.rs - Closure<T,Cc>::as_extern_parts (line 97) ... ok
[INFO] [stdout] test src/lib.rs - Closure<T,Cc>::from_extern (line 45) ... ok
[INFO] [stdout] test src/../README.md - (line 21) ... ok
[INFO] [stdout] test src/lib.rs - Closure<T,Cc>::new (line 31) ... ok
[INFO] [stdout] 
[INFO] [stdout] failures:
[INFO] [stdout] 
[INFO] [stdout] ---- src/../README.md - (line 74) stdout ----
[INFO] [stdout] error[E0618]: expected function, found `Closure<dyn FnMut(i8)>`
[INFO] [stdout]   --> src/../README.md:86:9
[INFO] [stdout]    |
[INFO] [stdout] 13 |     let mut f = unsafe { Closure::<dyn FnMut(i8)>::from_extern(f, user_data, None) };
[INFO] [stdout]    |         ----- `f` has type `Closure<dyn FnMut(i8)>`
[INFO] [stdout] 14 |     for i in 0..10 {
[INFO] [stdout] 15 |         f(i);
[INFO] [stdout]    |         ^---
[INFO] [stdout]    |         |
[INFO] [stdout]    |         call expression requires function
[INFO] [stdout] 
[INFO] [stdout] error: aborting due to 1 previous error
[INFO] [stdout] 
[INFO] [stdout] For more information about this error, try `rustc --explain E0618`.
[INFO] [stdout] Couldn't compile the test.
[INFO] [stdout] ---- src/../README.md - (line 93) stdout ----
[INFO] [stdout] error[E0618]: expected function, found `Closure<dyn FnMut(i8) + Send>`
[INFO] [stdout]   --> src/../README.md:108:13
[INFO] [stdout]    |
[INFO] [stdout] 14 |     let mut f = unsafe { Closure::<dyn Send + FnMut(i8)>::from_extern(f, user_data, None) };
[INFO] [stdout]    |         ----- `f` has type `Closure<dyn FnMut(i8) + Send>`
[INFO] [stdout] ...
[INFO] [stdout] 18 |             f(i);
[INFO] [stdout]    |             ^---
[INFO] [stdout]    |             |
[INFO] [stdout]    |             call expression requires function
[INFO] [stdout] 
[INFO] [stdout] error: aborting due to 1 previous error
[INFO] [stdout] 
[INFO] [stdout] For more information about this error, try `rustc --explain E0618`.
[INFO] [stdout] Couldn't compile the test.
[INFO] [stdout] 
[INFO] [stdout] failures:
[INFO] [stdout]     src/../README.md - (line 74)
[INFO] [stdout]     src/../README.md - (line 93)
[INFO] [stdout] 
[INFO] [stdout] test result: FAILED. 8 passed; 2 failed; 0 ignored; 0 measured; 0 filtered out; finished in 0.96s
[INFO] [stdout] 
[INFO] [stderr] error: doctest failed, to rerun pass `--doc`
[INFO] running `Command { std: "docker" "inspect" "5a2906fa3cb36ab561d0358a90fe0536ecf9aa6f7ac9ca43463bf400a0036cd1", kill_on_drop: false }`
[INFO] running `Command { std: "docker" "rm" "-f" "5a2906fa3cb36ab561d0358a90fe0536ecf9aa6f7ac9ca43463bf400a0036cd1", kill_on_drop: false }`
[INFO] [stdout] 5a2906fa3cb36ab561d0358a90fe0536ecf9aa6f7ac9ca43463bf400a0036cd1
