[INFO] cloning repository https://github.com/ARealHumanBean/yahtzee-rust
[INFO] running `Command { std: "git" "-c" "credential.helper=" "-c" "credential.helper=/workspace/cargo-home/bin/git-credential-null" "clone" "--bare" "https://github.com/ARealHumanBean/yahtzee-rust" "/workspace/cache/git-repos/https%3A%2F%2Fgithub.com%2FARealHumanBean%2Fyahtzee-rust", kill_on_drop: false }`
[INFO] [stderr] Cloning into bare repository '/workspace/cache/git-repos/https%3A%2F%2Fgithub.com%2FARealHumanBean%2Fyahtzee-rust'...
[INFO] running `Command { std: "git" "rev-parse" "HEAD", kill_on_drop: false }`
[INFO] [stdout] 1ac2e214a7329f114eefea84e6369af62cf658d2
[INFO] testing ARealHumanBean/yahtzee-rust against 1.83.0 for beta-1.84.0-4-retry
[INFO] running `Command { std: "git" "clone" "/workspace/cache/git-repos/https%3A%2F%2Fgithub.com%2FARealHumanBean%2Fyahtzee-rust" "/workspace/builds/worker-0-tc1/source", kill_on_drop: false }`
[INFO] [stderr] Cloning into '/workspace/builds/worker-0-tc1/source'...
[INFO] [stderr] done.
[INFO] validating manifest of git repo https://github.com/ARealHumanBean/yahtzee-rust on toolchain 1.83.0
[INFO] running `Command { std: CARGO_HOME="/workspace/cargo-home" RUSTUP_HOME="/workspace/rustup-home" "/workspace/cargo-home/bin/cargo" "+1.83.0" "metadata" "--manifest-path" "Cargo.toml" "--no-deps", kill_on_drop: false }`
[INFO] started tweaking git repo https://github.com/ARealHumanBean/yahtzee-rust
[INFO] finished tweaking git repo https://github.com/ARealHumanBean/yahtzee-rust
[INFO] tweaked toml for git repo https://github.com/ARealHumanBean/yahtzee-rust written to /workspace/builds/worker-0-tc1/source/Cargo.toml
[INFO] crate git repo https://github.com/ARealHumanBean/yahtzee-rust already has a lockfile, it will not be regenerated
[INFO] running `Command { std: CARGO_HOME="/workspace/cargo-home" RUSTUP_HOME="/workspace/rustup-home" "/workspace/cargo-home/bin/cargo" "+1.83.0" "fetch" "--manifest-path" "Cargo.toml", kill_on_drop: false }`
[INFO] [stderr]     Updating crates.io index
[INFO] [stderr]  Downloading crates ...
[INFO] [stderr]   Downloaded getrandom v0.1.15
[INFO] [stderr]   Downloaded ppv-lite86 v0.2.9
[INFO] [stderr]   Downloaded derive_is_enum_variant v0.1.1
[INFO] [stderr]   Downloaded libc v0.2.79
[INFO] [stderr]   Downloaded synom v0.11.3
[INFO] [stderr]   Downloaded quote v0.3.15
[INFO] [stderr]   Downloaded unicode-xid v0.0.4
[INFO] [stderr]   Downloaded heck v0.3.1
[INFO] [stderr]   Downloaded syn v0.11.11
[INFO] [stderr]   Downloaded unicode-segmentation v1.6.0
[INFO] running `Command { std: "docker" "create" "-v" "/var/lib/crater-agent-workspace/builds/worker-0-tc1/target:/opt/rustwide/target:rw,Z" "-v" "/var/lib/crater-agent-workspace/builds/worker-0-tc1/source:/opt/rustwide/workdir:ro,Z" "-v" "/var/lib/crater-agent-workspace/cargo-home:/opt/rustwide/cargo-home:ro,Z" "-v" "/var/lib/crater-agent-workspace/rustup-home:/opt/rustwide/rustup-home:ro,Z" "-e" "SOURCE_DIR=/opt/rustwide/workdir" "-e" "CARGO_TARGET_DIR=/opt/rustwide/target" "-e" "CARGO_HOME=/opt/rustwide/cargo-home" "-e" "RUSTUP_HOME=/opt/rustwide/rustup-home" "-w" "/opt/rustwide/workdir" "-m" "1610612736" "--user" "0:0" "--network" "none" "ghcr.io/rust-lang/crates-build-env/linux@sha256:f3a9d4ad9d972b27faf3965f35b62e55ba32bbce8f20bc8fe909558a86702fde" "/opt/rustwide/cargo-home/bin/cargo" "+1.83.0" "metadata" "--no-deps" "--format-version=1", kill_on_drop: false }`
[INFO] [stdout] 60a33abef556edc6e34b6ddb55a4703984a52bfee37808947183d110c772f0d7
[INFO] running `Command { std: "docker" "start" "-a" "60a33abef556edc6e34b6ddb55a4703984a52bfee37808947183d110c772f0d7", kill_on_drop: false }`
[INFO] running `Command { std: "docker" "inspect" "60a33abef556edc6e34b6ddb55a4703984a52bfee37808947183d110c772f0d7", kill_on_drop: false }`
[INFO] running `Command { std: "docker" "rm" "-f" "60a33abef556edc6e34b6ddb55a4703984a52bfee37808947183d110c772f0d7", kill_on_drop: false }`
[INFO] [stdout] 60a33abef556edc6e34b6ddb55a4703984a52bfee37808947183d110c772f0d7
[INFO] running `Command { std: "docker" "create" "-v" "/var/lib/crater-agent-workspace/builds/worker-0-tc1/target:/opt/rustwide/target:rw,Z" "-v" "/var/lib/crater-agent-workspace/builds/worker-0-tc1/source:/opt/rustwide/workdir:ro,Z" "-v" "/var/lib/crater-agent-workspace/cargo-home:/opt/rustwide/cargo-home:ro,Z" "-v" "/var/lib/crater-agent-workspace/rustup-home:/opt/rustwide/rustup-home:ro,Z" "-e" "SOURCE_DIR=/opt/rustwide/workdir" "-e" "CARGO_TARGET_DIR=/opt/rustwide/target" "-e" "CARGO_INCREMENTAL=0" "-e" "RUST_BACKTRACE=full" "-e" "RUSTFLAGS=--cap-lints=warn" "-e" "RUSTDOCFLAGS=--cap-lints=warn" "-e" "CARGO_HOME=/opt/rustwide/cargo-home" "-e" "RUSTUP_HOME=/opt/rustwide/rustup-home" "-w" "/opt/rustwide/workdir" "-m" "1610612736" "--user" "0:0" "--network" "none" "ghcr.io/rust-lang/crates-build-env/linux@sha256:f3a9d4ad9d972b27faf3965f35b62e55ba32bbce8f20bc8fe909558a86702fde" "/opt/rustwide/cargo-home/bin/cargo" "+1.83.0" "build" "--frozen" "--message-format=json", kill_on_drop: false }`
[INFO] [stdout] 50c0ec71ab723a44b93d862733294ce4a1ee95112894d6d7ce411ee6fe13e296
[INFO] running `Command { std: "docker" "start" "-a" "50c0ec71ab723a44b93d862733294ce4a1ee95112894d6d7ce411ee6fe13e296", kill_on_drop: false }`
[INFO] [stderr]    Compiling libc v0.2.79
[INFO] [stderr]    Compiling getrandom v0.1.15
[INFO] [stderr]    Compiling cfg-if v0.1.10
[INFO] [stderr]    Compiling unicode-xid v0.0.4
[INFO] [stderr]    Compiling ppv-lite86 v0.2.9
[INFO] [stderr]    Compiling unicode-segmentation v1.6.0
[INFO] [stderr]    Compiling quote v0.3.15
[INFO] [stderr]    Compiling synom v0.11.3
[INFO] [stderr]    Compiling syn v0.11.11
[INFO] [stderr]    Compiling heck v0.3.1
[INFO] [stderr]    Compiling rand_core v0.5.1
[INFO] [stderr]    Compiling rand_chacha v0.2.2
[INFO] [stderr]    Compiling rand v0.7.3
[INFO] [stderr]    Compiling derive_is_enum_variant v0.1.1
[INFO] [stderr]    Compiling yahtzee v0.1.0 (/opt/rustwide/workdir)
[INFO] [stderr]     Finished `dev` profile [unoptimized + debuginfo] target(s) in 4.67s
[INFO] running `Command { std: "docker" "inspect" "50c0ec71ab723a44b93d862733294ce4a1ee95112894d6d7ce411ee6fe13e296", kill_on_drop: false }`
[INFO] running `Command { std: "docker" "rm" "-f" "50c0ec71ab723a44b93d862733294ce4a1ee95112894d6d7ce411ee6fe13e296", kill_on_drop: false }`
[INFO] [stdout] 50c0ec71ab723a44b93d862733294ce4a1ee95112894d6d7ce411ee6fe13e296
[INFO] running `Command { std: "docker" "create" "-v" "/var/lib/crater-agent-workspace/builds/worker-0-tc1/target:/opt/rustwide/target:rw,Z" "-v" "/var/lib/crater-agent-workspace/builds/worker-0-tc1/source:/opt/rustwide/workdir:ro,Z" "-v" "/var/lib/crater-agent-workspace/cargo-home:/opt/rustwide/cargo-home:ro,Z" "-v" "/var/lib/crater-agent-workspace/rustup-home:/opt/rustwide/rustup-home:ro,Z" "-e" "SOURCE_DIR=/opt/rustwide/workdir" "-e" "CARGO_TARGET_DIR=/opt/rustwide/target" "-e" "CARGO_INCREMENTAL=0" "-e" "RUST_BACKTRACE=full" "-e" "RUSTFLAGS=--cap-lints=warn" "-e" "RUSTDOCFLAGS=--cap-lints=warn" "-e" "CARGO_HOME=/opt/rustwide/cargo-home" "-e" "RUSTUP_HOME=/opt/rustwide/rustup-home" "-w" "/opt/rustwide/workdir" "-m" "1610612736" "--user" "0:0" "--network" "none" "ghcr.io/rust-lang/crates-build-env/linux@sha256:f3a9d4ad9d972b27faf3965f35b62e55ba32bbce8f20bc8fe909558a86702fde" "/opt/rustwide/cargo-home/bin/cargo" "+1.83.0" "test" "--frozen" "--no-run" "--message-format=json", kill_on_drop: false }`
[INFO] [stdout] cdc7a583ae3a15d58360f511112d315d34ff917cf93bb3fddb0d8cdd4212e4e4
[INFO] running `Command { std: "docker" "start" "-a" "cdc7a583ae3a15d58360f511112d315d34ff917cf93bb3fddb0d8cdd4212e4e4", kill_on_drop: false }`
[INFO] [stderr]    Compiling yahtzee v0.1.0 (/opt/rustwide/workdir)
[INFO] [stderr]     Finished `test` profile [unoptimized + debuginfo] target(s) in 0.62s
[INFO] running `Command { std: "docker" "inspect" "cdc7a583ae3a15d58360f511112d315d34ff917cf93bb3fddb0d8cdd4212e4e4", kill_on_drop: false }`
[INFO] running `Command { std: "docker" "rm" "-f" "cdc7a583ae3a15d58360f511112d315d34ff917cf93bb3fddb0d8cdd4212e4e4", kill_on_drop: false }`
[INFO] [stdout] cdc7a583ae3a15d58360f511112d315d34ff917cf93bb3fddb0d8cdd4212e4e4
[INFO] running `Command { std: "docker" "create" "-v" "/var/lib/crater-agent-workspace/builds/worker-0-tc1/target:/opt/rustwide/target:rw,Z" "-v" "/var/lib/crater-agent-workspace/builds/worker-0-tc1/source:/opt/rustwide/workdir:ro,Z" "-v" "/var/lib/crater-agent-workspace/cargo-home:/opt/rustwide/cargo-home:ro,Z" "-v" "/var/lib/crater-agent-workspace/rustup-home:/opt/rustwide/rustup-home:ro,Z" "-e" "SOURCE_DIR=/opt/rustwide/workdir" "-e" "CARGO_TARGET_DIR=/opt/rustwide/target" "-e" "CARGO_INCREMENTAL=0" "-e" "RUST_BACKTRACE=full" "-e" "RUSTFLAGS=--cap-lints=warn" "-e" "RUSTDOCFLAGS=--cap-lints=warn" "-e" "CARGO_HOME=/opt/rustwide/cargo-home" "-e" "RUSTUP_HOME=/opt/rustwide/rustup-home" "-w" "/opt/rustwide/workdir" "-m" "1610612736" "--user" "0:0" "--network" "none" "ghcr.io/rust-lang/crates-build-env/linux@sha256:f3a9d4ad9d972b27faf3965f35b62e55ba32bbce8f20bc8fe909558a86702fde" "/opt/rustwide/cargo-home/bin/cargo" "+1.83.0" "test" "--frozen", kill_on_drop: false }`
[INFO] [stdout] cefd2c88b560b6a9bed3c797bd00746031b519a06f6d6ad9d44e1d6ef963fe50
[INFO] running `Command { std: "docker" "start" "-a" "cefd2c88b560b6a9bed3c797bd00746031b519a06f6d6ad9d44e1d6ef963fe50", kill_on_drop: false }`
[INFO] [stderr]     Finished `test` profile [unoptimized + debuginfo] target(s) in 0.03s
[INFO] [stderr]      Running unittests src/lib.rs (/opt/rustwide/target/debug/deps/yahtzee-998c095c35ac5162)
[INFO] [stdout] 
[INFO] [stderr]      Running unittests bin/yahtzee.rs (/opt/rustwide/target/debug/deps/yahtzee-18a254d8dab67505)
[INFO] [stdout] running 0 tests
[INFO] [stdout] 
[INFO] [stdout] test result: ok. 0 passed; 0 failed; 0 ignored; 0 measured; 0 filtered out; finished in 0.00s
[INFO] [stdout] 
[INFO] [stdout] 
[INFO] [stdout] running 0 tests
[INFO] [stdout] 
[INFO] [stdout] test result: ok. 0 passed; 0 failed; 0 ignored; 0 measured; 0 filtered out; finished in 0.00s
[INFO] [stdout] 
[INFO] [stderr]    Doc-tests yahtzee
[INFO] [stdout] 
[INFO] [stdout] running 15 tests
[INFO] [stdout] test src/score.rs - score::Score::yahtzee (line 37) ... FAILED
[INFO] [stdout] test src/score.rs - score::Score::small_straight (line 210) ... FAILED
[INFO] [stdout] test src/player.rs - player::Player::roll_die (line 26) ... FAILED
[INFO] [stdout] test src/score.rs - score::Score::large_straight (line 180) ... FAILED
[INFO] [stdout] test src/score.rs - score::Score::upper_score (line 76) ... FAILED
[INFO] [stdout] test src/score.rs - score::Score (line 8) ... ok
[INFO] [stdout] test src/player.rs - player::Player::update_score (line 149) ... ok
[INFO] [stdout] test src/player.rs - player::Player::new (line 55) ... ok
[INFO] [stdout] test src/score.rs - score::Score::upper_score_bonus (line 144) ... ok
[INFO] [stdout] test src/score.rs - score::Score::fmt (line 380) ... FAILED
[INFO] [stdout] test src/score.rs - score::Score::four_of_a_kind (line 284) ... ok
[INFO] [stdout] test src/score.rs - score::Score::three_of_a_kind (line 249) ... ok
[INFO] [stdout] test src/player.rs - player::Player::possible_scores (line 73) ... ok
[INFO] [stdout] test src/score.rs - score::Score::full_house (line 319) ... ok
[INFO] [stdout] test src/player.rs - player::Player::possible_scores (line 84) ... ok
[INFO] [stdout] 
[INFO] [stdout] failures:
[INFO] [stdout] 
[INFO] [stdout] ---- src/score.rs - score::Score::yahtzee (line 37) stdout ----
[INFO] [stdout] error[E0599]: no variant or associated item named `find_yahtzee` found for enum `Score` in the current scope
[INFO] [stdout]    --> src/score.rs:44:37
[INFO] [stdout]     |
[INFO] [stdout] 10  | if let Some(first_yahtzee) = Score::find_yahtzee(&player) {
[INFO] [stdout]     |                                     ^^^^^^^^^^^^ variant or associated item not found in `Score`
[INFO] [stdout]     |
[INFO] [stdout] note: if you're trying to build a new `Score` consider using one of the following associated functions:
[INFO] [stdout]       Score::yahtzee
[INFO] [stdout]       Score::upper_score
[INFO] [stdout]       Score::upper_score_bonus
[INFO] [stdout]       Score::large_straight
[INFO] [stdout]       and 5 others
[INFO] [stdout]    --> /opt/rustwide/workdir/src/score.rs:49:5
[INFO] [stdout]     |
[INFO] [stdout] 49  |     pub fn yahtzee(player: &Player) -> Option<Score> {
[INFO] [stdout]     |     ^^^^^^^^^^^^^^^^^^^^^^^^^^^^^^^^^^^^^^^^^^^^^^^^
[INFO] [stdout] ...
[INFO] [stdout] 87  |     pub fn upper_score(player: &Player, die_face: u32) -> Option<Score> {
[INFO] [stdout]     |     ^^^^^^^^^^^^^^^^^^^^^^^^^^^^^^^^^^^^^^^^^^^^^^^^^^^^^^^^^^^^^^^^^^^
[INFO] [stdout] ...
[INFO] [stdout] 157 |     pub fn upper_score_bonus(player: &Player) -> Option<Score> {
[INFO] [stdout]     |     ^^^^^^^^^^^^^^^^^^^^^^^^^^^^^^^^^^^^^^^^^^^^^^^^^^^^^^^^^^
[INFO] [stdout] ...
[INFO] [stdout] 191 |     pub fn large_straight(player: &Player) -> Option<Score> {
[INFO] [stdout]     |     ^^^^^^^^^^^^^^^^^^^^^^^^^^^^^^^^^^^^^^^^^^^^^^^^^^^^^^^
[INFO] [stdout] help: there is an associated function `yahtzee` with a similar name
[INFO] [stdout]     |
[INFO] [stdout] 10  | if let Some(first_yahtzee) = Score::yahtzee(&player) {
[INFO] [stdout]     |                                     ~~~~~~~
[INFO] [stdout] 
[INFO] [stdout] error: aborting due to 1 previous error
[INFO] [stdout] 
[INFO] [stdout] For more information about this error, try `rustc --explain E0599`.
[INFO] [stdout] Couldn't compile the test.
[INFO] [stdout] ---- src/score.rs - score::Score::small_straight (line 210) stdout ----
[INFO] [stdout] error[E0599]: no variant or associated item named `find_small_straight` found for enum `Score` in the current scope
[INFO] [stdout]    --> src/score.rs:217:38
[INFO] [stdout]     |
[INFO] [stdout] 10  | if let Some(small_straight) = Score::find_small_straight(&player) {
[INFO] [stdout]     |                                      ^^^^^^^^^^^^^^^^^^^ variant or associated item not found in `Score`
[INFO] [stdout]     |
[INFO] [stdout] note: if you're trying to build a new `Score` consider using one of the following associated functions:
[INFO] [stdout]       Score::yahtzee
[INFO] [stdout]       Score::upper_score
[INFO] [stdout]       Score::upper_score_bonus
[INFO] [stdout]       Score::large_straight
[INFO] [stdout]       and 5 others
[INFO] [stdout]    --> /opt/rustwide/workdir/src/score.rs:49:5
[INFO] [stdout]     |
[INFO] [stdout] 49  |     pub fn yahtzee(player: &Player) -> Option<Score> {
[INFO] [stdout]     |     ^^^^^^^^^^^^^^^^^^^^^^^^^^^^^^^^^^^^^^^^^^^^^^^^
[INFO] [stdout] ...
[INFO] [stdout] 87  |     pub fn upper_score(player: &Player, die_face: u32) -> Option<Score> {
[INFO] [stdout]     |     ^^^^^^^^^^^^^^^^^^^^^^^^^^^^^^^^^^^^^^^^^^^^^^^^^^^^^^^^^^^^^^^^^^^
[INFO] [stdout] ...
[INFO] [stdout] 157 |     pub fn upper_score_bonus(player: &Player) -> Option<Score> {
[INFO] [stdout]     |     ^^^^^^^^^^^^^^^^^^^^^^^^^^^^^^^^^^^^^^^^^^^^^^^^^^^^^^^^^^
[INFO] [stdout] ...
[INFO] [stdout] 191 |     pub fn large_straight(player: &Player) -> Option<Score> {
[INFO] [stdout]     |     ^^^^^^^^^^^^^^^^^^^^^^^^^^^^^^^^^^^^^^^^^^^^^^^^^^^^^^^
[INFO] [stdout] help: there is an associated function `small_straight` with a similar name
[INFO] [stdout]     |
[INFO] [stdout] 10  | if let Some(small_straight) = Score::small_straight(&player) {
[INFO] [stdout]     |                                      ~~~~~~~~~~~~~~
[INFO] [stdout] 
[INFO] [stdout] error: aborting due to 1 previous error
[INFO] [stdout] 
[INFO] [stdout] For more information about this error, try `rustc --explain E0599`.
[INFO] [stdout] Couldn't compile the test.
[INFO] [stdout] ---- src/player.rs - player::Player::roll_die (line 26) stdout ----
[INFO] [stdout] error[E0624]: method `roll_die` is private
[INFO] [stdout]   --> src/player.rs:32:8
[INFO] [stdout]    |
[INFO] [stdout] 9  | player.roll_die(0);
[INFO] [stdout]    |        ^^^^^^^^ private method
[INFO] [stdout]    |
[INFO] [stdout]   ::: /opt/rustwide/workdir/src/player.rs:33:5
[INFO] [stdout]    |
[INFO] [stdout] 33 |     fn roll_die(&mut self, die: usize) {
[INFO] [stdout]    |     ---------------------------------- private method defined here
[INFO] [stdout] 
[INFO] [stdout] error: aborting due to 1 previous error
[INFO] [stdout] 
[INFO] [stdout] For more information about this error, try `rustc --explain E0624`.
[INFO] [stdout] Couldn't compile the test.
[INFO] [stdout] ---- src/score.rs - score::Score::large_straight (line 180) stdout ----
[INFO] [stdout] error[E0599]: no variant or associated item named `find_large_straight` found for enum `Score` in the current scope
[INFO] [stdout]    --> src/score.rs:187:38
[INFO] [stdout]     |
[INFO] [stdout] 10  | if let Some(large_straight) = Score::find_large_straight(&player) {
[INFO] [stdout]     |                                      ^^^^^^^^^^^^^^^^^^^ variant or associated item not found in `Score`
[INFO] [stdout]     |
[INFO] [stdout] note: if you're trying to build a new `Score` consider using one of the following associated functions:
[INFO] [stdout]       Score::yahtzee
[INFO] [stdout]       Score::upper_score
[INFO] [stdout]       Score::upper_score_bonus
[INFO] [stdout]       Score::large_straight
[INFO] [stdout]       and 5 others
[INFO] [stdout]    --> /opt/rustwide/workdir/src/score.rs:49:5
[INFO] [stdout]     |
[INFO] [stdout] 49  |     pub fn yahtzee(player: &Player) -> Option<Score> {
[INFO] [stdout]     |     ^^^^^^^^^^^^^^^^^^^^^^^^^^^^^^^^^^^^^^^^^^^^^^^^
[INFO] [stdout] ...
[INFO] [stdout] 87  |     pub fn upper_score(player: &Player, die_face: u32) -> Option<Score> {
[INFO] [stdout]     |     ^^^^^^^^^^^^^^^^^^^^^^^^^^^^^^^^^^^^^^^^^^^^^^^^^^^^^^^^^^^^^^^^^^^
[INFO] [stdout] ...
[INFO] [stdout] 157 |     pub fn upper_score_bonus(player: &Player) -> Option<Score> {
[INFO] [stdout]     |     ^^^^^^^^^^^^^^^^^^^^^^^^^^^^^^^^^^^^^^^^^^^^^^^^^^^^^^^^^^
[INFO] [stdout] ...
[INFO] [stdout] 191 |     pub fn large_straight(player: &Player) -> Option<Score> {
[INFO] [stdout]     |     ^^^^^^^^^^^^^^^^^^^^^^^^^^^^^^^^^^^^^^^^^^^^^^^^^^^^^^^
[INFO] [stdout] help: there is an associated function `large_straight` with a similar name
[INFO] [stdout]     |
[INFO] [stdout] 10  | if let Some(large_straight) = Score::large_straight(&player) {
[INFO] [stdout]     |                                      ~~~~~~~~~~~~~~
[INFO] [stdout] 
[INFO] [stdout] error: aborting due to 1 previous error
[INFO] [stdout] 
[INFO] [stdout] For more information about this error, try `rustc --explain E0599`.
[INFO] [stdout] Couldn't compile the test.
[INFO] [stdout] ---- src/score.rs - score::Score::upper_score (line 76) stdout ----
[INFO] [stdout] error[E0599]: no variant or associated item named `find_upper_score` found for enum `Score` in the current scope
[INFO] [stdout]    --> src/score.rs:83:28
[INFO] [stdout]     |
[INFO] [stdout] 10  | if let Some(aces) = Score::find_upper_score(&player, 1) {
[INFO] [stdout]     |                            ^^^^^^^^^^^^^^^^ variant or associated item not found in `Score`
[INFO] [stdout]     |
[INFO] [stdout] note: if you're trying to build a new `Score` consider using one of the following associated functions:
[INFO] [stdout]       Score::yahtzee
[INFO] [stdout]       Score::upper_score
[INFO] [stdout]       Score::upper_score_bonus
[INFO] [stdout]       Score::large_straight
[INFO] [stdout]       and 5 others
[INFO] [stdout]    --> /opt/rustwide/workdir/src/score.rs:49:5
[INFO] [stdout]     |
[INFO] [stdout] 49  |     pub fn yahtzee(player: &Player) -> Option<Score> {
[INFO] [stdout]     |     ^^^^^^^^^^^^^^^^^^^^^^^^^^^^^^^^^^^^^^^^^^^^^^^^
[INFO] [stdout] ...
[INFO] [stdout] 87  |     pub fn upper_score(player: &Player, die_face: u32) -> Option<Score> {
[INFO] [stdout]     |     ^^^^^^^^^^^^^^^^^^^^^^^^^^^^^^^^^^^^^^^^^^^^^^^^^^^^^^^^^^^^^^^^^^^
[INFO] [stdout] ...
[INFO] [stdout] 157 |     pub fn upper_score_bonus(player: &Player) -> Option<Score> {
[INFO] [stdout]     |     ^^^^^^^^^^^^^^^^^^^^^^^^^^^^^^^^^^^^^^^^^^^^^^^^^^^^^^^^^^
[INFO] [stdout] ...
[INFO] [stdout] 191 |     pub fn large_straight(player: &Player) -> Option<Score> {
[INFO] [stdout]     |     ^^^^^^^^^^^^^^^^^^^^^^^^^^^^^^^^^^^^^^^^^^^^^^^^^^^^^^^
[INFO] [stdout] help: there is an associated function `upper_score` with a similar name
[INFO] [stdout]     |
[INFO] [stdout] 10  | if let Some(aces) = Score::upper_score(&player, 1) {
[INFO] [stdout]     |                            ~~~~~~~~~~~
[INFO] [stdout] 
[INFO] [stdout] error: aborting due to 1 previous error
[INFO] [stdout] 
[INFO] [stdout] For more information about this error, try `rustc --explain E0599`.
[INFO] [stdout] Couldn't compile the test.
[INFO] [stdout] ---- src/score.rs - score::Score::fmt (line 380) stdout ----
[INFO] [stdout] Test executable failed (exit status: 101).
[INFO] [stdout] 
[INFO] [stdout] stderr:
[INFO] [stdout] thread 'main' panicked at src/score.rs:7:1:
[INFO] [stdout] assertion `left == right` failed
[INFO] [stdout]   left: "Twos: 4 points"
[INFO] [stdout]  right: "Twos: 4"
[INFO] [stdout] stack backtrace:
[INFO] [stdout]    0:     0x567cbb5bd6da - std::backtrace_rs::backtrace::libunwind::trace::h5a5b8284f2d0c266
[INFO] [stdout]                                at /rustc/90b35a6239c3d8bdabc530a6a0816f7ff89a0aaf/library/std/src/../../backtrace/src/backtrace/libunwind.rs:116:5
[INFO] [stdout]    1:     0x567cbb5bd6da - std::backtrace_rs::backtrace::trace_unsynchronized::h76d4f1c9b0b875e3
[INFO] [stdout]                                at /rustc/90b35a6239c3d8bdabc530a6a0816f7ff89a0aaf/library/std/src/../../backtrace/src/backtrace/mod.rs:66:5
[INFO] [stdout]    2:     0x567cbb5bd6da - std::sys::backtrace::_print_fmt::hc4546b8364a537c6
[INFO] [stdout]                                at /rustc/90b35a6239c3d8bdabc530a6a0816f7ff89a0aaf/library/std/src/sys/backtrace.rs:66:9
[INFO] [stdout]    3:     0x567cbb5bd6da - <std::sys::backtrace::BacktraceLock::print::DisplayBacktrace as core::fmt::Display>::fmt::h5b6bd5631a6d1f6b
[INFO] [stdout]                                at /rustc/90b35a6239c3d8bdabc530a6a0816f7ff89a0aaf/library/std/src/sys/backtrace.rs:39:26
[INFO] [stdout]    4:     0x567cbb5d8cf3 - core::fmt::rt::Argument::fmt::h270f6602a2b96f62
[INFO] [stdout]                                at /rustc/90b35a6239c3d8bdabc530a6a0816f7ff89a0aaf/library/core/src/fmt/rt.rs:177:76
[INFO] [stdout]    5:     0x567cbb5d8cf3 - core::fmt::write::h7550c97b06c86515
[INFO] [stdout]                                at /rustc/90b35a6239c3d8bdabc530a6a0816f7ff89a0aaf/library/core/src/fmt/mod.rs:1186:21
[INFO] [stdout]    6:     0x567cbb5bb483 - std::io::Write::write_fmt::h7b09c64fe0be9c84
[INFO] [stdout]                                at /rustc/90b35a6239c3d8bdabc530a6a0816f7ff89a0aaf/library/std/src/io/mod.rs:1839:15
[INFO] [stdout]    7:     0x567cbb5bd522 - std::sys::backtrace::BacktraceLock::print::h2395ccd2c84ba3aa
[INFO] [stdout]                                at /rustc/90b35a6239c3d8bdabc530a6a0816f7ff89a0aaf/library/std/src/sys/backtrace.rs:42:9
[INFO] [stdout]    8:     0x567cbb5be4cc - std::panicking::default_hook::{{closure}}::he19d4c7230e07961
[INFO] [stdout]                                at /rustc/90b35a6239c3d8bdabc530a6a0816f7ff89a0aaf/library/std/src/panicking.rs:268:22
[INFO] [stdout]    9:     0x567cbb5be312 - std::panicking::default_hook::hf614597d3c67bbdb
[INFO] [stdout]                                at /rustc/90b35a6239c3d8bdabc530a6a0816f7ff89a0aaf/library/std/src/panicking.rs:295:9
[INFO] [stdout]   10:     0x567cbb5beaa7 - std::panicking::rust_panic_with_hook::h8942133a8b252070
[INFO] [stdout]                                at /rustc/90b35a6239c3d8bdabc530a6a0816f7ff89a0aaf/library/std/src/panicking.rs:801:13
[INFO] [stdout]   11:     0x567cbb5be93a - std::panicking::begin_panic_handler::{{closure}}::hb5f5963570096b29
[INFO] [stdout]                                at /rustc/90b35a6239c3d8bdabc530a6a0816f7ff89a0aaf/library/std/src/panicking.rs:674:13
[INFO] [stdout]   12:     0x567cbb5bdbb9 - std::sys::backtrace::__rust_end_short_backtrace::h6208cedc1922feda
[INFO] [stdout]                                at /rustc/90b35a6239c3d8bdabc530a6a0816f7ff89a0aaf/library/std/src/sys/backtrace.rs:170:18
[INFO] [stdout]   13:     0x567cbb5be5cc - rust_begin_unwind
[INFO] [stdout]                                at /rustc/90b35a6239c3d8bdabc530a6a0816f7ff89a0aaf/library/std/src/panicking.rs:665:5
[INFO] [stdout]   14:     0x567cbb59d030 - core::panicking::panic_fmt::h0c3082644d1bf418
[INFO] [stdout]                                at /rustc/90b35a6239c3d8bdabc530a6a0816f7ff89a0aaf/library/core/src/panicking.rs:74:14
[INFO] [stdout]   15:     0x567cbb59d322 - core::panicking::assert_failed_inner::h2ddf1fcc067fa858
[INFO] [stdout]   16:     0x567cbb59da6f - core::panicking::assert_failed::h30f0ddcf9054d805
[INFO] [stdout]   17:     0x567cbb59dd2b - rust_out::main::_doctest_main_src_score_rs_380_0::h08861794c7da5d08
[INFO] [stdout]   18:     0x567cbb59dc06 - rust_out::main::h86d391cc11b8a827
[INFO] [stdout]   19:     0x567cbb59d853 - core::ops::function::FnOnce::call_once::hd1e0b33d350e8c2e
[INFO] [stdout]   20:     0x567cbb59d816 - std::sys::backtrace::__rust_begin_short_backtrace::hb7c4fd168269da08
[INFO] [stdout]   21:     0x567cbb59d7f9 - std::rt::lang_start::{{closure}}::h7630186e3858a44d
[INFO] [stdout]   22:     0x567cbb5b9bfe - core::ops::function::impls::<impl core::ops::function::FnOnce<A> for &F>::call_once::hfdb85f4ee94732d3
[INFO] [stdout]                                at /rustc/90b35a6239c3d8bdabc530a6a0816f7ff89a0aaf/library/core/src/ops/function.rs:284:13
[INFO] [stdout]   23:     0x567cbb5b9bfe - std::panicking::try::do_call::h6e577310f330cbef
[INFO] [stdout]                                at /rustc/90b35a6239c3d8bdabc530a6a0816f7ff89a0aaf/library/std/src/panicking.rs:557:40
[INFO] [stdout]   24:     0x567cbb5b9bfe - std::panicking::try::ha588d438267d2645
[INFO] [stdout]                                at /rustc/90b35a6239c3d8bdabc530a6a0816f7ff89a0aaf/library/std/src/panicking.rs:520:19
[INFO] [stdout]   25:     0x567cbb5b9bfe - std::panic::catch_unwind::h429fda1e025f26d9
[INFO] [stdout]                                at /rustc/90b35a6239c3d8bdabc530a6a0816f7ff89a0aaf/library/std/src/panic.rs:358:14
[INFO] [stdout]   26:     0x567cbb5b9bfe - std::rt::lang_start_internal::{{closure}}::h7b731265e841c4bf
[INFO] [stdout]                                at /rustc/90b35a6239c3d8bdabc530a6a0816f7ff89a0aaf/library/std/src/rt.rs:174:48
[INFO] [stdout]   27:     0x567cbb5b9bfe - std::panicking::try::do_call::hc0f6a675b7ae5a36
[INFO] [stdout]                                at /rustc/90b35a6239c3d8bdabc530a6a0816f7ff89a0aaf/library/std/src/panicking.rs:557:40
[INFO] [stdout]   28:     0x567cbb5b9bfe - std::panicking::try::h4c93b7ff0671f1ff
[INFO] [stdout]                                at /rustc/90b35a6239c3d8bdabc530a6a0816f7ff89a0aaf/library/std/src/panicking.rs:520:19
[INFO] [stdout]   29:     0x567cbb5b9bfe - std::panic::catch_unwind::hcc1e154961d16ce6
[INFO] [stdout]                                at /rustc/90b35a6239c3d8bdabc530a6a0816f7ff89a0aaf/library/std/src/panic.rs:358:14
[INFO] [stdout]   30:     0x567cbb5b9bfe - std::rt::lang_start_internal::h1c66660c99c8424c
[INFO] [stdout]                                at /rustc/90b35a6239c3d8bdabc530a6a0816f7ff89a0aaf/library/std/src/rt.rs:174:20
[INFO] [stdout]   31:     0x567cbb59d7d7 - std::rt::lang_start::hcdb31f4834f76b8c
[INFO] [stdout]   32:     0x567cbb59dd75 - main
[INFO] [stdout]   33:     0x7c53dbefdd90 - <unknown>
[INFO] [stdout]   34:     0x7c53dbefde40 - __libc_start_main
[INFO] [stdout]   35:     0x567cbb59d6e5 - _start
[INFO] [stdout]   36:                0x0 - <unknown>
[INFO] [stdout] 
[INFO] [stdout] 
[INFO] [stdout] 
[INFO] [stdout] failures:
[INFO] [stdout]     src/player.rs - player::Player::roll_die (line 26)
[INFO] [stdout]     src/score.rs - score::Score::fmt (line 380)
[INFO] [stdout]     src/score.rs - score::Score::large_straight (line 180)
[INFO] [stdout]     src/score.rs - score::Score::small_straight (line 210)
[INFO] [stdout]     src/score.rs - score::Score::upper_score (line 76)
[INFO] [stdout]     src/score.rs - score::Score::yahtzee (line 37)
[INFO] [stdout] 
[INFO] [stdout] test result: FAILED. 9 passed; 6 failed; 0 ignored; 0 measured; 0 filtered out; finished in 1.88s
[INFO] [stdout] 
[INFO] [stderr] error: doctest failed, to rerun pass `--doc`
[INFO] running `Command { std: "docker" "inspect" "cefd2c88b560b6a9bed3c797bd00746031b519a06f6d6ad9d44e1d6ef963fe50", kill_on_drop: false }`
[INFO] running `Command { std: "docker" "rm" "-f" "cefd2c88b560b6a9bed3c797bd00746031b519a06f6d6ad9d44e1d6ef963fe50", kill_on_drop: false }`
[INFO] [stdout] cefd2c88b560b6a9bed3c797bd00746031b519a06f6d6ad9d44e1d6ef963fe50
