[INFO] cloning repository https://github.com/AJacks2020/Rational_Factors_Of_Polynomials
[INFO] running `Command { std: "git" "-c" "credential.helper=" "-c" "credential.helper=/workspace/cargo-home/bin/git-credential-null" "clone" "--bare" "https://github.com/AJacks2020/Rational_Factors_Of_Polynomials" "/workspace/cache/git-repos/https%3A%2F%2Fgithub.com%2FAJacks2020%2FRational_Factors_Of_Polynomials", kill_on_drop: false }`
[INFO] [stderr] Cloning into bare repository '/workspace/cache/git-repos/https%3A%2F%2Fgithub.com%2FAJacks2020%2FRational_Factors_Of_Polynomials'...
[INFO] running `Command { std: "git" "rev-parse" "HEAD", kill_on_drop: false }`
[INFO] [stdout] 68dfb858b493dd8ced48ca4b3fc42aa6ef4b490a
[INFO] testing AJacks2020/Rational_Factors_Of_Polynomials against beta-2024-12-08 for beta-1.84.0-4-retry
[INFO] running `Command { std: "git" "clone" "/workspace/cache/git-repos/https%3A%2F%2Fgithub.com%2FAJacks2020%2FRational_Factors_Of_Polynomials" "/workspace/builds/worker-7-tc2/source", kill_on_drop: false }`
[INFO] [stderr] Cloning into '/workspace/builds/worker-7-tc2/source'...
[INFO] [stderr] done.
[INFO] validating manifest of git repo https://github.com/AJacks2020/Rational_Factors_Of_Polynomials on toolchain beta-2024-12-08
[INFO] running `Command { std: CARGO_HOME="/workspace/cargo-home" RUSTUP_HOME="/workspace/rustup-home" "/workspace/cargo-home/bin/cargo" "+beta-2024-12-08" "metadata" "--manifest-path" "Cargo.toml" "--no-deps", kill_on_drop: false }`
[INFO] started tweaking git repo https://github.com/AJacks2020/Rational_Factors_Of_Polynomials
[INFO] finished tweaking git repo https://github.com/AJacks2020/Rational_Factors_Of_Polynomials
[INFO] tweaked toml for git repo https://github.com/AJacks2020/Rational_Factors_Of_Polynomials written to /workspace/builds/worker-7-tc2/source/Cargo.toml
[INFO] crate git repo https://github.com/AJacks2020/Rational_Factors_Of_Polynomials already has a lockfile, it will not be regenerated
[INFO] running `Command { std: CARGO_HOME="/workspace/cargo-home" RUSTUP_HOME="/workspace/rustup-home" "/workspace/cargo-home/bin/cargo" "+beta-2024-12-08" "fetch" "--manifest-path" "Cargo.toml", kill_on_drop: false }`
[INFO] running `Command { std: "docker" "create" "-v" "/var/lib/crater-agent-workspace/builds/worker-7-tc2/target:/opt/rustwide/target:rw,Z" "-v" "/var/lib/crater-agent-workspace/builds/worker-7-tc2/source:/opt/rustwide/workdir:ro,Z" "-v" "/var/lib/crater-agent-workspace/cargo-home:/opt/rustwide/cargo-home:ro,Z" "-v" "/var/lib/crater-agent-workspace/rustup-home:/opt/rustwide/rustup-home:ro,Z" "-e" "SOURCE_DIR=/opt/rustwide/workdir" "-e" "CARGO_TARGET_DIR=/opt/rustwide/target" "-e" "CARGO_HOME=/opt/rustwide/cargo-home" "-e" "RUSTUP_HOME=/opt/rustwide/rustup-home" "-w" "/opt/rustwide/workdir" "-m" "1610612736" "--user" "0:0" "--network" "none" "ghcr.io/rust-lang/crates-build-env/linux@sha256:f3a9d4ad9d972b27faf3965f35b62e55ba32bbce8f20bc8fe909558a86702fde" "/opt/rustwide/cargo-home/bin/cargo" "+beta-2024-12-08" "metadata" "--no-deps" "--format-version=1", kill_on_drop: false }`
[INFO] [stdout] 4b369e2c9046536e1cd81a71a0fa08cbe120b7fe5c3d94074f6b518119fca213
[INFO] running `Command { std: "docker" "start" "-a" "4b369e2c9046536e1cd81a71a0fa08cbe120b7fe5c3d94074f6b518119fca213", kill_on_drop: false }`
[INFO] running `Command { std: "docker" "inspect" "4b369e2c9046536e1cd81a71a0fa08cbe120b7fe5c3d94074f6b518119fca213", kill_on_drop: false }`
[INFO] running `Command { std: "docker" "rm" "-f" "4b369e2c9046536e1cd81a71a0fa08cbe120b7fe5c3d94074f6b518119fca213", kill_on_drop: false }`
[INFO] [stdout] 4b369e2c9046536e1cd81a71a0fa08cbe120b7fe5c3d94074f6b518119fca213
[INFO] running `Command { std: "docker" "create" "-v" "/var/lib/crater-agent-workspace/builds/worker-7-tc2/target:/opt/rustwide/target:rw,Z" "-v" "/var/lib/crater-agent-workspace/builds/worker-7-tc2/source:/opt/rustwide/workdir:ro,Z" "-v" "/var/lib/crater-agent-workspace/cargo-home:/opt/rustwide/cargo-home:ro,Z" "-v" "/var/lib/crater-agent-workspace/rustup-home:/opt/rustwide/rustup-home:ro,Z" "-e" "SOURCE_DIR=/opt/rustwide/workdir" "-e" "CARGO_TARGET_DIR=/opt/rustwide/target" "-e" "CARGO_INCREMENTAL=0" "-e" "RUST_BACKTRACE=full" "-e" "RUSTFLAGS=--cap-lints=warn" "-e" "RUSTDOCFLAGS=--cap-lints=warn" "-e" "CARGO_HOME=/opt/rustwide/cargo-home" "-e" "RUSTUP_HOME=/opt/rustwide/rustup-home" "-w" "/opt/rustwide/workdir" "-m" "1610612736" "--user" "0:0" "--network" "none" "ghcr.io/rust-lang/crates-build-env/linux@sha256:f3a9d4ad9d972b27faf3965f35b62e55ba32bbce8f20bc8fe909558a86702fde" "/opt/rustwide/cargo-home/bin/cargo" "+beta-2024-12-08" "build" "--frozen" "--message-format=json", kill_on_drop: false }`
[INFO] [stdout] 42a6111fdc0fd862afb2b4d8672c9dfaf1e5e8e44ebe579f9577e843abe806cb
[INFO] running `Command { std: "docker" "start" "-a" "42a6111fdc0fd862afb2b4d8672c9dfaf1e5e8e44ebe579f9577e843abe806cb", kill_on_drop: false }`
[INFO] [stderr]    Compiling reikna v0.10.0
[INFO] [stderr]    Compiling solve_poly v0.1.0 (/opt/rustwide/workdir)
[INFO] [stdout] warning: unused `#[macro_use]` import
[INFO] [stdout]  --> src/main.rs:2:1
[INFO] [stdout]   |
[INFO] [stdout] 2 | #[macro_use] extern crate reikna;
[INFO] [stdout]   | ^^^^^^^^^^^^
[INFO] [stdout]   |
[INFO] [stdout]   = note: `#[warn(unused_imports)]` on by default
[INFO] [stdout] 
[INFO] [stdout] 
[INFO] [stdout] warning: unused import: `crate::factoring_and_primes::our_factor`
[INFO] [stdout]   --> src/main.rs:10:5
[INFO] [stdout]    |
[INFO] [stdout] 10 | use crate::factoring_and_primes::our_factor;
[INFO] [stdout]    |     ^^^^^^^^^^^^^^^^^^^^^^^^^^^^^^^^^^^^^^^
[INFO] [stdout] 
[INFO] [stdout] 
[INFO] [stdout] warning: variable does not need to be mutable
[INFO] [stdout]   --> src/polynomial_object.rs:91:17
[INFO] [stdout]    |
[INFO] [stdout] 91 |             let mut curr_test_sol:f64 = poss_solution[0] as f64 / poss_solution[1] as f64;
[INFO] [stdout]    |                 ----^^^^^^^^^^^^^
[INFO] [stdout]    |                 |
[INFO] [stdout]    |                 help: remove this `mut`
[INFO] [stdout]    |
[INFO] [stdout]    = note: `#[warn(unused_mut)]` on by default
[INFO] [stdout] 
[INFO] [stdout] 
[INFO] [stdout] warning: variable does not need to be mutable
[INFO] [stdout]  --> src/factoring_and_primes.rs:6:9
[INFO] [stdout]   |
[INFO] [stdout] 6 |     let mut result_wrong_form = quick_factorize(*num_to_fac as u64);
[INFO] [stdout]   |         ----^^^^^^^^^^^^^^^^^
[INFO] [stdout]   |         |
[INFO] [stdout]   |         help: remove this `mut`
[INFO] [stdout] 
[INFO] [stdout] 
[INFO] [stdout] warning: unused variable: `test_poly`
[INFO] [stdout]   --> src/main.rs:19:9
[INFO] [stdout]    |
[INFO] [stdout] 19 |     let test_poly: PolyEquat = PolyEquat::new(test_value);
[INFO] [stdout]    |         ^^^^^^^^^ help: if this is intentional, prefix it with an underscore: `_test_poly`
[INFO] [stdout]    |
[INFO] [stdout]    = note: `#[warn(unused_variables)]` on by default
[INFO] [stdout] 
[INFO] [stdout] 
[INFO] [stdout] warning: unused variable: `test_value`
[INFO] [stdout]   --> src/main.rs:20:9
[INFO] [stdout]    |
[INFO] [stdout] 20 |     let test_value: f64 = 5.0;
[INFO] [stdout]    |         ^^^^^^^^^^ help: if this is intentional, prefix it with an underscore: `_test_value`
[INFO] [stdout] 
[INFO] [stdout] 
[INFO] [stderr]     Finished `dev` profile [unoptimized + debuginfo] target(s) in 0.74s
[INFO] running `Command { std: "docker" "inspect" "42a6111fdc0fd862afb2b4d8672c9dfaf1e5e8e44ebe579f9577e843abe806cb", kill_on_drop: false }`
[INFO] running `Command { std: "docker" "rm" "-f" "42a6111fdc0fd862afb2b4d8672c9dfaf1e5e8e44ebe579f9577e843abe806cb", kill_on_drop: false }`
[INFO] [stdout] 42a6111fdc0fd862afb2b4d8672c9dfaf1e5e8e44ebe579f9577e843abe806cb
[INFO] running `Command { std: "docker" "create" "-v" "/var/lib/crater-agent-workspace/builds/worker-7-tc2/target:/opt/rustwide/target:rw,Z" "-v" "/var/lib/crater-agent-workspace/builds/worker-7-tc2/source:/opt/rustwide/workdir:ro,Z" "-v" "/var/lib/crater-agent-workspace/cargo-home:/opt/rustwide/cargo-home:ro,Z" "-v" "/var/lib/crater-agent-workspace/rustup-home:/opt/rustwide/rustup-home:ro,Z" "-e" "SOURCE_DIR=/opt/rustwide/workdir" "-e" "CARGO_TARGET_DIR=/opt/rustwide/target" "-e" "CARGO_INCREMENTAL=0" "-e" "RUST_BACKTRACE=full" "-e" "RUSTFLAGS=--cap-lints=warn" "-e" "RUSTDOCFLAGS=--cap-lints=warn" "-e" "CARGO_HOME=/opt/rustwide/cargo-home" "-e" "RUSTUP_HOME=/opt/rustwide/rustup-home" "-w" "/opt/rustwide/workdir" "-m" "1610612736" "--user" "0:0" "--network" "none" "ghcr.io/rust-lang/crates-build-env/linux@sha256:f3a9d4ad9d972b27faf3965f35b62e55ba32bbce8f20bc8fe909558a86702fde" "/opt/rustwide/cargo-home/bin/cargo" "+beta-2024-12-08" "test" "--frozen" "--no-run" "--message-format=json", kill_on_drop: false }`
[INFO] [stdout] a5fdf8a83856c79145590bbd4aa22808fde2b10f88af9367ad168789a45ec2fd
[INFO] running `Command { std: "docker" "start" "-a" "a5fdf8a83856c79145590bbd4aa22808fde2b10f88af9367ad168789a45ec2fd", kill_on_drop: false }`
[INFO] [stderr]    Compiling solve_poly v0.1.0 (/opt/rustwide/workdir)
[INFO] [stdout] warning: unused `#[macro_use]` import
[INFO] [stdout]  --> src/main.rs:2:1
[INFO] [stdout]   |
[INFO] [stdout] 2 | #[macro_use] extern crate reikna;
[INFO] [stdout]   | ^^^^^^^^^^^^
[INFO] [stdout]   |
[INFO] [stdout]   = note: `#[warn(unused_imports)]` on by default
[INFO] [stdout] 
[INFO] [stdout] 
[INFO] [stdout] warning: unused import: `crate::factoring_and_primes::our_factor`
[INFO] [stdout]   --> src/main.rs:10:5
[INFO] [stdout]    |
[INFO] [stdout] 10 | use crate::factoring_and_primes::our_factor;
[INFO] [stdout]    |     ^^^^^^^^^^^^^^^^^^^^^^^^^^^^^^^^^^^^^^^
[INFO] [stdout] 
[INFO] [stdout] 
[INFO] [stdout] warning: variable does not need to be mutable
[INFO] [stdout]   --> src/polynomial_object.rs:91:17
[INFO] [stdout]    |
[INFO] [stdout] 91 |             let mut curr_test_sol:f64 = poss_solution[0] as f64 / poss_solution[1] as f64;
[INFO] [stdout]    |                 ----^^^^^^^^^^^^^
[INFO] [stdout]    |                 |
[INFO] [stdout]    |                 help: remove this `mut`
[INFO] [stdout]    |
[INFO] [stdout]    = note: `#[warn(unused_mut)]` on by default
[INFO] [stdout] 
[INFO] [stdout] 
[INFO] [stdout] warning: variable does not need to be mutable
[INFO] [stdout]  --> src/factoring_and_primes.rs:6:9
[INFO] [stdout]   |
[INFO] [stdout] 6 |     let mut result_wrong_form = quick_factorize(*num_to_fac as u64);
[INFO] [stdout]   |         ----^^^^^^^^^^^^^^^^^
[INFO] [stdout]   |         |
[INFO] [stdout]   |         help: remove this `mut`
[INFO] [stdout] 
[INFO] [stdout] 
[INFO] [stdout] warning: unused variable: `test_poly`
[INFO] [stdout]   --> src/main.rs:19:9
[INFO] [stdout]    |
[INFO] [stdout] 19 |     let test_poly: PolyEquat = PolyEquat::new(test_value);
[INFO] [stdout]    |         ^^^^^^^^^ help: if this is intentional, prefix it with an underscore: `_test_poly`
[INFO] [stdout]    |
[INFO] [stdout]    = note: `#[warn(unused_variables)]` on by default
[INFO] [stdout] 
[INFO] [stdout] 
[INFO] [stdout] warning: unused variable: `test_value`
[INFO] [stdout]   --> src/main.rs:20:9
[INFO] [stdout]    |
[INFO] [stdout] 20 |     let test_value: f64 = 5.0;
[INFO] [stdout]    |         ^^^^^^^^^^ help: if this is intentional, prefix it with an underscore: `_test_value`
[INFO] [stdout] 
[INFO] [stdout] 
[INFO] [stderr]     Finished `test` profile [unoptimized + debuginfo] target(s) in 0.58s
[INFO] running `Command { std: "docker" "inspect" "a5fdf8a83856c79145590bbd4aa22808fde2b10f88af9367ad168789a45ec2fd", kill_on_drop: false }`
[INFO] running `Command { std: "docker" "rm" "-f" "a5fdf8a83856c79145590bbd4aa22808fde2b10f88af9367ad168789a45ec2fd", kill_on_drop: false }`
[INFO] [stdout] a5fdf8a83856c79145590bbd4aa22808fde2b10f88af9367ad168789a45ec2fd
[INFO] running `Command { std: "docker" "create" "-v" "/var/lib/crater-agent-workspace/builds/worker-7-tc2/target:/opt/rustwide/target:rw,Z" "-v" "/var/lib/crater-agent-workspace/builds/worker-7-tc2/source:/opt/rustwide/workdir:ro,Z" "-v" "/var/lib/crater-agent-workspace/cargo-home:/opt/rustwide/cargo-home:ro,Z" "-v" "/var/lib/crater-agent-workspace/rustup-home:/opt/rustwide/rustup-home:ro,Z" "-e" "SOURCE_DIR=/opt/rustwide/workdir" "-e" "CARGO_TARGET_DIR=/opt/rustwide/target" "-e" "CARGO_INCREMENTAL=0" "-e" "RUST_BACKTRACE=full" "-e" "RUSTFLAGS=--cap-lints=warn" "-e" "RUSTDOCFLAGS=--cap-lints=warn" "-e" "CARGO_HOME=/opt/rustwide/cargo-home" "-e" "RUSTUP_HOME=/opt/rustwide/rustup-home" "-w" "/opt/rustwide/workdir" "-m" "1610612736" "--user" "0:0" "--network" "none" "ghcr.io/rust-lang/crates-build-env/linux@sha256:f3a9d4ad9d972b27faf3965f35b62e55ba32bbce8f20bc8fe909558a86702fde" "/opt/rustwide/cargo-home/bin/cargo" "+beta-2024-12-08" "test" "--frozen", kill_on_drop: false }`
[INFO] [stdout] 0ea1da02dbfdd6133d64c5c36f1dcc91dabe63466f00541bc43bda84ed743af6
[INFO] running `Command { std: "docker" "start" "-a" "0ea1da02dbfdd6133d64c5c36f1dcc91dabe63466f00541bc43bda84ed743af6", kill_on_drop: false }`
[INFO] [stderr] warning: unused `#[macro_use]` import
[INFO] [stderr]  --> src/main.rs:2:1
[INFO] [stderr]   |
[INFO] [stderr] 2 | #[macro_use] extern crate reikna;
[INFO] [stderr]   | ^^^^^^^^^^^^
[INFO] [stderr]   |
[INFO] [stderr]   = note: `#[warn(unused_imports)]` on by default
[INFO] [stderr] 
[INFO] [stderr] warning: unused import: `crate::factoring_and_primes::our_factor`
[INFO] [stderr]   --> src/main.rs:10:5
[INFO] [stderr]    |
[INFO] [stderr] 10 | use crate::factoring_and_primes::our_factor;
[INFO] [stderr]    |     ^^^^^^^^^^^^^^^^^^^^^^^^^^^^^^^^^^^^^^^
[INFO] [stderr] 
[INFO] [stderr] warning: variable does not need to be mutable
[INFO] [stderr]   --> src/polynomial_object.rs:91:17
[INFO] [stderr]    |
[INFO] [stderr] 91 |             let mut curr_test_sol:f64 = poss_solution[0] as f64 / poss_solution[1] as f64;
[INFO] [stderr]    |                 ----^^^^^^^^^^^^^
[INFO] [stderr]    |                 |
[INFO] [stderr]    |                 help: remove this `mut`
[INFO] [stderr]    |
[INFO] [stderr]    = note: `#[warn(unused_mut)]` on by default
[INFO] [stderr] 
[INFO] [stderr] warning: variable does not need to be mutable
[INFO] [stderr]  --> src/factoring_and_primes.rs:6:9
[INFO] [stderr]   |
[INFO] [stderr] 6 |     let mut result_wrong_form = quick_factorize(*num_to_fac as u64);
[INFO] [stderr]   |         ----^^^^^^^^^^^^^^^^^
[INFO] [stderr]   |         |
[INFO] [stderr]   |         help: remove this `mut`
[INFO] [stderr] 
[INFO] [stderr] warning: unused variable: `test_poly`
[INFO] [stderr]   --> src/main.rs:19:9
[INFO] [stderr]    |
[INFO] [stderr] 19 |     let test_poly: PolyEquat = PolyEquat::new(test_value);
[INFO] [stderr]    |         ^^^^^^^^^ help: if this is intentional, prefix it with an underscore: `_test_poly`
[INFO] [stderr]    |
[INFO] [stderr]    = note: `#[warn(unused_variables)]` on by default
[INFO] [stderr] 
[INFO] [stderr] warning: unused variable: `test_value`
[INFO] [stderr]   --> src/main.rs:20:9
[INFO] [stderr]    |
[INFO] [stderr] 20 |     let test_value: f64 = 5.0;
[INFO] [stderr]    |         ^^^^^^^^^^ help: if this is intentional, prefix it with an underscore: `_test_value`
[INFO] [stderr] 
[INFO] [stderr] warning: `solve_poly` (bin "solve_poly" test) generated 6 warnings (run `cargo fix --bin "solve_poly" --tests` to apply 3 suggestions)
[INFO] [stderr]     Finished `test` profile [unoptimized + debuginfo] target(s) in 0.01s
[INFO] [stderr]      Running unittests src/main.rs (/opt/rustwide/target/debug/deps/solve_poly-70f4aeb95f7d219d)
[INFO] [stdout] 
[INFO] [stdout] running 15 tests
[INFO] [stdout] test factoring_and_primes::tests::our_factor_test_seven ... ok
[INFO] [stdout] test polynomial_object::tests::horner_test_one ... ok
[INFO] [stdout] test polynomial_object::tests::horner_test_three ... ok
[INFO] [stdout] test factoring_and_primes::tests::our_factor_test_eight ... ok
[INFO] [stdout] test polynomial_object::tests::horner_test_four ... ok
[INFO] [stdout] test factoring_and_primes::tests::our_factor_test_four ... ok
[INFO] [stdout] test factoring_and_primes::tests::our_factor_test_one ... ok
[INFO] [stdout] test polynomial_object::tests::horner_test_five ... ok
[INFO] [stdout] test polynomial_object::tests::horner_test_two ... ok
[INFO] [stdout] test polynomial_object::tests::new_test_one ... ok
[INFO] [stdout] test polynomial_object::tests::new_test_two ... ok
[INFO] [stdout] test factoring_and_primes::tests::our_factor_test_three ... ok
[INFO] [stdout] test factoring_and_primes::tests::our_factor_test_two ... ok
[INFO] [stdout] test factoring_and_primes::tests::our_factor_test_six ... FAILED
[INFO] [stdout] test factoring_and_primes::tests::our_factor_test_five - should panic ... ok
[INFO] [stdout] 
[INFO] [stdout] failures:
[INFO] [stdout] 
[INFO] [stdout] ---- factoring_and_primes::tests::our_factor_test_six stdout ----
[INFO] [stdout] thread 'factoring_and_primes::tests::our_factor_test_six' panicked at src/factoring_and_primes.rs:59:9:
[INFO] [stdout] assertion `left == right` failed
[INFO] [stdout]   left: []
[INFO] [stdout]  right: [1]
[INFO] [stdout] stack backtrace:
[INFO] [stdout]    0:     0x55b82a258d7a - std::backtrace_rs::backtrace::libunwind::trace::h8810477743020387
[INFO] [stdout]                                at /rustc/202008a1b8de96d2e5b6bc02d379db03a877d34d/library/std/src/../../backtrace/src/backtrace/libunwind.rs:116:5
[INFO] [stdout]    1:     0x55b82a258d7a - std::backtrace_rs::backtrace::trace_unsynchronized::h3aa55355dd6c54a6
[INFO] [stdout]                                at /rustc/202008a1b8de96d2e5b6bc02d379db03a877d34d/library/std/src/../../backtrace/src/backtrace/mod.rs:66:5
[INFO] [stdout]    2:     0x55b82a258d7a - std::sys::backtrace::_print_fmt::h8588b0f62410823f
[INFO] [stdout]                                at /rustc/202008a1b8de96d2e5b6bc02d379db03a877d34d/library/std/src/sys/backtrace.rs:66:9
[INFO] [stdout]    3:     0x55b82a258d7a - <std::sys::backtrace::BacktraceLock::print::DisplayBacktrace as core::fmt::Display>::fmt::h98c26ac25ffe89bb
[INFO] [stdout]                                at /rustc/202008a1b8de96d2e5b6bc02d379db03a877d34d/library/std/src/sys/backtrace.rs:39:26
[INFO] [stdout]    4:     0x55b82a27ec13 - core::fmt::rt::Argument::fmt::hf95377f4aebd453b
[INFO] [stdout]                                at /rustc/202008a1b8de96d2e5b6bc02d379db03a877d34d/library/core/src/fmt/rt.rs:177:76
[INFO] [stdout]    5:     0x55b82a27ec13 - core::fmt::write::h0dd5f6e2238c7982
[INFO] [stdout]                                at /rustc/202008a1b8de96d2e5b6bc02d379db03a877d34d/library/core/src/fmt/mod.rs:1189:21
[INFO] [stdout]    6:     0x55b82a255f13 - std::io::Write::write_fmt::h03bb0ca26e6faf8c
[INFO] [stdout]                                at /rustc/202008a1b8de96d2e5b6bc02d379db03a877d34d/library/std/src/io/mod.rs:1884:15
[INFO] [stdout]    7:     0x55b82a258bc2 - std::sys::backtrace::BacktraceLock::print::h5c19c1c038ee186d
[INFO] [stdout]                                at /rustc/202008a1b8de96d2e5b6bc02d379db03a877d34d/library/std/src/sys/backtrace.rs:42:9
[INFO] [stdout]    8:     0x55b82a25a1fd - std::panicking::default_hook::{{closure}}::h77172f079a1fcb13
[INFO] [stdout]                                at /rustc/202008a1b8de96d2e5b6bc02d379db03a877d34d/library/std/src/panicking.rs:268:22
[INFO] [stdout]    9:     0x55b82a25a007 - std::panicking::default_hook::he5f8e3b203ccddba
[INFO] [stdout]                                at /rustc/202008a1b8de96d2e5b6bc02d379db03a877d34d/library/std/src/panicking.rs:292:9
[INFO] [stdout]   10:     0x55b82a218a67 - <alloc::boxed::Box<F,A> as core::ops::function::Fn<Args>>::call::h7a3c7b4a1ae77f2f
[INFO] [stdout]                                at /rustc/202008a1b8de96d2e5b6bc02d379db03a877d34d/library/alloc/src/boxed.rs:1986:9
[INFO] [stdout]   11:     0x55b82a218a67 - test::test_main::{{closure}}::hf0d3b69ae9b353d1
[INFO] [stdout]                                at /rustc/202008a1b8de96d2e5b6bc02d379db03a877d34d/library/test/src/lib.rs:134:21
[INFO] [stdout]   12:     0x55b82a25a8a8 - <alloc::boxed::Box<F,A> as core::ops::function::Fn<Args>>::call::h6332e82e7b189abd
[INFO] [stdout]                                at /rustc/202008a1b8de96d2e5b6bc02d379db03a877d34d/library/alloc/src/boxed.rs:1986:9
[INFO] [stdout]   13:     0x55b82a25a8a8 - std::panicking::rust_panic_with_hook::h53863d4e9018df39
[INFO] [stdout]                                at /rustc/202008a1b8de96d2e5b6bc02d379db03a877d34d/library/std/src/panicking.rs:809:13
[INFO] [stdout]   14:     0x55b82a25a66a - std::panicking::begin_panic_handler::{{closure}}::h67280e6fa0757873
[INFO] [stdout]                                at /rustc/202008a1b8de96d2e5b6bc02d379db03a877d34d/library/std/src/panicking.rs:674:13
[INFO] [stdout]   15:     0x55b82a259259 - std::sys::backtrace::__rust_end_short_backtrace::h1dac3f54d6fbbeb2
[INFO] [stdout]                                at /rustc/202008a1b8de96d2e5b6bc02d379db03a877d34d/library/std/src/sys/backtrace.rs:170:18
[INFO] [stdout]   16:     0x55b82a25a2fc - rust_begin_unwind
[INFO] [stdout]                                at /rustc/202008a1b8de96d2e5b6bc02d379db03a877d34d/library/std/src/panicking.rs:665:5
[INFO] [stdout]   17:     0x55b82a1daae0 - core::panicking::panic_fmt::h6792bd1b2bf01041
[INFO] [stdout]                                at /rustc/202008a1b8de96d2e5b6bc02d379db03a877d34d/library/core/src/panicking.rs:76:14
[INFO] [stdout]   18:     0x55b82a1daeab - core::panicking::assert_failed_inner::hf2c17e6d30928787
[INFO] [stdout]   19:     0x55b82a1dc484 - core::panicking::assert_failed::hafc7c77bb9674d9e
[INFO] [stdout]                                at /rustc/202008a1b8de96d2e5b6bc02d379db03a877d34d/library/core/src/panicking.rs:373:5
[INFO] [stdout]   20:     0x55b82a1dee5e - solve_poly::factoring_and_primes::tests::our_factor_test_six::h6fbb40b65f6a45e8
[INFO] [stdout]                                at /opt/rustwide/workdir/src/factoring_and_primes.rs:59:9
[INFO] [stdout]   21:     0x55b82a1ded27 - solve_poly::factoring_and_primes::tests::our_factor_test_six::{{closure}}::h840188c0553af0fc
[INFO] [stdout]                                at /opt/rustwide/workdir/src/factoring_and_primes.rs:57:29
[INFO] [stdout]   22:     0x55b82a1dbbb6 - core::ops::function::FnOnce::call_once::h1ee35213e1857d97
[INFO] [stdout]                                at /rustc/202008a1b8de96d2e5b6bc02d379db03a877d34d/library/core/src/ops/function.rs:250:5
[INFO] [stdout]   23:     0x55b82a21d58b - core::ops::function::FnOnce::call_once::h871bf86719ec9aa4
[INFO] [stdout]                                at /rustc/202008a1b8de96d2e5b6bc02d379db03a877d34d/library/core/src/ops/function.rs:250:5
[INFO] [stdout]   24:     0x55b82a21d58b - test::__rust_begin_short_backtrace::h2167df1e2b7d76fd
[INFO] [stdout]                                at /rustc/202008a1b8de96d2e5b6bc02d379db03a877d34d/library/test/src/lib.rs:632:18
[INFO] [stdout]   25:     0x55b82a21cf78 - test::run_test_in_process::{{closure}}::h15d92f75a3adfb79
[INFO] [stdout]                                at /rustc/202008a1b8de96d2e5b6bc02d379db03a877d34d/library/test/src/lib.rs:655:60
[INFO] [stdout]   26:     0x55b82a21cf78 - <core::panic::unwind_safe::AssertUnwindSafe<F> as core::ops::function::FnOnce<()>>::call_once::hb6c8955835a8dbbb
[INFO] [stdout]                                at /rustc/202008a1b8de96d2e5b6bc02d379db03a877d34d/library/core/src/panic/unwind_safe.rs:272:9
[INFO] [stdout]   27:     0x55b82a21cf78 - std::panicking::try::do_call::hc79d0fc888a0bd30
[INFO] [stdout]                                at /rustc/202008a1b8de96d2e5b6bc02d379db03a877d34d/library/std/src/panicking.rs:557:40
[INFO] [stdout]   28:     0x55b82a21cf78 - std::panicking::try::hb8a7878e3a8589d6
[INFO] [stdout]                                at /rustc/202008a1b8de96d2e5b6bc02d379db03a877d34d/library/std/src/panicking.rs:520:19
[INFO] [stdout]   29:     0x55b82a21cf78 - std::panic::catch_unwind::hb8e4600ff0ff5cfa
[INFO] [stdout]                                at /rustc/202008a1b8de96d2e5b6bc02d379db03a877d34d/library/std/src/panic.rs:358:14
[INFO] [stdout]   30:     0x55b82a21cf78 - test::run_test_in_process::hc2900b0b18688dd6
[INFO] [stdout]                                at /rustc/202008a1b8de96d2e5b6bc02d379db03a877d34d/library/test/src/lib.rs:655:27
[INFO] [stdout]   31:     0x55b82a21cf78 - test::run_test::{{closure}}::hac2a9cb07be3d48d
[INFO] [stdout]                                at /rustc/202008a1b8de96d2e5b6bc02d379db03a877d34d/library/test/src/lib.rs:576:43
[INFO] [stdout]   32:     0x55b82a1e0a1a - test::run_test::{{closure}}::h4a5b729e66a38cd8
[INFO] [stdout]                                at /rustc/202008a1b8de96d2e5b6bc02d379db03a877d34d/library/test/src/lib.rs:606:41
[INFO] [stdout]   33:     0x55b82a1e0a1a - std::sys::backtrace::__rust_begin_short_backtrace::h0496fb742492f573
[INFO] [stdout]                                at /rustc/202008a1b8de96d2e5b6bc02d379db03a877d34d/library/std/src/sys/backtrace.rs:154:18
[INFO] [stdout]   34:     0x55b82a1e4394 - std::thread::Builder::spawn_unchecked_::{{closure}}::{{closure}}::hbb6d257c550a54bd
[INFO] [stdout]                                at /rustc/202008a1b8de96d2e5b6bc02d379db03a877d34d/library/std/src/thread/mod.rs:561:17
[INFO] [stdout]   35:     0x55b82a1e4394 - <core::panic::unwind_safe::AssertUnwindSafe<F> as core::ops::function::FnOnce<()>>::call_once::h46696fe4a6832328
[INFO] [stdout]                                at /rustc/202008a1b8de96d2e5b6bc02d379db03a877d34d/library/core/src/panic/unwind_safe.rs:272:9
[INFO] [stdout]   36:     0x55b82a1e4394 - std::panicking::try::do_call::h2625a51b667bfb64
[INFO] [stdout]                                at /rustc/202008a1b8de96d2e5b6bc02d379db03a877d34d/library/std/src/panicking.rs:557:40
[INFO] [stdout]   37:     0x55b82a1e4394 - std::panicking::try::hb956a59a1973aa4c
[INFO] [stdout]                                at /rustc/202008a1b8de96d2e5b6bc02d379db03a877d34d/library/std/src/panicking.rs:520:19
[INFO] [stdout]   38:     0x55b82a1e4394 - std::panic::catch_unwind::h64f3b9d1067ef6a0
[INFO] [stdout]                                at /rustc/202008a1b8de96d2e5b6bc02d379db03a877d34d/library/std/src/panic.rs:358:14
[INFO] [stdout]   39:     0x55b82a1e4394 - std::thread::Builder::spawn_unchecked_::{{closure}}::h42b2841295b6c0b2
[INFO] [stdout]                                at /rustc/202008a1b8de96d2e5b6bc02d379db03a877d34d/library/std/src/thread/mod.rs:559:30
[INFO] [stdout]   40:     0x55b82a1e4394 - core::ops::function::FnOnce::call_once{{vtable.shim}}::h6127de71b8124639
[INFO] [stdout]                                at /rustc/202008a1b8de96d2e5b6bc02d379db03a877d34d/library/core/src/ops/function.rs:250:5
[INFO] [stdout]   41:     0x55b82a25e7eb - <alloc::boxed::Box<F,A> as core::ops::function::FnOnce<Args>>::call_once::h42f0ba71002a1b2c
[INFO] [stdout]                                at /rustc/202008a1b8de96d2e5b6bc02d379db03a877d34d/library/alloc/src/boxed.rs:1972:9
[INFO] [stdout]   42:     0x55b82a25e7eb - <alloc::boxed::Box<F,A> as core::ops::function::FnOnce<Args>>::call_once::had9e47d7a3dcecb8
[INFO] [stdout]                                at /rustc/202008a1b8de96d2e5b6bc02d379db03a877d34d/library/alloc/src/boxed.rs:1972:9
[INFO] [stdout]   43:     0x55b82a25e7eb - std::sys::pal::unix::thread::Thread::new::thread_start::h48cf765408f6f5f2
[INFO] [stdout]                                at /rustc/202008a1b8de96d2e5b6bc02d379db03a877d34d/library/std/src/sys/pal/unix/thread.rs:105:17
[INFO] [stdout]   44:     0x7628b7e9cac3 - <unknown>
[INFO] [stdout]   45:     0x7628b7f2da04 - clone
[INFO] [stdout]   46:                0x0 - <unknown>
[INFO] [stdout] 
[INFO] [stdout] 
[INFO] [stdout] failures:
[INFO] [stdout]     factoring_and_primes::tests::our_factor_test_six
[INFO] [stdout] 
[INFO] [stdout] test result: FAILED. 14 passed; 1 failed; 0 ignored; 0 measured; 0 filtered out; finished in 17.62s
[INFO] [stdout] 
[INFO] [stderr] error: test failed, to rerun pass `--bin solve_poly`
[INFO] running `Command { std: "docker" "inspect" "0ea1da02dbfdd6133d64c5c36f1dcc91dabe63466f00541bc43bda84ed743af6", kill_on_drop: false }`
[INFO] running `Command { std: "docker" "rm" "-f" "0ea1da02dbfdd6133d64c5c36f1dcc91dabe63466f00541bc43bda84ed743af6", kill_on_drop: false }`
[INFO] [stdout] 0ea1da02dbfdd6133d64c5c36f1dcc91dabe63466f00541bc43bda84ed743af6
