[INFO] cloning repository https://github.com/ABMatrix/zkmatrix-pool-protocol
[INFO] running `Command { std: "git" "-c" "credential.helper=" "-c" "credential.helper=/workspace/cargo-home/bin/git-credential-null" "clone" "--bare" "https://github.com/ABMatrix/zkmatrix-pool-protocol" "/workspace/cache/git-repos/https%3A%2F%2Fgithub.com%2FABMatrix%2Fzkmatrix-pool-protocol", kill_on_drop: false }`
[INFO] [stderr] Cloning into bare repository '/workspace/cache/git-repos/https%3A%2F%2Fgithub.com%2FABMatrix%2Fzkmatrix-pool-protocol'...
[INFO] running `Command { std: "git" "rev-parse" "HEAD", kill_on_drop: false }`
[INFO] [stdout] fb3a9eafc3314aeb0dd27f312c700747fdaad476
[INFO] testing ABMatrix/zkmatrix-pool-protocol against 1.83.0 for beta-1.84.0-4-retry
[INFO] running `Command { std: "git" "clone" "/workspace/cache/git-repos/https%3A%2F%2Fgithub.com%2FABMatrix%2Fzkmatrix-pool-protocol" "/workspace/builds/worker-2-tc1/source", kill_on_drop: false }`
[INFO] [stderr] Cloning into '/workspace/builds/worker-2-tc1/source'...
[INFO] [stderr] done.
[INFO] validating manifest of git repo https://github.com/ABMatrix/zkmatrix-pool-protocol on toolchain 1.83.0
[INFO] running `Command { std: CARGO_HOME="/workspace/cargo-home" RUSTUP_HOME="/workspace/rustup-home" "/workspace/cargo-home/bin/cargo" "+1.83.0" "metadata" "--manifest-path" "Cargo.toml" "--no-deps", kill_on_drop: false }`
[INFO] started tweaking git repo https://github.com/ABMatrix/zkmatrix-pool-protocol
[INFO] removed 0 missing examples
[INFO] finished tweaking git repo https://github.com/ABMatrix/zkmatrix-pool-protocol
[INFO] tweaked toml for git repo https://github.com/ABMatrix/zkmatrix-pool-protocol written to /workspace/builds/worker-2-tc1/source/Cargo.toml
[INFO] crate git repo https://github.com/ABMatrix/zkmatrix-pool-protocol already has a lockfile, it will not be regenerated
[INFO] running `Command { std: CARGO_HOME="/workspace/cargo-home" RUSTUP_HOME="/workspace/rustup-home" "/workspace/cargo-home/bin/cargo" "+1.83.0" "fetch" "--manifest-path" "Cargo.toml", kill_on_drop: false }`
[INFO] [stderr]     Updating crates.io index
[INFO] [stderr]     Updating git repository `https://github.com/ABMatrix/snarkVM.git`
[INFO] [stderr]     Blocking waiting for file lock on package cache
[INFO] [stderr]  Downloading crates ...
[INFO] [stderr]   Downloaded anyhow v1.0.58
[INFO] [stderr]   Downloaded getset v0.1.2
[INFO] [stderr]   Downloaded str-buf v2.0.5
[INFO] [stderr]   Downloaded erased-serde v0.3.21
[INFO] [stderr]   Downloaded blake2 v0.10.4
[INFO] [stderr]   Downloaded ryu v1.0.10
[INFO] [stderr]   Downloaded openssl-sys v0.9.75
[INFO] [stderr]   Downloaded tokio-util v0.7.3
[INFO] [stderr]   Downloaded curl v0.4.44
[INFO] [stderr]   Downloaded serde_json v1.0.82
[INFO] [stderr]   Downloaded serde_derive v1.0.140
[INFO] [stderr]   Downloaded tracing v0.1.35
[INFO] [stderr]   Downloaded crossbeam-utils v0.8.11
[INFO] [stderr]   Downloaded serde v1.0.140
[INFO] [stderr]   Downloaded bytes v1.2.0
[INFO] [stderr]   Downloaded semver v1.0.12
[INFO] [stderr]   Downloaded crossbeam-epoch v0.9.10
[INFO] [stderr]   Downloaded vergen v7.2.1
[INFO] [stderr]   Downloaded blake2s_simd v1.0.0
[INFO] [stderr]   Downloaded cpufeatures v0.2.2
[INFO] [stderr]   Downloaded sha2 v0.10.2
[INFO] [stderr]   Downloaded aleo-std-cpu v0.1.3
[INFO] [stderr]   Downloaded aleo-std-storage v0.1.3
[INFO] [stderr]   Downloaded aleo-std-time v0.1.0
[INFO] [stderr]   Downloaded aleo-std v0.1.14
[INFO] [stderr]   Downloaded json-rpc-types v1.0.3
[INFO] [stderr]   Downloaded bech32 v0.9.0
[INFO] [stderr]   Downloaded paste v1.0.8
[INFO] [stderr]   Downloaded digest v0.10.3
[INFO] [stderr]   Downloaded tokio v1.20.0
[INFO] [stderr]   Downloaded aleo-std-profiler v0.1.13
[INFO] [stderr]   Downloaded aleo-std-timed v0.1.2
[INFO] [stderr]   Downloaded aleo-std-timer v0.1.1
[INFO] [stderr]   Downloaded either v1.7.0
[INFO] [stderr]   Downloaded rustversion v1.0.8
[INFO] [stderr]   Downloaded thiserror v1.0.31
[INFO] [stderr]   Downloaded thiserror-impl v1.0.31
[INFO] [stderr]   Downloaded itoa v1.0.2
[INFO] [stderr]   Downloaded time v0.3.11
[INFO] [stderr]   Downloaded tracing-core v0.1.28
[INFO] [stderr]   Downloaded curl-sys v0.4.56+curl-7.83.1
[INFO] [stderr]   Downloaded libz-sys v1.1.8
[INFO] running `Command { std: "docker" "create" "-v" "/var/lib/crater-agent-workspace/builds/worker-2-tc1/target:/opt/rustwide/target:rw,Z" "-v" "/var/lib/crater-agent-workspace/builds/worker-2-tc1/source:/opt/rustwide/workdir:ro,Z" "-v" "/var/lib/crater-agent-workspace/cargo-home:/opt/rustwide/cargo-home:ro,Z" "-v" "/var/lib/crater-agent-workspace/rustup-home:/opt/rustwide/rustup-home:ro,Z" "-e" "SOURCE_DIR=/opt/rustwide/workdir" "-e" "CARGO_TARGET_DIR=/opt/rustwide/target" "-e" "CARGO_HOME=/opt/rustwide/cargo-home" "-e" "RUSTUP_HOME=/opt/rustwide/rustup-home" "-w" "/opt/rustwide/workdir" "-m" "1610612736" "--user" "0:0" "--network" "none" "ghcr.io/rust-lang/crates-build-env/linux@sha256:f3a9d4ad9d972b27faf3965f35b62e55ba32bbce8f20bc8fe909558a86702fde" "/opt/rustwide/cargo-home/bin/cargo" "+1.83.0" "metadata" "--no-deps" "--format-version=1", kill_on_drop: false }`
[INFO] [stdout] fe84136c535a9437a12b15f0bac6fc4c30bc2f2fbb875d6943b6ab7935afa5f7
[INFO] running `Command { std: "docker" "start" "-a" "fe84136c535a9437a12b15f0bac6fc4c30bc2f2fbb875d6943b6ab7935afa5f7", kill_on_drop: false }`
[INFO] running `Command { std: "docker" "inspect" "fe84136c535a9437a12b15f0bac6fc4c30bc2f2fbb875d6943b6ab7935afa5f7", kill_on_drop: false }`
[INFO] running `Command { std: "docker" "rm" "-f" "fe84136c535a9437a12b15f0bac6fc4c30bc2f2fbb875d6943b6ab7935afa5f7", kill_on_drop: false }`
[INFO] [stdout] fe84136c535a9437a12b15f0bac6fc4c30bc2f2fbb875d6943b6ab7935afa5f7
[INFO] running `Command { std: "docker" "create" "-v" "/var/lib/crater-agent-workspace/builds/worker-2-tc1/target:/opt/rustwide/target:rw,Z" "-v" "/var/lib/crater-agent-workspace/builds/worker-2-tc1/source:/opt/rustwide/workdir:ro,Z" "-v" "/var/lib/crater-agent-workspace/cargo-home:/opt/rustwide/cargo-home:ro,Z" "-v" "/var/lib/crater-agent-workspace/rustup-home:/opt/rustwide/rustup-home:ro,Z" "-e" "SOURCE_DIR=/opt/rustwide/workdir" "-e" "CARGO_TARGET_DIR=/opt/rustwide/target" "-e" "CARGO_INCREMENTAL=0" "-e" "RUST_BACKTRACE=full" "-e" "RUSTFLAGS=--cap-lints=warn" "-e" "RUSTDOCFLAGS=--cap-lints=warn" "-e" "CARGO_HOME=/opt/rustwide/cargo-home" "-e" "RUSTUP_HOME=/opt/rustwide/rustup-home" "-w" "/opt/rustwide/workdir" "-m" "1610612736" "--user" "0:0" "--network" "none" "ghcr.io/rust-lang/crates-build-env/linux@sha256:f3a9d4ad9d972b27faf3965f35b62e55ba32bbce8f20bc8fe909558a86702fde" "/opt/rustwide/cargo-home/bin/cargo" "+1.83.0" "build" "--frozen" "--message-format=json", kill_on_drop: false }`
[INFO] [stdout] 43cd28099c8e67a960de5a231fc85c6bb58bc0ccae76b31bfb9065ff073b58a5
[INFO] running `Command { std: "docker" "start" "-a" "43cd28099c8e67a960de5a231fc85c6bb58bc0ccae76b31bfb9065ff073b58a5", kill_on_drop: false }`
[INFO] [stderr]    Compiling proc-macro2 v1.0.40
[INFO] [stderr]    Compiling unicode-ident v1.0.2
[INFO] [stderr]    Compiling quote v1.0.20
[INFO] [stderr]    Compiling syn v1.0.98
[INFO] [stderr]    Compiling libc v0.2.126
[INFO] [stderr]    Compiling itoa v1.0.2
[INFO] [stderr]    Compiling serde_derive v1.0.140
[INFO] [stderr]    Compiling rustversion v1.0.8
[INFO] [stderr]    Compiling anyhow v1.0.58
[INFO] [stderr]    Compiling serde v1.0.140
[INFO] [stderr]    Compiling num_threads v0.1.6
[INFO] [stderr]    Compiling once_cell v1.13.0
[INFO] [stderr]    Compiling tokio v1.20.0
[INFO] [stderr]    Compiling futures-core v0.3.21
[INFO] [stderr]    Compiling erased-serde v0.3.21
[INFO] [stderr]    Compiling serde_json v1.0.82
[INFO] [stderr]    Compiling semver v1.0.12
[INFO] [stderr]    Compiling futures-sink v0.3.21
[INFO] [stderr]    Compiling ryu v1.0.10
[INFO] [stderr]    Compiling bytes v1.2.0
[INFO] [stderr]    Compiling tracing-core v0.1.28
[INFO] [stderr]    Compiling tracing v0.1.35
[INFO] [stderr]    Compiling time v0.3.11
[INFO] [stderr]    Compiling proc-macro-error-attr v1.0.4
[INFO] [stderr]    Compiling tokio-util v0.7.3
[INFO] [stderr]    Compiling vergen v7.2.1
[INFO] [stderr]    Compiling proc-macro-error v1.0.4
[INFO] [stderr]    Compiling enum-iterator-derive v0.7.0
[INFO] [stderr]    Compiling thiserror-impl v1.0.31
[INFO] [stderr]    Compiling getset v0.1.2
[INFO] [stderr]    Compiling enum-iterator v0.7.0
[INFO] [stderr]    Compiling thiserror v1.0.31
[INFO] [stderr]    Compiling zkmatrix-pool-protocol v0.2.0 (/opt/rustwide/workdir)
[INFO] [stderr]    Compiling str-buf v2.0.5
[INFO] [stderr]    Compiling json-rpc-types v1.0.3
[INFO] [stdout] warning: use of deprecated tuple variant `message::stratum::StratumMessage::SetTarget`: difficulty_target will be sent with Notify
[INFO] [stdout]   --> src/message/stratum.rs:39:29
[INFO] [stdout]    |
[INFO] [stdout] 39 |             StratumMessage::SetTarget(..) => "mining.set_target",
[INFO] [stdout]    |                             ^^^^^^^^^
[INFO] [stdout]    |
[INFO] [stdout]    = note: `#[warn(deprecated)]` on by default
[INFO] [stdout] 
[INFO] [stdout] 
[INFO] [stdout] warning: use of deprecated tuple variant `message::stratum::StratumMessage::SetTarget`: difficulty_target will be sent with Notify
[INFO] [stdout]   --> src/message/stratum.rs:91:29
[INFO] [stdout]    |
[INFO] [stdout] 91 |             StratumMessage::SetTarget(difficulty_target) => {
[INFO] [stdout]    |                             ^^^^^^^^^
[INFO] [stdout] 
[INFO] [stdout] 
[INFO] [stdout] warning: use of deprecated tuple variant `message::stratum::StratumMessage::SetTarget`: difficulty_target will be sent with Notify
[INFO] [stdout]    --> src/message/stratum.rs:241:37
[INFO] [stdout]     |
[INFO] [stdout] 241 |                     StratumMessage::SetTarget(difficulty_target)
[INFO] [stdout]     |                                     ^^^^^^^^^
[INFO] [stdout] 
[INFO] [stdout] 
[INFO] [stdout] warning: use of deprecated field `message::stratum::StratumMessage::SetTarget::0`: difficulty_target will be sent with Notify
[INFO] [stdout]   --> src/message/stratum.rs:91:39
[INFO] [stdout]    |
[INFO] [stdout] 91 |             StratumMessage::SetTarget(difficulty_target) => {
[INFO] [stdout]    |                                       ^^^^^^^^^^^^^^^^^
[INFO] [stdout] 
[INFO] [stdout] 
[INFO] [stderr]     Finished `dev` profile [unoptimized + debuginfo] target(s) in 20.46s
[INFO] running `Command { std: "docker" "inspect" "43cd28099c8e67a960de5a231fc85c6bb58bc0ccae76b31bfb9065ff073b58a5", kill_on_drop: false }`
[INFO] running `Command { std: "docker" "rm" "-f" "43cd28099c8e67a960de5a231fc85c6bb58bc0ccae76b31bfb9065ff073b58a5", kill_on_drop: false }`
[INFO] [stdout] 43cd28099c8e67a960de5a231fc85c6bb58bc0ccae76b31bfb9065ff073b58a5
[INFO] running `Command { std: "docker" "create" "-v" "/var/lib/crater-agent-workspace/builds/worker-2-tc1/target:/opt/rustwide/target:rw,Z" "-v" "/var/lib/crater-agent-workspace/builds/worker-2-tc1/source:/opt/rustwide/workdir:ro,Z" "-v" "/var/lib/crater-agent-workspace/cargo-home:/opt/rustwide/cargo-home:ro,Z" "-v" "/var/lib/crater-agent-workspace/rustup-home:/opt/rustwide/rustup-home:ro,Z" "-e" "SOURCE_DIR=/opt/rustwide/workdir" "-e" "CARGO_TARGET_DIR=/opt/rustwide/target" "-e" "CARGO_INCREMENTAL=0" "-e" "RUST_BACKTRACE=full" "-e" "RUSTFLAGS=--cap-lints=warn" "-e" "RUSTDOCFLAGS=--cap-lints=warn" "-e" "CARGO_HOME=/opt/rustwide/cargo-home" "-e" "RUSTUP_HOME=/opt/rustwide/rustup-home" "-w" "/opt/rustwide/workdir" "-m" "1610612736" "--user" "0:0" "--network" "none" "ghcr.io/rust-lang/crates-build-env/linux@sha256:f3a9d4ad9d972b27faf3965f35b62e55ba32bbce8f20bc8fe909558a86702fde" "/opt/rustwide/cargo-home/bin/cargo" "+1.83.0" "test" "--frozen" "--no-run" "--message-format=json", kill_on_drop: false }`
[INFO] [stdout] 2a5e2b99f37c4b16b082330bdb460d7fe071a07eca76ee382f5eb08710aa7660
[INFO] running `Command { std: "docker" "start" "-a" "2a5e2b99f37c4b16b082330bdb460d7fe071a07eca76ee382f5eb08710aa7660", kill_on_drop: false }`
[INFO] [stderr]    Compiling autocfg v1.1.0
[INFO] [stderr]    Compiling libc v0.2.126
[INFO] [stderr]    Compiling proc-macro2 v1.0.40
[INFO] [stderr]    Compiling quote v1.0.20
[INFO] [stderr]    Compiling unicode-ident v1.0.2
[INFO] [stderr]    Compiling syn v1.0.98
[INFO] [stderr]    Compiling version_check v0.9.4
[INFO] [stderr]    Compiling cfg-if v1.0.0
[INFO] [stderr]    Compiling once_cell v1.13.0
[INFO] [stderr]    Compiling anyhow v1.0.58
[INFO] [stderr]    Compiling serde_derive v1.0.140
[INFO] [stderr]    Compiling serde v1.0.140
[INFO] [stderr]    Compiling crossbeam-utils v0.8.11
[INFO] [stderr]    Compiling cc v1.0.73
[INFO] [stderr]    Compiling pkg-config v0.3.25
[INFO] [stderr]    Compiling semver v1.0.12
[INFO] [stderr]    Compiling scopeguard v1.1.0
[INFO] [stderr]    Compiling proc-macro2 v0.4.30
[INFO] [stderr]    Compiling unicode-xid v0.1.0
[INFO] [stderr]    Compiling rayon-core v1.9.3
[INFO] [stderr]    Compiling syn v0.15.44
[INFO] [stderr]    Compiling lazy_static v1.4.0
[INFO] [stderr]    Compiling typenum v1.15.0
[INFO] [stderr]    Compiling memoffset v0.6.5
[INFO] [stderr]    Compiling proc-macro-error-attr v1.0.4
[INFO] [stderr]    Compiling proc-macro-error v1.0.4
[INFO] [stderr]    Compiling crossbeam-epoch v0.9.10
[INFO] [stderr]    Compiling num-traits v0.2.15
[INFO] [stderr]    Compiling generic-array v0.14.6
[INFO] [stderr]    Compiling num-integer v0.1.45
[INFO] [stderr]    Compiling num-bigint v0.4.3
[INFO] [stderr]    Compiling rayon v1.5.3
[INFO] [stderr]    Compiling ppv-lite86 v0.2.16
[INFO] [stderr]    Compiling either v1.7.0
[INFO] [stderr]    Compiling aleo-std-profiler v0.1.13
[INFO] [stderr]    Compiling aleo-std-cpu v0.1.3
[INFO] [stderr]    Compiling getrandom v0.2.7
[INFO] [stderr]    Compiling num_cpus v1.13.1
[INFO] [stderr]    Compiling atty v0.2.14
[INFO] [stderr]    Compiling dirs-sys v0.3.7
[INFO] [stderr]    Compiling colored v2.0.0
[INFO] [stderr]    Compiling rand_core v0.6.3
[INFO] [stderr]    Compiling quote v0.6.13
[INFO] [stderr]    Compiling dirs v4.0.0
[INFO] [stderr]    Compiling openssl-sys v0.9.75
[INFO] [stderr]    Compiling libz-sys v1.1.8
[INFO] [stderr]    Compiling crossbeam-deque v0.8.2
[INFO] [stderr]    Compiling crossbeam-channel v0.5.6
[INFO] [stderr]    Compiling aleo-std-storage v0.1.3
[INFO] [stderr]    Compiling rand_chacha v0.3.1
[INFO] [stderr]    Compiling aleo-std-timer v0.1.1
[INFO] [stderr]    Compiling rand_xorshift v0.3.0
[INFO] [stderr]    Compiling curl-sys v0.4.56+curl-7.83.1
[INFO] [stderr]    Compiling rand v0.8.5
[INFO] [stderr]    Compiling rustc_version v0.4.0
[INFO] [stderr]    Compiling socket2 v0.4.4
[INFO] [stderr]    Compiling ahash v0.7.6
[INFO] [stderr]    Compiling rustversion v1.0.8
[INFO] [stderr]    Compiling snarkvm-curves v0.7.5 (https://github.com/ABMatrix/snarkVM.git?branch=ABMatrix%2Ftestnet3#b770c8be)
[INFO] [stderr]    Compiling itoa v1.0.2
[INFO] [stderr]    Compiling serde_json v1.0.82
[INFO] [stderr]    Compiling num_threads v0.1.6
[INFO] [stderr]    Compiling subtle v2.4.1
[INFO] [stderr]    Compiling indexmap v1.9.1
[INFO] [stderr]    Compiling lock_api v0.4.7
[INFO] [stderr]    Compiling log v0.4.17
[INFO] [stderr]    Compiling curl v0.4.44
[INFO] [stderr]    Compiling ryu v1.0.10
[INFO] [stderr]    Compiling parking_lot_core v0.9.3
[INFO] [stderr]    Compiling hashbrown v0.12.3
[INFO] [stderr]    Compiling time v0.3.11
[INFO] [stderr]    Compiling itertools v0.10.3
[INFO] [stderr]    Compiling futures-core v0.3.21
[INFO] [stderr]    Compiling crypto-common v0.1.6
[INFO] [stderr]    Compiling block-buffer v0.10.2
[INFO] [stderr]    Compiling byteorder v1.4.3
[INFO] [stderr]    Compiling openssl-probe v0.1.5
[INFO] [stderr]    Compiling smallvec v1.9.0
[INFO] [stderr]    Compiling digest v0.10.3
[INFO] [stderr]    Compiling hex v0.4.3
[INFO] [stderr]    Compiling pin-project-lite v0.2.9
[INFO] [stderr]    Compiling cpufeatures v0.2.2
[INFO] [stderr]    Compiling fxhash v0.2.1
[INFO] [stderr]    Compiling sha2 v0.10.2
[INFO] [stderr]    Compiling tokio v1.20.0
[INFO] [stderr]    Compiling toml v0.5.9
[INFO] [stderr]    Compiling paste v1.0.8
[INFO] [stderr]    Compiling arrayref v0.3.6
[INFO] [stderr]    Compiling arrayvec v0.7.2
[INFO] [stderr]    Compiling constant_time_eq v0.1.5
[INFO] [stderr]    Compiling parking_lot v0.12.1
[INFO] [stderr]    Compiling mio v0.8.4
[INFO] [stderr]    Compiling blake2s_simd v1.0.0
[INFO] [stderr]    Compiling slab v0.4.7
[INFO] [stderr]    Compiling vergen v7.2.1
[INFO] [stderr]    Compiling tracing-core v0.1.28
[INFO] [stderr]    Compiling futures-task v0.3.21
[INFO] [stderr]    Compiling erased-serde v0.3.21
[INFO] [stderr]    Compiling futures-sink v0.3.21
[INFO] [stderr]    Compiling bytes v1.2.0
[INFO] [stderr]    Compiling futures-util v0.3.21
[INFO] [stderr]    Compiling tracing v0.1.35
[INFO] [stderr]    Compiling blake2 v0.10.4
[INFO] [stderr]    Compiling pin-utils v0.1.0
[INFO] [stderr]    Compiling base58 v0.2.0
[INFO] [stderr]    Compiling bech32 v0.9.0
[INFO] [stderr]    Compiling aleo-std-time v0.1.0
[INFO] [stderr]    Compiling thiserror-impl v1.0.31
[INFO] [stderr]    Compiling aleo-std-timed v0.1.2
[INFO] [stderr]    Compiling derivative v2.2.0
[INFO] [stderr]    Compiling enum-iterator-derive v0.7.0
[INFO] [stderr]    Compiling getset v0.1.2
[INFO] [stderr]    Compiling tokio-macros v1.8.0
[INFO] [stderr]    Compiling futures-macro v0.3.21
[INFO] [stderr]    Compiling aleo-std v0.1.14
[INFO] [stderr]    Compiling enum-iterator v0.7.0
[INFO] [stderr]    Compiling thiserror v1.0.31
[INFO] [stderr]    Compiling proc-macro-crate v1.2.1
[INFO] [stderr]    Compiling zkmatrix-pool-protocol v0.2.0 (/opt/rustwide/workdir)
[INFO] [stderr]    Compiling snarkvm-utilities-derives v0.7.5 (https://github.com/ABMatrix/snarkVM.git?branch=ABMatrix%2Ftestnet3#b770c8be)
[INFO] [stderr]    Compiling tokio-util v0.7.3
[INFO] [stderr]    Compiling bincode v1.3.3
[INFO] [stderr]    Compiling str-buf v2.0.5
[INFO] [stderr]    Compiling json-rpc-types v1.0.3
[INFO] [stderr]    Compiling snarkvm-utilities v0.7.5 (https://github.com/ABMatrix/snarkVM.git?branch=ABMatrix%2Ftestnet3#b770c8be)
[INFO] [stdout] warning: use of deprecated tuple variant `message::stratum::StratumMessage::SetTarget`: difficulty_target will be sent with Notify
[INFO] [stdout]   --> src/message/stratum.rs:39:29
[INFO] [stdout]    |
[INFO] [stdout] 39 |             StratumMessage::SetTarget(..) => "mining.set_target",
[INFO] [stdout]    |                             ^^^^^^^^^
[INFO] [stdout]    |
[INFO] [stdout]    = note: `#[warn(deprecated)]` on by default
[INFO] [stdout] 
[INFO] [stdout] 
[INFO] [stdout] warning: use of deprecated tuple variant `message::stratum::StratumMessage::SetTarget`: difficulty_target will be sent with Notify
[INFO] [stdout]   --> src/message/stratum.rs:91:29
[INFO] [stdout]    |
[INFO] [stdout] 91 |             StratumMessage::SetTarget(difficulty_target) => {
[INFO] [stdout]    |                             ^^^^^^^^^
[INFO] [stdout] 
[INFO] [stdout] 
[INFO] [stdout] warning: use of deprecated tuple variant `message::stratum::StratumMessage::SetTarget`: difficulty_target will be sent with Notify
[INFO] [stdout]    --> src/message/stratum.rs:241:37
[INFO] [stdout]     |
[INFO] [stdout] 241 |                     StratumMessage::SetTarget(difficulty_target)
[INFO] [stdout]     |                                     ^^^^^^^^^
[INFO] [stdout] 
[INFO] [stdout] 
[INFO] [stdout] warning: use of deprecated field `message::stratum::StratumMessage::SetTarget::0`: difficulty_target will be sent with Notify
[INFO] [stdout]   --> src/message/stratum.rs:91:39
[INFO] [stdout]    |
[INFO] [stdout] 91 |             StratumMessage::SetTarget(difficulty_target) => {
[INFO] [stdout]    |                                       ^^^^^^^^^^^^^^^^^
[INFO] [stdout] 
[INFO] [stdout] 
[INFO] [stderr]    Compiling snarkvm-fields v0.7.5 (https://github.com/ABMatrix/snarkVM.git?branch=ABMatrix%2Ftestnet3#b770c8be)
[INFO] [stderr]    Compiling snarkvm-parameters v0.7.5 (https://github.com/ABMatrix/snarkVM.git?branch=ABMatrix%2Ftestnet3#b770c8be)
[INFO] [stderr]    Compiling snarkvm-r1cs v0.7.5 (https://github.com/ABMatrix/snarkVM.git?branch=ABMatrix%2Ftestnet3#b770c8be)
[INFO] [stderr]    Compiling snarkvm-algorithms v0.7.5 (https://github.com/ABMatrix/snarkVM.git?branch=ABMatrix%2Ftestnet3#b770c8be)
[INFO] [stderr]    Compiling snarkvm-gadgets v0.7.5 (https://github.com/ABMatrix/snarkVM.git?branch=ABMatrix%2Ftestnet3#b770c8be)
[INFO] [stderr]    Compiling snarkvm-dpc v0.7.5 (https://github.com/ABMatrix/snarkVM.git?branch=ABMatrix%2Ftestnet3#b770c8be)
[INFO] [stdout] warning: use of deprecated tuple variant `zkmatrix_pool_protocol::message::stratum::StratumMessage::SetTarget`: difficulty_target will be sent with Notify
[INFO] [stdout]    --> examples/connect.rs:188:45
[INFO] [stdout]     |
[INFO] [stdout] 188 | ...                   StratumMessage::SetTarget(..) => {
[INFO] [stdout]     |                                       ^^^^^^^^^
[INFO] [stdout]     |
[INFO] [stdout]     = note: `#[warn(deprecated)]` on by default
[INFO] [stdout] 
[INFO] [stdout] 
[INFO] [stdout] warning: use of deprecated tuple variant `message::stratum::StratumMessage::SetTarget`: difficulty_target will be sent with Notify
[INFO] [stdout]    --> src/message/stratum.rs:364:31
[INFO] [stdout]     |
[INFO] [stdout] 364 |     let msg = StratumMessage::SetTarget(100);
[INFO] [stdout]     |                               ^^^^^^^^^
[INFO] [stdout]     |
[INFO] [stdout]     = note: `#[warn(deprecated)]` on by default
[INFO] [stdout] 
[INFO] [stdout] 
[INFO] [stdout] warning: use of deprecated tuple variant `message::stratum::StratumMessage::SetTarget`: difficulty_target will be sent with Notify
[INFO] [stdout]   --> src/message/stratum.rs:39:29
[INFO] [stdout]    |
[INFO] [stdout] 39 |             StratumMessage::SetTarget(..) => "mining.set_target",
[INFO] [stdout]    |                             ^^^^^^^^^
[INFO] [stdout] 
[INFO] [stdout] 
[INFO] [stdout] warning: use of deprecated tuple variant `message::stratum::StratumMessage::SetTarget`: difficulty_target will be sent with Notify
[INFO] [stdout]   --> src/message/stratum.rs:91:29
[INFO] [stdout]    |
[INFO] [stdout] 91 |             StratumMessage::SetTarget(difficulty_target) => {
[INFO] [stdout]    |                             ^^^^^^^^^
[INFO] [stdout] 
[INFO] [stdout] 
[INFO] [stdout] warning: use of deprecated tuple variant `message::stratum::StratumMessage::SetTarget`: difficulty_target will be sent with Notify
[INFO] [stdout]    --> src/message/stratum.rs:241:37
[INFO] [stdout]     |
[INFO] [stdout] 241 |                     StratumMessage::SetTarget(difficulty_target)
[INFO] [stdout]     |                                     ^^^^^^^^^
[INFO] [stdout] 
[INFO] [stdout] 
[INFO] [stdout] warning: use of deprecated field `message::stratum::StratumMessage::SetTarget::0`: difficulty_target will be sent with Notify
[INFO] [stdout]   --> src/message/stratum.rs:91:39
[INFO] [stdout]    |
[INFO] [stdout] 91 |             StratumMessage::SetTarget(difficulty_target) => {
[INFO] [stdout]    |                                       ^^^^^^^^^^^^^^^^^
[INFO] [stdout] 
[INFO] [stdout] 
[INFO] [stderr]     Finished `test` profile [optimized + debuginfo] target(s) in 2m 12s
[INFO] running `Command { std: "docker" "inspect" "2a5e2b99f37c4b16b082330bdb460d7fe071a07eca76ee382f5eb08710aa7660", kill_on_drop: false }`
[INFO] running `Command { std: "docker" "rm" "-f" "2a5e2b99f37c4b16b082330bdb460d7fe071a07eca76ee382f5eb08710aa7660", kill_on_drop: false }`
[INFO] [stdout] 2a5e2b99f37c4b16b082330bdb460d7fe071a07eca76ee382f5eb08710aa7660
[INFO] running `Command { std: "docker" "create" "-v" "/var/lib/crater-agent-workspace/builds/worker-2-tc1/target:/opt/rustwide/target:rw,Z" "-v" "/var/lib/crater-agent-workspace/builds/worker-2-tc1/source:/opt/rustwide/workdir:ro,Z" "-v" "/var/lib/crater-agent-workspace/cargo-home:/opt/rustwide/cargo-home:ro,Z" "-v" "/var/lib/crater-agent-workspace/rustup-home:/opt/rustwide/rustup-home:ro,Z" "-e" "SOURCE_DIR=/opt/rustwide/workdir" "-e" "CARGO_TARGET_DIR=/opt/rustwide/target" "-e" "CARGO_INCREMENTAL=0" "-e" "RUST_BACKTRACE=full" "-e" "RUSTFLAGS=--cap-lints=warn" "-e" "RUSTDOCFLAGS=--cap-lints=warn" "-e" "CARGO_HOME=/opt/rustwide/cargo-home" "-e" "RUSTUP_HOME=/opt/rustwide/rustup-home" "-w" "/opt/rustwide/workdir" "-m" "1610612736" "--user" "0:0" "--network" "none" "ghcr.io/rust-lang/crates-build-env/linux@sha256:f3a9d4ad9d972b27faf3965f35b62e55ba32bbce8f20bc8fe909558a86702fde" "/opt/rustwide/cargo-home/bin/cargo" "+1.83.0" "test" "--frozen", kill_on_drop: false }`
[INFO] [stdout] 21840f4ec3eb79f9574d11df1317a32934e4803c094d6f2ff1e3a2398eaf0621
[INFO] running `Command { std: "docker" "start" "-a" "21840f4ec3eb79f9574d11df1317a32934e4803c094d6f2ff1e3a2398eaf0621", kill_on_drop: false }`
[INFO] [stderr] warning: use of deprecated tuple variant `message::stratum::StratumMessage::SetTarget`: difficulty_target will be sent with Notify
[INFO] [stderr]   --> src/message/stratum.rs:39:29
[INFO] [stderr]    |
[INFO] [stderr] 39 |             StratumMessage::SetTarget(..) => "mining.set_target",
[INFO] [stderr]    |                             ^^^^^^^^^
[INFO] [stderr]    |
[INFO] [stderr]    = note: `#[warn(deprecated)]` on by default
[INFO] [stderr] 
[INFO] [stderr] warning: use of deprecated tuple variant `message::stratum::StratumMessage::SetTarget`: difficulty_target will be sent with Notify
[INFO] [stderr]   --> src/message/stratum.rs:91:29
[INFO] [stderr]    |
[INFO] [stderr] 91 |             StratumMessage::SetTarget(difficulty_target) => {
[INFO] [stderr]    |                             ^^^^^^^^^
[INFO] [stderr] 
[INFO] [stderr] warning: use of deprecated tuple variant `message::stratum::StratumMessage::SetTarget`: difficulty_target will be sent with Notify
[INFO] [stderr]    --> src/message/stratum.rs:241:37
[INFO] [stderr]     |
[INFO] [stderr] 241 |                     StratumMessage::SetTarget(difficulty_target)
[INFO] [stderr]     |                                     ^^^^^^^^^
[INFO] [stderr] 
[INFO] [stderr] warning: use of deprecated field `message::stratum::StratumMessage::SetTarget::0`: difficulty_target will be sent with Notify
[INFO] [stderr]   --> src/message/stratum.rs:91:39
[INFO] [stderr]    |
[INFO] [stderr] 91 |             StratumMessage::SetTarget(difficulty_target) => {
[INFO] [stderr]    |                                       ^^^^^^^^^^^^^^^^^
[INFO] [stderr] 
[INFO] [stderr] warning: `zkmatrix-pool-protocol` (lib) generated 4 warnings
[INFO] [stderr] warning: use of deprecated tuple variant `message::stratum::StratumMessage::SetTarget`: difficulty_target will be sent with Notify
[INFO] [stderr]    --> src/message/stratum.rs:364:31
[INFO] [stderr]     |
[INFO] [stderr] 364 |     let msg = StratumMessage::SetTarget(100);
[INFO] [stderr]     |                               ^^^^^^^^^
[INFO] [stderr]     |
[INFO] [stderr]     = note: `#[warn(deprecated)]` on by default
[INFO] [stderr] 
[INFO] [stderr] warning: use of deprecated tuple variant `message::stratum::StratumMessage::SetTarget`: difficulty_target will be sent with Notify
[INFO] [stderr]   --> src/message/stratum.rs:39:29
[INFO] [stderr]    |
[INFO] [stderr] 39 |             StratumMessage::SetTarget(..) => "mining.set_target",
[INFO] [stderr]    |                             ^^^^^^^^^
[INFO] [stderr] 
[INFO] [stderr] warning: use of deprecated tuple variant `zkmatrix_pool_protocol::message::stratum::StratumMessage::SetTarget`: difficulty_target will be sent with Notify
[INFO] [stderr]    --> examples/connect.rs:188:45
[INFO] [stderr]     |
[INFO] [stderr] 188 | ...                   StratumMessage::SetTarget(..) => {
[INFO] [stderr]     |                                       ^^^^^^^^^
[INFO] [stderr]     |
[INFO] [stderr]     = note: `#[warn(deprecated)]` on by default
[INFO] [stderr] 
[INFO] [stderr] warning: `zkmatrix-pool-protocol` (lib test) generated 5 warnings (3 duplicates)
[INFO] [stderr] warning: `zkmatrix-pool-protocol` (example "connect") generated 1 warning
[INFO] [stderr]     Finished `test` profile [optimized + debuginfo] target(s) in 0.56s
[INFO] [stderr]      Running unittests src/lib.rs (/opt/rustwide/target/debug/deps/zkmatrix_pool_protocol-7e37ed3930da6252)
[INFO] [stdout] 
[INFO] [stdout] running 6 tests
[INFO] [stdout] test get_current_version ... ok
[INFO] [stdout] test message::error::test_pool_errors ... ok
[INFO] [stdout] test message::stratum::test_encode_decode ... ok
[INFO] [stdout] test message::stratum::test_request ... ok
[INFO] [stdout] test utils::job_id::test_get_height ... ok
[INFO] [stdout] test utils::notify::test_decode ... FAILED
[INFO] [stdout] 
[INFO] [stdout] failures:
[INFO] [stdout] 
[INFO] [stdout] ---- utils::notify::test_decode stdout ----
[INFO] [stdout] 
[INFO] [stdout] ATTENTION - "posw.proving.7b5709f" does not exist, downloading this file remotely and storing it locally. Please ensure "posw.proving.7b5709f" is stored in "/root/.aleo/./resources/posw.proving.7b5709f".
[INFO] [stdout] 
[INFO] [stdout] snarkvm_parameters::testnet2 - Downloading parameters...
[INFO] [stdout] 
snarkvm_parameters::testnet2 - NaN% complete (0 MB total)
snarkvm_parameters::testnet2 - NaN% complete (0 MB total)
snarkvm_parameters::testnet2 - NaN% complete (0 MB total)
snarkvm_parameters::testnet2 - NaN% complete (0 MB total)
snarkvm_parameters::testnet2 - NaN% complete (0 MB total)thread 'utils::notify::test_decode' panicked at /opt/rustwide/cargo-home/git/checkouts/snarkvm-80aee2709006eb5c/b770c8b/dpc/src/network/testnet2.rs:292:5:
[INFO] [stdout] Failed to load parameter bytes for posw proving key: Crate("curl::error", "Error { description: \"Couldn't resolve host name\", code: 6, extra: Some(\"Could not resolve host: s3-us-west-1.amazonaws.com\") }")
[INFO] [stdout] stack backtrace:
[INFO] [stdout]    0:     0x589faf72ad0a - std::backtrace_rs::backtrace::libunwind::trace::h5a5b8284f2d0c266
[INFO] [stdout]                                at /rustc/90b35a6239c3d8bdabc530a6a0816f7ff89a0aaf/library/std/src/../../backtrace/src/backtrace/libunwind.rs:116:5
[INFO] [stdout]    1:     0x589faf72ad0a - std::backtrace_rs::backtrace::trace_unsynchronized::h76d4f1c9b0b875e3
[INFO] [stdout]                                at /rustc/90b35a6239c3d8bdabc530a6a0816f7ff89a0aaf/library/std/src/../../backtrace/src/backtrace/mod.rs:66:5
[INFO] [stdout]    2:     0x589faf72ad0a - std::sys::backtrace::_print_fmt::hc4546b8364a537c6
[INFO] [stdout]                                at /rustc/90b35a6239c3d8bdabc530a6a0816f7ff89a0aaf/library/std/src/sys/backtrace.rs:66:9
[INFO] [stdout]    3:     0x589faf72ad0a - <std::sys::backtrace::BacktraceLock::print::DisplayBacktrace as core::fmt::Display>::fmt::h5b6bd5631a6d1f6b
[INFO] [stdout]                                at /rustc/90b35a6239c3d8bdabc530a6a0816f7ff89a0aaf/library/std/src/sys/backtrace.rs:39:26
[INFO] [stdout]    4:     0x589faf51b4d3 - core::fmt::rt::Argument::fmt::h270f6602a2b96f62
[INFO] [stdout]                                at /rustc/90b35a6239c3d8bdabc530a6a0816f7ff89a0aaf/library/core/src/fmt/rt.rs:177:76
[INFO] [stdout]    5:     0x589faf51b4d3 - core::fmt::write::h7550c97b06c86515
[INFO] [stdout]                                at /rustc/90b35a6239c3d8bdabc530a6a0816f7ff89a0aaf/library/core/src/fmt/mod.rs:1186:21
[INFO] [stdout]    6:     0x589faf7255f3 - std::io::Write::write_fmt::h509ff860e5956e5e
[INFO] [stdout]                                at /rustc/90b35a6239c3d8bdabc530a6a0816f7ff89a0aaf/library/std/src/io/mod.rs:1839:15
[INFO] [stdout]    7:     0x589faf72ab62 - std::sys::backtrace::BacktraceLock::print::h2395ccd2c84ba3aa
[INFO] [stdout]                                at /rustc/90b35a6239c3d8bdabc530a6a0816f7ff89a0aaf/library/std/src/sys/backtrace.rs:42:9
[INFO] [stdout]    8:     0x589faf72bea4 - std::panicking::default_hook::{{closure}}::he19d4c7230e07961
[INFO] [stdout]                                at /rustc/90b35a6239c3d8bdabc530a6a0816f7ff89a0aaf/library/std/src/panicking.rs:268:22
[INFO] [stdout]    9:     0x589faf72bcb2 - std::panicking::default_hook::hf614597d3c67bbdb
[INFO] [stdout]                                at /rustc/90b35a6239c3d8bdabc530a6a0816f7ff89a0aaf/library/std/src/panicking.rs:292:9
[INFO] [stdout]   10:     0x589faf7749fd - <alloc::boxed::Box<F,A> as core::ops::function::Fn<Args>>::call::h39b51ce4599c23d1
[INFO] [stdout]                                at /rustc/90b35a6239c3d8bdabc530a6a0816f7ff89a0aaf/library/alloc/src/boxed.rs:2468:9
[INFO] [stdout]   11:     0x589faf7749fd - test::test_main::{{closure}}::he977ae839a582784
[INFO] [stdout]                                at /rustc/90b35a6239c3d8bdabc530a6a0816f7ff89a0aaf/library/test/src/lib.rs:133:21
[INFO] [stdout]   12:     0x589faf72c518 - <alloc::boxed::Box<F,A> as core::ops::function::Fn<Args>>::call::h9455091b6b06f9fb
[INFO] [stdout]                                at /rustc/90b35a6239c3d8bdabc530a6a0816f7ff89a0aaf/library/alloc/src/boxed.rs:2468:9
[INFO] [stdout]   13:     0x589faf72c518 - std::panicking::rust_panic_with_hook::h8942133a8b252070
[INFO] [stdout]                                at /rustc/90b35a6239c3d8bdabc530a6a0816f7ff89a0aaf/library/std/src/panicking.rs:809:13
[INFO] [stdout]   14:     0x589faf72c2ea - std::panicking::begin_panic_handler::{{closure}}::hb5f5963570096b29
[INFO] [stdout]                                at /rustc/90b35a6239c3d8bdabc530a6a0816f7ff89a0aaf/library/std/src/panicking.rs:674:13
[INFO] [stdout]   15:     0x589faf72b1b9 - std::sys::backtrace::__rust_end_short_backtrace::h6208cedc1922feda
[INFO] [stdout]                                at /rustc/90b35a6239c3d8bdabc530a6a0816f7ff89a0aaf/library/std/src/sys/backtrace.rs:170:18
[INFO] [stdout]   16:     0x589faf72bf8c - rust_begin_unwind
[INFO] [stdout]                                at /rustc/90b35a6239c3d8bdabc530a6a0816f7ff89a0aaf/library/std/src/panicking.rs:665:5
[INFO] [stdout]   17:     0x589faf4f7620 - core::panicking::panic_fmt::h0c3082644d1bf418
[INFO] [stdout]                                at /rustc/90b35a6239c3d8bdabc530a6a0816f7ff89a0aaf/library/core/src/panicking.rs:74:14
[INFO] [stdout]   18:     0x589faf4f7a66 - core::result::unwrap_failed::hd20b4aa073bda1e2
[INFO] [stdout]                                at /rustc/90b35a6239c3d8bdabc530a6a0816f7ff89a0aaf/library/core/src/result.rs:1700:5
[INFO] [stdout]   19:     0x589faf6925cf - core::result::Result<T,E>::expect::h93b505e75dc658f9
[INFO] [stdout]                                at /rustc/90b35a6239c3d8bdabc530a6a0816f7ff89a0aaf/library/core/src/result.rs:1061:23
[INFO] [stdout]   20:     0x589faf6925cf - <snarkvm_dpc::network::testnet2::Testnet2 as snarkvm_dpc::traits::network::Network>::posw_proving_key::{{closure}}::hbc874f51fcaaf3ca
[INFO] [stdout]                                at /opt/rustwide/cargo-home/git/checkouts/snarkvm-80aee2709006eb5c/b770c8b/dpc/src/network/macros.rs:35:21
[INFO] [stdout]   21:     0x589faf6925cf - once_cell::sync::OnceCell<T>::get_or_init::{{closure}}::h3e59460fe08e9fe6
[INFO] [stdout]                                at /opt/rustwide/cargo-home/registry/src/index.crates.io-6f17d22bba15001f/once_cell-1.13.0/src/lib.rs:1041:57
[INFO] [stdout]   22:     0x589faf6925cf - once_cell::imp::OnceCell<T>::initialize::{{closure}}::ha886a004e2d83309
[INFO] [stdout]                                at /opt/rustwide/cargo-home/registry/src/index.crates.io-6f17d22bba15001f/once_cell-1.13.0/src/imp_std.rs:85:23
[INFO] [stdout]   23:     0x589faf5442d2 - core::ops::function::impls::<impl core::ops::function::FnMut<A> for &mut F>::call_mut::hca35bc4da01ec08b
[INFO] [stdout]                                at /rustc/90b35a6239c3d8bdabc530a6a0816f7ff89a0aaf/library/core/src/ops/function.rs:294:13
[INFO] [stdout]   24:     0x589faf5442d2 - once_cell::imp::initialize_or_wait::hb5d499ebdcdb7358
[INFO] [stdout]                                at /opt/rustwide/cargo-home/registry/src/index.crates.io-6f17d22bba15001f/once_cell-1.13.0/src/imp_std.rs:213:20
[INFO] [stdout]   25:     0x589faf500b72 - once_cell::imp::OnceCell<T>::initialize::h344e0a2a740fa37f
[INFO] [stdout]                                at /opt/rustwide/cargo-home/registry/src/index.crates.io-6f17d22bba15001f/once_cell-1.13.0/src/imp_std.rs:81:9
[INFO] [stdout]   26:     0x589faf6864ee - once_cell::sync::OnceCell<T>::get_or_try_init::h092aa2492f7df812
[INFO] [stdout]                                at /opt/rustwide/cargo-home/registry/src/index.crates.io-6f17d22bba15001f/once_cell-1.13.0/src/lib.rs:1081:13
[INFO] [stdout]   27:     0x589faf6864ee - once_cell::sync::OnceCell<T>::get_or_init::ha1ed12345db158bd
[INFO] [stdout]                                at /opt/rustwide/cargo-home/registry/src/index.crates.io-6f17d22bba15001f/once_cell-1.13.0/src/lib.rs:1041:19
[INFO] [stdout]   28:     0x589faf6864ee - <snarkvm_dpc::network::testnet2::Testnet2 as snarkvm_dpc::traits::network::Network>::posw_proving_key::hb5143e7e22ef60df
[INFO] [stdout]                                at /opt/rustwide/cargo-home/git/checkouts/snarkvm-80aee2709006eb5c/b770c8b/dpc/src/network/macros.rs:33:23
[INFO] [stdout]   29:     0x589faf6864ee - <snarkvm_dpc::posw::posw::PoSW<N> as snarkvm_dpc::traits::posw::PoSWScheme<N>>::load::h341560de0f9d23e4
[INFO] [stdout]                                at /opt/rustwide/cargo-home/git/checkouts/snarkvm-80aee2709006eb5c/b770c8b/dpc/src/posw/posw.rs:65:30
[INFO] [stdout]   30:     0x589faf69161e - <snarkvm_dpc::network::testnet2::Testnet2 as snarkvm_dpc::traits::network::Network>::posw::{{closure}}::hcf3d97a4de7a9139
[INFO] [stdout]                                at /opt/rustwide/cargo-home/git/checkouts/snarkvm-80aee2709006eb5c/b770c8b/dpc/src/network/testnet2.rs:311:29
[INFO] [stdout]   31:     0x589faf69161e - once_cell::sync::OnceCell<T>::get_or_init::{{closure}}::ha01e64d5b21bf000
[INFO] [stdout]                                at /opt/rustwide/cargo-home/registry/src/index.crates.io-6f17d22bba15001f/once_cell-1.13.0/src/lib.rs:1041:57
[INFO] [stdout]   32:     0x589faf69161e - once_cell::imp::OnceCell<T>::initialize::{{closure}}::h9b6f1d3991f4ff1f
[INFO] [stdout]                                at /opt/rustwide/cargo-home/registry/src/index.crates.io-6f17d22bba15001f/once_cell-1.13.0/src/imp_std.rs:85:23
[INFO] [stdout]   33:     0x589faf5442d2 - core::ops::function::impls::<impl core::ops::function::FnMut<A> for &mut F>::call_mut::hca35bc4da01ec08b
[INFO] [stdout]                                at /rustc/90b35a6239c3d8bdabc530a6a0816f7ff89a0aaf/library/core/src/ops/function.rs:294:13
[INFO] [stdout]   34:     0x589faf5442d2 - once_cell::imp::initialize_or_wait::hb5d499ebdcdb7358
[INFO] [stdout]                                at /opt/rustwide/cargo-home/registry/src/index.crates.io-6f17d22bba15001f/once_cell-1.13.0/src/imp_std.rs:213:20
[INFO] [stdout]   35:     0x589faf500e45 - once_cell::imp::OnceCell<T>::initialize::hca4efbd79b72832e
[INFO] [stdout]                                at /opt/rustwide/cargo-home/registry/src/index.crates.io-6f17d22bba15001f/once_cell-1.13.0/src/imp_std.rs:81:9
[INFO] [stdout]   36:     0x589faf62e611 - snarkvm_dpc::block::header::BlockHeader<N>::is_valid::hbdeeb7fe054ed61d
[INFO] [stdout]   37:     0x589faf62e3d3 - snarkvm_dpc::block::header::BlockHeader<N>::from::hea5edd7ba4f1a3dd
[INFO] [stdout]                                at /opt/rustwide/cargo-home/git/checkouts/snarkvm-80aee2709006eb5c/b770c8b/dpc/src/block/header.rs:120:15
[INFO] [stdout]   38:     0x589faf692e08 - <snarkvm_dpc::block::header::BlockHeader<N> as snarkvm_utilities::bytes::FromBytes>::read_le::he704abe15cb48764
[INFO] [stdout]                                at /opt/rustwide/cargo-home/git/checkouts/snarkvm-80aee2709006eb5c/b770c8b/dpc/src/block/header.rs:332:12
[INFO] [stdout]   39:     0x589faf692e08 - <snarkvm_dpc::block::block::Block<N> as snarkvm_utilities::bytes::FromBytes>::read_le::h26f8a916c706b37e
[INFO] [stdout]                                at /opt/rustwide/cargo-home/git/checkouts/snarkvm-80aee2709006eb5c/b770c8b/dpc/src/block/block.rs:299:22
[INFO] [stdout]   40:     0x589faf692e08 - <snarkvm_dpc::network::testnet2::Testnet2 as snarkvm_dpc::traits::network::Network>::genesis_block::{{closure}}::h89b48d99aab20027
[INFO] [stdout]                                at /opt/rustwide/cargo-home/git/checkouts/snarkvm-80aee2709006eb5c/b770c8b/dpc/src/network/testnet2.rs:316:30
[INFO] [stdout]   41:     0x589faf692e08 - once_cell::sync::OnceCell<T>::get_or_init::{{closure}}::h6f1572d66d077f83
[INFO] [stdout]                                at /opt/rustwide/cargo-home/registry/src/index.crates.io-6f17d22bba15001f/once_cell-1.13.0/src/lib.rs:1041:57
[INFO] [stdout]   42:     0x589faf692e08 - once_cell::imp::OnceCell<T>::initialize::{{closure}}::hb39d268a2ce0d57a
[INFO] [stdout]                                at /opt/rustwide/cargo-home/registry/src/index.crates.io-6f17d22bba15001f/once_cell-1.13.0/src/imp_std.rs:85:23
[INFO] [stdout]   43:     0x589faf5442d2 - core::ops::function::impls::<impl core::ops::function::FnMut<A> for &mut F>::call_mut::hca35bc4da01ec08b
[INFO] [stdout]                                at /rustc/90b35a6239c3d8bdabc530a6a0816f7ff89a0aaf/library/core/src/ops/function.rs:294:13
[INFO] [stdout]   44:     0x589faf5442d2 - once_cell::imp::initialize_or_wait::hb5d499ebdcdb7358
[INFO] [stdout]                                at /opt/rustwide/cargo-home/registry/src/index.crates.io-6f17d22bba15001f/once_cell-1.13.0/src/imp_std.rs:213:20
[INFO] [stdout]   45:     0x589faf5009e5 - once_cell::imp::OnceCell<T>::initialize::h01a7c252eaf77ce1
[INFO] [stdout]                                at /opt/rustwide/cargo-home/registry/src/index.crates.io-6f17d22bba15001f/once_cell-1.13.0/src/imp_std.rs:81:9
[INFO] [stdout]   46:     0x589faf7c15d8 - once_cell::sync::OnceCell<T>::get_or_try_init::h7afceed6c19bbd9c
[INFO] [stdout]                                at /opt/rustwide/cargo-home/registry/src/index.crates.io-6f17d22bba15001f/once_cell-1.13.0/src/lib.rs:1081:13
[INFO] [stdout]   47:     0x589faf7c15d8 - once_cell::sync::OnceCell<T>::get_or_init::h65fa6bdf21c43def
[INFO] [stdout]                                at /opt/rustwide/cargo-home/registry/src/index.crates.io-6f17d22bba15001f/once_cell-1.13.0/src/lib.rs:1041:19
[INFO] [stdout]   48:     0x589faf7c15d8 - <snarkvm_dpc::network::testnet2::Testnet2 as snarkvm_dpc::traits::network::Network>::genesis_block::h8285f52d7425a3cb
[INFO] [stdout]                                at /opt/rustwide/cargo-home/git/checkouts/snarkvm-80aee2709006eb5c/b770c8b/dpc/src/network/testnet2.rs:316:15
[INFO] [stdout]   49:     0x589faf7c15d8 - zkmatrix_pool_protocol::utils::notify::test_decode::h5300ad14a9e01eff
[INFO] [stdout]                                at /opt/rustwide/workdir/src/utils/notify.rs:35:17
[INFO] [stdout]   50:     0x589faf7c5019 - zkmatrix_pool_protocol::utils::notify::test_decode::{{closure}}::h5fcdae68cb175a2a
[INFO] [stdout]                                at /opt/rustwide/workdir/src/utils/notify.rs:29:17
[INFO] [stdout]   51:     0x589faf7c5019 - core::ops::function::FnOnce::call_once::h6b5e980ee83e0209
[INFO] [stdout]                                at /rustc/90b35a6239c3d8bdabc530a6a0816f7ff89a0aaf/library/core/src/ops/function.rs:250:5
[INFO] [stdout]   52:     0x589faf779cfb - core::ops::function::FnOnce::call_once::h109cf8051a59b34e
[INFO] [stdout]                                at /rustc/90b35a6239c3d8bdabc530a6a0816f7ff89a0aaf/library/core/src/ops/function.rs:250:5
[INFO] [stdout]   53:     0x589faf779cfb - test::__rust_begin_short_backtrace::hf4fff89d377446ba
[INFO] [stdout]                                at /rustc/90b35a6239c3d8bdabc530a6a0816f7ff89a0aaf/library/test/src/lib.rs:621:18
[INFO] [stdout]   54:     0x589faf778ed3 - test::types::RunnableTest::run::h274229b9f2163ac3
[INFO] [stdout]                                at /rustc/90b35a6239c3d8bdabc530a6a0816f7ff89a0aaf/library/test/src/types.rs:145:40
[INFO] [stdout]   55:     0x589faf778ed3 - test::run_test_in_process::{{closure}}::h0e39181dd7ee5a43
[INFO] [stdout]                                at /rustc/90b35a6239c3d8bdabc530a6a0816f7ff89a0aaf/library/test/src/lib.rs:644:60
[INFO] [stdout]   56:     0x589faf778ed3 - <core::panic::unwind_safe::AssertUnwindSafe<F> as core::ops::function::FnOnce<()>>::call_once::hc5a66a30f0bdfd1f
[INFO] [stdout]                                at /rustc/90b35a6239c3d8bdabc530a6a0816f7ff89a0aaf/library/core/src/panic/unwind_safe.rs:272:9
[INFO] [stdout]   57:     0x589faf778ed3 - std::panicking::try::do_call::h873b7cf639554a5e
[INFO] [stdout]                                at /rustc/90b35a6239c3d8bdabc530a6a0816f7ff89a0aaf/library/std/src/panicking.rs:557:40
[INFO] [stdout]   58:     0x589faf778ed3 - std::panicking::try::hdb19862fad9c8bd1
[INFO] [stdout]                                at /rustc/90b35a6239c3d8bdabc530a6a0816f7ff89a0aaf/library/std/src/panicking.rs:520:19
[INFO] [stdout]   59:     0x589faf778ed3 - std::panic::catch_unwind::h281fe732d236d260
[INFO] [stdout]                                at /rustc/90b35a6239c3d8bdabc530a6a0816f7ff89a0aaf/library/std/src/panic.rs:358:14
[INFO] [stdout]   60:     0x589faf778ed3 - test::run_test_in_process::h949b6df8457ed338
[INFO] [stdout]                                at /rustc/90b35a6239c3d8bdabc530a6a0816f7ff89a0aaf/library/test/src/lib.rs:644:27
[INFO] [stdout]   61:     0x589faf778ed3 - test::run_test::{{closure}}::h52c556a6d4740e10
[INFO] [stdout]                                at /rustc/90b35a6239c3d8bdabc530a6a0816f7ff89a0aaf/library/test/src/lib.rs:565:43
[INFO] [stdout]   62:     0x589faf73d2da - test::run_test::{{closure}}::h4237f6381c45ccb9
[INFO] [stdout]                                at /rustc/90b35a6239c3d8bdabc530a6a0816f7ff89a0aaf/library/test/src/lib.rs:595:41
[INFO] [stdout]   63:     0x589faf73d2da - std::sys::backtrace::__rust_begin_short_backtrace::h505c97a579eca628
[INFO] [stdout]                                at /rustc/90b35a6239c3d8bdabc530a6a0816f7ff89a0aaf/library/std/src/sys/backtrace.rs:154:18
[INFO] [stdout]   64:     0x589faf741052 - std::thread::Builder::spawn_unchecked_::{{closure}}::{{closure}}::h9e86b2e2bc107ea3
[INFO] [stdout]                                at /rustc/90b35a6239c3d8bdabc530a6a0816f7ff89a0aaf/library/std/src/thread/mod.rs:538:17
[INFO] [stdout]   65:     0x589faf741052 - <core::panic::unwind_safe::AssertUnwindSafe<F> as core::ops::function::FnOnce<()>>::call_once::h8b06ddb275ff4a25
[INFO] [stdout]                                at /rustc/90b35a6239c3d8bdabc530a6a0816f7ff89a0aaf/library/core/src/panic/unwind_safe.rs:272:9
[INFO] [stdout]   66:     0x589faf741052 - std::panicking::try::do_call::hb26ecd7cd9a9355d
[INFO] [stdout]                                at /rustc/90b35a6239c3d8bdabc530a6a0816f7ff89a0aaf/library/std/src/panicking.rs:557:40
[INFO] [stdout]   67:     0x589faf741052 - std::panicking::try::h8ddeca9d705f9069
[INFO] [stdout]                                at /rustc/90b35a6239c3d8bdabc530a6a0816f7ff89a0aaf/library/std/src/panicking.rs:520:19
[INFO] [stdout]   68:     0x589faf741052 - std::panic::catch_unwind::h49e1c33078844c46
[INFO] [stdout]                                at /rustc/90b35a6239c3d8bdabc530a6a0816f7ff89a0aaf/library/std/src/panic.rs:358:14
[INFO] [stdout]   69:     0x589faf741052 - std::thread::Builder::spawn_unchecked_::{{closure}}::h6073db6ff56ad35d
[INFO] [stdout]                                at /rustc/90b35a6239c3d8bdabc530a6a0816f7ff89a0aaf/library/std/src/thread/mod.rs:537:30
[INFO] [stdout]   70:     0x589faf741052 - core::ops::function::FnOnce::call_once{{vtable.shim}}::h2c5a5f3779c774f1
[INFO] [stdout]                                at /rustc/90b35a6239c3d8bdabc530a6a0816f7ff89a0aaf/library/core/src/ops/function.rs:250:5
[INFO] [stdout]   71:     0x589faf72ec5b - <alloc::boxed::Box<F,A> as core::ops::function::FnOnce<Args>>::call_once::hf75717d9f28faebf
[INFO] [stdout]                                at /rustc/90b35a6239c3d8bdabc530a6a0816f7ff89a0aaf/library/alloc/src/boxed.rs:2454:9
[INFO] [stdout]   72:     0x589faf72ec5b - <alloc::boxed::Box<F,A> as core::ops::function::FnOnce<Args>>::call_once::h7bd883a5f3c5f3c1
[INFO] [stdout]                                at /rustc/90b35a6239c3d8bdabc530a6a0816f7ff89a0aaf/library/alloc/src/boxed.rs:2454:9
[INFO] [stdout]   73:     0x589faf72ec5b - std::sys::pal::unix::thread::Thread::new::thread_start::hcc78f3943333fa94
[INFO] [stdout]                                at /rustc/90b35a6239c3d8bdabc530a6a0816f7ff89a0aaf/library/std/src/sys/pal/unix/thread.rs:105:17
[INFO] [stdout]   74:     0x79d5ce66fac3 - <unknown>
[INFO] [stdout]   75:     0x79d5ce700a04 - clone
[INFO] [stdout]   76:                0x0 - <unknown>
[INFO] [stdout] 
[INFO] [stdout] 
[INFO] [stdout] failures:
[INFO] [stdout]     utils::notify::test_decode
[INFO] [stdout] 
[INFO] [stdout] test result: FAILED. 5 passed; 1 failed; 0 ignored; 0 measured; 0 filtered out; finished in 0.11s
[INFO] [stdout] 
[INFO] [stderr] error: test failed, to rerun pass `--lib`
[INFO] running `Command { std: "docker" "inspect" "21840f4ec3eb79f9574d11df1317a32934e4803c094d6f2ff1e3a2398eaf0621", kill_on_drop: false }`
[INFO] running `Command { std: "docker" "rm" "-f" "21840f4ec3eb79f9574d11df1317a32934e4803c094d6f2ff1e3a2398eaf0621", kill_on_drop: false }`
[INFO] [stdout] 21840f4ec3eb79f9574d11df1317a32934e4803c094d6f2ff1e3a2398eaf0621
