[INFO] cloning repository https://github.com/2lambda123/Orange-OpenSource-hurl
[INFO] running `Command { std: "git" "-c" "credential.helper=" "-c" "credential.helper=/workspace/cargo-home/bin/git-credential-null" "clone" "--bare" "https://github.com/2lambda123/Orange-OpenSource-hurl" "/workspace/cache/git-repos/https%3A%2F%2Fgithub.com%2F2lambda123%2FOrange-OpenSource-hurl", kill_on_drop: false }`
[INFO] [stderr] Cloning into bare repository '/workspace/cache/git-repos/https%3A%2F%2Fgithub.com%2F2lambda123%2FOrange-OpenSource-hurl'...
[INFO] running `Command { std: "git" "rev-parse" "HEAD", kill_on_drop: false }`
[INFO] [stdout] 200c42e8e2064c045a21469186d7d6e682378ad1
[INFO] testing 2lambda123/Orange-OpenSource-hurl against 1.83.0 for beta-1.84.0-4-retry
[INFO] running `Command { std: "git" "clone" "/workspace/cache/git-repos/https%3A%2F%2Fgithub.com%2F2lambda123%2FOrange-OpenSource-hurl" "/workspace/builds/worker-2-tc1/source", kill_on_drop: false }`
[INFO] [stderr] Cloning into '/workspace/builds/worker-2-tc1/source'...
[INFO] [stderr] done.
[INFO] validating manifest of git repo https://github.com/2lambda123/Orange-OpenSource-hurl on toolchain 1.83.0
[INFO] running `Command { std: CARGO_HOME="/workspace/cargo-home" RUSTUP_HOME="/workspace/rustup-home" "/workspace/cargo-home/bin/cargo" "+1.83.0" "metadata" "--manifest-path" "Cargo.toml" "--no-deps", kill_on_drop: false }`
[INFO] removed /workspace/builds/worker-2-tc1/source/.cargo/config.toml
[INFO] started tweaking git repo https://github.com/2lambda123/Orange-OpenSource-hurl
[INFO] finished tweaking git repo https://github.com/2lambda123/Orange-OpenSource-hurl
[INFO] tweaked toml for git repo https://github.com/2lambda123/Orange-OpenSource-hurl written to /workspace/builds/worker-2-tc1/source/Cargo.toml
[INFO] crate git repo https://github.com/2lambda123/Orange-OpenSource-hurl already has a lockfile, it will not be regenerated
[INFO] running `Command { std: CARGO_HOME="/workspace/cargo-home" RUSTUP_HOME="/workspace/rustup-home" "/workspace/cargo-home/bin/cargo" "+1.83.0" "fetch" "--manifest-path" "Cargo.toml", kill_on_drop: false }`
[INFO] [stderr]     Blocking waiting for file lock on package cache
[INFO] [stderr]     Updating crates.io index
[INFO] [stderr]     Blocking waiting for file lock on package cache
[INFO] [stderr]  Downloading crates ...
[INFO] [stderr]   Downloaded tempfile v3.10.0
[INFO] [stderr]   Downloaded ahash v0.8.8
[INFO] [stderr]   Downloaded encoding-index-japanese v1.20141219.5
[INFO] [stderr]   Downloaded clap v4.5.0
[INFO] [stderr]   Downloaded serde v1.0.196
[INFO] [stderr]   Downloaded serde_derive v1.0.196
[INFO] [stderr]   Downloaded winres v0.1.12
[INFO] [stderr]   Downloaded cc v1.0.85
[INFO] [stderr]   Downloaded encoding_index_tests v0.1.4
[INFO] [stderr]   Downloaded libflate_lz77 v2.0.0
[INFO] [stderr]   Downloaded openssl-sys v0.9.99
[INFO] [stderr]   Downloaded libflate v2.0.0
[INFO] [stderr]   Downloaded encoding-index-korean v1.20141219.5
[INFO] [stderr]   Downloaded redox_termios v0.1.3
[INFO] [stderr]   Downloaded curl v0.4.46
[INFO] [stderr]   Downloaded serde_json v1.0.113
[INFO] [stderr]   Downloaded encoding-index-tradchinese v1.20141219.5
[INFO] [stderr]   Downloaded encoding-index-simpchinese v1.20141219.5
[INFO] [stderr]   Downloaded encoding v0.2.33
[INFO] [stderr]   Downloaded encoding-index-singlebyte v1.20141219.5
[INFO] [stderr]   Downloaded dary_heap v0.3.6
[INFO] [stderr]   Downloaded rle-decode-fast v1.0.3
[INFO] [stderr]   Downloaded numtoa v0.1.0
[INFO] [stderr]   Downloaded termion v3.0.0
[INFO] [stderr]   Downloaded chrono v0.4.34
[INFO] [stderr]   Downloaded core2 v0.4.0
[INFO] [stderr]   Downloaded clap_builder v4.5.0
[INFO] [stderr]   Downloaded libxml v0.3.3
[INFO] [stderr]   Downloaded anstream v0.6.11
[INFO] [stderr]   Downloaded curl-sys v0.4.72+curl-8.6.0
[INFO] [stderr]   Downloaded libz-sys v1.1.15
[INFO] [stderr]   Downloaded openssl-src v300.2.3+3.2.1
[INFO] running `Command { std: "docker" "create" "-v" "/var/lib/crater-agent-workspace/builds/worker-2-tc1/target:/opt/rustwide/target:rw,Z" "-v" "/var/lib/crater-agent-workspace/builds/worker-2-tc1/source:/opt/rustwide/workdir:ro,Z" "-v" "/var/lib/crater-agent-workspace/cargo-home:/opt/rustwide/cargo-home:ro,Z" "-v" "/var/lib/crater-agent-workspace/rustup-home:/opt/rustwide/rustup-home:ro,Z" "-e" "SOURCE_DIR=/opt/rustwide/workdir" "-e" "CARGO_TARGET_DIR=/opt/rustwide/target" "-e" "CARGO_HOME=/opt/rustwide/cargo-home" "-e" "RUSTUP_HOME=/opt/rustwide/rustup-home" "-w" "/opt/rustwide/workdir" "-m" "1610612736" "--user" "0:0" "--network" "none" "ghcr.io/rust-lang/crates-build-env/linux@sha256:f3a9d4ad9d972b27faf3965f35b62e55ba32bbce8f20bc8fe909558a86702fde" "/opt/rustwide/cargo-home/bin/cargo" "+1.83.0" "metadata" "--no-deps" "--format-version=1", kill_on_drop: false }`
[INFO] [stdout] 7d47d9d7180064822f2455e8fb295776fb7812116f5aa2512a31b2c94fc4328e
[INFO] running `Command { std: "docker" "start" "-a" "7d47d9d7180064822f2455e8fb295776fb7812116f5aa2512a31b2c94fc4328e", kill_on_drop: false }`
[INFO] running `Command { std: "docker" "inspect" "7d47d9d7180064822f2455e8fb295776fb7812116f5aa2512a31b2c94fc4328e", kill_on_drop: false }`
[INFO] running `Command { std: "docker" "rm" "-f" "7d47d9d7180064822f2455e8fb295776fb7812116f5aa2512a31b2c94fc4328e", kill_on_drop: false }`
[INFO] [stdout] 7d47d9d7180064822f2455e8fb295776fb7812116f5aa2512a31b2c94fc4328e
[INFO] running `Command { std: "docker" "create" "-v" "/var/lib/crater-agent-workspace/builds/worker-2-tc1/target:/opt/rustwide/target:rw,Z" "-v" "/var/lib/crater-agent-workspace/builds/worker-2-tc1/source:/opt/rustwide/workdir:ro,Z" "-v" "/var/lib/crater-agent-workspace/cargo-home:/opt/rustwide/cargo-home:ro,Z" "-v" "/var/lib/crater-agent-workspace/rustup-home:/opt/rustwide/rustup-home:ro,Z" "-e" "SOURCE_DIR=/opt/rustwide/workdir" "-e" "CARGO_TARGET_DIR=/opt/rustwide/target" "-e" "CARGO_INCREMENTAL=0" "-e" "RUST_BACKTRACE=full" "-e" "RUSTFLAGS=--cap-lints=warn" "-e" "RUSTDOCFLAGS=--cap-lints=warn" "-e" "CARGO_HOME=/opt/rustwide/cargo-home" "-e" "RUSTUP_HOME=/opt/rustwide/rustup-home" "-w" "/opt/rustwide/workdir" "-m" "1610612736" "--user" "0:0" "--network" "none" "ghcr.io/rust-lang/crates-build-env/linux@sha256:f3a9d4ad9d972b27faf3965f35b62e55ba32bbce8f20bc8fe909558a86702fde" "/opt/rustwide/cargo-home/bin/cargo" "+1.83.0" "build" "--frozen" "--message-format=json", kill_on_drop: false }`
[INFO] [stdout] b3026871295b7180d29b3880ae9a54d0a0502f3ddaee9a9838286a758a39afdb
[INFO] running `Command { std: "docker" "start" "-a" "b3026871295b7180d29b3880ae9a54d0a0502f3ddaee9a9838286a758a39afdb", kill_on_drop: false }`
[INFO] [stderr]    Compiling pkg-config v0.3.29
[INFO] [stderr]    Compiling libc v0.2.153
[INFO] [stderr]    Compiling cc v1.0.85
[INFO] [stderr]    Compiling memchr v2.7.1
[INFO] [stderr]    Compiling rustix v0.38.31
[INFO] [stderr]    Compiling linux-raw-sys v0.4.13
[INFO] [stderr]    Compiling encoding_index_tests v0.1.4
[INFO] [stderr]    Compiling bitflags v2.4.2
[INFO] [stderr]    Compiling utf8parse v0.2.1
[INFO] [stderr]    Compiling colorchoice v1.0.0
[INFO] [stderr]    Compiling anstyle-query v1.0.2
[INFO] [stderr]    Compiling num-traits v0.2.18
[INFO] [stderr]    Compiling ahash v0.8.8
[INFO] [stderr]    Compiling regex-syntax v0.8.2
[INFO] [stderr]    Compiling generic-array v0.14.7
[INFO] [stderr]    Compiling anstyle v1.0.6
[INFO] [stderr]    Compiling zerocopy v0.7.32
[INFO] [stderr]    Compiling anstyle-parse v0.2.3
[INFO] [stderr]    Compiling clap_lex v0.7.0
[INFO] [stderr]    Compiling once_cell v1.19.0
[INFO] [stderr]    Compiling anstream v0.6.11
[INFO] [stderr]    Compiling strsim v0.11.0
[INFO] [stderr]    Compiling tinyvec v1.6.0
[INFO] [stderr]    Compiling serde v1.0.196
[INFO] [stderr]    Compiling crc32fast v1.4.0
[INFO] [stderr]    Compiling colored v2.1.0
[INFO] [stderr]    Compiling rle-decode-fast v1.0.3
[INFO] [stderr]    Compiling curl v0.4.46
[INFO] [stderr]    Compiling serde_json v1.0.113
[INFO] [stderr]    Compiling aho-corasick v1.1.2
[INFO] [stderr]    Compiling hashbrown v0.13.2
[INFO] [stderr]    Compiling core2 v0.4.0
[INFO] [stderr]    Compiling brotli-decompressor v2.5.1
[INFO] [stderr]    Compiling encoding-index-japanese v1.20141219.5
[INFO] [stderr]    Compiling encoding-index-tradchinese v1.20141219.5
[INFO] [stderr]    Compiling encoding-index-simpchinese v1.20141219.5
[INFO] [stderr]    Compiling libxml v0.3.3
[INFO] [stderr]    Compiling block-buffer v0.10.4
[INFO] [stderr]    Compiling crypto-common v0.1.6
[INFO] [stderr]    Compiling encoding-index-korean v1.20141219.5
[INFO] [stderr]    Compiling encoding-index-singlebyte v1.20141219.5
[INFO] [stderr]    Compiling dary_heap v0.3.6
[INFO] [stderr]    Compiling ryu v1.0.16
[INFO] [stderr]    Compiling digest v0.10.7
[INFO] [stderr]    Compiling numtoa v0.1.0
[INFO] [stderr]    Compiling adler32 v1.2.0
[INFO] [stderr]    Compiling getrandom v0.2.12
[INFO] [stderr]    Compiling float-cmp v0.9.0
[INFO] [stderr]    Compiling socket2 v0.5.5
[INFO] [stderr]    Compiling itoa v1.0.10
[INFO] [stderr]    Compiling sha2 v0.10.8
[INFO] [stderr]    Compiling chrono v0.4.34
[INFO] [stderr]    Compiling termion v3.0.0
[INFO] [stderr]    Compiling encoding v0.2.33
[INFO] [stderr]    Compiling rand_core v0.6.4
[INFO] [stderr]    Compiling unicode-normalization v0.1.22
[INFO] [stderr]    Compiling libflate_lz77 v2.0.0
[INFO] [stderr]    Compiling xml-rs v0.8.19
[INFO] [stderr]    Compiling openssl-sys v0.9.99
[INFO] [stderr]    Compiling libz-sys v1.1.15
[INFO] [stderr]    Compiling curl-sys v0.4.72+curl-8.6.0
[INFO] [stderr]    Compiling terminal_size v0.3.0
[INFO] [stderr]    Compiling rand_chacha v0.3.1
[INFO] [stderr]    Compiling clap_builder v4.5.0
[INFO] [stderr]    Compiling idna v0.5.0
[INFO] [stderr]    Compiling hurl v4.3.0-SNAPSHOT (/opt/rustwide/workdir/packages/hurl)
[INFO] [stderr]    Compiling brotli v3.4.0
[INFO] [stderr]    Compiling rand v0.8.5
[INFO] [stderr]    Compiling libflate v2.0.0
[INFO] [stderr]    Compiling url v2.5.0
[INFO] [stderr]    Compiling hex-literal v0.4.1
[INFO] [stderr]    Compiling uuid v1.7.0
[INFO] [stderr] warning: hurl@4.3.0-SNAPSHOT: Compiler version doesn't include clang or GCC: "cc" "--version"
[INFO] [stderr] warning: hurl@4.3.0-SNAPSHOT: Compiler version doesn't include clang or GCC: "cc" "--version"
[INFO] [stderr]    Compiling glob v0.3.1
[INFO] [stderr]    Compiling md5 v0.7.0
[INFO] [stderr]    Compiling regex-automata v0.4.5
[INFO] [stderr]    Compiling clap v4.5.0
[INFO] [stderr]    Compiling regex v1.10.3
[INFO] [stderr]    Compiling hurl_core v4.3.0-SNAPSHOT (/opt/rustwide/workdir/packages/hurl_core)
[INFO] [stderr]    Compiling hurlfmt v4.3.0-SNAPSHOT (/opt/rustwide/workdir/packages/hurlfmt)
[INFO] [stdout] warning: field `retry` is never read
[INFO] [stdout]   --> packages/hurl/src/http/options.rs:48:9
[INFO] [stdout]    |
[INFO] [stdout] 26 | pub struct ClientOptions {
[INFO] [stdout]    |            ------------- field in this struct
[INFO] [stdout] ...
[INFO] [stdout] 48 |     pub retry: Retry,
[INFO] [stdout]    |         ^^^^^
[INFO] [stdout]    |
[INFO] [stdout]    = note: `ClientOptions` has derived impls for the traits `Clone` and `Debug`, but these are intentionally ignored during dead code analysis
[INFO] [stdout]    = note: `#[warn(dead_code)]` on by default
[INFO] [stdout] 
[INFO] [stdout] 
[INFO] [stdout] warning: field `0` is never read
[INFO] [stdout]   --> packages/hurl/src/report/junit/xml/writer.rs:33:8
[INFO] [stdout]    |
[INFO] [stdout] 33 |     Io(std::io::Error),
[INFO] [stdout]    |     -- ^^^^^^^^^^^^^^
[INFO] [stdout]    |     |
[INFO] [stdout]    |     field in this variant
[INFO] [stdout]    |
[INFO] [stdout]    = note: `WriterError` has a derived impl for the trait `Debug`, but this is intentionally ignored during dead code analysis
[INFO] [stdout] help: consider changing the field to be of unit type to suppress this warning while preserving the field numbering, or remove the field
[INFO] [stdout]    |
[INFO] [stdout] 33 |     Io(()),
[INFO] [stdout]    |        ~~
[INFO] [stdout] 
[INFO] [stdout] 
[INFO] [stdout] warning: field `0` is never read
[INFO] [stdout]   --> packages/hurl/src/report/junit/xml/writer.rs:34:19
[INFO] [stdout]    |
[INFO] [stdout] 34 |     FromUtf8Error(FromUtf8Error),
[INFO] [stdout]    |     ------------- ^^^^^^^^^^^^^
[INFO] [stdout]    |     |
[INFO] [stdout]    |     field in this variant
[INFO] [stdout]    |
[INFO] [stdout]    = note: `WriterError` has a derived impl for the trait `Debug`, but this is intentionally ignored during dead code analysis
[INFO] [stdout] help: consider changing the field to be of unit type to suppress this warning while preserving the field numbering, or remove the field
[INFO] [stdout]    |
[INFO] [stdout] 34 |     FromUtf8Error(()),
[INFO] [stdout]    |                   ~~
[INFO] [stdout] 
[INFO] [stdout] 
[INFO] [stdout] warning: field `0` is never read
[INFO] [stdout]   --> packages/hurl/src/report/junit/xml/writer.rs:35:18
[INFO] [stdout]    |
[INFO] [stdout] 35 |     GenericError(String),
[INFO] [stdout]    |     ------------ ^^^^^^
[INFO] [stdout]    |     |
[INFO] [stdout]    |     field in this variant
[INFO] [stdout]    |
[INFO] [stdout]    = note: `WriterError` has a derived impl for the trait `Debug`, but this is intentionally ignored during dead code analysis
[INFO] [stdout] help: consider changing the field to be of unit type to suppress this warning while preserving the field numbering, or remove the field
[INFO] [stdout]    |
[INFO] [stdout] 35 |     GenericError(()),
[INFO] [stdout]    |                  ~~
[INFO] [stdout] 
[INFO] [stdout] 
[INFO] [stderr]     Finished `dev` profile [unoptimized + debuginfo] target(s) in 44.34s
[INFO] running `Command { std: "docker" "inspect" "b3026871295b7180d29b3880ae9a54d0a0502f3ddaee9a9838286a758a39afdb", kill_on_drop: false }`
[INFO] running `Command { std: "docker" "rm" "-f" "b3026871295b7180d29b3880ae9a54d0a0502f3ddaee9a9838286a758a39afdb", kill_on_drop: false }`
[INFO] [stdout] b3026871295b7180d29b3880ae9a54d0a0502f3ddaee9a9838286a758a39afdb
[INFO] running `Command { std: "docker" "create" "-v" "/var/lib/crater-agent-workspace/builds/worker-2-tc1/target:/opt/rustwide/target:rw,Z" "-v" "/var/lib/crater-agent-workspace/builds/worker-2-tc1/source:/opt/rustwide/workdir:ro,Z" "-v" "/var/lib/crater-agent-workspace/cargo-home:/opt/rustwide/cargo-home:ro,Z" "-v" "/var/lib/crater-agent-workspace/rustup-home:/opt/rustwide/rustup-home:ro,Z" "-e" "SOURCE_DIR=/opt/rustwide/workdir" "-e" "CARGO_TARGET_DIR=/opt/rustwide/target" "-e" "CARGO_INCREMENTAL=0" "-e" "RUST_BACKTRACE=full" "-e" "RUSTFLAGS=--cap-lints=warn" "-e" "RUSTDOCFLAGS=--cap-lints=warn" "-e" "CARGO_HOME=/opt/rustwide/cargo-home" "-e" "RUSTUP_HOME=/opt/rustwide/rustup-home" "-w" "/opt/rustwide/workdir" "-m" "1610612736" "--user" "0:0" "--network" "none" "ghcr.io/rust-lang/crates-build-env/linux@sha256:f3a9d4ad9d972b27faf3965f35b62e55ba32bbce8f20bc8fe909558a86702fde" "/opt/rustwide/cargo-home/bin/cargo" "+1.83.0" "test" "--frozen" "--no-run" "--message-format=json", kill_on_drop: false }`
[INFO] [stdout] 080e754ae583d8a32f9d670bc92a8dc2eedd2478bd3ee2338971ccb0f7ecd391
[INFO] running `Command { std: "docker" "start" "-a" "080e754ae583d8a32f9d670bc92a8dc2eedd2478bd3ee2338971ccb0f7ecd391", kill_on_drop: false }`
[INFO] [stderr]    Compiling libm v0.2.8
[INFO] [stderr]    Compiling num-traits v0.2.18
[INFO] [stderr]    Compiling rustix v0.38.31
[INFO] [stderr]    Compiling fastrand v2.0.1
[INFO] [stderr]    Compiling wait-timeout v0.2.0
[INFO] [stderr]    Compiling bit-vec v0.6.3
[INFO] [stderr] warning: hurl@4.3.0-SNAPSHOT: Compiler version doesn't include clang or GCC: "cc" "--version"
[INFO] [stderr] warning: hurl@4.3.0-SNAPSHOT: Compiler version doesn't include clang or GCC: "cc" "--version"
[INFO] [stderr]    Compiling rand_xorshift v0.3.0
[INFO] [stderr]    Compiling unarray v0.1.4
[INFO] [stderr]    Compiling bit-set v0.5.3
[INFO] [stderr]    Compiling float-cmp v0.9.0
[INFO] [stderr]    Compiling chrono v0.4.34
[INFO] [stderr]    Compiling hurl_core v4.3.0-SNAPSHOT (/opt/rustwide/workdir/packages/hurl_core)
[INFO] [stderr]    Compiling terminal_size v0.3.0
[INFO] [stderr]    Compiling tempfile v3.10.0
[INFO] [stderr]    Compiling clap_builder v4.5.0
[INFO] [stderr]    Compiling rusty-fork v0.3.0
[INFO] [stderr]    Compiling proptest v1.4.0
[INFO] [stderr]    Compiling clap v4.5.0
[INFO] [stderr]    Compiling hurl v4.3.0-SNAPSHOT (/opt/rustwide/workdir/packages/hurl)
[INFO] [stderr]    Compiling hurlfmt v4.3.0-SNAPSHOT (/opt/rustwide/workdir/packages/hurlfmt)
[INFO] [stdout] warning: field `retry` is never read
[INFO] [stdout]   --> packages/hurl/src/http/options.rs:48:9
[INFO] [stdout]    |
[INFO] [stdout] 26 | pub struct ClientOptions {
[INFO] [stdout]    |            ------------- field in this struct
[INFO] [stdout] ...
[INFO] [stdout] 48 |     pub retry: Retry,
[INFO] [stdout]    |         ^^^^^
[INFO] [stdout]    |
[INFO] [stdout]    = note: `ClientOptions` has derived impls for the traits `Clone` and `Debug`, but these are intentionally ignored during dead code analysis
[INFO] [stdout]    = note: `#[warn(dead_code)]` on by default
[INFO] [stdout] 
[INFO] [stdout] 
[INFO] [stdout] warning: field `0` is never read
[INFO] [stdout]   --> packages/hurl/src/report/junit/xml/writer.rs:33:8
[INFO] [stdout]    |
[INFO] [stdout] 33 |     Io(std::io::Error),
[INFO] [stdout]    |     -- ^^^^^^^^^^^^^^
[INFO] [stdout]    |     |
[INFO] [stdout]    |     field in this variant
[INFO] [stdout]    |
[INFO] [stdout]    = note: `WriterError` has a derived impl for the trait `Debug`, but this is intentionally ignored during dead code analysis
[INFO] [stdout] help: consider changing the field to be of unit type to suppress this warning while preserving the field numbering, or remove the field
[INFO] [stdout]    |
[INFO] [stdout] 33 |     Io(()),
[INFO] [stdout]    |        ~~
[INFO] [stdout] 
[INFO] [stdout] 
[INFO] [stdout] warning: field `0` is never read
[INFO] [stdout]   --> packages/hurl/src/report/junit/xml/writer.rs:34:19
[INFO] [stdout]    |
[INFO] [stdout] 34 |     FromUtf8Error(FromUtf8Error),
[INFO] [stdout]    |     ------------- ^^^^^^^^^^^^^
[INFO] [stdout]    |     |
[INFO] [stdout]    |     field in this variant
[INFO] [stdout]    |
[INFO] [stdout]    = note: `WriterError` has a derived impl for the trait `Debug`, but this is intentionally ignored during dead code analysis
[INFO] [stdout] help: consider changing the field to be of unit type to suppress this warning while preserving the field numbering, or remove the field
[INFO] [stdout]    |
[INFO] [stdout] 34 |     FromUtf8Error(()),
[INFO] [stdout]    |                   ~~
[INFO] [stdout] 
[INFO] [stdout] 
[INFO] [stdout] warning: field `0` is never read
[INFO] [stdout]   --> packages/hurl/src/report/junit/xml/writer.rs:35:18
[INFO] [stdout]    |
[INFO] [stdout] 35 |     GenericError(String),
[INFO] [stdout]    |     ------------ ^^^^^^
[INFO] [stdout]    |     |
[INFO] [stdout]    |     field in this variant
[INFO] [stdout]    |
[INFO] [stdout]    = note: `WriterError` has a derived impl for the trait `Debug`, but this is intentionally ignored during dead code analysis
[INFO] [stdout] help: consider changing the field to be of unit type to suppress this warning while preserving the field numbering, or remove the field
[INFO] [stdout]    |
[INFO] [stdout] 35 |     GenericError(()),
[INFO] [stdout]    |                  ~~
[INFO] [stdout] 
[INFO] [stdout] 
[INFO] [stdout] warning: field `retry` is never read
[INFO] [stdout]   --> packages/hurl/src/http/options.rs:48:9
[INFO] [stdout]    |
[INFO] [stdout] 26 | pub struct ClientOptions {
[INFO] [stdout]    |            ------------- field in this struct
[INFO] [stdout] ...
[INFO] [stdout] 48 |     pub retry: Retry,
[INFO] [stdout]    |         ^^^^^
[INFO] [stdout]    |
[INFO] [stdout]    = note: `ClientOptions` has derived impls for the traits `Clone` and `Debug`, but these are intentionally ignored during dead code analysis
[INFO] [stdout]    = note: `#[warn(dead_code)]` on by default
[INFO] [stdout] 
[INFO] [stdout] 
[INFO] [stdout] warning: field `0` is never read
[INFO] [stdout]   --> packages/hurl/src/report/junit/xml/writer.rs:33:8
[INFO] [stdout]    |
[INFO] [stdout] 33 |     Io(std::io::Error),
[INFO] [stdout]    |     -- ^^^^^^^^^^^^^^
[INFO] [stdout]    |     |
[INFO] [stdout]    |     field in this variant
[INFO] [stdout]    |
[INFO] [stdout]    = note: `WriterError` has a derived impl for the trait `Debug`, but this is intentionally ignored during dead code analysis
[INFO] [stdout] help: consider changing the field to be of unit type to suppress this warning while preserving the field numbering, or remove the field
[INFO] [stdout]    |
[INFO] [stdout] 33 |     Io(()),
[INFO] [stdout]    |        ~~
[INFO] [stdout] 
[INFO] [stdout] 
[INFO] [stdout] warning: field `0` is never read
[INFO] [stdout]   --> packages/hurl/src/report/junit/xml/writer.rs:34:19
[INFO] [stdout]    |
[INFO] [stdout] 34 |     FromUtf8Error(FromUtf8Error),
[INFO] [stdout]    |     ------------- ^^^^^^^^^^^^^
[INFO] [stdout]    |     |
[INFO] [stdout]    |     field in this variant
[INFO] [stdout]    |
[INFO] [stdout]    = note: `WriterError` has a derived impl for the trait `Debug`, but this is intentionally ignored during dead code analysis
[INFO] [stdout] help: consider changing the field to be of unit type to suppress this warning while preserving the field numbering, or remove the field
[INFO] [stdout]    |
[INFO] [stdout] 34 |     FromUtf8Error(()),
[INFO] [stdout]    |                   ~~
[INFO] [stdout] 
[INFO] [stdout] 
[INFO] [stdout] warning: field `0` is never read
[INFO] [stdout]   --> packages/hurl/src/report/junit/xml/writer.rs:35:18
[INFO] [stdout]    |
[INFO] [stdout] 35 |     GenericError(String),
[INFO] [stdout]    |     ------------ ^^^^^^
[INFO] [stdout]    |     |
[INFO] [stdout]    |     field in this variant
[INFO] [stdout]    |
[INFO] [stdout]    = note: `WriterError` has a derived impl for the trait `Debug`, but this is intentionally ignored during dead code analysis
[INFO] [stdout] help: consider changing the field to be of unit type to suppress this warning while preserving the field numbering, or remove the field
[INFO] [stdout]    |
[INFO] [stdout] 35 |     GenericError(()),
[INFO] [stdout]    |                  ~~
[INFO] [stdout] 
[INFO] [stdout] 
[INFO] [stderr]     Finished `test` profile [unoptimized + debuginfo] target(s) in 35.52s
[INFO] running `Command { std: "docker" "inspect" "080e754ae583d8a32f9d670bc92a8dc2eedd2478bd3ee2338971ccb0f7ecd391", kill_on_drop: false }`
[INFO] running `Command { std: "docker" "rm" "-f" "080e754ae583d8a32f9d670bc92a8dc2eedd2478bd3ee2338971ccb0f7ecd391", kill_on_drop: false }`
[INFO] [stdout] 080e754ae583d8a32f9d670bc92a8dc2eedd2478bd3ee2338971ccb0f7ecd391
[INFO] running `Command { std: "docker" "create" "-v" "/var/lib/crater-agent-workspace/builds/worker-2-tc1/target:/opt/rustwide/target:rw,Z" "-v" "/var/lib/crater-agent-workspace/builds/worker-2-tc1/source:/opt/rustwide/workdir:ro,Z" "-v" "/var/lib/crater-agent-workspace/cargo-home:/opt/rustwide/cargo-home:ro,Z" "-v" "/var/lib/crater-agent-workspace/rustup-home:/opt/rustwide/rustup-home:ro,Z" "-e" "SOURCE_DIR=/opt/rustwide/workdir" "-e" "CARGO_TARGET_DIR=/opt/rustwide/target" "-e" "CARGO_INCREMENTAL=0" "-e" "RUST_BACKTRACE=full" "-e" "RUSTFLAGS=--cap-lints=warn" "-e" "RUSTDOCFLAGS=--cap-lints=warn" "-e" "CARGO_HOME=/opt/rustwide/cargo-home" "-e" "RUSTUP_HOME=/opt/rustwide/rustup-home" "-w" "/opt/rustwide/workdir" "-m" "1610612736" "--user" "0:0" "--network" "none" "ghcr.io/rust-lang/crates-build-env/linux@sha256:f3a9d4ad9d972b27faf3965f35b62e55ba32bbce8f20bc8fe909558a86702fde" "/opt/rustwide/cargo-home/bin/cargo" "+1.83.0" "test" "--frozen", kill_on_drop: false }`
[INFO] [stdout] f1c808eef8a98759d8d4e058aaeef86feb7b470fac24935878b49abb985b609f
[INFO] running `Command { std: "docker" "start" "-a" "f1c808eef8a98759d8d4e058aaeef86feb7b470fac24935878b49abb985b609f", kill_on_drop: false }`
[INFO] [stderr] warning: hurl@4.3.0-SNAPSHOT: Compiler version doesn't include clang or GCC: "cc" "--version"
[INFO] [stderr] warning: hurl@4.3.0-SNAPSHOT: Compiler version doesn't include clang or GCC: "cc" "--version"
[INFO] [stderr] warning: field `retry` is never read
[INFO] [stderr]   --> packages/hurl/src/http/options.rs:48:9
[INFO] [stderr]    |
[INFO] [stderr] 26 | pub struct ClientOptions {
[INFO] [stderr]    |            ------------- field in this struct
[INFO] [stderr] ...
[INFO] [stderr] 48 |     pub retry: Retry,
[INFO] [stderr]    |         ^^^^^
[INFO] [stderr]    |
[INFO] [stderr]    = note: `ClientOptions` has derived impls for the traits `Clone` and `Debug`, but these are intentionally ignored during dead code analysis
[INFO] [stderr]    = note: `#[warn(dead_code)]` on by default
[INFO] [stderr] 
[INFO] [stderr] warning: field `0` is never read
[INFO] [stderr]   --> packages/hurl/src/report/junit/xml/writer.rs:33:8
[INFO] [stderr]    |
[INFO] [stderr] 33 |     Io(std::io::Error),
[INFO] [stderr]    |     -- ^^^^^^^^^^^^^^
[INFO] [stderr]    |     |
[INFO] [stderr]    |     field in this variant
[INFO] [stderr]    |
[INFO] [stderr]    = note: `WriterError` has a derived impl for the trait `Debug`, but this is intentionally ignored during dead code analysis
[INFO] [stderr] help: consider changing the field to be of unit type to suppress this warning while preserving the field numbering, or remove the field
[INFO] [stderr]    |
[INFO] [stderr] 33 |     Io(()),
[INFO] [stderr]    |        ~~
[INFO] [stderr] 
[INFO] [stderr] warning: field `0` is never read
[INFO] [stderr]   --> packages/hurl/src/report/junit/xml/writer.rs:34:19
[INFO] [stderr]    |
[INFO] [stderr] 34 |     FromUtf8Error(FromUtf8Error),
[INFO] [stderr]    |     ------------- ^^^^^^^^^^^^^
[INFO] [stderr]    |     |
[INFO] [stderr]    |     field in this variant
[INFO] [stderr]    |
[INFO] [stderr]    = note: `WriterError` has a derived impl for the trait `Debug`, but this is intentionally ignored during dead code analysis
[INFO] [stderr] help: consider changing the field to be of unit type to suppress this warning while preserving the field numbering, or remove the field
[INFO] [stderr]    |
[INFO] [stderr] 34 |     FromUtf8Error(()),
[INFO] [stderr]    |                   ~~
[INFO] [stderr] 
[INFO] [stderr] warning: field `0` is never read
[INFO] [stderr]   --> packages/hurl/src/report/junit/xml/writer.rs:35:18
[INFO] [stderr]    |
[INFO] [stderr] 35 |     GenericError(String),
[INFO] [stderr]    |     ------------ ^^^^^^
[INFO] [stderr]    |     |
[INFO] [stderr]    |     field in this variant
[INFO] [stderr]    |
[INFO] [stderr]    = note: `WriterError` has a derived impl for the trait `Debug`, but this is intentionally ignored during dead code analysis
[INFO] [stderr] help: consider changing the field to be of unit type to suppress this warning while preserving the field numbering, or remove the field
[INFO] [stderr]    |
[INFO] [stderr] 35 |     GenericError(()),
[INFO] [stderr]    |                  ~~
[INFO] [stderr] 
[INFO] [stderr] warning: `hurl` (lib) generated 4 warnings
[INFO] [stderr] warning: `hurl` (lib test) generated 4 warnings (4 duplicates)
[INFO] [stderr]     Finished `test` profile [unoptimized + debuginfo] target(s) in 0.26s
[INFO] [stderr]      Running unittests src/lib.rs (/opt/rustwide/target/debug/deps/hurl-741f545aa03515c2)
[INFO] [stdout] 
[INFO] [stdout] running 244 tests
[INFO] [stdout] test html::escape::tests::eval_html_escape ... ok
[INFO] [stdout] test http::certificate::tests::test_try_from ... ok
[INFO] [stdout] test http::client::tests::http_client_state_always_http2 ... ok
[INFO] [stdout] test http::certificate::tests::test_parse_subject ... ok
[INFO] [stdout] test http::client::tests::http_client_state_changes ... ok
[INFO] [stdout] test http::client::tests::http_client_state_always_default ... ok
[INFO] [stdout] test http::certificate::tests::test_parse_serial_number ... ok
[INFO] [stdout] test http::client::tests::test_match_cookie ... ok
[INFO] [stdout] test http::client::tests::parse_cert_option ... ok
[INFO] [stdout] test http::certificate::tests::test_parse_start_date ... ok
[INFO] [stdout] test http::client::tests::test_split_lines_header ... ok
[INFO] [stdout] test http::client::tests::test_redirect_url ... ok
[INFO] [stdout] test http::client::tests::test_redirect_method ... ok
[INFO] [stdout] test http::client::tests::command_line_args ... ok
[INFO] [stdout] test http::client::tests::test_parse_header ... ok
[INFO] [stdout] test http::cookie::tests::test_hsid_cookie ... ok
[INFO] [stdout] test http::cookie::tests::test_permanent_cookie ... ok
[INFO] [stdout] test http::cookie::tests::test_session_cookie ... ok
[INFO] [stdout] test http::cookie::tests::test_parse_cookie_attribute ... ok
[INFO] [stdout] test http::cookie::tests::test_trailing_semicolon ... ok
[INFO] [stdout] test http::easy_ext::tests::convert_curl_slist_to_vec ... ok
[INFO] [stdout] test http::header::tests::test_iter ... ok
[INFO] [stdout] test http::cookie::tests::test_permanent2_cookie ... ok
[INFO] [stdout] test http::core::tests::parse_cookie_from_str ... ok
[INFO] [stdout] test http::request::tests::test_content_type ... ok
[INFO] [stdout] test http::request::tests::test_parse_cookies ... ok
[INFO] [stdout] test http::request::tests::test_cookies ... ok
[INFO] [stdout] test http::request::tests::test_parse_cookie ... ok
[INFO] [stdout] test http::request::tests::test_query_string ... ok
[INFO] [stdout] test http::header::tests::test_simple_header_map ... ok
[INFO] [stdout] test http::mimetype::tests::test_charset ... ok
[INFO] [stdout] test http::request_spec_curl_args::tests::header_curl_args ... ok
[INFO] [stdout] test http::request_spec_curl_args::tests::method_curl_args ... ok
[INFO] [stdout] test http::request_spec_curl_args::tests::param_curl_args ... ok
[INFO] [stdout] test http::cookie::tests::test_cookie_with_invalid_attributes ... ok
[INFO] [stdout] test http::cookie::tests::test_invalid_cookie ... ok
[INFO] [stdout] test http::request_spec_curl_args::tests::requests_curl_args ... ok
[INFO] [stdout] test http::options::tests::test_curl_args ... ok
[INFO] [stdout] test http::cookie::tests::test_lsid_cookie ... ok
[INFO] [stdout] test http::response::tests::get_header_values ... ok
[INFO] [stdout] test http::request::tests::test_base_url ... ok
[INFO] [stdout] test http::request_spec_curl_args::tests::test_escape_string ... ok
[INFO] [stdout] test http::request_spec_curl_args::tests::test_encode_body ... ok
[INFO] [stdout] test http::response_decoding::tests::test_character_encoding ... ok
[INFO] [stdout] test http::request_spec_curl_args::tests::test_encode_byte ... ok
[INFO] [stdout] test http::request_spec_curl_args::tests::test_encode_shell_string ... ok
[INFO] [stdout] test http::request_spec_curl_args::tests::test_escape_mode ... ok
[INFO] [stdout] test http::request_spec_curl_args::tests::post_data_curl_args ... ok
[INFO] [stdout] test http::response_decoding::tests::test_content_encoding ... ok
[INFO] [stdout] test http::response_decoding::tests::test_invalid_decoding ... ok
[INFO] [stdout] test http::response_decoding::tests::test_multiple_content_encoding ... ok
[INFO] [stdout] test http::response_decoding::tests::test_content_type ... ok
[INFO] [stdout] test http::response_decoding::tests::test_invalid_charset ... ok
[INFO] [stdout] test http::response_decoding::tests::test_parse_content_encoding ... ok
[INFO] [stdout] test http::response_decoding::tests::test_text ... ok
[INFO] [stdout] test http::response_decoding::tests::test_uncompress_brotli ... ok
[INFO] [stdout] test jsonpath::ast::tests::test_number ... ok
[INFO] [stdout] test jsonpath::eval::selector::tests::test_selector_name_child ... ok
[INFO] [stdout] test jsonpath::eval::selector::tests::test_selector_array_index ... ok
[INFO] [stdout] test http::response_decoding::tests::test_uncompress_body ... ok
[INFO] [stdout] test http::response_decoding::tests::test_uncompress_gzip ... ok
[INFO] [stdout] test http::response_decoding::tests::test_uncompress_zlib ... ok
[INFO] [stdout] test jsonpath::eval::selector::tests::test_extract_value ... ok
[INFO] [stdout] test jsonpath::eval::selector::tests::test_predicate ... ok
[INFO] [stdout] test jsonpath::eval::selector::tests::test_array_index ... ok
[INFO] [stdout] test jsonpath::eval::selector::tests::test_selector_array_slice ... ok
[INFO] [stdout] test jsonpath::eval::query::tests::test_query ... ok
[INFO] [stdout] test jsonpath::eval::selector::tests::test_recursive_key ... ok
[INFO] [stdout] test http::response_decoding::tests::test_uncompress_error ... ok
[INFO] [stdout] test jsonpath::parser::parse::tests::test_key_bracket_selector ... ok
[INFO] [stdout] test jsonpath::parser::parse::tests::test_predicate ... ok
[INFO] [stdout] test jsonpath::parser::parse::tests::test_predicate_func ... ok
[INFO] [stdout] test jsonpath::parser::parse::tests::test_selector_key_dot_notation ... ok
[INFO] [stdout] test jsonpath::parser::primitives::tests::test_natural ... ok
[INFO] [stdout] test jsonpath::parser::parse::tests::test_selector_recursive ... ok
[INFO] [stdout] test jsonpath::parser::parse::tests::test_selector_array_index ... ok
[INFO] [stdout] test jsonpath::parser::parse::tests::test_query ... ok
[INFO] [stdout] test jsonpath::parser::parse::tests::test_selector_array_slice ... ok
[INFO] [stdout] test jsonpath::parser::parse::tests::test_selector_filter ... ok
[INFO] [stdout] test jsonpath::parser::parse::tests::test_query_error ... ok
[INFO] [stdout] test jsonpath::parser::primitives::tests::test_key_name ... ok
[INFO] [stdout] test jsonpath::parser::parse::tests::test_try_left_bracket ... ok
[INFO] [stdout] test jsonpath::parser::parse::tests::test_selector_wildcard ... ok
[INFO] [stdout] test jsonpath::parser::primitives::tests::test_key_path ... ok
[INFO] [stdout] test jsonpath::parser::primitives::tests::test_integer ... ok
[INFO] [stdout] test jsonpath::parser::primitives::tests::test_natural_error ... ok
[INFO] [stdout] test jsonpath::parser::primitives::tests::test_literal ... ok
[INFO] [stdout] test jsonpath::parser::primitives::tests::test_number ... ok
[INFO] [stdout] test jsonpath::eval::selector::tests::test_selector_array_wildcard ... ok
[INFO] [stdout] test jsonpath::parser::reader::tests::test_reader ... ok
[INFO] [stdout] test jsonpath::parser::primitives::tests::test_number_error ... ok
[INFO] [stdout] test jsonpath::parser::primitives::tests::test_string_value ... ok
[INFO] [stdout] test jsonpath::tests::test_filter_nested_object ... ok
[INFO] [stdout] test jsonpath::tests::test_parsing_error ... ok
[INFO] [stdout] test report::html::report::tests::test_percentage ... ok
[INFO] [stdout] test report::html::timeline::svg::tests::group_svg ... ok
[INFO] [stdout] test report::html::timeline::waterfall::tests::legend_svg ... ok
[INFO] [stdout] test jsonpath::tests::test_array ... ok
[INFO] [stdout] test jsonpath::tests::test_bookstore_additional ... ok
[INFO] [stdout] test report::junit::testcase::test::test_create_testcase_error ... ok
[INFO] [stdout] test report::junit::testcase::test::test_create_testcase_failure ... ok
[INFO] [stdout] test report::junit::testcase::test::test_create_testcase_success ... ok
[INFO] [stdout] test report::html::timeline::svg::tests::simple_line_svg ... ok
[INFO] [stdout] test jsonpath::tests::test_key_access ... ok
[INFO] [stdout] test report::html::timeline::waterfall::tests::grid_vert_lines_svg ... ok
[INFO] [stdout] test report::html::timeline::util::tests::create_stripes ... ok
[INFO] [stdout] test jsonpath::tests::test_bookstore_path ... ok
[INFO] [stdout] test report::html::source::tests::add_underlined_errors ... ok
[INFO] [stdout] test jsonpath::parser::reader::tests::test_try_predicate ... ok
[INFO] [stdout] test report::html::timeline::nice::tests::test_nice_scale ... ok
[INFO] [stdout] test report::html::timeline::util::tests::truncates ... ok
[INFO] [stdout] test report::junit::tests::create_junit_report ... ok
[INFO] [stdout] test report::tap::report::tests::test_parse_tap_report ... ok
[INFO] [stdout] test runner::assert::tests::test_invalid_xpath ... ok
[INFO] [stdout] test report::tap::testcase::tests::parse_tap_test_line ... ok
[INFO] [stdout] test report::junit::xml::reader::tests::read_xml_0_succeed ... ok
[INFO] [stdout] test report::tap::report::tests::test_parse_tap_report_with_version ... ok
[INFO] [stdout] test runner::body::tests::test_body_file_error ... ok
[INFO] [stdout] test report::junit::xml::writer::tests::write_xml_0 ... ok
[INFO] [stdout] test report::junit::xml::reader::tests::read_xml_1_succeed ... ok
[INFO] [stdout] test runner::body::tests::test_body_file ... ok
[INFO] [stdout] test runner::capture::tests::test_capture_unsupported ... ok
[INFO] [stdout] test runner::filter::count::tests::eval_filter_count ... ok
[INFO] [stdout] test runner::filter::days_after_now::tests::eval_filter_days_after_before_now ... ok
[INFO] [stdout] test report::junit::xml::reader::tests::read_junit_xml ... ok
[INFO] [stdout] test runner::filter::decode::tests::eval_filter_url_decode ... ok
[INFO] [stdout] test report::junit::xml::reader::tests::read_xml_with_namespaces ... ok
[INFO] [stdout] test runner::filter::eval::tests::test_filters ... ok
[INFO] [stdout] test runner::filter::format::tests::eval_filter_url_decode ... ok
[INFO] [stdout] test runner::filter::html_escape::tests::eval_filter_html_escape ... ok
[INFO] [stdout] test runner::filter::to_int::tests::eval_filter_to_int ... ok
[INFO] [stdout] test runner::filter::to_int::tests::eval_filter_to_int_error ... ok
[INFO] [stdout] test runner::filter::url_encode::tests::eval_filter_url_encode ... ok
[INFO] [stdout] test runner::filter::nth::tests::eval_filter_nth ... ok
[INFO] [stdout] test runner::filter::regex::tests::eval_filter_invalid_regex ... ok
[INFO] [stdout] test runner::capture::tests::test_capture ... ok
[INFO] [stdout] test runner::filter::html_unescape::tests::eval_filter_html_unescape ... ok
[INFO] [stdout] test runner::json::tests::test_error ... ok
[INFO] [stdout] test runner::filter::jsonpath::tests::eval_filter_jsonpath ... ok
[INFO] [stdout] test runner::filter::split::tests::eval_filter_split ... ok
[INFO] [stdout] test runner::filter::to_date::tests::eval_filter_to_date ... ok
[INFO] [stdout] test runner::hurl_file::test::get_non_default_options_returns_only_non_default_options ... ok
[INFO] [stdout] test runner::capture::tests::test_invalid_xpath ... ok
[INFO] [stdout] test runner::assert::tests::test_eval ... ok
[INFO] [stdout] test runner::json::tests::test_encode_json_string ... ok
[INFO] [stdout] test runner::json::tests::test_escape_sequence ... ok
[INFO] [stdout] test runner::json::tests::test_eval_json_template ... ok
[INFO] [stdout] test runner::json::tests::test_list_value ... ok
[INFO] [stdout] test runner::json::tests::test_not_preserving_spaces ... ok
[INFO] [stdout] test runner::json::tests::test_scalar_value ... ok
[INFO] [stdout] test runner::multiline::tests::eval_graphql_multiline_with_graphql_variables ... ok
[INFO] [stdout] test runner::multipart::tests::test_eval_file_param ... ok
[INFO] [stdout] test runner::hurl_file::test::get_non_default_options_returns_empty_when_default ... ok
[INFO] [stdout] test runner::number::tests::test_number_components ... ok
[INFO] [stdout] test runner::filter::regex::tests::eval_filter_regex ... ok
[INFO] [stdout] test runner::filter::replace::tests::eval_filter_replace ... ok
[INFO] [stdout] test runner::multipart::tests::test_file_value_content_type ... ok
[INFO] [stdout] test runner::multiline::tests::eval_graphql_multiline_simple ... ok
[INFO] [stdout] test runner::number::tests::test_cmp_value ... ok
[INFO] [stdout] test runner::predicate::tests::test_contains ... ok
[INFO] [stdout] test runner::predicate::tests::test_date_predicate ... ok
[INFO] [stdout] test runner::predicate::tests::test_no_type_mismatch_with_none_value ... ok
[INFO] [stdout] test runner::predicate::tests::test_predicate ... ok
[INFO] [stdout] test runner::predicate::tests::test_predicate_exist ... ok
[INFO] [stdout] test runner::number::tests::test_to_string ... ok
[INFO] [stdout] test runner::options::tests::test_eval_boolean_option ... ok
[INFO] [stdout] test runner::options::tests::test_eval_boolean_option_error ... ok
[INFO] [stdout] test runner::options::tests::test_eval_natural_option ... ok
[INFO] [stdout] test runner::predicate::tests::test_predicate_not_with_different_types ... ok
[INFO] [stdout] test runner::predicate::tests::test_assert_value_greater ... ok
[INFO] [stdout] test runner::predicate::tests::test_predicate_match ... ok
[INFO] [stdout] test runner::predicate::tests::test_predicate_is_empty_are_true ... ok
[INFO] [stdout] test runner::predicate::tests::test_predicate_type_mismatch_with_unit ... ok
[INFO] [stdout] test runner::predicate::tests::test_predicate_value_equals_booleans ... ok
[INFO] [stdout] test runner::predicate::tests::test_predicate_is_empty_are_false ... ok
[INFO] [stdout] test runner::predicate::tests::test_predicate_value_equals_float_integer ... ok
[INFO] [stdout] test runner::predicate::tests::test_predicate_type ... ok
[INFO] [stdout] test runner::predicate::tests::test_predicate_type_mismatch ... ok
[INFO] [stdout] test runner::predicate::tests::test_predicate_value_equals_floats ... ok
[INFO] [stdout] test runner::json::tests::test_object_value ... ok
[INFO] [stdout] test runner::number::tests::test_cmp_number_string ... ok
[INFO] [stdout] test runner::predicate::tests::test_predicate_value_equals_integers ... ok
[INFO] [stdout] test report::html::report::tests::test_parse_html_report ... ok
[INFO] [stdout] test runner::predicate::tests::test_predicate_value_equals_string ... ok
[INFO] [stdout] test runner::predicate::tests::test_predicate_value_error ... ok
[INFO] [stdout] test runner::query::tests::test_query_bytes ... ok
[INFO] [stdout] test runner::query::tests::test_header_not_found ... ok
[INFO] [stdout] test runner::query::tests::test_query_invalid_json ... ok
[INFO] [stdout] test runner::query::tests::test_query_invalid_utf8 ... ok
[INFO] [stdout] test runner::query::tests::test_query_json ... ok
[INFO] [stdout] test runner::predicate::tests::test_predicate_value_not_equals ... ok
[INFO] [stdout] test runner::query::tests::test_header ... ok
[INFO] [stdout] test runner::query::tests::test_body ... ok
[INFO] [stdout] test runner::query::tests::test_query_jsonpath_invalid_expression ... ok
[INFO] [stdout] test runner::query::tests::test_query_status ... ok
[INFO] [stdout] test runner::query::tests::test_query_sha256 ... ok
[INFO] [stdout] test runner::query::tests::test_query_xpath_error_eval ... ok
[INFO] [stdout] test runner::query::tests::test_query_json_not_found ... ok
[INFO] [stdout] test runner::query::tests::test_eval_cookie_attribute_name ... ok
[INFO] [stdout] test runner::query::tests::test_query_xpath_with_html ... ok
[INFO] [stdout] test runner::query::tests::test_query_regex ... ok
[INFO] [stdout] test runner::query::tests::test_query_certificate ... ok
[INFO] [stdout] test runner::query::tests::test_query_cookie ... ok
[INFO] [stdout] test runner::query::tests::test_query_xpath ... ok
[INFO] [stdout] test runner::query::tests::value_from_json ... ok
[INFO] [stdout] test runner::request::tests::add_cookie_in_storage ... ok
[INFO] [stdout] test runner::request::tests::test_query_request ... ok
[INFO] [stdout] test runner::response::tests::test_eval_asserts ... ok
[INFO] [stdout] test runner::request::tests::test_error_variable ... ok
[INFO] [stdout] test runner::response::tests::test_eval_captures ... ok
[INFO] [stdout] test runner::response::tests::test_eval_version_status_asserts ... ok
[INFO] [stdout] test runner::template::tests::test_render_expression ... ok
[INFO] [stdout] test runner::template::tests::test_template_element ... ok
[INFO] [stdout] test runner::template::tests::test_template_element_error ... ok
[INFO] [stdout] test runner::value::tests::test_is_scalar ... ok
[INFO] [stdout] test runner::xpath::tests::test_bug ... ok
[INFO] [stdout] test runner::xpath::tests::test_cafe_xml ... ok
[INFO] [stdout] test runner::xpath::tests::test_error_eval ... ok
[INFO] [stdout] test runner::xpath::tests::test_html ... ok
[INFO] [stdout] test runner::request::tests::test_hello_request ... ok
[INFO] [stdout] test runner::xpath::tests::test_default_namespaces ... ok
[INFO] [stdout] test util::logger::tests::test_assert_error_jsonpath ... ok
[INFO] [stdout] test runner::xpath::tests::test_namespaces_scoping ... ok
[INFO] [stdout] test util::logger::tests::test_assert_error_newline ... ok
[INFO] [stdout] test runner::xpath::tests::test_invalid_xml ... ok
[INFO] [stdout] test runner::xpath::tests::test_namespaces_with_prefix ... ok
[INFO] [stdout] test runner::xpath::tests::test_xml ... ok
[INFO] [stdout] test runner::request::tests::clear_cookie_store ... ok
[INFO] [stdout] test util::logger::tests::test_assert_error_status ... ok
[INFO] [stdout] test util::logger::tests::test_invalid_xpath_expression ... ok
[INFO] [stdout] test util::logger::tests::test_progress_string ... ok
[INFO] [stdout] test util::path::tests::check_filename_allowed_access_with_explicit_relative_user_file_root ... ok
[INFO] [stdout] test util::path::tests::check_filename_allowed_access_with_implicit_relative_user_file_root ... ok
[INFO] [stdout] test util::logger::tests::test_parsing_error ... ok
[INFO] [stdout] test runner::xpath::tests::test_soap ... ok
[INFO] [stdout] test util::logger::tests::test_add_line_prefix_no_colored ... ok
[INFO] [stdout] test runner::xpath::tests::test_cafe_html ... ok
[INFO] [stdout] test runner::xpath::tests::test_unregistered_function ... ok
[INFO] [stdout] test util::path::tests::check_filename_allowed_access_without_user_file_root ... ok
[INFO] [stdout] test util::logger::tests::test_error_timeout ... ok
[INFO] [stdout] test util::path::tests::is_descendant_false ... ok
[INFO] [stdout] test util::path::tests::is_descendant_true ... ok
[INFO] [stdout] test util::path::tests::check_filename_allowed_access_with_explicit_absolute_user_file_root ... ok
[INFO] [stderr]      Running unittests src/main.rs (/opt/rustwide/target/debug/deps/hurl-c1e489a77fc575ab)
[INFO] [stdout] test html::unescape::tests::test_html_unescape ... ok
[INFO] [stdout] 
[INFO] [stdout] test result: ok. 244 passed; 0 failed; 0 ignored; 0 measured; 0 filtered out; finished in 0.15s
[INFO] [stdout] 
[INFO] [stdout] 
[INFO] [stdout] running 7 tests
[INFO] [stdout] test cli::fs::tests::test_strip_bom ... ok
[INFO] [stdout] test cli::options::variables::tests::test_parse ... ok
[INFO] [stdout] test cli::fs::tests::test_string_from_utf8_bom ... ok
[INFO] [stdout] test cli::options::variables::tests::test_parse_error ... ok
[INFO] [stdout] test cli::options::variables::tests::test_parse_value ... ok
[INFO] [stdout] test cli::options::variables::tests::test_parse_value_error ... ok
[INFO] [stdout] test tests::create_run_summary ... ok
[INFO] [stdout] 
[INFO] [stdout] test result: ok. 7 passed; 0 failed; 0 ignored; 0 measured; 0 filtered out; finished in 0.00s
[INFO] [stdout] 
[INFO] [stderr]      Running tests/sample.rs (/opt/rustwide/target/debug/deps/sample-6779aa483c906012)
[INFO] [stdout] 
[INFO] [stdout] running 1 test
[INFO] [stdout] test simple_sample ... FAILED
[INFO] [stdout] 
[INFO] [stdout] failures:
[INFO] [stdout] 
[INFO] [stdout] ---- simple_sample stdout ----
[INFO] [stdout] error: HTTP connection
[INFO] [stdout]   --> -:2:9
[INFO] [stdout]    |
[INFO] [stdout]  2 |     GET http://localhost:8000/hello
[INFO] [stdout]    |         ^^^^^^^^^^^^^^^^^^^^^^^^^^^ (7) Failed to connect to localhost port 8000 after 0 ms: Connection refused
[INFO] [stdout]    |
[INFO] [stdout] 
[INFO] [stdout] thread 'simple_sample' panicked at packages/hurl/tests/sample.rs:34:9:
[INFO] [stdout] assertion failed: result.success
[INFO] [stdout] stack backtrace:
[INFO] [stdout]    0:     0x5d31fd4ddf1a - std::backtrace_rs::backtrace::libunwind::trace::h5a5b8284f2d0c266
[INFO] [stdout]                                at /rustc/90b35a6239c3d8bdabc530a6a0816f7ff89a0aaf/library/std/src/../../backtrace/src/backtrace/libunwind.rs:116:5
[INFO] [stdout]    1:     0x5d31fd4ddf1a - std::backtrace_rs::backtrace::trace_unsynchronized::h76d4f1c9b0b875e3
[INFO] [stdout]                                at /rustc/90b35a6239c3d8bdabc530a6a0816f7ff89a0aaf/library/std/src/../../backtrace/src/backtrace/mod.rs:66:5
[INFO] [stdout]    2:     0x5d31fd4ddf1a - std::sys::backtrace::_print_fmt::hc4546b8364a537c6
[INFO] [stdout]                                at /rustc/90b35a6239c3d8bdabc530a6a0816f7ff89a0aaf/library/std/src/sys/backtrace.rs:66:9
[INFO] [stdout]    3:     0x5d31fd4ddf1a - <std::sys::backtrace::BacktraceLock::print::DisplayBacktrace as core::fmt::Display>::fmt::h5b6bd5631a6d1f6b
[INFO] [stdout]                                at /rustc/90b35a6239c3d8bdabc530a6a0816f7ff89a0aaf/library/std/src/sys/backtrace.rs:39:26
[INFO] [stdout]    4:     0x5d31fd506833 - core::fmt::rt::Argument::fmt::h270f6602a2b96f62
[INFO] [stdout]                                at /rustc/90b35a6239c3d8bdabc530a6a0816f7ff89a0aaf/library/core/src/fmt/rt.rs:177:76
[INFO] [stdout]    5:     0x5d31fd506833 - core::fmt::write::h7550c97b06c86515
[INFO] [stdout]                                at /rustc/90b35a6239c3d8bdabc530a6a0816f7ff89a0aaf/library/core/src/fmt/mod.rs:1186:21
[INFO] [stdout]    6:     0x5d31fd4dad63 - std::io::Write::write_fmt::h509ff860e5956e5e
[INFO] [stdout]                                at /rustc/90b35a6239c3d8bdabc530a6a0816f7ff89a0aaf/library/std/src/io/mod.rs:1839:15
[INFO] [stdout]    7:     0x5d31fd4ddd62 - std::sys::backtrace::BacktraceLock::print::h2395ccd2c84ba3aa
[INFO] [stdout]                                at /rustc/90b35a6239c3d8bdabc530a6a0816f7ff89a0aaf/library/std/src/sys/backtrace.rs:42:9
[INFO] [stdout]    8:     0x5d31fd4df37a - std::panicking::default_hook::{{closure}}::he19d4c7230e07961
[INFO] [stdout]                                at /rustc/90b35a6239c3d8bdabc530a6a0816f7ff89a0aaf/library/std/src/panicking.rs:268:22
[INFO] [stdout]    9:     0x5d31fd4df184 - std::panicking::default_hook::hf614597d3c67bbdb
[INFO] [stdout]                                at /rustc/90b35a6239c3d8bdabc530a6a0816f7ff89a0aaf/library/std/src/panicking.rs:292:9
[INFO] [stdout]   10:     0x5d31fcf36949 - <alloc::boxed::Box<F,A> as core::ops::function::Fn<Args>>::call::h39b51ce4599c23d1
[INFO] [stdout]                                at /rustc/90b35a6239c3d8bdabc530a6a0816f7ff89a0aaf/library/alloc/src/boxed.rs:2468:9
[INFO] [stdout]   11:     0x5d31fcf36949 - test::test_main::{{closure}}::he977ae839a582784
[INFO] [stdout]                                at /rustc/90b35a6239c3d8bdabc530a6a0816f7ff89a0aaf/library/test/src/lib.rs:133:21
[INFO] [stdout]   12:     0x5d31fd4dfa18 - <alloc::boxed::Box<F,A> as core::ops::function::Fn<Args>>::call::h9455091b6b06f9fb
[INFO] [stdout]                                at /rustc/90b35a6239c3d8bdabc530a6a0816f7ff89a0aaf/library/alloc/src/boxed.rs:2468:9
[INFO] [stdout]   13:     0x5d31fd4dfa18 - std::panicking::rust_panic_with_hook::h8942133a8b252070
[INFO] [stdout]                                at /rustc/90b35a6239c3d8bdabc530a6a0816f7ff89a0aaf/library/std/src/panicking.rs:809:13
[INFO] [stdout]   14:     0x5d31fd4df7a6 - std::panicking::begin_panic_handler::{{closure}}::hb5f5963570096b29
[INFO] [stdout]                                at /rustc/90b35a6239c3d8bdabc530a6a0816f7ff89a0aaf/library/std/src/panicking.rs:667:13
[INFO] [stdout]   15:     0x5d31fd4de3f9 - std::sys::backtrace::__rust_end_short_backtrace::h6208cedc1922feda
[INFO] [stdout]                                at /rustc/90b35a6239c3d8bdabc530a6a0816f7ff89a0aaf/library/std/src/sys/backtrace.rs:170:18
[INFO] [stdout]   16:     0x5d31fd4df46c - rust_begin_unwind
[INFO] [stdout]                                at /rustc/90b35a6239c3d8bdabc530a6a0816f7ff89a0aaf/library/std/src/panicking.rs:665:5
[INFO] [stdout]   17:     0x5d31fcefa170 - core::panicking::panic_fmt::h0c3082644d1bf418
[INFO] [stdout]                                at /rustc/90b35a6239c3d8bdabc530a6a0816f7ff89a0aaf/library/core/src/panicking.rs:74:14
[INFO] [stdout]   18:     0x5d31fcefa1fc - core::panicking::panic::h957f98c65a3b3074
[INFO] [stdout]                                at /rustc/90b35a6239c3d8bdabc530a6a0816f7ff89a0aaf/library/core/src/panicking.rs:148:5
[INFO] [stdout]   19:     0x5d31fcefd376 - sample::simple_sample::check_result::hd1c0adf9729c85b9
[INFO] [stdout]                                at /opt/rustwide/workdir/packages/hurl/tests/sample.rs:34:9
[INFO] [stdout]   20:     0x5d31fcefd15c - sample::simple_sample::hf013cafbd12f3e38
[INFO] [stdout]                                at /opt/rustwide/workdir/packages/hurl/tests/sample.rs:133:5
[INFO] [stdout]   21:     0x5d31fcefc967 - sample::simple_sample::{{closure}}::hd4134fca7f65bbc6
[INFO] [stdout]                                at /opt/rustwide/workdir/packages/hurl/tests/sample.rs:29:19
[INFO] [stdout]   22:     0x5d31fcefb2c6 - core::ops::function::FnOnce::call_once::h163200a22caa1b01
[INFO] [stdout]                                at /rustc/90b35a6239c3d8bdabc530a6a0816f7ff89a0aaf/library/core/src/ops/function.rs:250:5
[INFO] [stdout]   23:     0x5d31fcf3b30b - core::ops::function::FnOnce::call_once::h109cf8051a59b34e
[INFO] [stdout]                                at /rustc/90b35a6239c3d8bdabc530a6a0816f7ff89a0aaf/library/core/src/ops/function.rs:250:5
[INFO] [stdout]   24:     0x5d31fcf3b30b - test::__rust_begin_short_backtrace::hf4fff89d377446ba
[INFO] [stdout]                                at /rustc/90b35a6239c3d8bdabc530a6a0816f7ff89a0aaf/library/test/src/lib.rs:621:18
[INFO] [stdout]   25:     0x5d31fcf3ab47 - test::run_test_in_process::{{closure}}::h0e39181dd7ee5a43
[INFO] [stdout]                                at /rustc/90b35a6239c3d8bdabc530a6a0816f7ff89a0aaf/library/test/src/lib.rs:644:60
[INFO] [stdout]   26:     0x5d31fcf3ab47 - <core::panic::unwind_safe::AssertUnwindSafe<F> as core::ops::function::FnOnce<()>>::call_once::hc5a66a30f0bdfd1f
[INFO] [stdout]                                at /rustc/90b35a6239c3d8bdabc530a6a0816f7ff89a0aaf/library/core/src/panic/unwind_safe.rs:272:9
[INFO] [stdout]   27:     0x5d31fcf3ab47 - std::panicking::try::do_call::h873b7cf639554a5e
[INFO] [stdout]                                at /rustc/90b35a6239c3d8bdabc530a6a0816f7ff89a0aaf/library/std/src/panicking.rs:557:40
[INFO] [stdout]   28:     0x5d31fcf3ab47 - std::panicking::try::hdb19862fad9c8bd1
[INFO] [stdout]                                at /rustc/90b35a6239c3d8bdabc530a6a0816f7ff89a0aaf/library/std/src/panicking.rs:520:19
[INFO] [stdout]   29:     0x5d31fcf3ab47 - std::panic::catch_unwind::h281fe732d236d260
[INFO] [stdout]                                at /rustc/90b35a6239c3d8bdabc530a6a0816f7ff89a0aaf/library/std/src/panic.rs:358:14
[INFO] [stdout]   30:     0x5d31fcf3ab47 - test::run_test_in_process::h949b6df8457ed338
[INFO] [stdout]                                at /rustc/90b35a6239c3d8bdabc530a6a0816f7ff89a0aaf/library/test/src/lib.rs:644:27
[INFO] [stdout]   31:     0x5d31fcf3ab47 - test::run_test::{{closure}}::h52c556a6d4740e10
[INFO] [stdout]                                at /rustc/90b35a6239c3d8bdabc530a6a0816f7ff89a0aaf/library/test/src/lib.rs:565:43
[INFO] [stdout]   32:     0x5d31fceffe24 - test::run_test::{{closure}}::h4237f6381c45ccb9
[INFO] [stdout]                                at /rustc/90b35a6239c3d8bdabc530a6a0816f7ff89a0aaf/library/test/src/lib.rs:595:41
[INFO] [stdout]   33:     0x5d31fceffe24 - std::sys::backtrace::__rust_begin_short_backtrace::h505c97a579eca628
[INFO] [stdout]                                at /rustc/90b35a6239c3d8bdabc530a6a0816f7ff89a0aaf/library/std/src/sys/backtrace.rs:154:18
[INFO] [stdout]   34:     0x5d31fcf034ee - std::thread::Builder::spawn_unchecked_::{{closure}}::{{closure}}::h9e86b2e2bc107ea3
[INFO] [stdout]                                at /rustc/90b35a6239c3d8bdabc530a6a0816f7ff89a0aaf/library/std/src/thread/mod.rs:538:17
[INFO] [stdout]   35:     0x5d31fcf034ee - <core::panic::unwind_safe::AssertUnwindSafe<F> as core::ops::function::FnOnce<()>>::call_once::h8b06ddb275ff4a25
[INFO] [stdout]                                at /rustc/90b35a6239c3d8bdabc530a6a0816f7ff89a0aaf/library/core/src/panic/unwind_safe.rs:272:9
[INFO] [stdout]   36:     0x5d31fcf034ee - std::panicking::try::do_call::hb26ecd7cd9a9355d
[INFO] [stdout]                                at /rustc/90b35a6239c3d8bdabc530a6a0816f7ff89a0aaf/library/std/src/panicking.rs:557:40
[INFO] [stdout]   37:     0x5d31fcf034ee - std::panicking::try::h8ddeca9d705f9069
[INFO] [stdout]                                at /rustc/90b35a6239c3d8bdabc530a6a0816f7ff89a0aaf/library/std/src/panicking.rs:520:19
[INFO] [stdout]   38:     0x5d31fcf034ee - std::panic::catch_unwind::h49e1c33078844c46
[INFO] [stdout]                                at /rustc/90b35a6239c3d8bdabc530a6a0816f7ff89a0aaf/library/std/src/panic.rs:358:14
[INFO] [stdout]   39:     0x5d31fcf034ee - std::thread::Builder::spawn_unchecked_::{{closure}}::h6073db6ff56ad35d
[INFO] [stdout]                                at /rustc/90b35a6239c3d8bdabc530a6a0816f7ff89a0aaf/library/std/src/thread/mod.rs:537:30
[INFO] [stdout]   40:     0x5d31fcf034ee - core::ops::function::FnOnce::call_once{{vtable.shim}}::h2c5a5f3779c774f1
[INFO] [stdout]                                at /rustc/90b35a6239c3d8bdabc530a6a0816f7ff89a0aaf/library/core/src/ops/function.rs:250:5
[INFO] [stdout]   41:     0x5d31fd4e387b - <alloc::boxed::Box<F,A> as core::ops::function::FnOnce<Args>>::call_once::hf75717d9f28faebf
[INFO] [stdout]                                at /rustc/90b35a6239c3d8bdabc530a6a0816f7ff89a0aaf/library/alloc/src/boxed.rs:2454:9
[INFO] [stdout]   42:     0x5d31fd4e387b - <alloc::boxed::Box<F,A> as core::ops::function::FnOnce<Args>>::call_once::h7bd883a5f3c5f3c1
[INFO] [stdout]                                at /rustc/90b35a6239c3d8bdabc530a6a0816f7ff89a0aaf/library/alloc/src/boxed.rs:2454:9
[INFO] [stdout]   43:     0x5d31fd4e387b - std::sys::pal::unix::thread::Thread::new::thread_start::hcc78f3943333fa94
[INFO] [stdout]                                at /rustc/90b35a6239c3d8bdabc530a6a0816f7ff89a0aaf/library/std/src/sys/pal/unix/thread.rs:105:17
[INFO] [stdout]   44:     0x79413b5bdac3 - <unknown>
[INFO] [stdout]   45:     0x79413b64ea04 - clone
[INFO] [stdout]   46:                0x0 - <unknown>
[INFO] [stdout] 
[INFO] [stdout] 
[INFO] [stdout] failures:
[INFO] [stdout]     simple_sample
[INFO] [stdout] 
[INFO] [stdout] test result: FAILED. 0 passed; 1 failed; 0 ignored; 0 measured; 0 filtered out; finished in 0.07s
[INFO] [stdout] 
[INFO] [stderr] error: test failed, to rerun pass `-p hurl --test sample`
[INFO] running `Command { std: "docker" "inspect" "f1c808eef8a98759d8d4e058aaeef86feb7b470fac24935878b49abb985b609f", kill_on_drop: false }`
[INFO] running `Command { std: "docker" "rm" "-f" "f1c808eef8a98759d8d4e058aaeef86feb7b470fac24935878b49abb985b609f", kill_on_drop: false }`
[INFO] [stdout] f1c808eef8a98759d8d4e058aaeef86feb7b470fac24935878b49abb985b609f
