[INFO] cloning repository https://github.com/20gaLois17/aoc-2022-rust
[INFO] running `Command { std: "git" "-c" "credential.helper=" "-c" "credential.helper=/workspace/cargo-home/bin/git-credential-null" "clone" "--bare" "https://github.com/20gaLois17/aoc-2022-rust" "/workspace/cache/git-repos/https%3A%2F%2Fgithub.com%2F20gaLois17%2Faoc-2022-rust", kill_on_drop: false }`
[INFO] [stderr] Cloning into bare repository '/workspace/cache/git-repos/https%3A%2F%2Fgithub.com%2F20gaLois17%2Faoc-2022-rust'...
[INFO] running `Command { std: "git" "rev-parse" "HEAD", kill_on_drop: false }`
[INFO] [stdout] 4834bb62a422a05252782652ff493dd17dfee283
[INFO] testing 20gaLois17/aoc-2022-rust against 1.83.0 for beta-1.84.0-4-retry
[INFO] running `Command { std: "git" "clone" "/workspace/cache/git-repos/https%3A%2F%2Fgithub.com%2F20gaLois17%2Faoc-2022-rust" "/workspace/builds/worker-7-tc1/source", kill_on_drop: false }`
[INFO] [stderr] Cloning into '/workspace/builds/worker-7-tc1/source'...
[INFO] [stderr] done.
[INFO] validating manifest of git repo https://github.com/20gaLois17/aoc-2022-rust on toolchain 1.83.0
[INFO] running `Command { std: CARGO_HOME="/workspace/cargo-home" RUSTUP_HOME="/workspace/rustup-home" "/workspace/cargo-home/bin/cargo" "+1.83.0" "metadata" "--manifest-path" "Cargo.toml" "--no-deps", kill_on_drop: false }`
[INFO] started tweaking git repo https://github.com/20gaLois17/aoc-2022-rust
[INFO] finished tweaking git repo https://github.com/20gaLois17/aoc-2022-rust
[INFO] tweaked toml for git repo https://github.com/20gaLois17/aoc-2022-rust written to /workspace/builds/worker-7-tc1/source/Cargo.toml
[INFO] crate git repo https://github.com/20gaLois17/aoc-2022-rust already has a lockfile, it will not be regenerated
[INFO] running `Command { std: CARGO_HOME="/workspace/cargo-home" RUSTUP_HOME="/workspace/rustup-home" "/workspace/cargo-home/bin/cargo" "+1.83.0" "fetch" "--manifest-path" "Cargo.toml", kill_on_drop: false }`
[INFO] running `Command { std: "docker" "create" "-v" "/var/lib/crater-agent-workspace/builds/worker-7-tc1/target:/opt/rustwide/target:rw,Z" "-v" "/var/lib/crater-agent-workspace/builds/worker-7-tc1/source:/opt/rustwide/workdir:ro,Z" "-v" "/var/lib/crater-agent-workspace/cargo-home:/opt/rustwide/cargo-home:ro,Z" "-v" "/var/lib/crater-agent-workspace/rustup-home:/opt/rustwide/rustup-home:ro,Z" "-e" "SOURCE_DIR=/opt/rustwide/workdir" "-e" "CARGO_TARGET_DIR=/opt/rustwide/target" "-e" "CARGO_HOME=/opt/rustwide/cargo-home" "-e" "RUSTUP_HOME=/opt/rustwide/rustup-home" "-w" "/opt/rustwide/workdir" "-m" "1610612736" "--user" "0:0" "--network" "none" "ghcr.io/rust-lang/crates-build-env/linux@sha256:f3a9d4ad9d972b27faf3965f35b62e55ba32bbce8f20bc8fe909558a86702fde" "/opt/rustwide/cargo-home/bin/cargo" "+1.83.0" "metadata" "--no-deps" "--format-version=1", kill_on_drop: false }`
[INFO] [stdout] 18973791fd84aed45ef5ef90874cbbc72a41f7a0663cd66622fef9720a6422c9
[INFO] running `Command { std: "docker" "start" "-a" "18973791fd84aed45ef5ef90874cbbc72a41f7a0663cd66622fef9720a6422c9", kill_on_drop: false }`
[INFO] running `Command { std: "docker" "inspect" "18973791fd84aed45ef5ef90874cbbc72a41f7a0663cd66622fef9720a6422c9", kill_on_drop: false }`
[INFO] running `Command { std: "docker" "rm" "-f" "18973791fd84aed45ef5ef90874cbbc72a41f7a0663cd66622fef9720a6422c9", kill_on_drop: false }`
[INFO] [stdout] 18973791fd84aed45ef5ef90874cbbc72a41f7a0663cd66622fef9720a6422c9
[INFO] running `Command { std: "docker" "create" "-v" "/var/lib/crater-agent-workspace/builds/worker-7-tc1/target:/opt/rustwide/target:rw,Z" "-v" "/var/lib/crater-agent-workspace/builds/worker-7-tc1/source:/opt/rustwide/workdir:ro,Z" "-v" "/var/lib/crater-agent-workspace/cargo-home:/opt/rustwide/cargo-home:ro,Z" "-v" "/var/lib/crater-agent-workspace/rustup-home:/opt/rustwide/rustup-home:ro,Z" "-e" "SOURCE_DIR=/opt/rustwide/workdir" "-e" "CARGO_TARGET_DIR=/opt/rustwide/target" "-e" "CARGO_INCREMENTAL=0" "-e" "RUST_BACKTRACE=full" "-e" "RUSTFLAGS=--cap-lints=warn" "-e" "RUSTDOCFLAGS=--cap-lints=warn" "-e" "CARGO_HOME=/opt/rustwide/cargo-home" "-e" "RUSTUP_HOME=/opt/rustwide/rustup-home" "-w" "/opt/rustwide/workdir" "-m" "1610612736" "--user" "0:0" "--network" "none" "ghcr.io/rust-lang/crates-build-env/linux@sha256:f3a9d4ad9d972b27faf3965f35b62e55ba32bbce8f20bc8fe909558a86702fde" "/opt/rustwide/cargo-home/bin/cargo" "+1.83.0" "build" "--frozen" "--message-format=json", kill_on_drop: false }`
[INFO] [stdout] fae60296d6ca93fc92121a461fe7bae1363b0977534dd1f934ffcd9e1ca587b4
[INFO] running `Command { std: "docker" "start" "-a" "fae60296d6ca93fc92121a461fe7bae1363b0977534dd1f934ffcd9e1ca587b4", kill_on_drop: false }`
[INFO] [stderr]    Compiling aoc-2022-rust v0.1.0 (/opt/rustwide/workdir)
[INFO] [stdout] warning: variable does not need to be mutable
[INFO] [stdout]  --> day05/mod.rs:2:9
[INFO] [stdout]   |
[INFO] [stdout] 2 |     let mut result: String;
[INFO] [stdout]   |         ----^^^^^^
[INFO] [stdout]   |         |
[INFO] [stdout]   |         help: remove this `mut`
[INFO] [stdout]   |
[INFO] [stdout]   = note: `#[warn(unused_mut)]` on by default
[INFO] [stdout] 
[INFO] [stdout] 
[INFO] [stdout] warning: variable does not need to be mutable
[INFO] [stdout]   --> day05/mod.rs:30:9
[INFO] [stdout]    |
[INFO] [stdout] 30 |     let mut result: String;
[INFO] [stdout]    |         ----^^^^^^
[INFO] [stdout]    |         |
[INFO] [stdout]    |         help: remove this `mut`
[INFO] [stdout] 
[INFO] [stdout] 
[INFO] [stdout] warning: variable does not need to be mutable
[INFO] [stdout]   --> day05/mod.rs:70:21
[INFO] [stdout]    |
[INFO] [stdout] 70 |                 let mut current_char: char = lines[i-1].chars().nth(idx).unwrap();
[INFO] [stdout]    |                     ----^^^^^^^^^^^^
[INFO] [stdout]    |                     |
[INFO] [stdout]    |                     help: remove this `mut`
[INFO] [stdout] 
[INFO] [stdout] 
[INFO] [stdout] warning: unused variable: `input`
[INFO] [stdout]   --> day07/mod.rs:35:17
[INFO] [stdout]    |
[INFO] [stdout] 35 | pub fn part_two(input: &str) -> usize {
[INFO] [stdout]    |                 ^^^^^ help: if this is intentional, prefix it with an underscore: `_input`
[INFO] [stdout]    |
[INFO] [stdout]    = note: `#[warn(unused_variables)]` on by default
[INFO] [stdout] 
[INFO] [stdout] 
[INFO] [stdout] warning: unused variable: `items`
[INFO] [stdout]  --> day11/mod.rs:9:13
[INFO] [stdout]   |
[INFO] [stdout] 9 |         let items: Vec<usize> = description[1].replace("Starting items:", "")
[INFO] [stdout]   |             ^^^^^ help: if this is intentional, prefix it with an underscore: `_items`
[INFO] [stdout] 
[INFO] [stdout] 
[INFO] [stdout] warning: unused variable: `operations`
[INFO] [stdout]   --> day11/mod.rs:16:13
[INFO] [stdout]    |
[INFO] [stdout] 16 |         let operations: Vec<String> = description[2].replace("Operation: new = old ", "")
[INFO] [stdout]    |             ^^^^^^^^^^ help: if this is intentional, prefix it with an underscore: `_operations`
[INFO] [stdout] 
[INFO] [stdout] 
[INFO] [stdout] warning: unused variable: `divider`
[INFO] [stdout]   --> day11/mod.rs:21:13
[INFO] [stdout]    |
[INFO] [stdout] 21 |         let divider: usize = description[3].replace("Test: divisible by ", "").trim().to_string().parse::<usize>().unwrap();
[INFO] [stdout]    |             ^^^^^^^ help: if this is intentional, prefix it with an underscore: `_divider`
[INFO] [stdout] 
[INFO] [stdout] 
[INFO] [stdout] warning: unused variable: `target_true`
[INFO] [stdout]   --> day11/mod.rs:23:13
[INFO] [stdout]    |
[INFO] [stdout] 23 |         let target_true: usize = description[4].replace("If true: throw to monkey", "").trim().to_string().parse::<usize>().unwrap();
[INFO] [stdout]    |             ^^^^^^^^^^^ help: if this is intentional, prefix it with an underscore: `_target_true`
[INFO] [stdout] 
[INFO] [stdout] 
[INFO] [stdout] warning: unused variable: `target_false`
[INFO] [stdout]   --> day11/mod.rs:24:13
[INFO] [stdout]    |
[INFO] [stdout] 24 |         let target_false: usize = description[5].replace("If false: throw to monkey", "").trim().to_string().parse::<usize>().unwrap();
[INFO] [stdout]    |             ^^^^^^^^^^^^ help: if this is intentional, prefix it with an underscore: `_target_false`
[INFO] [stdout] 
[INFO] [stdout] 
[INFO] [stdout] warning: unused variable: `input`
[INFO] [stdout]   --> day11/mod.rs:46:17
[INFO] [stdout]    |
[INFO] [stdout] 46 | pub fn part_two(input: &str) -> usize {
[INFO] [stdout]    |                 ^^^^^ help: if this is intentional, prefix it with an underscore: `_input`
[INFO] [stdout] 
[INFO] [stdout] 
[INFO] [stdout] warning: function `part_two` is never used
[INFO] [stdout]   --> day01/mod.rs:14:8
[INFO] [stdout]    |
[INFO] [stdout] 14 | pub fn part_two(input: &str) -> usize {
[INFO] [stdout]    |        ^^^^^^^^
[INFO] [stdout]    |
[INFO] [stdout]    = note: `#[warn(dead_code)]` on by default
[INFO] [stdout] 
[INFO] [stdout] 
[INFO] [stdout] warning: function `sum_of_largest_n` is never used
[INFO] [stdout]   --> day01/mod.rs:26:8
[INFO] [stdout]    |
[INFO] [stdout] 26 | pub fn sum_of_largest_n(mut list: Vec<usize>, n: usize) -> usize {
[INFO] [stdout]    |        ^^^^^^^^^^^^^^^^
[INFO] [stdout] 
[INFO] [stdout] 
[INFO] [stdout] warning: function `part_one` is never used
[INFO] [stdout]  --> day07/mod.rs:1:8
[INFO] [stdout]   |
[INFO] [stdout] 1 | pub fn part_one(input: &str) -> usize {
[INFO] [stdout]   |        ^^^^^^^^
[INFO] [stdout] 
[INFO] [stdout] 
[INFO] [stdout] warning: function `part_two` is never used
[INFO] [stdout]   --> day07/mod.rs:35:8
[INFO] [stdout]    |
[INFO] [stdout] 35 | pub fn part_two(input: &str) -> usize {
[INFO] [stdout]    |        ^^^^^^^^
[INFO] [stdout] 
[INFO] [stdout] 
[INFO] [stdout] warning: struct `Dir` is never constructed
[INFO] [stdout]   --> day07/mod.rs:40:8
[INFO] [stdout]    |
[INFO] [stdout] 40 | struct Dir {
[INFO] [stdout]    |        ^^^
[INFO] [stdout] 
[INFO] [stdout] 
[INFO] [stdout] warning: struct `File` is never constructed
[INFO] [stdout]   --> day07/mod.rs:47:8
[INFO] [stdout]    |
[INFO] [stdout] 47 | struct File {
[INFO] [stdout]    |        ^^^^
[INFO] [stdout] 
[INFO] [stdout] 
[INFO] [stdout] warning: methods `get_total_filesize`, `get_total_size`, `add_file`, and `add_dir` are never used
[INFO] [stdout]   --> day07/mod.rs:53:8
[INFO] [stdout]    |
[INFO] [stdout] 52 | impl Dir {
[INFO] [stdout]    | -------- methods in this implementation
[INFO] [stdout] 53 |     fn get_total_filesize(&self) -> usize {
[INFO] [stdout]    |        ^^^^^^^^^^^^^^^^^^
[INFO] [stdout] ...
[INFO] [stdout] 56 |     fn get_total_size(&self) -> usize {
[INFO] [stdout]    |        ^^^^^^^^^^^^^^
[INFO] [stdout] ...
[INFO] [stdout] 61 |     fn add_file(&mut self, file: File) {
[INFO] [stdout]    |        ^^^^^^^^
[INFO] [stdout] ...
[INFO] [stdout] 64 |     fn add_dir(&mut self, dir: Dir) {
[INFO] [stdout]    |        ^^^^^^^
[INFO] [stdout] 
[INFO] [stdout] 
[INFO] [stdout] warning: associated function `new` is never used
[INFO] [stdout]   --> day11/mod.rs:63:12
[INFO] [stdout]    |
[INFO] [stdout] 61 | impl Monkey {
[INFO] [stdout]    | ----------- associated function in this implementation
[INFO] [stdout] 62 |     // TODO: pass constructor arguments
[INFO] [stdout] 63 |     pub fn new(
[INFO] [stdout]    |            ^^^
[INFO] [stdout] 
[INFO] [stdout] 
[INFO] [stderr]     Finished `dev` profile [unoptimized + debuginfo] target(s) in 1.20s
[INFO] running `Command { std: "docker" "inspect" "fae60296d6ca93fc92121a461fe7bae1363b0977534dd1f934ffcd9e1ca587b4", kill_on_drop: false }`
[INFO] running `Command { std: "docker" "rm" "-f" "fae60296d6ca93fc92121a461fe7bae1363b0977534dd1f934ffcd9e1ca587b4", kill_on_drop: false }`
[INFO] [stdout] fae60296d6ca93fc92121a461fe7bae1363b0977534dd1f934ffcd9e1ca587b4
[INFO] running `Command { std: "docker" "create" "-v" "/var/lib/crater-agent-workspace/builds/worker-7-tc1/target:/opt/rustwide/target:rw,Z" "-v" "/var/lib/crater-agent-workspace/builds/worker-7-tc1/source:/opt/rustwide/workdir:ro,Z" "-v" "/var/lib/crater-agent-workspace/cargo-home:/opt/rustwide/cargo-home:ro,Z" "-v" "/var/lib/crater-agent-workspace/rustup-home:/opt/rustwide/rustup-home:ro,Z" "-e" "SOURCE_DIR=/opt/rustwide/workdir" "-e" "CARGO_TARGET_DIR=/opt/rustwide/target" "-e" "CARGO_INCREMENTAL=0" "-e" "RUST_BACKTRACE=full" "-e" "RUSTFLAGS=--cap-lints=warn" "-e" "RUSTDOCFLAGS=--cap-lints=warn" "-e" "CARGO_HOME=/opt/rustwide/cargo-home" "-e" "RUSTUP_HOME=/opt/rustwide/rustup-home" "-w" "/opt/rustwide/workdir" "-m" "1610612736" "--user" "0:0" "--network" "none" "ghcr.io/rust-lang/crates-build-env/linux@sha256:f3a9d4ad9d972b27faf3965f35b62e55ba32bbce8f20bc8fe909558a86702fde" "/opt/rustwide/cargo-home/bin/cargo" "+1.83.0" "test" "--frozen" "--no-run" "--message-format=json", kill_on_drop: false }`
[INFO] [stdout] 51a3dd1b0943b1233a3092992dad867284f8b0cd0b01feb77525445583dd68e0
[INFO] running `Command { std: "docker" "start" "-a" "51a3dd1b0943b1233a3092992dad867284f8b0cd0b01feb77525445583dd68e0", kill_on_drop: false }`
[INFO] [stderr]    Compiling aoc-2022-rust v0.1.0 (/opt/rustwide/workdir)
[INFO] [stdout] warning: variable does not need to be mutable
[INFO] [stdout]  --> day05/mod.rs:2:9
[INFO] [stdout]   |
[INFO] [stdout] 2 |     let mut result: String;
[INFO] [stdout]   |         ----^^^^^^
[INFO] [stdout]   |         |
[INFO] [stdout]   |         help: remove this `mut`
[INFO] [stdout]   |
[INFO] [stdout]   = note: `#[warn(unused_mut)]` on by default
[INFO] [stdout] 
[INFO] [stdout] 
[INFO] [stdout] warning: variable does not need to be mutable
[INFO] [stdout]   --> day05/mod.rs:30:9
[INFO] [stdout]    |
[INFO] [stdout] 30 |     let mut result: String;
[INFO] [stdout]    |         ----^^^^^^
[INFO] [stdout]    |         |
[INFO] [stdout]    |         help: remove this `mut`
[INFO] [stdout] 
[INFO] [stdout] 
[INFO] [stdout] warning: variable does not need to be mutable
[INFO] [stdout]   --> day05/mod.rs:70:21
[INFO] [stdout]    |
[INFO] [stdout] 70 |                 let mut current_char: char = lines[i-1].chars().nth(idx).unwrap();
[INFO] [stdout]    |                     ----^^^^^^^^^^^^
[INFO] [stdout]    |                     |
[INFO] [stdout]    |                     help: remove this `mut`
[INFO] [stdout] 
[INFO] [stdout] 
[INFO] [stdout] warning: unused variable: `input`
[INFO] [stdout]   --> day07/mod.rs:35:17
[INFO] [stdout]    |
[INFO] [stdout] 35 | pub fn part_two(input: &str) -> usize {
[INFO] [stdout]    |                 ^^^^^ help: if this is intentional, prefix it with an underscore: `_input`
[INFO] [stdout]    |
[INFO] [stdout]    = note: `#[warn(unused_variables)]` on by default
[INFO] [stdout] 
[INFO] [stdout] 
[INFO] [stdout] warning: unused variable: `items`
[INFO] [stdout]  --> day11/mod.rs:9:13
[INFO] [stdout]   |
[INFO] [stdout] 9 |         let items: Vec<usize> = description[1].replace("Starting items:", "")
[INFO] [stdout]   |             ^^^^^ help: if this is intentional, prefix it with an underscore: `_items`
[INFO] [stdout] 
[INFO] [stdout] 
[INFO] [stdout] warning: unused variable: `operations`
[INFO] [stdout]   --> day11/mod.rs:16:13
[INFO] [stdout]    |
[INFO] [stdout] 16 |         let operations: Vec<String> = description[2].replace("Operation: new = old ", "")
[INFO] [stdout]    |             ^^^^^^^^^^ help: if this is intentional, prefix it with an underscore: `_operations`
[INFO] [stdout] 
[INFO] [stdout] 
[INFO] [stdout] warning: unused variable: `divider`
[INFO] [stdout]   --> day11/mod.rs:21:13
[INFO] [stdout]    |
[INFO] [stdout] 21 |         let divider: usize = description[3].replace("Test: divisible by ", "").trim().to_string().parse::<usize>().unwrap();
[INFO] [stdout]    |             ^^^^^^^ help: if this is intentional, prefix it with an underscore: `_divider`
[INFO] [stdout] 
[INFO] [stdout] 
[INFO] [stdout] warning: unused variable: `target_true`
[INFO] [stdout]   --> day11/mod.rs:23:13
[INFO] [stdout]    |
[INFO] [stdout] 23 |         let target_true: usize = description[4].replace("If true: throw to monkey", "").trim().to_string().parse::<usize>().unwrap();
[INFO] [stdout]    |             ^^^^^^^^^^^ help: if this is intentional, prefix it with an underscore: `_target_true`
[INFO] [stdout] 
[INFO] [stdout] 
[INFO] [stdout] warning: unused variable: `target_false`
[INFO] [stdout]   --> day11/mod.rs:24:13
[INFO] [stdout]    |
[INFO] [stdout] 24 |         let target_false: usize = description[5].replace("If false: throw to monkey", "").trim().to_string().parse::<usize>().unwrap();
[INFO] [stdout]    |             ^^^^^^^^^^^^ help: if this is intentional, prefix it with an underscore: `_target_false`
[INFO] [stdout] 
[INFO] [stdout] 
[INFO] [stdout] warning: unused variable: `input`
[INFO] [stdout]   --> day11/mod.rs:46:17
[INFO] [stdout]    |
[INFO] [stdout] 46 | pub fn part_two(input: &str) -> usize {
[INFO] [stdout]    |                 ^^^^^ help: if this is intentional, prefix it with an underscore: `_input`
[INFO] [stdout] 
[INFO] [stdout] 
[INFO] [stdout] warning: field `name` is never read
[INFO] [stdout]   --> day07/mod.rs:41:5
[INFO] [stdout]    |
[INFO] [stdout] 40 | struct Dir {
[INFO] [stdout]    |        --- field in this struct
[INFO] [stdout] 41 |     name: String,
[INFO] [stdout]    |     ^^^^
[INFO] [stdout]    |
[INFO] [stdout]    = note: `Dir` has a derived impl for the trait `Clone`, but this is intentionally ignored during dead code analysis
[INFO] [stdout]    = note: `#[warn(dead_code)]` on by default
[INFO] [stdout] 
[INFO] [stdout] 
[INFO] [stdout] warning: field `name` is never read
[INFO] [stdout]   --> day07/mod.rs:48:5
[INFO] [stdout]    |
[INFO] [stdout] 47 | struct File {
[INFO] [stdout]    |        ---- field in this struct
[INFO] [stdout] 48 |     name: String,
[INFO] [stdout]    |     ^^^^
[INFO] [stdout]    |
[INFO] [stdout]    = note: `File` has a derived impl for the trait `Clone`, but this is intentionally ignored during dead code analysis
[INFO] [stdout] 
[INFO] [stdout] 
[INFO] [stdout] warning: method `add_dir` is never used
[INFO] [stdout]   --> day07/mod.rs:64:8
[INFO] [stdout]    |
[INFO] [stdout] 52 | impl Dir {
[INFO] [stdout]    | -------- method in this implementation
[INFO] [stdout] ...
[INFO] [stdout] 64 |     fn add_dir(&mut self, dir: Dir) {
[INFO] [stdout]    |        ^^^^^^^
[INFO] [stdout] 
[INFO] [stdout] 
[INFO] [stdout] warning: associated function `new` is never used
[INFO] [stdout]   --> day11/mod.rs:63:12
[INFO] [stdout]    |
[INFO] [stdout] 61 | impl Monkey {
[INFO] [stdout]    | ----------- associated function in this implementation
[INFO] [stdout] 62 |     // TODO: pass constructor arguments
[INFO] [stdout] 63 |     pub fn new(
[INFO] [stdout]    |            ^^^
[INFO] [stdout] 
[INFO] [stdout] 
[INFO] [stderr]     Finished `test` profile [unoptimized + debuginfo] target(s) in 1.59s
[INFO] running `Command { std: "docker" "inspect" "51a3dd1b0943b1233a3092992dad867284f8b0cd0b01feb77525445583dd68e0", kill_on_drop: false }`
[INFO] running `Command { std: "docker" "rm" "-f" "51a3dd1b0943b1233a3092992dad867284f8b0cd0b01feb77525445583dd68e0", kill_on_drop: false }`
[INFO] [stdout] 51a3dd1b0943b1233a3092992dad867284f8b0cd0b01feb77525445583dd68e0
[INFO] running `Command { std: "docker" "create" "-v" "/var/lib/crater-agent-workspace/builds/worker-7-tc1/target:/opt/rustwide/target:rw,Z" "-v" "/var/lib/crater-agent-workspace/builds/worker-7-tc1/source:/opt/rustwide/workdir:ro,Z" "-v" "/var/lib/crater-agent-workspace/cargo-home:/opt/rustwide/cargo-home:ro,Z" "-v" "/var/lib/crater-agent-workspace/rustup-home:/opt/rustwide/rustup-home:ro,Z" "-e" "SOURCE_DIR=/opt/rustwide/workdir" "-e" "CARGO_TARGET_DIR=/opt/rustwide/target" "-e" "CARGO_INCREMENTAL=0" "-e" "RUST_BACKTRACE=full" "-e" "RUSTFLAGS=--cap-lints=warn" "-e" "RUSTDOCFLAGS=--cap-lints=warn" "-e" "CARGO_HOME=/opt/rustwide/cargo-home" "-e" "RUSTUP_HOME=/opt/rustwide/rustup-home" "-w" "/opt/rustwide/workdir" "-m" "1610612736" "--user" "0:0" "--network" "none" "ghcr.io/rust-lang/crates-build-env/linux@sha256:f3a9d4ad9d972b27faf3965f35b62e55ba32bbce8f20bc8fe909558a86702fde" "/opt/rustwide/cargo-home/bin/cargo" "+1.83.0" "test" "--frozen", kill_on_drop: false }`
[INFO] [stdout] 6b64b9f739425d7ccb7feb7488d966d9e29aeee78fa388fb3646e3fac9f24d68
[INFO] running `Command { std: "docker" "start" "-a" "6b64b9f739425d7ccb7feb7488d966d9e29aeee78fa388fb3646e3fac9f24d68", kill_on_drop: false }`
[INFO] [stderr] warning: variable does not need to be mutable
[INFO] [stderr]  --> day05/mod.rs:2:9
[INFO] [stderr]   |
[INFO] [stderr] 2 |     let mut result: String;
[INFO] [stderr]   |         ----^^^^^^
[INFO] [stderr]   |         |
[INFO] [stderr]   |         help: remove this `mut`
[INFO] [stderr]   |
[INFO] [stderr]   = note: `#[warn(unused_mut)]` on by default
[INFO] [stderr] 
[INFO] [stderr] warning: variable does not need to be mutable
[INFO] [stderr]   --> day05/mod.rs:30:9
[INFO] [stderr]    |
[INFO] [stderr] 30 |     let mut result: String;
[INFO] [stderr]    |         ----^^^^^^
[INFO] [stderr]    |         |
[INFO] [stderr]    |         help: remove this `mut`
[INFO] [stderr] 
[INFO] [stderr] warning: variable does not need to be mutable
[INFO] [stderr]   --> day05/mod.rs:70:21
[INFO] [stderr]    |
[INFO] [stderr] 70 |                 let mut current_char: char = lines[i-1].chars().nth(idx).unwrap();
[INFO] [stderr]    |                     ----^^^^^^^^^^^^
[INFO] [stderr]    |                     |
[INFO] [stderr]    |                     help: remove this `mut`
[INFO] [stderr] 
[INFO] [stderr] warning: unused variable: `input`
[INFO] [stderr]   --> day07/mod.rs:35:17
[INFO] [stderr]    |
[INFO] [stderr] 35 | pub fn part_two(input: &str) -> usize {
[INFO] [stderr]    |                 ^^^^^ help: if this is intentional, prefix it with an underscore: `_input`
[INFO] [stderr]    |
[INFO] [stderr]    = note: `#[warn(unused_variables)]` on by default
[INFO] [stderr] 
[INFO] [stderr] warning: unused variable: `items`
[INFO] [stderr]  --> day11/mod.rs:9:13
[INFO] [stderr]   |
[INFO] [stderr] 9 |         let items: Vec<usize> = description[1].replace("Starting items:", "")
[INFO] [stderr]   |             ^^^^^ help: if this is intentional, prefix it with an underscore: `_items`
[INFO] [stderr] 
[INFO] [stderr] warning: unused variable: `operations`
[INFO] [stderr]   --> day11/mod.rs:16:13
[INFO] [stderr]    |
[INFO] [stderr] 16 |         let operations: Vec<String> = description[2].replace("Operation: new = old ", "")
[INFO] [stderr]    |             ^^^^^^^^^^ help: if this is intentional, prefix it with an underscore: `_operations`
[INFO] [stderr] 
[INFO] [stderr] warning: unused variable: `divider`
[INFO] [stderr]   --> day11/mod.rs:21:13
[INFO] [stderr]    |
[INFO] [stderr] 21 |         let divider: usize = description[3].replace("Test: divisible by ", "").trim().to_string().parse::<usize>().unwrap();
[INFO] [stderr]    |             ^^^^^^^ help: if this is intentional, prefix it with an underscore: `_divider`
[INFO] [stderr] 
[INFO] [stderr] warning: unused variable: `target_true`
[INFO] [stderr]   --> day11/mod.rs:23:13
[INFO] [stderr]    |
[INFO] [stderr] 23 |         let target_true: usize = description[4].replace("If true: throw to monkey", "").trim().to_string().parse::<usize>().unwrap();
[INFO] [stderr]    |             ^^^^^^^^^^^ help: if this is intentional, prefix it with an underscore: `_target_true`
[INFO] [stderr] 
[INFO] [stderr] warning: unused variable: `target_false`
[INFO] [stderr]   --> day11/mod.rs:24:13
[INFO] [stderr]    |
[INFO] [stderr] 24 |         let target_false: usize = description[5].replace("If false: throw to monkey", "").trim().to_string().parse::<usize>().unwrap();
[INFO] [stderr]    |             ^^^^^^^^^^^^ help: if this is intentional, prefix it with an underscore: `_target_false`
[INFO] [stderr] 
[INFO] [stderr] warning: unused variable: `input`
[INFO] [stderr]   --> day11/mod.rs:46:17
[INFO] [stderr]    |
[INFO] [stderr] 46 | pub fn part_two(input: &str) -> usize {
[INFO] [stderr]    |                 ^^^^^ help: if this is intentional, prefix it with an underscore: `_input`
[INFO] [stderr] 
[INFO] [stderr] warning: field `name` is never read
[INFO] [stderr]   --> day07/mod.rs:41:5
[INFO] [stderr]    |
[INFO] [stderr] 40 | struct Dir {
[INFO] [stderr]    |        --- field in this struct
[INFO] [stderr] 41 |     name: String,
[INFO] [stderr]    |     ^^^^
[INFO] [stderr]    |
[INFO] [stderr]    = note: `Dir` has a derived impl for the trait `Clone`, but this is intentionally ignored during dead code analysis
[INFO] [stderr]    = note: `#[warn(dead_code)]` on by default
[INFO] [stderr] 
[INFO] [stderr] warning: field `name` is never read
[INFO] [stderr]   --> day07/mod.rs:48:5
[INFO] [stderr]    |
[INFO] [stderr] 47 | struct File {
[INFO] [stderr]    |        ---- field in this struct
[INFO] [stderr] 48 |     name: String,
[INFO] [stderr]    |     ^^^^
[INFO] [stderr]    |
[INFO] [stderr]    = note: `File` has a derived impl for the trait `Clone`, but this is intentionally ignored during dead code analysis
[INFO] [stderr] 
[INFO] [stderr] warning: method `add_dir` is never used
[INFO] [stderr]   --> day07/mod.rs:64:8
[INFO] [stderr]    |
[INFO] [stderr] 52 | impl Dir {
[INFO] [stderr]    | -------- method in this implementation
[INFO] [stderr] ...
[INFO] [stderr] 64 |     fn add_dir(&mut self, dir: Dir) {
[INFO] [stderr]    |        ^^^^^^^
[INFO] [stderr] 
[INFO] [stderr] warning: associated function `new` is never used
[INFO] [stderr]   --> day11/mod.rs:63:12
[INFO] [stderr]    |
[INFO] [stderr] 61 | impl Monkey {
[INFO] [stderr]    | ----------- associated function in this implementation
[INFO] [stderr] 62 |     // TODO: pass constructor arguments
[INFO] [stderr] 63 |     pub fn new(
[INFO] [stderr]    |            ^^^
[INFO] [stderr] 
[INFO] [stderr] warning: `aoc-2022-rust` (bin "main" test) generated 14 warnings (run `cargo fix --bin "main" --tests` to apply 3 suggestions)
[INFO] [stderr]     Finished `test` profile [unoptimized + debuginfo] target(s) in 0.01s
[INFO] [stderr]      Running unittests main.rs (/opt/rustwide/target/debug/deps/main-d583d317edc8aefe)
[INFO] [stdout] 
[INFO] [stdout] running 25 tests
[INFO] [stdout] test day01::tests::sum_of_largest_n ... ok
[INFO] [stdout] test day03::tests::get_type_score ... ok
[INFO] [stdout] test day02::tests::part_one ... ok
[INFO] [stdout] test day02::tests::part_two ... ok
[INFO] [stdout] test day01::tests::part_two ... ok
[INFO] [stdout] test day03::tests::part_two ... ok
[INFO] [stdout] test day01::tests::part_one ... ok
[INFO] [stdout] test day04::tests::part_one ... ok
[INFO] [stdout] test day04::tests::part_two ... ok
[INFO] [stdout] test day06::tests::part_one ... ok
[INFO] [stdout] test day07::tests::dir_implementation ... ok
[INFO] [stdout] test day05::tests::part_two ... ok
[INFO] [stdout] test day03::tests::part_one ... ok
[INFO] [stdout] test day06::tests::part_two ... ok
[INFO] [stdout] test day05::tests::part_one ... ok
[INFO] [stdout] test day08::tests::part_one ... ok
[INFO] [stdout] test day09::tests::part_one ... ok
[INFO] [stdout] test day11::tests::part_two ... ok
[INFO] [stdout] test day10::tests::part_one ... ok
[INFO] [stdout] test day09::tests::part_two ... ok
[INFO] [stdout] test day08::tests::part_two ... ok
[INFO] [stdout] test day07::tests::part_one ... FAILED
[INFO] [stdout] test day11::tests::part_one ... FAILED
[INFO] [stdout] test day07::tests::part_two ... FAILED
[INFO] [stdout] test day10::tests::part_two ... FAILED
[INFO] [stdout] 
[INFO] [stdout] failures:
[INFO] [stdout] 
[INFO] [stdout] ---- day07::tests::part_one stdout ----
[INFO] [stdout] 14848514 b.txt
[INFO] [stdout] 8504156 c.dat
[INFO] [stdout] 29116 f
[INFO] [stdout] 2557 g
[INFO] [stdout] 62596 h.lst
[INFO] [stdout] 584 i
[INFO] [stdout] thread 'day07::tests::part_one' panicked at day07/mod.rs:12:25:
[INFO] [stdout] attempt to subtract with overflow
[INFO] [stdout] stack backtrace:
[INFO] [stdout]    0:     0x62a9fc0fa6ca - std::backtrace_rs::backtrace::libunwind::trace::h5a5b8284f2d0c266
[INFO] [stdout]                                at /rustc/90b35a6239c3d8bdabc530a6a0816f7ff89a0aaf/library/std/src/../../backtrace/src/backtrace/libunwind.rs:116:5
[INFO] [stdout]    1:     0x62a9fc0fa6ca - std::backtrace_rs::backtrace::trace_unsynchronized::h76d4f1c9b0b875e3
[INFO] [stdout]                                at /rustc/90b35a6239c3d8bdabc530a6a0816f7ff89a0aaf/library/std/src/../../backtrace/src/backtrace/mod.rs:66:5
[INFO] [stdout]    2:     0x62a9fc0fa6ca - std::sys::backtrace::_print_fmt::hc4546b8364a537c6
[INFO] [stdout]                                at /rustc/90b35a6239c3d8bdabc530a6a0816f7ff89a0aaf/library/std/src/sys/backtrace.rs:66:9
[INFO] [stdout]    3:     0x62a9fc0fa6ca - <std::sys::backtrace::BacktraceLock::print::DisplayBacktrace as core::fmt::Display>::fmt::h5b6bd5631a6d1f6b
[INFO] [stdout]                                at /rustc/90b35a6239c3d8bdabc530a6a0816f7ff89a0aaf/library/std/src/sys/backtrace.rs:39:26
[INFO] [stdout]    4:     0x62a9fc11fae3 - core::fmt::rt::Argument::fmt::h270f6602a2b96f62
[INFO] [stdout]                                at /rustc/90b35a6239c3d8bdabc530a6a0816f7ff89a0aaf/library/core/src/fmt/rt.rs:177:76
[INFO] [stdout]    5:     0x62a9fc11fae3 - core::fmt::write::h7550c97b06c86515
[INFO] [stdout]                                at /rustc/90b35a6239c3d8bdabc530a6a0816f7ff89a0aaf/library/core/src/fmt/mod.rs:1186:21
[INFO] [stdout]    6:     0x62a9fc0f7893 - std::io::Write::write_fmt::h509ff860e5956e5e
[INFO] [stdout]                                at /rustc/90b35a6239c3d8bdabc530a6a0816f7ff89a0aaf/library/std/src/io/mod.rs:1839:15
[INFO] [stdout]    7:     0x62a9fc0fa512 - std::sys::backtrace::BacktraceLock::print::h2395ccd2c84ba3aa
[INFO] [stdout]                                at /rustc/90b35a6239c3d8bdabc530a6a0816f7ff89a0aaf/library/std/src/sys/backtrace.rs:42:9
[INFO] [stdout]    8:     0x62a9fc0fbb2a - std::panicking::default_hook::{{closure}}::he19d4c7230e07961
[INFO] [stdout]                                at /rustc/90b35a6239c3d8bdabc530a6a0816f7ff89a0aaf/library/std/src/panicking.rs:268:22
[INFO] [stdout]    9:     0x62a9fc0fb934 - std::panicking::default_hook::hf614597d3c67bbdb
[INFO] [stdout]                                at /rustc/90b35a6239c3d8bdabc530a6a0816f7ff89a0aaf/library/std/src/panicking.rs:292:9
[INFO] [stdout]   10:     0x62a9fc0c7219 - <alloc::boxed::Box<F,A> as core::ops::function::Fn<Args>>::call::h39b51ce4599c23d1
[INFO] [stdout]                                at /rustc/90b35a6239c3d8bdabc530a6a0816f7ff89a0aaf/library/alloc/src/boxed.rs:2468:9
[INFO] [stdout]   11:     0x62a9fc0c7219 - test::test_main::{{closure}}::he977ae839a582784
[INFO] [stdout]                                at /rustc/90b35a6239c3d8bdabc530a6a0816f7ff89a0aaf/library/test/src/lib.rs:133:21
[INFO] [stdout]   12:     0x62a9fc0fc1c8 - <alloc::boxed::Box<F,A> as core::ops::function::Fn<Args>>::call::h9455091b6b06f9fb
[INFO] [stdout]                                at /rustc/90b35a6239c3d8bdabc530a6a0816f7ff89a0aaf/library/alloc/src/boxed.rs:2468:9
[INFO] [stdout]   13:     0x62a9fc0fc1c8 - std::panicking::rust_panic_with_hook::h8942133a8b252070
[INFO] [stdout]                                at /rustc/90b35a6239c3d8bdabc530a6a0816f7ff89a0aaf/library/std/src/panicking.rs:809:13
[INFO] [stdout]   14:     0x62a9fc0fbf56 - std::panicking::begin_panic_handler::{{closure}}::hb5f5963570096b29
[INFO] [stdout]                                at /rustc/90b35a6239c3d8bdabc530a6a0816f7ff89a0aaf/library/std/src/panicking.rs:667:13
[INFO] [stdout]   15:     0x62a9fc0faba9 - std::sys::backtrace::__rust_end_short_backtrace::h6208cedc1922feda
[INFO] [stdout]                                at /rustc/90b35a6239c3d8bdabc530a6a0816f7ff89a0aaf/library/std/src/sys/backtrace.rs:170:18
[INFO] [stdout]   16:     0x62a9fc0fbc1c - rust_begin_unwind
[INFO] [stdout]                                at /rustc/90b35a6239c3d8bdabc530a6a0816f7ff89a0aaf/library/std/src/panicking.rs:665:5
[INFO] [stdout]   17:     0x62a9fc057aa0 - core::panicking::panic_fmt::h0c3082644d1bf418
[INFO] [stdout]                                at /rustc/90b35a6239c3d8bdabc530a6a0816f7ff89a0aaf/library/core/src/panicking.rs:74:14
[INFO] [stdout]   18:     0x62a9fc058237 - core::panicking::panic_const::panic_const_sub_overflow::h068bbf8ea6b4f121
[INFO] [stdout]                                at /rustc/90b35a6239c3d8bdabc530a6a0816f7ff89a0aaf/library/core/src/panicking.rs:181:21
[INFO] [stdout]   19:     0x62a9fc06e946 - main::day07::part_one::h893aabd15a7b7e9d
[INFO] [stdout]                                at /opt/rustwide/workdir/day07/mod.rs:12:25
[INFO] [stdout]   20:     0x62a9fc07dce5 - main::day07::tests::part_one::hc2db28f18c90f776
[INFO] [stdout]                                at /opt/rustwide/workdir/day07/mod.rs:75:20
[INFO] [stdout]   21:     0x62a9fc07dcb7 - main::day07::tests::part_one::{{closure}}::h18e0b0d4810a29a0
[INFO] [stdout]                                at /opt/rustwide/workdir/day07/mod.rs:74:18
[INFO] [stdout]   22:     0x62a9fc083226 - core::ops::function::FnOnce::call_once::hd4ce2eb1eea3290d
[INFO] [stdout]                                at /rustc/90b35a6239c3d8bdabc530a6a0816f7ff89a0aaf/library/core/src/ops/function.rs:250:5
[INFO] [stdout]   23:     0x62a9fc0cbbdb - core::ops::function::FnOnce::call_once::h109cf8051a59b34e
[INFO] [stdout]                                at /rustc/90b35a6239c3d8bdabc530a6a0816f7ff89a0aaf/library/core/src/ops/function.rs:250:5
[INFO] [stdout]   24:     0x62a9fc0cbbdb - test::__rust_begin_short_backtrace::hf4fff89d377446ba
[INFO] [stdout]                                at /rustc/90b35a6239c3d8bdabc530a6a0816f7ff89a0aaf/library/test/src/lib.rs:621:18
[INFO] [stdout]   25:     0x62a9fc0cb417 - test::run_test_in_process::{{closure}}::h0e39181dd7ee5a43
[INFO] [stdout]                                at /rustc/90b35a6239c3d8bdabc530a6a0816f7ff89a0aaf/library/test/src/lib.rs:644:60
[INFO] [stdout]   26:     0x62a9fc0cb417 - <core::panic::unwind_safe::AssertUnwindSafe<F> as core::ops::function::FnOnce<()>>::call_once::hc5a66a30f0bdfd1f
[INFO] [stdout]                                at /rustc/90b35a6239c3d8bdabc530a6a0816f7ff89a0aaf/library/core/src/panic/unwind_safe.rs:272:9
[INFO] [stdout]   27:     0x62a9fc0cb417 - std::panicking::try::do_call::h873b7cf639554a5e
[INFO] [stdout]                                at /rustc/90b35a6239c3d8bdabc530a6a0816f7ff89a0aaf/library/std/src/panicking.rs:557:40
[INFO] [stdout]   28:     0x62a9fc0cb417 - std::panicking::try::hdb19862fad9c8bd1
[INFO] [stdout]                                at /rustc/90b35a6239c3d8bdabc530a6a0816f7ff89a0aaf/library/std/src/panicking.rs:520:19
[INFO] [stdout]   29:     0x62a9fc0cb417 - std::panic::catch_unwind::h281fe732d236d260
[INFO] [stdout]                                at /rustc/90b35a6239c3d8bdabc530a6a0816f7ff89a0aaf/library/std/src/panic.rs:358:14
[INFO] [stdout]   30:     0x62a9fc0cb417 - test::run_test_in_process::h949b6df8457ed338
[INFO] [stdout]                                at /rustc/90b35a6239c3d8bdabc530a6a0816f7ff89a0aaf/library/test/src/lib.rs:644:27
[INFO] [stdout]   31:     0x62a9fc0cb417 - test::run_test::{{closure}}::h52c556a6d4740e10
[INFO] [stdout]                                at /rustc/90b35a6239c3d8bdabc530a6a0816f7ff89a0aaf/library/test/src/lib.rs:565:43
[INFO] [stdout]   32:     0x62a9fc0906f4 - test::run_test::{{closure}}::h4237f6381c45ccb9
[INFO] [stdout]                                at /rustc/90b35a6239c3d8bdabc530a6a0816f7ff89a0aaf/library/test/src/lib.rs:595:41
[INFO] [stdout]   33:     0x62a9fc0906f4 - std::sys::backtrace::__rust_begin_short_backtrace::h505c97a579eca628
[INFO] [stdout]                                at /rustc/90b35a6239c3d8bdabc530a6a0816f7ff89a0aaf/library/std/src/sys/backtrace.rs:154:18
[INFO] [stdout]   34:     0x62a9fc093dbe - std::thread::Builder::spawn_unchecked_::{{closure}}::{{closure}}::h9e86b2e2bc107ea3
[INFO] [stdout]                                at /rustc/90b35a6239c3d8bdabc530a6a0816f7ff89a0aaf/library/std/src/thread/mod.rs:538:17
[INFO] [stdout]   35:     0x62a9fc093dbe - <core::panic::unwind_safe::AssertUnwindSafe<F> as core::ops::function::FnOnce<()>>::call_once::h8b06ddb275ff4a25
[INFO] [stdout]                                at /rustc/90b35a6239c3d8bdabc530a6a0816f7ff89a0aaf/library/core/src/panic/unwind_safe.rs:272:9
[INFO] [stdout]   36:     0x62a9fc093dbe - std::panicking::try::do_call::hb26ecd7cd9a9355d
[INFO] [stdout]                                at /rustc/90b35a6239c3d8bdabc530a6a0816f7ff89a0aaf/library/std/src/panicking.rs:557:40
[INFO] [stdout]   37:     0x62a9fc093dbe - std::panicking::try::h8ddeca9d705f9069
[INFO] [stdout]                                at /rustc/90b35a6239c3d8bdabc530a6a0816f7ff89a0aaf/library/std/src/panicking.rs:520:19
[INFO] [stdout]   38:     0x62a9fc093dbe - std::panic::catch_unwind::h49e1c33078844c46
[INFO] [stdout]                                at /rustc/90b35a6239c3d8bdabc530a6a0816f7ff89a0aaf/library/std/src/panic.rs:358:14
[INFO] [stdout]   39:     0x62a9fc093dbe - std::thread::Builder::spawn_unchecked_::{{closure}}::h6073db6ff56ad35d
[INFO] [stdout]                                at /rustc/90b35a6239c3d8bdabc530a6a0816f7ff89a0aaf/library/std/src/thread/mod.rs:537:30
[INFO] [stdout]   40:     0x62a9fc093dbe - core::ops::function::FnOnce::call_once{{vtable.shim}}::h2c5a5f3779c774f1
[INFO] [stdout]                                at /rustc/90b35a6239c3d8bdabc530a6a0816f7ff89a0aaf/library/core/src/ops/function.rs:250:5
[INFO] [stdout]   41:     0x62a9fc0fff1b - <alloc::boxed::Box<F,A> as core::ops::function::FnOnce<Args>>::call_once::hf75717d9f28faebf
[INFO] [stdout]                                at /rustc/90b35a6239c3d8bdabc530a6a0816f7ff89a0aaf/library/alloc/src/boxed.rs:2454:9
[INFO] [stdout]   42:     0x62a9fc0fff1b - <alloc::boxed::Box<F,A> as core::ops::function::FnOnce<Args>>::call_once::h7bd883a5f3c5f3c1
[INFO] [stdout]                                at /rustc/90b35a6239c3d8bdabc530a6a0816f7ff89a0aaf/library/alloc/src/boxed.rs:2454:9
[INFO] [stdout]   43:     0x62a9fc0fff1b - std::sys::pal::unix::thread::Thread::new::thread_start::hcc78f3943333fa94
[INFO] [stdout]                                at /rustc/90b35a6239c3d8bdabc530a6a0816f7ff89a0aaf/library/std/src/sys/pal/unix/thread.rs:105:17
[INFO] [stdout]   44:     0x7b9632f1dac3 - <unknown>
[INFO] [stdout]   45:     0x7b9632faea04 - clone
[INFO] [stdout]   46:                0x0 - <unknown>
[INFO] [stdout] 
[INFO] [stdout] ---- day11::tests::part_one stdout ----
[INFO] [stdout] thread 'day11::tests::part_one' panicked at day11/mod.rs:31:12:
[INFO] [stdout] index out of bounds: the len is 0 but the index is 0
[INFO] [stdout] stack backtrace:
[INFO] [stdout]    0:     0x62a9fc0fa6ca - std::backtrace_rs::backtrace::libunwind::trace::h5a5b8284f2d0c266
[INFO] [stdout]                                at /rustc/90b35a6239c3d8bdabc530a6a0816f7ff89a0aaf/library/std/src/../../backtrace/src/backtrace/libunwind.rs:116:5
[INFO] [stdout]    1:     0x62a9fc0fa6ca - std::backtrace_rs::backtrace::trace_unsynchronized::h76d4f1c9b0b875e3
[INFO] [stdout]                                at /rustc/90b35a6239c3d8bdabc530a6a0816f7ff89a0aaf/library/std/src/../../backtrace/src/backtrace/mod.rs:66:5
[INFO] [stdout]    2:     0x62a9fc0fa6ca - std::sys::backtrace::_print_fmt::hc4546b8364a537c6
[INFO] [stdout]                                at /rustc/90b35a6239c3d8bdabc530a6a0816f7ff89a0aaf/library/std/src/sys/backtrace.rs:66:9
[INFO] [stdout]    3:     0x62a9fc0fa6ca - <std::sys::backtrace::BacktraceLock::print::DisplayBacktrace as core::fmt::Display>::fmt::h5b6bd5631a6d1f6b
[INFO] [stdout]                                at /rustc/90b35a6239c3d8bdabc530a6a0816f7ff89a0aaf/library/std/src/sys/backtrace.rs:39:26
[INFO] [stdout]    4:     0x62a9fc11fae3 - core::fmt::rt::Argument::fmt::h270f6602a2b96f62
[INFO] [stdout]                                at /rustc/90b35a6239c3d8bdabc530a6a0816f7ff89a0aaf/library/core/src/fmt/rt.rs:177:76
[INFO] [stdout]    5:     0x62a9fc11fae3 - core::fmt::write::h7550c97b06c86515
[INFO] [stdout]                                at /rustc/90b35a6239c3d8bdabc530a6a0816f7ff89a0aaf/library/core/src/fmt/mod.rs:1186:21
[INFO] [stdout]    6:     0x62a9fc0f7893 - std::io::Write::write_fmt::h509ff860e5956e5e
[INFO] [stdout]                                at /rustc/90b35a6239c3d8bdabc530a6a0816f7ff89a0aaf/library/std/src/io/mod.rs:1839:15
[INFO] [stdout]    7:     0x62a9fc0fa512 - std::sys::backtrace::BacktraceLock::print::h2395ccd2c84ba3aa
[INFO] [stdout]                                at /rustc/90b35a6239c3d8bdabc530a6a0816f7ff89a0aaf/library/std/src/sys/backtrace.rs:42:9
[INFO] [stdout]    8:     0x62a9fc0fbb2a - std::panicking::default_hook::{{closure}}::he19d4c7230e07961
[INFO] [stdout]                                at /rustc/90b35a6239c3d8bdabc530a6a0816f7ff89a0aaf/library/std/src/panicking.rs:268:22
[INFO] [stdout]    9:     0x62a9fc0fb934 - std::panicking::default_hook::hf614597d3c67bbdb
[INFO] [stdout]                                at /rustc/90b35a6239c3d8bdabc530a6a0816f7ff89a0aaf/library/std/src/panicking.rs:292:9
[INFO] [stdout]   10:     0x62a9fc0c7219 - <alloc::boxed::Box<F,A> as core::ops::function::Fn<Args>>::call::h39b51ce4599c23d1
[INFO] [stdout]                                at /rustc/90b35a6239c3d8bdabc530a6a0816f7ff89a0aaf/library/alloc/src/boxed.rs:2468:9
[INFO] [stdout]   11:     0x62a9fc0c7219 - test::test_main::{{closure}}::he977ae839a582784
[INFO] [stdout]                                at /rustc/90b35a6239c3d8bdabc530a6a0816f7ff89a0aaf/library/test/src/lib.rs:133:21
[INFO] [stdout]   12:     0x62a9fc0fc1c8 - <alloc::boxed::Box<F,A> as core::ops::function::Fn<Args>>::call::h9455091b6b06f9fb
[INFO] [stdout]                                at /rustc/90b35a6239c3d8bdabc530a6a0816f7ff89a0aaf/library/alloc/src/boxed.rs:2468:9
[INFO] [stdout]   13:     0x62a9fc0fc1c8 - std::panicking::rust_panic_with_hook::h8942133a8b252070
[INFO] [stdout]                                at /rustc/90b35a6239c3d8bdabc530a6a0816f7ff89a0aaf/library/std/src/panicking.rs:809:13
[INFO] [stdout]   14:     0x62a9fc0fbf8a - std::panicking::begin_panic_handler::{{closure}}::hb5f5963570096b29
[INFO] [stdout]                                at /rustc/90b35a6239c3d8bdabc530a6a0816f7ff89a0aaf/library/std/src/panicking.rs:674:13
[INFO] [stdout]   15:     0x62a9fc0faba9 - std::sys::backtrace::__rust_end_short_backtrace::h6208cedc1922feda
[INFO] [stdout]                                at /rustc/90b35a6239c3d8bdabc530a6a0816f7ff89a0aaf/library/std/src/sys/backtrace.rs:170:18
[INFO] [stdout]   16:     0x62a9fc0fbc1c - rust_begin_unwind
[INFO] [stdout]                                at /rustc/90b35a6239c3d8bdabc530a6a0816f7ff89a0aaf/library/std/src/panicking.rs:665:5
[INFO] [stdout]   17:     0x62a9fc057aa0 - core::panicking::panic_fmt::h0c3082644d1bf418
[INFO] [stdout]                                at /rustc/90b35a6239c3d8bdabc530a6a0816f7ff89a0aaf/library/core/src/panicking.rs:74:14
[INFO] [stdout]   18:     0x62a9fc057c21 - core::panicking::panic_bounds_check::h8307ccead484a122
[INFO] [stdout]                                at /rustc/90b35a6239c3d8bdabc530a6a0816f7ff89a0aaf/library/core/src/panicking.rs:276:5
[INFO] [stdout]   19:     0x62a9fc0874e7 - <usize as core::slice::index::SliceIndex<[T]>>::index_mut::hdf7b642fb157b25b
[INFO] [stdout]                                at /rustc/90b35a6239c3d8bdabc530a6a0816f7ff89a0aaf/library/core/src/slice/index.rs:307:14
[INFO] [stdout]   20:     0x62a9fc067074 - core::slice::index::<impl core::ops::index::IndexMut<I> for [T]>::index_mut::hcab75b5036466e8d
[INFO] [stdout]                                at /rustc/90b35a6239c3d8bdabc530a6a0816f7ff89a0aaf/library/core/src/slice/index.rs:27:9
[INFO] [stdout]   21:     0x62a9fc067074 - <alloc::vec::Vec<T,A> as core::ops::index::IndexMut<I>>::index_mut::h395dfc0096d0f3ce
[INFO] [stdout]                                at /rustc/90b35a6239c3d8bdabc530a6a0816f7ff89a0aaf/library/alloc/src/vec/mod.rs:3335:9
[INFO] [stdout]   22:     0x62a9fc072599 - main::day11::part_one::h8781eb7ae6ebfb24
[INFO] [stdout]                                at /opt/rustwide/workdir/day11/mod.rs:31:12
[INFO] [stdout]   23:     0x62a9fc08ee35 - main::day11::tests::part_one::hd56001a693f1befd
[INFO] [stdout]                                at /opt/rustwide/workdir/day11/mod.rs:101:20
[INFO] [stdout]   24:     0x62a9fc08ee07 - main::day11::tests::part_one::{{closure}}::hfc0d709ee64276d1
[INFO] [stdout]                                at /opt/rustwide/workdir/day11/mod.rs:100:18
[INFO] [stdout]   25:     0x62a9fc082996 - core::ops::function::FnOnce::call_once::h0570d3702eefa490
[INFO] [stdout]                                at /rustc/90b35a6239c3d8bdabc530a6a0816f7ff89a0aaf/library/core/src/ops/function.rs:250:5
[INFO] [stdout]   26:     0x62a9fc0cbbdb - core::ops::function::FnOnce::call_once::h109cf8051a59b34e
[INFO] [stdout]                                at /rustc/90b35a6239c3d8bdabc530a6a0816f7ff89a0aaf/library/core/src/ops/function.rs:250:5
[INFO] [stdout]   27:     0x62a9fc0cbbdb - test::__rust_begin_short_backtrace::hf4fff89d377446ba
[INFO] [stdout]                                at /rustc/90b35a6239c3d8bdabc530a6a0816f7ff89a0aaf/library/test/src/lib.rs:621:18
[INFO] [stdout]   28:     0x62a9fc0cb417 - test::run_test_in_process::{{closure}}::h0e39181dd7ee5a43
[INFO] [stdout]                                at /rustc/90b35a6239c3d8bdabc530a6a0816f7ff89a0aaf/library/test/src/lib.rs:644:60
[INFO] [stdout]   29:     0x62a9fc0cb417 - <core::panic::unwind_safe::AssertUnwindSafe<F> as core::ops::function::FnOnce<()>>::call_once::hc5a66a30f0bdfd1f
[INFO] [stdout]                                at /rustc/90b35a6239c3d8bdabc530a6a0816f7ff89a0aaf/library/core/src/panic/unwind_safe.rs:272:9
[INFO] [stdout]   30:     0x62a9fc0cb417 - std::panicking::try::do_call::h873b7cf639554a5e
[INFO] [stdout]                                at /rustc/90b35a6239c3d8bdabc530a6a0816f7ff89a0aaf/library/std/src/panicking.rs:557:40
[INFO] [stdout]   31:     0x62a9fc0cb417 - std::panicking::try::hdb19862fad9c8bd1
[INFO] [stdout]                                at /rustc/90b35a6239c3d8bdabc530a6a0816f7ff89a0aaf/library/std/src/panicking.rs:520:19
[INFO] [stdout]   32:     0x62a9fc0cb417 - std::panic::catch_unwind::h281fe732d236d260
[INFO] [stdout]                                at /rustc/90b35a6239c3d8bdabc530a6a0816f7ff89a0aaf/library/std/src/panic.rs:358:14
[INFO] [stdout]   33:     0x62a9fc0cb417 - test::run_test_in_process::h949b6df8457ed338
[INFO] [stdout]                                at /rustc/90b35a6239c3d8bdabc530a6a0816f7ff89a0aaf/library/test/src/lib.rs:644:27
[INFO] [stdout]   34:     0x62a9fc0cb417 - test::run_test::{{closure}}::h52c556a6d4740e10
[INFO] [stdout]                                at /rustc/90b35a6239c3d8bdabc530a6a0816f7ff89a0aaf/library/test/src/lib.rs:565:43
[INFO] [stdout]   35:     0x62a9fc0906f4 - test::run_test::{{closure}}::h4237f6381c45ccb9
[INFO] [stdout]                                at /rustc/90b35a6239c3d8bdabc530a6a0816f7ff89a0aaf/library/test/src/lib.rs:595:41
[INFO] [stdout]   36:     0x62a9fc0906f4 - std::sys::backtrace::__rust_begin_short_backtrace::h505c97a579eca628
[INFO] [stdout]                                at /rustc/90b35a6239c3d8bdabc530a6a0816f7ff89a0aaf/library/std/src/sys/backtrace.rs:154:18
[INFO] [stdout]   37:     0x62a9fc093dbe - std::thread::Builder::spawn_unchecked_::{{closure}}::{{closure}}::h9e86b2e2bc107ea3
[INFO] [stdout]                                at /rustc/90b35a6239c3d8bdabc530a6a0816f7ff89a0aaf/library/std/src/thread/mod.rs:538:17
[INFO] [stdout]   38:     0x62a9fc093dbe - <core::panic::unwind_safe::AssertUnwindSafe<F> as core::ops::function::FnOnce<()>>::call_once::h8b06ddb275ff4a25
[INFO] [stdout]                                at /rustc/90b35a6239c3d8bdabc530a6a0816f7ff89a0aaf/library/core/src/panic/unwind_safe.rs:272:9
[INFO] [stdout]   39:     0x62a9fc093dbe - std::panicking::try::do_call::hb26ecd7cd9a9355d
[INFO] [stdout]                                at /rustc/90b35a6239c3d8bdabc530a6a0816f7ff89a0aaf/library/std/src/panicking.rs:557:40
[INFO] [stdout]   40:     0x62a9fc093dbe - std::panicking::try::h8ddeca9d705f9069
[INFO] [stdout]                                at /rustc/90b35a6239c3d8bdabc530a6a0816f7ff89a0aaf/library/std/src/panicking.rs:520:19
[INFO] [stdout]   41:     0x62a9fc093dbe - std::panic::catch_unwind::h49e1c33078844c46
[INFO] [stdout]                                at /rustc/90b35a6239c3d8bdabc530a6a0816f7ff89a0aaf/library/std/src/panic.rs:358:14
[INFO] [stdout]   42:     0x62a9fc093dbe - std::thread::Builder::spawn_unchecked_::{{closure}}::h6073db6ff56ad35d
[INFO] [stdout]                                at /rustc/90b35a6239c3d8bdabc530a6a0816f7ff89a0aaf/library/std/src/thread/mod.rs:537:30
[INFO] [stdout]   43:     0x62a9fc093dbe - core::ops::function::FnOnce::call_once{{vtable.shim}}::h2c5a5f3779c774f1
[INFO] [stdout]                                at /rustc/90b35a6239c3d8bdabc530a6a0816f7ff89a0aaf/library/core/src/ops/function.rs:250:5
[INFO] [stdout]   44:     0x62a9fc0fff1b - <alloc::boxed::Box<F,A> as core::ops::function::FnOnce<Args>>::call_once::hf75717d9f28faebf
[INFO] [stdout]                                at /rustc/90b35a6239c3d8bdabc530a6a0816f7ff89a0aaf/library/alloc/src/boxed.rs:2454:9
[INFO] [stdout]   45:     0x62a9fc0fff1b - <alloc::boxed::Box<F,A> as core::ops::function::FnOnce<Args>>::call_once::h7bd883a5f3c5f3c1
[INFO] [stdout]                                at /rustc/90b35a6239c3d8bdabc530a6a0816f7ff89a0aaf/library/alloc/src/boxed.rs:2454:9
[INFO] [stdout]   46:     0x62a9fc0fff1b - std::sys::pal::unix::thread::Thread::new::thread_start::hcc78f3943333fa94
[INFO] [stdout]                                at /rustc/90b35a6239c3d8bdabc530a6a0816f7ff89a0aaf/library/std/src/sys/pal/unix/thread.rs:105:17
[INFO] [stdout]   47:     0x7b9632f1dac3 - <unknown>
[INFO] [stdout]   48:     0x7b9632faea04 - clone
[INFO] [stdout]   49:                0x0 - <unknown>
[INFO] [stdout] 
[INFO] [stdout] ---- day07::tests::part_two stdout ----
[INFO] [stdout] thread 'day07::tests::part_two' panicked at day07/mod.rs:79:9:
[INFO] [stdout] assertion `left == right` failed
[INFO] [stdout]   left: 1
[INFO] [stdout]  right: 0
[INFO] [stdout] stack backtrace:
[INFO] [stdout]    0:     0x62a9fc0fa6ca - std::backtrace_rs::backtrace::libunwind::trace::h5a5b8284f2d0c266
[INFO] [stdout]                                at /rustc/90b35a6239c3d8bdabc530a6a0816f7ff89a0aaf/library/std/src/../../backtrace/src/backtrace/libunwind.rs:116:5
[INFO] [stdout]    1:     0x62a9fc0fa6ca - std::backtrace_rs::backtrace::trace_unsynchronized::h76d4f1c9b0b875e3
[INFO] [stdout]                                at /rustc/90b35a6239c3d8bdabc530a6a0816f7ff89a0aaf/library/std/src/../../backtrace/src/backtrace/mod.rs:66:5
[INFO] [stdout]    2:     0x62a9fc0fa6ca - std::sys::backtrace::_print_fmt::hc4546b8364a537c6
[INFO] [stdout]                                at /rustc/90b35a6239c3d8bdabc530a6a0816f7ff89a0aaf/library/std/src/sys/backtrace.rs:66:9
[INFO] [stdout]    3:     0x62a9fc0fa6ca - <std::sys::backtrace::BacktraceLock::print::DisplayBacktrace as core::fmt::Display>::fmt::h5b6bd5631a6d1f6b
[INFO] [stdout]                                at /rustc/90b35a6239c3d8bdabc530a6a0816f7ff89a0aaf/library/std/src/sys/backtrace.rs:39:26
[INFO] [stdout]    4:     0x62a9fc11fae3 - core::fmt::rt::Argument::fmt::h270f6602a2b96f62
[INFO] [stdout]                                at /rustc/90b35a6239c3d8bdabc530a6a0816f7ff89a0aaf/library/core/src/fmt/rt.rs:177:76
[INFO] [stdout]    5:     0x62a9fc11fae3 - core::fmt::write::h7550c97b06c86515
[INFO] [stdout]                                at /rustc/90b35a6239c3d8bdabc530a6a0816f7ff89a0aaf/library/core/src/fmt/mod.rs:1186:21
[INFO] [stdout]    6:     0x62a9fc0f7893 - std::io::Write::write_fmt::h509ff860e5956e5e
[INFO] [stdout]                                at /rustc/90b35a6239c3d8bdabc530a6a0816f7ff89a0aaf/library/std/src/io/mod.rs:1839:15
[INFO] [stdout]    7:     0x62a9fc0fa512 - std::sys::backtrace::BacktraceLock::print::h2395ccd2c84ba3aa
[INFO] [stdout]                                at /rustc/90b35a6239c3d8bdabc530a6a0816f7ff89a0aaf/library/std/src/sys/backtrace.rs:42:9
[INFO] [stdout]    8:     0x62a9fc0fbb2a - std::panicking::default_hook::{{closure}}::he19d4c7230e07961
[INFO] [stdout]                                at /rustc/90b35a6239c3d8bdabc530a6a0816f7ff89a0aaf/library/std/src/panicking.rs:268:22
[INFO] [stdout]    9:     0x62a9fc0fb934 - std::panicking::default_hook::hf614597d3c67bbdb
[INFO] [stdout]                                at /rustc/90b35a6239c3d8bdabc530a6a0816f7ff89a0aaf/library/std/src/panicking.rs:292:9
[INFO] [stdout]   10:     0x62a9fc0c7219 - <alloc::boxed::Box<F,A> as core::ops::function::Fn<Args>>::call::h39b51ce4599c23d1
[INFO] [stdout]                                at /rustc/90b35a6239c3d8bdabc530a6a0816f7ff89a0aaf/library/alloc/src/boxed.rs:2468:9
[INFO] [stdout]   11:     0x62a9fc0c7219 - test::test_main::{{closure}}::he977ae839a582784
[INFO] [stdout]                                at /rustc/90b35a6239c3d8bdabc530a6a0816f7ff89a0aaf/library/test/src/lib.rs:133:21
[INFO] [stdout]   12:     0x62a9fc0fc1c8 - <alloc::boxed::Box<F,A> as core::ops::function::Fn<Args>>::call::h9455091b6b06f9fb
[INFO] [stdout]                                at /rustc/90b35a6239c3d8bdabc530a6a0816f7ff89a0aaf/library/alloc/src/boxed.rs:2468:9
[INFO] [stdout]   13:     0x62a9fc0fc1c8 - std::panicking::rust_panic_with_hook::h8942133a8b252070
[INFO] [stdout]                                at /rustc/90b35a6239c3d8bdabc530a6a0816f7ff89a0aaf/library/std/src/panicking.rs:809:13
[INFO] [stdout]   14:     0x62a9fc0fbf8a - std::panicking::begin_panic_handler::{{closure}}::hb5f5963570096b29
[INFO] [stdout]                                at /rustc/90b35a6239c3d8bdabc530a6a0816f7ff89a0aaf/library/std/src/panicking.rs:674:13
[INFO] [stdout]   15:     0x62a9fc0faba9 - std::sys::backtrace::__rust_end_short_backtrace::h6208cedc1922feda
[INFO] [stdout]                                at /rustc/90b35a6239c3d8bdabc530a6a0816f7ff89a0aaf/library/std/src/sys/backtrace.rs:170:18
[INFO] [stdout]   16:     0x62a9fc0fbc1c - rust_begin_unwind
[INFO] [stdout]                                at /rustc/90b35a6239c3d8bdabc530a6a0816f7ff89a0aaf/library/std/src/panicking.rs:665:5
[INFO] [stdout]   17:     0x62a9fc057aa0 - core::panicking::panic_fmt::h0c3082644d1bf418
[INFO] [stdout]                                at /rustc/90b35a6239c3d8bdabc530a6a0816f7ff89a0aaf/library/core/src/panicking.rs:74:14
[INFO] [stdout]   18:     0x62a9fc057e6b - core::panicking::assert_failed_inner::h2ddf1fcc067fa858
[INFO] [stdout]   19:     0x62a9fc068996 - core::panicking::assert_failed::hf6ce07ecae695385
[INFO] [stdout]                                at /rustc/90b35a6239c3d8bdabc530a6a0816f7ff89a0aaf/library/core/src/panicking.rs:367:5
[INFO] [stdout]   20:     0x62a9fc07ddee - main::day07::tests::part_two::h0f44f1f692de893d
[INFO] [stdout]                                at /opt/rustwide/workdir/day07/mod.rs:79:9
[INFO] [stdout]   21:     0x62a9fc07dd67 - main::day07::tests::part_two::{{closure}}::h36d2dad62ad959c6
[INFO] [stdout]                                at /opt/rustwide/workdir/day07/mod.rs:78:18
[INFO] [stdout]   22:     0x62a9fc082ff6 - core::ops::function::FnOnce::call_once::hb3aee04c07c8caca
[INFO] [stdout]                                at /rustc/90b35a6239c3d8bdabc530a6a0816f7ff89a0aaf/library/core/src/ops/function.rs:250:5
[INFO] [stdout]   23:     0x62a9fc0cbbdb - core::ops::function::FnOnce::call_once::h109cf8051a59b34e
[INFO] [stdout]                                at /rustc/90b35a6239c3d8bdabc530a6a0816f7ff89a0aaf/library/core/src/ops/function.rs:250:5
[INFO] [stdout]   24:     0x62a9fc0cbbdb - test::__rust_begin_short_backtrace::hf4fff89d377446ba
[INFO] [stdout]                                at /rustc/90b35a6239c3d8bdabc530a6a0816f7ff89a0aaf/library/test/src/lib.rs:621:18
[INFO] [stdout]   25:     0x62a9fc0cb417 - test::run_test_in_process::{{closure}}::h0e39181dd7ee5a43
[INFO] [stdout]                                at /rustc/90b35a6239c3d8bdabc530a6a0816f7ff89a0aaf/library/test/src/lib.rs:644:60
[INFO] [stdout]   26:     0x62a9fc0cb417 - <core::panic::unwind_safe::AssertUnwindSafe<F> as core::ops::function::FnOnce<()>>::call_once::hc5a66a30f0bdfd1f
[INFO] [stdout]                                at /rustc/90b35a6239c3d8bdabc530a6a0816f7ff89a0aaf/library/core/src/panic/unwind_safe.rs:272:9
[INFO] [stdout]   27:     0x62a9fc0cb417 - std::panicking::try::do_call::h873b7cf639554a5e
[INFO] [stdout]                                at /rustc/90b35a6239c3d8bdabc530a6a0816f7ff89a0aaf/library/std/src/panicking.rs:557:40
[INFO] [stdout]   28:     0x62a9fc0cb417 - std::panicking::try::hdb19862fad9c8bd1
[INFO] [stdout]                                at /rustc/90b35a6239c3d8bdabc530a6a0816f7ff89a0aaf/library/std/src/panicking.rs:520:19
[INFO] [stdout]   29:     0x62a9fc0cb417 - std::panic::catch_unwind::h281fe732d236d260
[INFO] [stdout]                                at /rustc/90b35a6239c3d8bdabc530a6a0816f7ff89a0aaf/library/std/src/panic.rs:358:14
[INFO] [stdout]   30:     0x62a9fc0cb417 - test::run_test_in_process::h949b6df8457ed338
[INFO] [stdout]                                at /rustc/90b35a6239c3d8bdabc530a6a0816f7ff89a0aaf/library/test/src/lib.rs:644:27
[INFO] [stdout]   31:     0x62a9fc0cb417 - test::run_test::{{closure}}::h52c556a6d4740e10
[INFO] [stdout]                                at /rustc/90b35a6239c3d8bdabc530a6a0816f7ff89a0aaf/library/test/src/lib.rs:565:43
[INFO] [stdout]   32:     0x62a9fc0906f4 - test::run_test::{{closure}}::h4237f6381c45ccb9
[INFO] [stdout]                                at /rustc/90b35a6239c3d8bdabc530a6a0816f7ff89a0aaf/library/test/src/lib.rs:595:41
[INFO] [stdout]   33:     0x62a9fc0906f4 - std::sys::backtrace::__rust_begin_short_backtrace::h505c97a579eca628
[INFO] [stdout]                                at /rustc/90b35a6239c3d8bdabc530a6a0816f7ff89a0aaf/library/std/src/sys/backtrace.rs:154:18
[INFO] [stdout]   34:     0x62a9fc093dbe - std::thread::Builder::spawn_unchecked_::{{closure}}::{{closure}}::h9e86b2e2bc107ea3
[INFO] [stdout]                                at /rustc/90b35a6239c3d8bdabc530a6a0816f7ff89a0aaf/library/std/src/thread/mod.rs:538:17
[INFO] [stdout]   35:     0x62a9fc093dbe - <core::panic::unwind_safe::AssertUnwindSafe<F> as core::ops::function::FnOnce<()>>::call_once::h8b06ddb275ff4a25
[INFO] [stdout]                                at /rustc/90b35a6239c3d8bdabc530a6a0816f7ff89a0aaf/library/core/src/panic/unwind_safe.rs:272:9
[INFO] [stdout]   36:     0x62a9fc093dbe - std::panicking::try::do_call::hb26ecd7cd9a9355d
[INFO] [stdout]                                at /rustc/90b35a6239c3d8bdabc530a6a0816f7ff89a0aaf/library/std/src/panicking.rs:557:40
[INFO] [stdout]   37:     0x62a9fc093dbe - std::panicking::try::h8ddeca9d705f9069
[INFO] [stdout]                                at /rustc/90b35a6239c3d8bdabc530a6a0816f7ff89a0aaf/library/std/src/panicking.rs:520:19
[INFO] [stdout]   38:     0x62a9fc093dbe - std::panic::catch_unwind::h49e1c33078844c46
[INFO] [stdout]                                at /rustc/90b35a6239c3d8bdabc530a6a0816f7ff89a0aaf/library/std/src/panic.rs:358:14
[INFO] [stdout]   39:     0x62a9fc093dbe - std::thread::Builder::spawn_unchecked_::{{closure}}::h6073db6ff56ad35d
[INFO] [stdout]                                at /rustc/90b35a6239c3d8bdabc530a6a0816f7ff89a0aaf/library/std/src/thread/mod.rs:537:30
[INFO] [stdout]   40:     0x62a9fc093dbe - core::ops::function::FnOnce::call_once{{vtable.shim}}::h2c5a5f3779c774f1
[INFO] [stdout]                                at /rustc/90b35a6239c3d8bdabc530a6a0816f7ff89a0aaf/library/core/src/ops/function.rs:250:5
[INFO] [stdout]   41:     0x62a9fc0fff1b - <alloc::boxed::Box<F,A> as core::ops::function::FnOnce<Args>>::call_once::hf75717d9f28faebf
[INFO] [stdout]                                at /rustc/90b35a6239c3d8bdabc530a6a0816f7ff89a0aaf/library/alloc/src/boxed.rs:2454:9
[INFO] [stdout]   42:     0x62a9fc0fff1b - <alloc::boxed::Box<F,A> as core::ops::function::FnOnce<Args>>::call_once::h7bd883a5f3c5f3c1
[INFO] [stdout]                                at /rustc/90b35a6239c3d8bdabc530a6a0816f7ff89a0aaf/library/alloc/src/boxed.rs:2454:9
[INFO] [stdout]   43:     0x62a9fc0fff1b - std::sys::pal::unix::thread::Thread::new::thread_start::hcc78f3943333fa94
[INFO] [stdout]                                at /rustc/90b35a6239c3d8bdabc530a6a0816f7ff89a0aaf/library/std/src/sys/pal/unix/thread.rs:105:17
[INFO] [stdout]   44:     0x7b9632f1dac3 - <unknown>
[INFO] [stdout]   45:     0x7b9632faea04 - clone
[INFO] [stdout]   46:                0x0 - <unknown>
[INFO] [stdout] 
[INFO] [stdout] ---- day10::tests::part_two stdout ----
[INFO] [stdout] ##..##..##..##..##..##..##..##..##..##..
[INFO] [stdout] ###...###...###...###...###...###...###.
[INFO] [stdout] ####....####....####....####....####....
[INFO] [stdout] #####.....#####.....#####.....#####.....
[INFO] [stdout] ######......######......######......####
[INFO] [stdout] #######.......#######.......#######.....
[INFO] [stdout] thread 'day10::tests::part_two' panicked at day10/mod.rs:92:9:
[INFO] [stdout] assertion `left == right` failed
[INFO] [stdout]   left: -1
[INFO] [stdout]  right: 1
[INFO] [stdout] stack backtrace:
[INFO] [stdout]    0:     0x62a9fc0fa6ca - std::backtrace_rs::backtrace::libunwind::trace::h5a5b8284f2d0c266
[INFO] [stdout]                                at /rustc/90b35a6239c3d8bdabc530a6a0816f7ff89a0aaf/library/std/src/../../backtrace/src/backtrace/libunwind.rs:116:5
[INFO] [stdout]    1:     0x62a9fc0fa6ca - std::backtrace_rs::backtrace::trace_unsynchronized::h76d4f1c9b0b875e3
[INFO] [stdout]                                at /rustc/90b35a6239c3d8bdabc530a6a0816f7ff89a0aaf/library/std/src/../../backtrace/src/backtrace/mod.rs:66:5
[INFO] [stdout]    2:     0x62a9fc0fa6ca - std::sys::backtrace::_print_fmt::hc4546b8364a537c6
[INFO] [stdout]                                at /rustc/90b35a6239c3d8bdabc530a6a0816f7ff89a0aaf/library/std/src/sys/backtrace.rs:66:9
[INFO] [stdout]    3:     0x62a9fc0fa6ca - <std::sys::backtrace::BacktraceLock::print::DisplayBacktrace as core::fmt::Display>::fmt::h5b6bd5631a6d1f6b
[INFO] [stdout]                                at /rustc/90b35a6239c3d8bdabc530a6a0816f7ff89a0aaf/library/std/src/sys/backtrace.rs:39:26
[INFO] [stdout]    4:     0x62a9fc11fae3 - core::fmt::rt::Argument::fmt::h270f6602a2b96f62
[INFO] [stdout]                                at /rustc/90b35a6239c3d8bdabc530a6a0816f7ff89a0aaf/library/core/src/fmt/rt.rs:177:76
[INFO] [stdout]    5:     0x62a9fc11fae3 - core::fmt::write::h7550c97b06c86515
[INFO] [stdout]                                at /rustc/90b35a6239c3d8bdabc530a6a0816f7ff89a0aaf/library/core/src/fmt/mod.rs:1186:21
[INFO] [stdout]    6:     0x62a9fc0f7893 - std::io::Write::write_fmt::h509ff860e5956e5e
[INFO] [stdout]                                at /rustc/90b35a6239c3d8bdabc530a6a0816f7ff89a0aaf/library/std/src/io/mod.rs:1839:15
[INFO] [stdout]    7:     0x62a9fc0fa512 - std::sys::backtrace::BacktraceLock::print::h2395ccd2c84ba3aa
[INFO] [stdout]                                at /rustc/90b35a6239c3d8bdabc530a6a0816f7ff89a0aaf/library/std/src/sys/backtrace.rs:42:9
[INFO] [stdout]    8:     0x62a9fc0fbb2a - std::panicking::default_hook::{{closure}}::he19d4c7230e07961
[INFO] [stdout]                                at /rustc/90b35a6239c3d8bdabc530a6a0816f7ff89a0aaf/library/std/src/panicking.rs:268:22
[INFO] [stdout]    9:     0x62a9fc0fb934 - std::panicking::default_hook::hf614597d3c67bbdb
[INFO] [stdout]                                at /rustc/90b35a6239c3d8bdabc530a6a0816f7ff89a0aaf/library/std/src/panicking.rs:292:9
[INFO] [stdout]   10:     0x62a9fc0c7219 - <alloc::boxed::Box<F,A> as core::ops::function::Fn<Args>>::call::h39b51ce4599c23d1
[INFO] [stdout]                                at /rustc/90b35a6239c3d8bdabc530a6a0816f7ff89a0aaf/library/alloc/src/boxed.rs:2468:9
[INFO] [stdout]   11:     0x62a9fc0c7219 - test::test_main::{{closure}}::he977ae839a582784
[INFO] [stdout]                                at /rustc/90b35a6239c3d8bdabc530a6a0816f7ff89a0aaf/library/test/src/lib.rs:133:21
[INFO] [stdout]   12:     0x62a9fc0fc1c8 - <alloc::boxed::Box<F,A> as core::ops::function::Fn<Args>>::call::h9455091b6b06f9fb
[INFO] [stdout]                                at /rustc/90b35a6239c3d8bdabc530a6a0816f7ff89a0aaf/library/alloc/src/boxed.rs:2468:9
[INFO] [stdout]   13:     0x62a9fc0fc1c8 - std::panicking::rust_panic_with_hook::h8942133a8b252070
[INFO] [stdout]                                at /rustc/90b35a6239c3d8bdabc530a6a0816f7ff89a0aaf/library/std/src/panicking.rs:809:13
[INFO] [stdout]   14:     0x62a9fc0fbf8a - std::panicking::begin_panic_handler::{{closure}}::hb5f5963570096b29
[INFO] [stdout]                                at /rustc/90b35a6239c3d8bdabc530a6a0816f7ff89a0aaf/library/std/src/panicking.rs:674:13
[INFO] [stdout]   15:     0x62a9fc0faba9 - std::sys::backtrace::__rust_end_short_backtrace::h6208cedc1922feda
[INFO] [stdout]                                at /rustc/90b35a6239c3d8bdabc530a6a0816f7ff89a0aaf/library/std/src/sys/backtrace.rs:170:18
[INFO] [stdout]   16:     0x62a9fc0fbc1c - rust_begin_unwind
[INFO] [stdout]                                at /rustc/90b35a6239c3d8bdabc530a6a0816f7ff89a0aaf/library/std/src/panicking.rs:665:5
[INFO] [stdout]   17:     0x62a9fc057aa0 - core::panicking::panic_fmt::h0c3082644d1bf418
[INFO] [stdout]                                at /rustc/90b35a6239c3d8bdabc530a6a0816f7ff89a0aaf/library/core/src/panicking.rs:74:14
[INFO] [stdout]   18:     0x62a9fc057e6b - core::panicking::assert_failed_inner::h2ddf1fcc067fa858
[INFO] [stdout]   19:     0x62a9fc06891a - core::panicking::assert_failed::h5a53aeeda6ad7d42
[INFO] [stdout]                                at /rustc/90b35a6239c3d8bdabc530a6a0816f7ff89a0aaf/library/core/src/panicking.rs:367:5
[INFO] [stdout]   20:     0x62a9fc078245 - main::day10::tests::part_two::h34af588ea700722e
[INFO] [stdout]                                at /opt/rustwide/workdir/day10/mod.rs:92:9
[INFO] [stdout]   21:     0x62a9fc0781c7 - main::day10::tests::part_two::{{closure}}::h1d2bbf7207b43484
[INFO] [stdout]                                at /opt/rustwide/workdir/day10/mod.rs:91:18
[INFO] [stdout]   22:     0x62a9fc082c66 - core::ops::function::FnOnce::call_once::h5f607a20cfb53c40
[INFO] [stdout]                                at /rustc/90b35a6239c3d8bdabc530a6a0816f7ff89a0aaf/library/core/src/ops/function.rs:250:5
[INFO] [stdout]   23:     0x62a9fc0cbbdb - core::ops::function::FnOnce::call_once::h109cf8051a59b34e
[INFO] [stdout]                                at /rustc/90b35a6239c3d8bdabc530a6a0816f7ff89a0aaf/library/core/src/ops/function.rs:250:5
[INFO] [stdout]   24:     0x62a9fc0cbbdb - test::__rust_begin_short_backtrace::hf4fff89d377446ba
[INFO] [stdout]                                at /rustc/90b35a6239c3d8bdabc530a6a0816f7ff89a0aaf/library/test/src/lib.rs:621:18
[INFO] [stdout]   25:     0x62a9fc0cb417 - test::run_test_in_process::{{closure}}::h0e39181dd7ee5a43
[INFO] [stdout]                                at /rustc/90b35a6239c3d8bdabc530a6a0816f7ff89a0aaf/library/test/src/lib.rs:644:60
[INFO] [stdout]   26:     0x62a9fc0cb417 - <core::panic::unwind_safe::AssertUnwindSafe<F> as core::ops::function::FnOnce<()>>::call_once::hc5a66a30f0bdfd1f
[INFO] [stdout]                                at /rustc/90b35a6239c3d8bdabc530a6a0816f7ff89a0aaf/library/core/src/panic/unwind_safe.rs:272:9
[INFO] [stdout]   27:     0x62a9fc0cb417 - std::panicking::try::do_call::h873b7cf639554a5e
[INFO] [stdout]                                at /rustc/90b35a6239c3d8bdabc530a6a0816f7ff89a0aaf/library/std/src/panicking.rs:557:40
[INFO] [stdout]   28:     0x62a9fc0cb417 - std::panicking::try::hdb19862fad9c8bd1
[INFO] [stdout]                                at /rustc/90b35a6239c3d8bdabc530a6a0816f7ff89a0aaf/library/std/src/panicking.rs:520:19
[INFO] [stdout]   29:     0x62a9fc0cb417 - std::panic::catch_unwind::h281fe732d236d260
[INFO] [stdout]                                at /rustc/90b35a6239c3d8bdabc530a6a0816f7ff89a0aaf/library/std/src/panic.rs:358:14
[INFO] [stdout]   30:     0x62a9fc0cb417 - test::run_test_in_process::h949b6df8457ed338
[INFO] [stdout]                                at /rustc/90b35a6239c3d8bdabc530a6a0816f7ff89a0aaf/library/test/src/lib.rs:644:27
[INFO] [stdout]   31:     0x62a9fc0cb417 - test::run_test::{{closure}}::h52c556a6d4740e10
[INFO] [stdout]                                at /rustc/90b35a6239c3d8bdabc530a6a0816f7ff89a0aaf/library/test/src/lib.rs:565:43
[INFO] [stdout]   32:     0x62a9fc0906f4 - test::run_test::{{closure}}::h4237f6381c45ccb9
[INFO] [stdout]                                at /rustc/90b35a6239c3d8bdabc530a6a0816f7ff89a0aaf/library/test/src/lib.rs:595:41
[INFO] [stdout]   33:     0x62a9fc0906f4 - std::sys::backtrace::__rust_begin_short_backtrace::h505c97a579eca628
[INFO] [stdout]                                at /rustc/90b35a6239c3d8bdabc530a6a0816f7ff89a0aaf/library/std/src/sys/backtrace.rs:154:18
[INFO] [stdout]   34:     0x62a9fc093dbe - std::thread::Builder::spawn_unchecked_::{{closure}}::{{closure}}::h9e86b2e2bc107ea3
[INFO] [stdout]                                at /rustc/90b35a6239c3d8bdabc530a6a0816f7ff89a0aaf/library/std/src/thread/mod.rs:538:17
[INFO] [stdout]   35:     0x62a9fc093dbe - <core::panic::unwind_safe::AssertUnwindSafe<F> as core::ops::function::FnOnce<()>>::call_once::h8b06ddb275ff4a25
[INFO] [stdout]                                at /rustc/90b35a6239c3d8bdabc530a6a0816f7ff89a0aaf/library/core/src/panic/unwind_safe.rs:272:9
[INFO] [stdout]   36:     0x62a9fc093dbe - std::panicking::try::do_call::hb26ecd7cd9a9355d
[INFO] [stdout]                                at /rustc/90b35a6239c3d8bdabc530a6a0816f7ff89a0aaf/library/std/src/panicking.rs:557:40
[INFO] [stdout]   37:     0x62a9fc093dbe - std::panicking::try::h8ddeca9d705f9069
[INFO] [stdout]                                at /rustc/90b35a6239c3d8bdabc530a6a0816f7ff89a0aaf/library/std/src/panicking.rs:520:19
[INFO] [stdout]   38:     0x62a9fc093dbe - std::panic::catch_unwind::h49e1c33078844c46
[INFO] [stdout]                                at /rustc/90b35a6239c3d8bdabc530a6a0816f7ff89a0aaf/library/std/src/panic.rs:358:14
[INFO] [stdout]   39:     0x62a9fc093dbe - std::thread::Builder::spawn_unchecked_::{{closure}}::h6073db6ff56ad35d
[INFO] [stdout]                                at /rustc/90b35a6239c3d8bdabc530a6a0816f7ff89a0aaf/library/std/src/thread/mod.rs:537:30
[INFO] [stdout]   40:     0x62a9fc093dbe - core::ops::function::FnOnce::call_once{{vtable.shim}}::h2c5a5f3779c774f1
[INFO] [stdout]                                at /rustc/90b35a6239c3d8bdabc530a6a0816f7ff89a0aaf/library/core/src/ops/function.rs:250:5
[INFO] [stdout]   41:     0x62a9fc0fff1b - <alloc::boxed::Box<F,A> as core::ops::function::FnOnce<Args>>::call_once::hf75717d9f28faebf
[INFO] [stdout]                                at /rustc/90b35a6239c3d8bdabc530a6a0816f7ff89a0aaf/library/alloc/src/boxed.rs:2454:9
[INFO] [stdout]   42:     0x62a9fc0fff1b - <alloc::boxed::Box<F,A> as core::ops::function::FnOnce<Args>>::call_once::h7bd883a5f3c5f3c1
[INFO] [stdout]                                at /rustc/90b35a6239c3d8bdabc530a6a0816f7ff89a0aaf/library/alloc/src/boxed.rs:2454:9
[INFO] [stdout]   43:     0x62a9fc0fff1b - std::sys::pal::unix::thread::Thread::new::thread_start::hcc78f3943333fa94
[INFO] [stdout]                                at /rustc/90b35a6239c3d8bdabc530a6a0816f7ff89a0aaf/library/std/src/sys/pal/unix/thread.rs:105:17
[INFO] [stdout]   44:     0x7b9632f1dac3 - <unknown>
[INFO] [stdout]   45:     0x7b9632faea04 - clone
[INFO] [stdout]   46:                0x0 - <unknown>
[INFO] [stdout] 
[INFO] [stdout] 
[INFO] [stdout] failures:
[INFO] [stdout]     day07::tests::part_one
[INFO] [stdout]     day07::tests::part_two
[INFO] [stdout]     day10::tests::part_two
[INFO] [stdout]     day11::tests::part_one
[INFO] [stdout] 
[INFO] [stdout] test result: FAILED. 21 passed; 4 failed; 0 ignored; 0 measured; 0 filtered out; finished in 0.09s
[INFO] [stdout] 
[INFO] [stderr] error: test failed, to rerun pass `--bin main`
[INFO] running `Command { std: "docker" "inspect" "6b64b9f739425d7ccb7feb7488d966d9e29aeee78fa388fb3646e3fac9f24d68", kill_on_drop: false }`
[INFO] running `Command { std: "docker" "rm" "-f" "6b64b9f739425d7ccb7feb7488d966d9e29aeee78fa388fb3646e3fac9f24d68", kill_on_drop: false }`
[INFO] [stdout] 6b64b9f739425d7ccb7feb7488d966d9e29aeee78fa388fb3646e3fac9f24d68
