[INFO] cloning repository https://github.com/17xande/unsplash
[INFO] running `Command { std: "git" "-c" "credential.helper=" "-c" "credential.helper=/workspace/cargo-home/bin/git-credential-null" "clone" "--bare" "https://github.com/17xande/unsplash" "/workspace/cache/git-repos/https%3A%2F%2Fgithub.com%2F17xande%2Funsplash", kill_on_drop: false }`
[INFO] [stderr] Cloning into bare repository '/workspace/cache/git-repos/https%3A%2F%2Fgithub.com%2F17xande%2Funsplash'...
[INFO] running `Command { std: "git" "rev-parse" "HEAD", kill_on_drop: false }`
[INFO] [stdout] e516defc177443a399cf85a80e0997e56cd034be
[INFO] testing 17xande/unsplash against 1.83.0 for beta-1.84.0-4-retry
[INFO] running `Command { std: "git" "clone" "/workspace/cache/git-repos/https%3A%2F%2Fgithub.com%2F17xande%2Funsplash" "/workspace/builds/worker-6-tc1/source", kill_on_drop: false }`
[INFO] [stderr] Cloning into '/workspace/builds/worker-6-tc1/source'...
[INFO] [stderr] done.
[INFO] validating manifest of git repo https://github.com/17xande/unsplash on toolchain 1.83.0
[INFO] running `Command { std: CARGO_HOME="/workspace/cargo-home" RUSTUP_HOME="/workspace/rustup-home" "/workspace/cargo-home/bin/cargo" "+1.83.0" "metadata" "--manifest-path" "Cargo.toml" "--no-deps", kill_on_drop: false }`
[INFO] started tweaking git repo https://github.com/17xande/unsplash
[INFO] finished tweaking git repo https://github.com/17xande/unsplash
[INFO] tweaked toml for git repo https://github.com/17xande/unsplash written to /workspace/builds/worker-6-tc1/source/Cargo.toml
[INFO] crate git repo https://github.com/17xande/unsplash already has a lockfile, it will not be regenerated
[INFO] running `Command { std: CARGO_HOME="/workspace/cargo-home" RUSTUP_HOME="/workspace/rustup-home" "/workspace/cargo-home/bin/cargo" "+1.83.0" "fetch" "--manifest-path" "Cargo.toml", kill_on_drop: false }`
[INFO] [stderr]     Blocking waiting for file lock on package cache
[INFO] [stderr]     Updating crates.io index
[INFO] [stderr]     Blocking waiting for file lock on package cache
[INFO] [stderr]  Downloading crates ...
[INFO] [stderr]   Downloaded windows-targets v0.52.0
[INFO] [stderr]   Downloaded dotenv v0.15.0
[INFO] [stderr]   Downloaded miniz_oxide v0.7.1
[INFO] [stderr]   Downloaded lock_api v0.4.11
[INFO] [stderr]   Downloaded windows-targets v0.48.5
[INFO] [stderr]   Downloaded ipnet v2.9.0
[INFO] [stderr]   Downloaded parking_lot_core v0.9.9
[INFO] [stderr]   Downloaded unicode-bidi v0.3.14
[INFO] [stderr]   Downloaded bytes v1.5.0
[INFO] [stderr]   Downloaded security-framework v2.9.2
[INFO] [stderr]   Downloaded itoa v1.0.10
[INFO] [stderr]   Downloaded core-foundation v0.9.4
[INFO] [stderr]   Downloaded schannel v0.1.23
[INFO] [stderr]   Downloaded base64 v0.21.6
[INFO] [stderr]   Downloaded hashbrown v0.14.3
[INFO] [stderr]   Downloaded h2 v0.3.22
[INFO] [stderr]   Downloaded wasm-bindgen v0.2.89
[INFO] [stderr]   Downloaded tokio-util v0.7.10
[INFO] [stderr]   Downloaded serde_json v1.0.111
[INFO] [stderr]   Downloaded http v0.2.11
[INFO] [stderr]   Downloaded openssl v0.10.62
[INFO] [stderr]   Downloaded hyper v0.14.28
[INFO] [stderr]   Downloaded bumpalo v3.14.0
[INFO] [stderr]   Downloaded object v0.32.2
[INFO] [stderr]   Downloaded gimli v0.28.1
[INFO] [stderr]   Downloaded syn v2.0.48
[INFO] [stderr]   Downloaded memchr v2.7.1
[INFO] [stderr]   Downloaded mio v0.8.10
[INFO] [stderr]   Downloaded windows_x86_64_gnullvm v0.48.5
[INFO] [stderr]   Downloaded rustix v0.38.28
[INFO] [stderr]   Downloaded js-sys v0.3.66
[INFO] [stderr]   Downloaded reqwest v0.11.23
[INFO] [stderr]   Downloaded serde v1.0.195
[INFO] [stderr]   Downloaded windows_aarch64_gnullvm v0.52.0
[INFO] [stderr]   Downloaded windows_x86_64_gnullvm v0.52.0
[INFO] [stderr]   Downloaded windows_aarch64_gnullvm v0.48.5
[INFO] [stderr]   Downloaded cc v1.0.83
[INFO] [stderr]   Downloaded backtrace v0.3.69
[INFO] [stderr]   Downloaded indexmap v2.1.0
[INFO] [stderr]   Downloaded openssl-sys v0.9.98
[INFO] [stderr]   Downloaded url v2.5.0
[INFO] [stderr]   Downloaded proc-macro2 v1.0.76
[INFO] [stderr]   Downloaded log v0.4.20
[INFO] [stderr]   Downloaded once_cell v1.19.0
[INFO] [stderr]   Downloaded serde_derive v1.0.195
[INFO] [stderr]   Downloaded libc v0.2.152
[INFO] [stderr]   Downloaded tokio v1.35.1
[INFO] [stderr]   Downloaded socket2 v0.5.5
[INFO] [stderr]   Downloaded windows_aarch64_msvc v0.48.5
[INFO] [stderr]   Downloaded web-sys v0.3.66
[INFO] [stderr]   Downloaded windows_aarch64_msvc v0.52.0
[INFO] [stderr]   Downloaded windows_x86_64_gnu v0.52.0
[INFO] [stderr]   Downloaded windows_x86_64_gnu v0.48.5
[INFO] [stderr]   Downloaded windows_i686_gnu v0.48.5
[INFO] [stderr]   Downloaded windows_x86_64_msvc v0.48.5
[INFO] [stderr]   Downloaded windows_i686_msvc v0.48.5
[INFO] [stderr]   Downloaded windows_x86_64_msvc v0.52.0
[INFO] [stderr]   Downloaded windows_i686_gnu v0.52.0
[INFO] [stderr]   Downloaded unicode-ident v1.0.12
[INFO] [stderr]   Downloaded windows_i686_msvc v0.52.0
[INFO] [stderr]   Downloaded core-foundation-sys v0.8.6
[INFO] [stderr]   Downloaded bitflags v2.4.1
[INFO] [stderr]   Downloaded tempfile v3.9.0
[INFO] [stderr]   Downloaded wasm-bindgen-backend v0.2.89
[INFO] [stderr]   Downloaded wasm-bindgen-macro-support v0.2.89
[INFO] [stderr]   Downloaded winreg v0.50.0
[INFO] [stderr]   Downloaded addr2line v0.21.0
[INFO] [stderr]   Downloaded rustc-demangle v0.1.23
[INFO] [stderr]   Downloaded redox_syscall v0.4.1
[INFO] [stderr]   Downloaded smallvec v1.11.2
[INFO] [stderr]   Downloaded pin-project-lite v0.2.13
[INFO] [stderr]   Downloaded quote v1.0.35
[INFO] [stderr]   Downloaded system-configuration-sys v0.5.0
[INFO] [stderr]   Downloaded system-configuration v0.5.1
[INFO] [stderr]   Downloaded pkg-config v0.3.28
[INFO] [stderr]   Downloaded security-framework-sys v2.9.1
[INFO] [stderr]   Downloaded errno v0.3.8
[INFO] [stderr]   Downloaded tokio-native-tls v0.3.1
[INFO] [stderr]   Downloaded wasm-bindgen-macro v0.2.89
[INFO] [stderr]   Downloaded signal-hook-registry v1.4.1
[INFO] [stderr]   Downloaded tokio-macros v2.2.0
[INFO] [stderr]   Downloaded hermit-abi v0.3.3
[INFO] [stderr]   Downloaded ryu v1.0.16
[INFO] [stderr]   Downloaded encoding_rs v0.8.33
[INFO] [stderr]   Downloaded fastrand v2.0.1
[INFO] [stderr]   Downloaded linux-raw-sys v0.4.12
[INFO] [stderr]   Downloaded wasm-bindgen-futures v0.4.39
[INFO] [stderr]   Downloaded wasm-bindgen-shared v0.2.89
[INFO] [stderr]   Downloaded windows-sys v0.48.0
[INFO] running `Command { std: "docker" "create" "-v" "/var/lib/crater-agent-workspace/builds/worker-6-tc1/target:/opt/rustwide/target:rw,Z" "-v" "/var/lib/crater-agent-workspace/builds/worker-6-tc1/source:/opt/rustwide/workdir:ro,Z" "-v" "/var/lib/crater-agent-workspace/cargo-home:/opt/rustwide/cargo-home:ro,Z" "-v" "/var/lib/crater-agent-workspace/rustup-home:/opt/rustwide/rustup-home:ro,Z" "-e" "SOURCE_DIR=/opt/rustwide/workdir" "-e" "CARGO_TARGET_DIR=/opt/rustwide/target" "-e" "CARGO_HOME=/opt/rustwide/cargo-home" "-e" "RUSTUP_HOME=/opt/rustwide/rustup-home" "-w" "/opt/rustwide/workdir" "-m" "1610612736" "--user" "0:0" "--network" "none" "ghcr.io/rust-lang/crates-build-env/linux@sha256:f3a9d4ad9d972b27faf3965f35b62e55ba32bbce8f20bc8fe909558a86702fde" "/opt/rustwide/cargo-home/bin/cargo" "+1.83.0" "metadata" "--no-deps" "--format-version=1", kill_on_drop: false }`
[INFO] [stdout] 7ba35ba4fdc34199db34f24577bed66255a447d47fe40db01053ffba8945a959
[INFO] running `Command { std: "docker" "start" "-a" "7ba35ba4fdc34199db34f24577bed66255a447d47fe40db01053ffba8945a959", kill_on_drop: false }`
[INFO] running `Command { std: "docker" "inspect" "7ba35ba4fdc34199db34f24577bed66255a447d47fe40db01053ffba8945a959", kill_on_drop: false }`
[INFO] running `Command { std: "docker" "rm" "-f" "7ba35ba4fdc34199db34f24577bed66255a447d47fe40db01053ffba8945a959", kill_on_drop: false }`
[INFO] [stdout] 7ba35ba4fdc34199db34f24577bed66255a447d47fe40db01053ffba8945a959
[INFO] running `Command { std: "docker" "create" "-v" "/var/lib/crater-agent-workspace/builds/worker-6-tc1/target:/opt/rustwide/target:rw,Z" "-v" "/var/lib/crater-agent-workspace/builds/worker-6-tc1/source:/opt/rustwide/workdir:ro,Z" "-v" "/var/lib/crater-agent-workspace/cargo-home:/opt/rustwide/cargo-home:ro,Z" "-v" "/var/lib/crater-agent-workspace/rustup-home:/opt/rustwide/rustup-home:ro,Z" "-e" "SOURCE_DIR=/opt/rustwide/workdir" "-e" "CARGO_TARGET_DIR=/opt/rustwide/target" "-e" "CARGO_INCREMENTAL=0" "-e" "RUST_BACKTRACE=full" "-e" "RUSTFLAGS=--cap-lints=warn" "-e" "RUSTDOCFLAGS=--cap-lints=warn" "-e" "CARGO_HOME=/opt/rustwide/cargo-home" "-e" "RUSTUP_HOME=/opt/rustwide/rustup-home" "-w" "/opt/rustwide/workdir" "-m" "1610612736" "--user" "0:0" "--network" "none" "ghcr.io/rust-lang/crates-build-env/linux@sha256:f3a9d4ad9d972b27faf3965f35b62e55ba32bbce8f20bc8fe909558a86702fde" "/opt/rustwide/cargo-home/bin/cargo" "+1.83.0" "build" "--frozen" "--message-format=json", kill_on_drop: false }`
[INFO] [stdout] c48795a6e7d4efc5388e7421a6bace1d2048baa11368e0b0ead0d9caa290be4c
[INFO] running `Command { std: "docker" "start" "-a" "c48795a6e7d4efc5388e7421a6bace1d2048baa11368e0b0ead0d9caa290be4c", kill_on_drop: false }`
[INFO] [stderr]    Compiling proc-macro2 v1.0.76
[INFO] [stderr]    Compiling libc v0.2.152
[INFO] [stderr]    Compiling unicode-ident v1.0.12
[INFO] [stderr]    Compiling autocfg v1.1.0
[INFO] [stderr]    Compiling cfg-if v1.0.0
[INFO] [stderr]    Compiling pkg-config v0.3.28
[INFO] [stderr]    Compiling vcpkg v0.2.15
[INFO] [stderr]    Compiling pin-project-lite v0.2.13
[INFO] [stderr]    Compiling once_cell v1.19.0
[INFO] [stderr]    Compiling parking_lot_core v0.9.9
[INFO] [stderr]    Compiling bytes v1.5.0
[INFO] [stderr]    Compiling smallvec v1.11.2
[INFO] [stderr]    Compiling scopeguard v1.2.0
[INFO] [stderr]    Compiling itoa v1.0.10
[INFO] [stderr]    Compiling futures-core v0.3.30
[INFO] [stderr]    Compiling openssl v0.10.62
[INFO] [stderr]    Compiling foreign-types-shared v0.1.1
[INFO] [stderr]    Compiling fnv v1.0.7
[INFO] [stderr]    Compiling equivalent v1.0.1
[INFO] [stderr]    Compiling foreign-types v0.3.2
[INFO] [stderr]    Compiling tinyvec_macros v0.1.1
[INFO] [stderr]    Compiling native-tls v0.2.11
[INFO] [stderr]    Compiling pin-utils v0.1.0
[INFO] [stderr]    Compiling serde v1.0.195
[INFO] [stderr]    Compiling tracing-core v0.1.32
[INFO] [stderr]    Compiling bitflags v2.4.1
[INFO] [stderr]    Compiling futures-sink v0.3.30
[INFO] [stderr]    Compiling httparse v1.8.0
[INFO] [stderr]    Compiling futures-task v0.3.30
[INFO] [stderr]    Compiling hashbrown v0.14.3
[INFO] [stderr]    Compiling tinyvec v1.6.0
[INFO] [stderr]    Compiling openssl-probe v0.1.5
[INFO] [stderr]    Compiling futures-util v0.3.30
[INFO] [stderr]    Compiling percent-encoding v2.3.1
[INFO] [stderr]    Compiling try-lock v0.2.5
[INFO] [stderr]    Compiling lock_api v0.4.11
[INFO] [stderr]    Compiling slab v0.4.9
[INFO] [stderr]    Compiling log v0.4.20
[INFO] [stderr]    Compiling form_urlencoded v1.2.1
[INFO] [stderr]    Compiling quote v1.0.35
[INFO] [stderr]    Compiling want v0.3.1
[INFO] [stderr]    Compiling syn v2.0.48
[INFO] [stderr]    Compiling http v0.2.11
[INFO] [stderr]    Compiling tracing v0.1.40
[INFO] [stderr]    Compiling futures-channel v0.3.30
[INFO] [stderr]    Compiling httpdate v1.0.3
[INFO] [stderr]    Compiling unicode-bidi v0.3.14
[INFO] [stderr]    Compiling ryu v1.0.16
[INFO] [stderr]    Compiling serde_json v1.0.111
[INFO] [stderr]    Compiling tower-service v0.3.2
[INFO] [stderr]    Compiling encoding_rs v0.8.33
[INFO] [stderr]    Compiling ipnet v2.9.0
[INFO] [stderr]    Compiling mime v0.3.17
[INFO] [stderr]    Compiling base64 v0.21.6
[INFO] [stderr]    Compiling indexmap v2.1.0
[INFO] [stderr]    Compiling dotenv v0.15.0
[INFO] [stderr]    Compiling cc v1.0.83
[INFO] [stderr]    Compiling num_cpus v1.16.0
[INFO] [stderr]    Compiling signal-hook-registry v1.4.1
[INFO] [stderr]    Compiling mio v0.8.10
[INFO] [stderr]    Compiling socket2 v0.5.5
[INFO] [stderr]    Compiling unicode-normalization v0.1.22
[INFO] [stderr]    Compiling parking_lot v0.12.1
[INFO] [stderr]    Compiling http-body v0.4.6
[INFO] [stderr]    Compiling idna v0.5.0
[INFO] [stderr]    Compiling openssl-sys v0.9.98
[INFO] [stderr]    Compiling url v2.5.0
[INFO] [stderr]    Compiling tokio-macros v2.2.0
[INFO] [stderr]    Compiling openssl-macros v0.1.1
[INFO] [stderr]    Compiling serde_derive v1.0.195
[INFO] [stderr]    Compiling tokio v1.35.1
[INFO] [stderr]    Compiling tokio-util v0.7.10
[INFO] [stderr]    Compiling tokio-native-tls v0.3.1
[INFO] [stderr]    Compiling serde_urlencoded v0.7.1
[INFO] [stderr]    Compiling h2 v0.3.22
[INFO] [stderr]    Compiling hyper v0.14.28
[INFO] [stderr]    Compiling hyper-tls v0.5.0
[INFO] [stderr]    Compiling reqwest v0.11.23
[INFO] [stderr]    Compiling unsplash v0.1.0 (/opt/rustwide/workdir)
[INFO] [stderr]     Finished `dev` profile [unoptimized + debuginfo] target(s) in 42.57s
[INFO] running `Command { std: "docker" "inspect" "c48795a6e7d4efc5388e7421a6bace1d2048baa11368e0b0ead0d9caa290be4c", kill_on_drop: false }`
[INFO] running `Command { std: "docker" "rm" "-f" "c48795a6e7d4efc5388e7421a6bace1d2048baa11368e0b0ead0d9caa290be4c", kill_on_drop: false }`
[INFO] [stdout] c48795a6e7d4efc5388e7421a6bace1d2048baa11368e0b0ead0d9caa290be4c
[INFO] running `Command { std: "docker" "create" "-v" "/var/lib/crater-agent-workspace/builds/worker-6-tc1/target:/opt/rustwide/target:rw,Z" "-v" "/var/lib/crater-agent-workspace/builds/worker-6-tc1/source:/opt/rustwide/workdir:ro,Z" "-v" "/var/lib/crater-agent-workspace/cargo-home:/opt/rustwide/cargo-home:ro,Z" "-v" "/var/lib/crater-agent-workspace/rustup-home:/opt/rustwide/rustup-home:ro,Z" "-e" "SOURCE_DIR=/opt/rustwide/workdir" "-e" "CARGO_TARGET_DIR=/opt/rustwide/target" "-e" "CARGO_INCREMENTAL=0" "-e" "RUST_BACKTRACE=full" "-e" "RUSTFLAGS=--cap-lints=warn" "-e" "RUSTDOCFLAGS=--cap-lints=warn" "-e" "CARGO_HOME=/opt/rustwide/cargo-home" "-e" "RUSTUP_HOME=/opt/rustwide/rustup-home" "-w" "/opt/rustwide/workdir" "-m" "1610612736" "--user" "0:0" "--network" "none" "ghcr.io/rust-lang/crates-build-env/linux@sha256:f3a9d4ad9d972b27faf3965f35b62e55ba32bbce8f20bc8fe909558a86702fde" "/opt/rustwide/cargo-home/bin/cargo" "+1.83.0" "test" "--frozen" "--no-run" "--message-format=json", kill_on_drop: false }`
[INFO] [stdout] 55399dda03238b78715828a954c2c2747510261e459a9f1517c92fb2f583eaed
[INFO] running `Command { std: "docker" "start" "-a" "55399dda03238b78715828a954c2c2747510261e459a9f1517c92fb2f583eaed", kill_on_drop: false }`
[INFO] [stderr]    Compiling unsplash v0.1.0 (/opt/rustwide/workdir)
[INFO] [stderr]     Finished `test` profile [unoptimized + debuginfo] target(s) in 4.23s
[INFO] running `Command { std: "docker" "inspect" "55399dda03238b78715828a954c2c2747510261e459a9f1517c92fb2f583eaed", kill_on_drop: false }`
[INFO] running `Command { std: "docker" "rm" "-f" "55399dda03238b78715828a954c2c2747510261e459a9f1517c92fb2f583eaed", kill_on_drop: false }`
[INFO] [stdout] 55399dda03238b78715828a954c2c2747510261e459a9f1517c92fb2f583eaed
[INFO] running `Command { std: "docker" "create" "-v" "/var/lib/crater-agent-workspace/builds/worker-6-tc1/target:/opt/rustwide/target:rw,Z" "-v" "/var/lib/crater-agent-workspace/builds/worker-6-tc1/source:/opt/rustwide/workdir:ro,Z" "-v" "/var/lib/crater-agent-workspace/cargo-home:/opt/rustwide/cargo-home:ro,Z" "-v" "/var/lib/crater-agent-workspace/rustup-home:/opt/rustwide/rustup-home:ro,Z" "-e" "SOURCE_DIR=/opt/rustwide/workdir" "-e" "CARGO_TARGET_DIR=/opt/rustwide/target" "-e" "CARGO_INCREMENTAL=0" "-e" "RUST_BACKTRACE=full" "-e" "RUSTFLAGS=--cap-lints=warn" "-e" "RUSTDOCFLAGS=--cap-lints=warn" "-e" "CARGO_HOME=/opt/rustwide/cargo-home" "-e" "RUSTUP_HOME=/opt/rustwide/rustup-home" "-w" "/opt/rustwide/workdir" "-m" "1610612736" "--user" "0:0" "--network" "none" "ghcr.io/rust-lang/crates-build-env/linux@sha256:f3a9d4ad9d972b27faf3965f35b62e55ba32bbce8f20bc8fe909558a86702fde" "/opt/rustwide/cargo-home/bin/cargo" "+1.83.0" "test" "--frozen", kill_on_drop: false }`
[INFO] [stdout] 6311dcaa8b190c48aa63b21666433c61dd7297852270d24903e6f79f6518b709
[INFO] running `Command { std: "docker" "start" "-a" "6311dcaa8b190c48aa63b21666433c61dd7297852270d24903e6f79f6518b709", kill_on_drop: false }`
[INFO] [stderr]     Finished `test` profile [unoptimized + debuginfo] target(s) in 0.12s
[INFO] [stderr]      Running unittests src/lib.rs (/opt/rustwide/target/debug/deps/unsplash-253749eee85f1216)
[INFO] [stdout] 
[INFO] [stdout] running 1 test
[INFO] [stdout] test tests::test_wallpaper ... FAILED
[INFO] [stdout] 
[INFO] [stdout] failures:
[INFO] [stdout] 
[INFO] [stdout] ---- tests::test_wallpaper stdout ----
[INFO] [stdout] thread 'tests::test_wallpaper' panicked at src/lib.rs:20:44:
[INFO] [stdout] called `Result::unwrap()` on an `Err` value: NotPresent
[INFO] [stdout] stack backtrace:
[INFO] [stdout]    0:     0x5e98f5b9802a - std::backtrace_rs::backtrace::libunwind::trace::h5a5b8284f2d0c266
[INFO] [stdout]                                at /rustc/90b35a6239c3d8bdabc530a6a0816f7ff89a0aaf/library/std/src/../../backtrace/src/backtrace/libunwind.rs:116:5
[INFO] [stdout]    1:     0x5e98f5b9802a - std::backtrace_rs::backtrace::trace_unsynchronized::h76d4f1c9b0b875e3
[INFO] [stdout]                                at /rustc/90b35a6239c3d8bdabc530a6a0816f7ff89a0aaf/library/std/src/../../backtrace/src/backtrace/mod.rs:66:5
[INFO] [stdout]    2:     0x5e98f5b9802a - std::sys::backtrace::_print_fmt::hc4546b8364a537c6
[INFO] [stdout]                                at /rustc/90b35a6239c3d8bdabc530a6a0816f7ff89a0aaf/library/std/src/sys/backtrace.rs:66:9
[INFO] [stdout]    3:     0x5e98f5b9802a - <std::sys::backtrace::BacktraceLock::print::DisplayBacktrace as core::fmt::Display>::fmt::h5b6bd5631a6d1f6b
[INFO] [stdout]                                at /rustc/90b35a6239c3d8bdabc530a6a0816f7ff89a0aaf/library/std/src/sys/backtrace.rs:39:26
[INFO] [stdout]    4:     0x5e98f5bc01e3 - core::fmt::rt::Argument::fmt::h270f6602a2b96f62
[INFO] [stdout]                                at /rustc/90b35a6239c3d8bdabc530a6a0816f7ff89a0aaf/library/core/src/fmt/rt.rs:177:76
[INFO] [stdout]    5:     0x5e98f5bc01e3 - core::fmt::write::h7550c97b06c86515
[INFO] [stdout]                                at /rustc/90b35a6239c3d8bdabc530a6a0816f7ff89a0aaf/library/core/src/fmt/mod.rs:1186:21
[INFO] [stdout]    6:     0x5e98f5b94643 - std::io::Write::write_fmt::h509ff860e5956e5e
[INFO] [stdout]                                at /rustc/90b35a6239c3d8bdabc530a6a0816f7ff89a0aaf/library/std/src/io/mod.rs:1839:15
[INFO] [stdout]    7:     0x5e98f5b97e72 - std::sys::backtrace::BacktraceLock::print::h2395ccd2c84ba3aa
[INFO] [stdout]                                at /rustc/90b35a6239c3d8bdabc530a6a0816f7ff89a0aaf/library/std/src/sys/backtrace.rs:42:9
[INFO] [stdout]    8:     0x5e98f5b9948a - std::panicking::default_hook::{{closure}}::he19d4c7230e07961
[INFO] [stdout]                                at /rustc/90b35a6239c3d8bdabc530a6a0816f7ff89a0aaf/library/std/src/panicking.rs:268:22
[INFO] [stdout]    9:     0x5e98f5b99294 - std::panicking::default_hook::hf614597d3c67bbdb
[INFO] [stdout]                                at /rustc/90b35a6239c3d8bdabc530a6a0816f7ff89a0aaf/library/std/src/panicking.rs:292:9
[INFO] [stdout]   10:     0x5e98f5a8fae9 - <alloc::boxed::Box<F,A> as core::ops::function::Fn<Args>>::call::h39b51ce4599c23d1
[INFO] [stdout]                                at /rustc/90b35a6239c3d8bdabc530a6a0816f7ff89a0aaf/library/alloc/src/boxed.rs:2468:9
[INFO] [stdout]   11:     0x5e98f5a8fae9 - test::test_main::{{closure}}::he977ae839a582784
[INFO] [stdout]                                at /rustc/90b35a6239c3d8bdabc530a6a0816f7ff89a0aaf/library/test/src/lib.rs:133:21
[INFO] [stdout]   12:     0x5e98f5b99b28 - <alloc::boxed::Box<F,A> as core::ops::function::Fn<Args>>::call::h9455091b6b06f9fb
[INFO] [stdout]                                at /rustc/90b35a6239c3d8bdabc530a6a0816f7ff89a0aaf/library/alloc/src/boxed.rs:2468:9
[INFO] [stdout]   13:     0x5e98f5b99b28 - std::panicking::rust_panic_with_hook::h8942133a8b252070
[INFO] [stdout]                                at /rustc/90b35a6239c3d8bdabc530a6a0816f7ff89a0aaf/library/std/src/panicking.rs:809:13
[INFO] [stdout]   14:     0x5e98f5b998ea - std::panicking::begin_panic_handler::{{closure}}::hb5f5963570096b29
[INFO] [stdout]                                at /rustc/90b35a6239c3d8bdabc530a6a0816f7ff89a0aaf/library/std/src/panicking.rs:674:13
[INFO] [stdout]   15:     0x5e98f5b98509 - std::sys::backtrace::__rust_end_short_backtrace::h6208cedc1922feda
[INFO] [stdout]                                at /rustc/90b35a6239c3d8bdabc530a6a0816f7ff89a0aaf/library/std/src/sys/backtrace.rs:170:18
[INFO] [stdout]   16:     0x5e98f5b9957c - rust_begin_unwind
[INFO] [stdout]                                at /rustc/90b35a6239c3d8bdabc530a6a0816f7ff89a0aaf/library/std/src/panicking.rs:665:5
[INFO] [stdout]   17:     0x5e98f57042a0 - core::panicking::panic_fmt::h0c3082644d1bf418
[INFO] [stdout]                                at /rustc/90b35a6239c3d8bdabc530a6a0816f7ff89a0aaf/library/core/src/panicking.rs:74:14
[INFO] [stdout]   18:     0x5e98f5704786 - core::result::unwrap_failed::hd20b4aa073bda1e2
[INFO] [stdout]                                at /rustc/90b35a6239c3d8bdabc530a6a0816f7ff89a0aaf/library/core/src/result.rs:1700:5
[INFO] [stdout]   19:     0x5e98f5742ba4 - core::result::Result<T,E>::unwrap::h5d4d1ce7db4e8846
[INFO] [stdout]                                at /rustc/90b35a6239c3d8bdabc530a6a0816f7ff89a0aaf/library/core/src/result.rs:1104:23
[INFO] [stdout]   20:     0x5e98f5742ba4 - unsplash::get_wallpaper::{{closure}}::hfef52bf055977a56
[INFO] [stdout]                                at /opt/rustwide/workdir/src/lib.rs:20:22
[INFO] [stdout]   21:     0x5e98f5743c23 - unsplash::tests::test_wallpaper::{{closure}}::h9d4a06039003e3da
[INFO] [stdout]                                at /opt/rustwide/workdir/src/lib.rs:111:35
[INFO] [stdout]   22:     0x5e98f5739832 - <core::pin::Pin<P> as core::future::future::Future>::poll::hf28c1bc93c3c7277
[INFO] [stdout]                                at /rustc/90b35a6239c3d8bdabc530a6a0816f7ff89a0aaf/library/core/src/future/future.rs:123:9
[INFO] [stdout]   23:     0x5e98f57397ed - <core::pin::Pin<P> as core::future::future::Future>::poll::he7305034f8026f69
[INFO] [stdout]                                at /rustc/90b35a6239c3d8bdabc530a6a0816f7ff89a0aaf/library/core/src/future/future.rs:123:9
[INFO] [stdout]   24:     0x5e98f573934f - tokio::runtime::scheduler::current_thread::CoreGuard::block_on::{{closure}}::{{closure}}::{{closure}}::h9d292fe3c83445eb
[INFO] [stdout]                                at /opt/rustwide/cargo-home/registry/src/index.crates.io-6f17d22bba15001f/tokio-1.35.1/src/runtime/scheduler/current_thread/mod.rs:665:57
[INFO] [stdout]   25:     0x5e98f5739285 - tokio::runtime::coop::with_budget::hcc6127523290f9b0
[INFO] [stdout]                                at /opt/rustwide/cargo-home/registry/src/index.crates.io-6f17d22bba15001f/tokio-1.35.1/src/runtime/coop.rs:107:5
[INFO] [stdout]   26:     0x5e98f5739285 - tokio::runtime::coop::budget::hfaef886484519b21
[INFO] [stdout]                                at /opt/rustwide/cargo-home/registry/src/index.crates.io-6f17d22bba15001f/tokio-1.35.1/src/runtime/coop.rs:73:5
[INFO] [stdout]   27:     0x5e98f5739285 - tokio::runtime::scheduler::current_thread::CoreGuard::block_on::{{closure}}::{{closure}}::haa3b4c5b404ea99a
[INFO] [stdout]                                at /opt/rustwide/cargo-home/registry/src/index.crates.io-6f17d22bba15001f/tokio-1.35.1/src/runtime/scheduler/current_thread/mod.rs:665:25
[INFO] [stdout]   28:     0x5e98f5737d40 - tokio::runtime::scheduler::current_thread::Context::enter::h08a606515cb92b90
[INFO] [stdout]                                at /opt/rustwide/cargo-home/registry/src/index.crates.io-6f17d22bba15001f/tokio-1.35.1/src/runtime/scheduler/current_thread/mod.rs:410:19
[INFO] [stdout]   29:     0x5e98f5738aee - tokio::runtime::scheduler::current_thread::CoreGuard::block_on::{{closure}}::hacab2c6a737f942e
[INFO] [stdout]                                at /opt/rustwide/cargo-home/registry/src/index.crates.io-6f17d22bba15001f/tokio-1.35.1/src/runtime/scheduler/current_thread/mod.rs:664:36
[INFO] [stdout]   30:     0x5e98f5738864 - tokio::runtime::scheduler::current_thread::CoreGuard::enter::{{closure}}::hb34dbe9ad2c00ebb
[INFO] [stdout]                                at /opt/rustwide/cargo-home/registry/src/index.crates.io-6f17d22bba15001f/tokio-1.35.1/src/runtime/scheduler/current_thread/mod.rs:743:68
[INFO] [stdout]   31:     0x5e98f5740acb - tokio::runtime::context::scoped::Scoped<T>::set::h28a5e2d081f14764
[INFO] [stdout]                                at /opt/rustwide/cargo-home/registry/src/index.crates.io-6f17d22bba15001f/tokio-1.35.1/src/runtime/context/scoped.rs:40:9
[INFO] [stdout]   32:     0x5e98f57374e9 - tokio::runtime::context::set_scheduler::{{closure}}::h938562701f8760b0
[INFO] [stdout]                                at /opt/rustwide/cargo-home/registry/src/index.crates.io-6f17d22bba15001f/tokio-1.35.1/src/runtime/context.rs:176:26
[INFO] [stdout]   33:     0x5e98f573413d - std::thread::local::LocalKey<T>::try_with::h64e8939c90e07214
[INFO] [stdout]                                at /rustc/90b35a6239c3d8bdabc530a6a0816f7ff89a0aaf/library/std/src/thread/local.rs:283:12
[INFO] [stdout]   34:     0x5e98f5733d2a - std::thread::local::LocalKey<T>::with::h6360b84cb2bcaef5
[INFO] [stdout]                                at /rustc/90b35a6239c3d8bdabc530a6a0816f7ff89a0aaf/library/std/src/thread/local.rs:260:9
[INFO] [stdout]   35:     0x5e98f573749d - tokio::runtime::context::set_scheduler::hf85e12eb09a98cbd
[INFO] [stdout]                                at /opt/rustwide/cargo-home/registry/src/index.crates.io-6f17d22bba15001f/tokio-1.35.1/src/runtime/context.rs:176:9
[INFO] [stdout]   36:     0x5e98f5738610 - tokio::runtime::scheduler::current_thread::CoreGuard::enter::h9b4807eb21861a2e
[INFO] [stdout]                                at /opt/rustwide/cargo-home/registry/src/index.crates.io-6f17d22bba15001f/tokio-1.35.1/src/runtime/scheduler/current_thread/mod.rs:743:27
[INFO] [stdout]   37:     0x5e98f5738883 - tokio::runtime::scheduler::current_thread::CoreGuard::block_on::he650153b5307e910
[INFO] [stdout]                                at /opt/rustwide/cargo-home/registry/src/index.crates.io-6f17d22bba15001f/tokio-1.35.1/src/runtime/scheduler/current_thread/mod.rs:652:19
[INFO] [stdout]   38:     0x5e98f573787d - tokio::runtime::scheduler::current_thread::CurrentThread::block_on::{{closure}}::h8345afc2d43a6728
[INFO] [stdout]                                at /opt/rustwide/cargo-home/registry/src/index.crates.io-6f17d22bba15001f/tokio-1.35.1/src/runtime/scheduler/current_thread/mod.rs:175:28
[INFO] [stdout]   39:     0x5e98f5740e16 - tokio::runtime::context::runtime::enter_runtime::hd0997e6f7d2f9bac
[INFO] [stdout]                                at /opt/rustwide/cargo-home/registry/src/index.crates.io-6f17d22bba15001f/tokio-1.35.1/src/runtime/context/runtime.rs:65:16
[INFO] [stdout]   40:     0x5e98f5737791 - tokio::runtime::scheduler::current_thread::CurrentThread::block_on::hd1d7f3a5b4df56a6
[INFO] [stdout]                                at /opt/rustwide/cargo-home/registry/src/index.crates.io-6f17d22bba15001f/tokio-1.35.1/src/runtime/scheduler/current_thread/mod.rs:167:9
[INFO] [stdout]   41:     0x5e98f574131d - tokio::runtime::runtime::Runtime::block_on::hd46b00c6b714b9a0
[INFO] [stdout]                                at /opt/rustwide/cargo-home/registry/src/index.crates.io-6f17d22bba15001f/tokio-1.35.1/src/runtime/runtime.rs:348:47
[INFO] [stdout]   42:     0x5e98f5743a11 - unsplash::tests::test_wallpaper::hb8098b261133de2e
[INFO] [stdout]                                at /opt/rustwide/workdir/src/lib.rs:120:9
[INFO] [stdout]   43:     0x5e98f57438b7 - unsplash::tests::test_wallpaper::{{closure}}::h2e4de8f16eaa9bb6
[INFO] [stdout]                                at /opt/rustwide/workdir/src/lib.rs:109:30
[INFO] [stdout]   44:     0x5e98f573c1e6 - core::ops::function::FnOnce::call_once::h912a4d4dcb7ccfbd
[INFO] [stdout]                                at /rustc/90b35a6239c3d8bdabc530a6a0816f7ff89a0aaf/library/core/src/ops/function.rs:250:5
[INFO] [stdout]   45:     0x5e98f5a944ab - core::ops::function::FnOnce::call_once::h109cf8051a59b34e
[INFO] [stdout]                                at /rustc/90b35a6239c3d8bdabc530a6a0816f7ff89a0aaf/library/core/src/ops/function.rs:250:5
[INFO] [stdout]   46:     0x5e98f5a944ab - test::__rust_begin_short_backtrace::hf4fff89d377446ba
[INFO] [stdout]                                at /rustc/90b35a6239c3d8bdabc530a6a0816f7ff89a0aaf/library/test/src/lib.rs:621:18
[INFO] [stdout]   47:     0x5e98f5a93ce7 - test::run_test_in_process::{{closure}}::h0e39181dd7ee5a43
[INFO] [stdout]                                at /rustc/90b35a6239c3d8bdabc530a6a0816f7ff89a0aaf/library/test/src/lib.rs:644:60
[INFO] [stdout]   48:     0x5e98f5a93ce7 - <core::panic::unwind_safe::AssertUnwindSafe<F> as core::ops::function::FnOnce<()>>::call_once::hc5a66a30f0bdfd1f
[INFO] [stdout]                                at /rustc/90b35a6239c3d8bdabc530a6a0816f7ff89a0aaf/library/core/src/panic/unwind_safe.rs:272:9
[INFO] [stdout]   49:     0x5e98f5a93ce7 - std::panicking::try::do_call::h873b7cf639554a5e
[INFO] [stdout]                                at /rustc/90b35a6239c3d8bdabc530a6a0816f7ff89a0aaf/library/std/src/panicking.rs:557:40
[INFO] [stdout]   50:     0x5e98f5a93ce7 - std::panicking::try::hdb19862fad9c8bd1
[INFO] [stdout]                                at /rustc/90b35a6239c3d8bdabc530a6a0816f7ff89a0aaf/library/std/src/panicking.rs:520:19
[INFO] [stdout]   51:     0x5e98f5a93ce7 - std::panic::catch_unwind::h281fe732d236d260
[INFO] [stdout]                                at /rustc/90b35a6239c3d8bdabc530a6a0816f7ff89a0aaf/library/std/src/panic.rs:358:14
[INFO] [stdout]   52:     0x5e98f5a93ce7 - test::run_test_in_process::h949b6df8457ed338
[INFO] [stdout]                                at /rustc/90b35a6239c3d8bdabc530a6a0816f7ff89a0aaf/library/test/src/lib.rs:644:27
[INFO] [stdout]   53:     0x5e98f5a93ce7 - test::run_test::{{closure}}::h52c556a6d4740e10
[INFO] [stdout]                                at /rustc/90b35a6239c3d8bdabc530a6a0816f7ff89a0aaf/library/test/src/lib.rs:565:43
[INFO] [stdout]   54:     0x5e98f5a58fc4 - test::run_test::{{closure}}::h4237f6381c45ccb9
[INFO] [stdout]                                at /rustc/90b35a6239c3d8bdabc530a6a0816f7ff89a0aaf/library/test/src/lib.rs:595:41
[INFO] [stdout]   55:     0x5e98f5a58fc4 - std::sys::backtrace::__rust_begin_short_backtrace::h505c97a579eca628
[INFO] [stdout]                                at /rustc/90b35a6239c3d8bdabc530a6a0816f7ff89a0aaf/library/std/src/sys/backtrace.rs:154:18
[INFO] [stdout]   56:     0x5e98f5a5c68e - std::thread::Builder::spawn_unchecked_::{{closure}}::{{closure}}::h9e86b2e2bc107ea3
[INFO] [stdout]                                at /rustc/90b35a6239c3d8bdabc530a6a0816f7ff89a0aaf/library/std/src/thread/mod.rs:538:17
[INFO] [stdout]   57:     0x5e98f5a5c68e - <core::panic::unwind_safe::AssertUnwindSafe<F> as core::ops::function::FnOnce<()>>::call_once::h8b06ddb275ff4a25
[INFO] [stdout]                                at /rustc/90b35a6239c3d8bdabc530a6a0816f7ff89a0aaf/library/core/src/panic/unwind_safe.rs:272:9
[INFO] [stdout]   58:     0x5e98f5a5c68e - std::panicking::try::do_call::hb26ecd7cd9a9355d
[INFO] [stdout]                                at /rustc/90b35a6239c3d8bdabc530a6a0816f7ff89a0aaf/library/std/src/panicking.rs:557:40
[INFO] [stdout]   59:     0x5e98f5a5c68e - std::panicking::try::h8ddeca9d705f9069
[INFO] [stdout]                                at /rustc/90b35a6239c3d8bdabc530a6a0816f7ff89a0aaf/library/std/src/panicking.rs:520:19
[INFO] [stdout]   60:     0x5e98f5a5c68e - std::panic::catch_unwind::h49e1c33078844c46
[INFO] [stdout]                                at /rustc/90b35a6239c3d8bdabc530a6a0816f7ff89a0aaf/library/std/src/panic.rs:358:14
[INFO] [stdout]   61:     0x5e98f5a5c68e - std::thread::Builder::spawn_unchecked_::{{closure}}::h6073db6ff56ad35d
[INFO] [stdout]                                at /rustc/90b35a6239c3d8bdabc530a6a0816f7ff89a0aaf/library/std/src/thread/mod.rs:537:30
[INFO] [stdout]   62:     0x5e98f5a5c68e - core::ops::function::FnOnce::call_once{{vtable.shim}}::h2c5a5f3779c774f1
[INFO] [stdout]                                at /rustc/90b35a6239c3d8bdabc530a6a0816f7ff89a0aaf/library/core/src/ops/function.rs:250:5
[INFO] [stdout]   63:     0x5e98f5b9ddeb - <alloc::boxed::Box<F,A> as core::ops::function::FnOnce<Args>>::call_once::hf75717d9f28faebf
[INFO] [stdout]                                at /rustc/90b35a6239c3d8bdabc530a6a0816f7ff89a0aaf/library/alloc/src/boxed.rs:2454:9
[INFO] [stdout]   64:     0x5e98f5b9ddeb - <alloc::boxed::Box<F,A> as core::ops::function::FnOnce<Args>>::call_once::h7bd883a5f3c5f3c1
[INFO] [stdout]                                at /rustc/90b35a6239c3d8bdabc530a6a0816f7ff89a0aaf/library/alloc/src/boxed.rs:2454:9
[INFO] [stdout]   65:     0x5e98f5b9ddeb - std::sys::pal::unix::thread::Thread::new::thread_start::hcc78f3943333fa94
[INFO] [stdout]                                at /rustc/90b35a6239c3d8bdabc530a6a0816f7ff89a0aaf/library/std/src/sys/pal/unix/thread.rs:105:17
[INFO] [stdout]   66:     0x7f12e0a54ac3 - <unknown>
[INFO] [stdout]   67:     0x7f12e0ae5a04 - clone
[INFO] [stdout]   68:                0x0 - <unknown>
[INFO] [stdout] 
[INFO] [stdout] 
[INFO] [stdout] failures:
[INFO] [stdout]     tests::test_wallpaper
[INFO] [stdout] 
[INFO] [stdout] test result: FAILED. 0 passed; 1 failed; 0 ignored; 0 measured; 0 filtered out; finished in 0.05s
[INFO] [stdout] 
[INFO] [stderr] error: test failed, to rerun pass `--lib`
[INFO] running `Command { std: "docker" "inspect" "6311dcaa8b190c48aa63b21666433c61dd7297852270d24903e6f79f6518b709", kill_on_drop: false }`
[INFO] running `Command { std: "docker" "rm" "-f" "6311dcaa8b190c48aa63b21666433c61dd7297852270d24903e6f79f6518b709", kill_on_drop: false }`
[INFO] [stdout] 6311dcaa8b190c48aa63b21666433c61dd7297852270d24903e6f79f6518b709
