[INFO] cloning repository https://github.com/173R/ebenya
[INFO] running `Command { std: "git" "-c" "credential.helper=" "-c" "credential.helper=/workspace/cargo-home/bin/git-credential-null" "clone" "--bare" "https://github.com/173R/ebenya" "/workspace/cache/git-repos/https%3A%2F%2Fgithub.com%2F173R%2Febenya", kill_on_drop: false }`
[INFO] [stderr] Cloning into bare repository '/workspace/cache/git-repos/https%3A%2F%2Fgithub.com%2F173R%2Febenya'...
[INFO] running `Command { std: "git" "rev-parse" "HEAD", kill_on_drop: false }`
[INFO] [stdout] ca20a7dceaa2064541f5501de2aa33ecec963f84
[INFO] testing 173R/ebenya against 1.83.0 for beta-1.84.0-4-retry
[INFO] running `Command { std: "git" "clone" "/workspace/cache/git-repos/https%3A%2F%2Fgithub.com%2F173R%2Febenya" "/workspace/builds/worker-2-tc1/source", kill_on_drop: false }`
[INFO] [stderr] Cloning into '/workspace/builds/worker-2-tc1/source'...
[INFO] [stderr] done.
[INFO] validating manifest of git repo https://github.com/173R/ebenya on toolchain 1.83.0
[INFO] running `Command { std: CARGO_HOME="/workspace/cargo-home" RUSTUP_HOME="/workspace/rustup-home" "/workspace/cargo-home/bin/cargo" "+1.83.0" "metadata" "--manifest-path" "Cargo.toml" "--no-deps", kill_on_drop: false }`
[INFO] started tweaking git repo https://github.com/173R/ebenya
[INFO] finished tweaking git repo https://github.com/173R/ebenya
[INFO] tweaked toml for git repo https://github.com/173R/ebenya written to /workspace/builds/worker-2-tc1/source/Cargo.toml
[INFO] crate git repo https://github.com/173R/ebenya already has a lockfile, it will not be regenerated
[INFO] running `Command { std: CARGO_HOME="/workspace/cargo-home" RUSTUP_HOME="/workspace/rustup-home" "/workspace/cargo-home/bin/cargo" "+1.83.0" "fetch" "--manifest-path" "Cargo.toml", kill_on_drop: false }`
[INFO] [stderr]     Updating crates.io index
[INFO] [stderr]  Downloading crates ...
[INFO] [stderr]   Downloaded x11-dl v2.19.1
[INFO] [stderr]   Downloaded dlib v0.5.0
[INFO] [stderr]   Downloaded windows-targets v0.42.1
[INFO] [stderr]   Downloaded cfg_aliases v0.1.1
[INFO] [stderr]   Downloaded android-properties v0.2.2
[INFO] [stderr]   Downloaded strict-num v0.1.0
[INFO] [stderr]   Downloaded dispatch v0.2.0
[INFO] [stderr]   Downloaded block-sys v0.1.0-beta.1
[INFO] [stderr]   Downloaded core-foundation-sys v0.8.3
[INFO] [stderr]   Downloaded objc2-encode v2.0.0-pre.2
[INFO] [stderr]   Downloaded core-graphics v0.22.3
[INFO] [stderr]   Downloaded deflate v1.0.0
[INFO] [stderr]   Downloaded serde v1.0.137
[INFO] [stderr]   Downloaded renderdoc-sys v0.7.1
[INFO] [stderr]   Downloaded wgpu-types v0.15.1
[INFO] [stderr]   Downloaded smithay-client-toolkit v0.16.0
[INFO] [stderr]   Downloaded bit-set v0.5.2
[INFO] [stderr]   Downloaded gltf-derive v1.0.0
[INFO] [stderr]   Downloaded fxhash v0.2.1
[INFO] [stderr]   Downloaded approx v0.4.0
[INFO] [stderr]   Downloaded anyhow v1.0.58
[INFO] [stderr]   Downloaded cgmath v0.18.0
[INFO] [stderr]   Downloaded base64 v0.12.3
[INFO] [stderr]   Downloaded num-bigint v0.4.3
[INFO] [stderr]   Downloaded wgpu-hal v0.15.2
[INFO] [stderr]   Downloaded aho-corasick v0.7.18
[INFO] [stderr]   Downloaded serde_json v1.0.85
[INFO] [stderr]   Downloaded glow v0.12.1
[INFO] [stderr]   Downloaded chrono v0.4.20
[INFO] [stderr]   Downloaded wgpu-core v0.15.1
[INFO] [stderr]   Downloaded image v0.23.14
[INFO] [stderr]   Downloaded regex v1.5.6
[INFO] [stderr]   Downloaded regex-syntax v0.6.26
[INFO] [stderr]   Downloaded rustix v0.36.8
[INFO] [stderr]   Downloaded image v0.24.2
[INFO] [stderr]   Downloaded object v0.30.3
[INFO] [stderr]   Downloaded jpeg-decoder v0.1.22
[INFO] [stderr]   Downloaded windows_aarch64_gnullvm v0.42.1
[INFO] [stderr]   Downloaded windows_x86_64_gnullvm v0.42.1
[INFO] [stderr]   Downloaded wgpu v0.15.1
[INFO] [stderr]   Downloaded windows_aarch64_msvc v0.36.1
[INFO] [stderr]   Downloaded ash v0.37.2+1.3.238
[INFO] [stderr]   Downloaded web-sys v0.3.61
[INFO] [stderr]   Downloaded windows_i686_msvc v0.36.1
[INFO] [stderr]   Downloaded naga v0.11.0
[INFO] [stderr]   Downloaded windows_i686_gnu v0.36.1
[INFO] [stderr]   Downloaded windows_i686_gnu v0.42.1
[INFO] [stderr]   Downloaded windows_x86_64_msvc v0.36.1
[INFO] [stderr]   Downloaded windows_x86_64_gnu v0.42.1
[INFO] [stderr]   Downloaded windows_i686_msvc v0.42.1
[INFO] [stderr]   Downloaded core-graphics-types v0.1.1
[INFO] [stderr]   Downloaded windows_x86_64_gnu v0.36.1
[INFO] [stderr]   Downloaded windows_x86_64_msvc v0.42.1
[INFO] [stderr]   Downloaded windows_aarch64_msvc v0.42.1
[INFO] [stderr]   Downloaded libc v0.2.139
[INFO] [stderr]   Downloaded winit v0.28.1
[INFO] [stderr]   Downloaded metal v0.24.0
[INFO] [stderr]   Downloaded gimli v0.27.2
[INFO] [stderr]   Downloaded jpeg-decoder v0.2.6
[INFO] [stderr]   Downloaded backtrace v0.3.67
[INFO] [stderr]   Downloaded gpu-allocator v0.22.0
[INFO] [stderr]   Downloaded ndk-sys v0.4.1+23.1.7779620
[INFO] [stderr]   Downloaded deflate v0.8.6
[INFO] [stderr]   Downloaded hashbrown v0.11.2
[INFO] [stderr]   Downloaded nix v0.25.1
[INFO] [stderr]   Downloaded nix v0.24.3
[INFO] [stderr]   Downloaded linux-raw-sys v0.1.4
[INFO] [stderr]   Downloaded serde_derive v1.0.144
[INFO] [stderr]   Downloaded png v0.16.8
[INFO] [stderr]   Downloaded num-complex v0.4.2
[INFO] [stderr]   Downloaded miniz_oxide v0.6.2
[INFO] [stderr]   Downloaded rustc-demangle v0.1.21
[INFO] [stderr]   Downloaded widestring v0.5.1
[INFO] [stderr]   Downloaded codespan-reporting v0.11.1
[INFO] [stderr]   Downloaded getrandom v0.2.6
[INFO] [stderr]   Downloaded indexmap v1.8.2
[INFO] [stderr]   Downloaded num-traits v0.2.15
[INFO] [stderr]   Downloaded spirv v0.2.0+1.5.4
[INFO] [stderr]   Downloaded orbclient v0.3.42
[INFO] [stderr]   Downloaded lock_api v0.4.7
[INFO] [stderr]   Downloaded is-terminal v0.4.4
[INFO] [stderr]   Downloaded ryu v1.0.11
[INFO] [stderr]   Downloaded num-rational v0.3.2
[INFO] [stderr]   Downloaded miniz_oxide v0.3.7
[INFO] [stderr]   Downloaded gltf v1.0.0
[INFO] [stderr]   Downloaded num-rational v0.4.1
[INFO] [stderr]   Downloaded addr2line v0.19.0
[INFO] [stderr]   Downloaded hassle-rs v0.9.0
[INFO] [stderr]   Downloaded khronos-egl v4.1.0
[INFO] [stderr]   Downloaded bit-vec v0.6.3
[INFO] [stderr]   Downloaded unicode-width v0.1.9
[INFO] [stderr]   Downloaded ahash v0.7.6
[INFO] [stderr]   Downloaded termcolor v1.1.3
[INFO] [stderr]   Downloaded objc v0.2.7
[INFO] [stderr]   Downloaded nix v0.22.3
[INFO] [stderr]   Downloaded time v0.1.43
[INFO] [stderr]   Downloaded humantime v2.1.0
[INFO] [stderr]   Downloaded hermit-abi v0.3.1
[INFO] [stderr]   Downloaded errno v0.2.8
[INFO] [stderr]   Downloaded io-lifetimes v1.0.5
[INFO] [stderr]   Downloaded env_logger v0.10.0
[INFO] [stderr]   Downloaded fs_extra v1.2.0
[INFO] [stderr]   Downloaded glob v0.3.0
[INFO] [stderr]   Downloaded inflections v1.1.1
[INFO] [stderr]   Downloaded itoa v1.0.3
[INFO] [stderr]   Downloaded gltf-json v1.0.0
[INFO] [stderr]   Downloaded num-iter v0.1.43
[INFO] [stderr]   Downloaded num-integer v0.1.45
[INFO] [stderr]   Downloaded num v0.4.0
[INFO] [stderr]   Downloaded pollster v0.3.0
[INFO] [stderr]   Downloaded tobj v3.2.3
[INFO] [stderr]   Downloaded static_assertions v1.1.0
[INFO] [stderr]   Downloaded wasm-bindgen-futures v0.4.34
[INFO] [stderr]   Downloaded profiling v1.0.6
[INFO] [stderr]   Downloaded d3d12 v0.6.0
[INFO] [stderr]   Downloaded gpu-alloc v0.5.3
[INFO] [stderr]   Downloaded com-rs v0.2.1
[INFO] [stderr]   Downloaded hexf-parse v0.2.1
[INFO] [stderr]   Downloaded unicode-xid v0.2.3
[INFO] [stderr]   Downloaded objc_exception v0.1.2
[INFO] [stderr]   Downloaded scopeguard v1.1.0
[INFO] [stderr]   Downloaded android-activity v0.4.1
[INFO] [stderr]   Downloaded tiny-skia v0.8.3
[INFO] [stderr]   Downloaded gpu-alloc-types v0.2.0
[INFO] [stderr]   Downloaded gpu-descriptor v0.2.2
[INFO] [stderr]   Downloaded block v0.1.6
[INFO] [stderr]   Downloaded malloc_buf v0.0.6
[INFO] [stderr]   Downloaded wasm-bindgen v0.2.84
[INFO] [stderr]   Downloaded color_quant v1.1.0
[INFO] [stderr]   Downloaded android_system_properties v0.1.2
[INFO] [stderr]   Downloaded gpu-descriptor-types v0.1.1
[INFO] [stderr]   Downloaded parking_lot_core v0.8.5
[INFO] [stderr]   Downloaded parking_lot v0.11.2
[INFO] [stderr]   Downloaded range-alloc v0.1.2
[INFO] [stderr]   Downloaded objc2 v0.3.0-beta.3
[INFO] [stderr]   Downloaded ttf-parser v0.18.1
[INFO] [stderr]   Downloaded owned_ttf_parser v0.18.1
[INFO] [stderr]   Downloaded wayland-protocols v0.29.5
[INFO] [stderr]   Downloaded nom v7.1.1
[INFO] [stderr]   Downloaded mio v0.8.3
[INFO] [stderr]   Downloaded wayland-client v0.29.5
[INFO] [stderr]   Downloaded toml v0.5.9
[INFO] [stderr]   Downloaded png v0.17.5
[INFO] [stderr]   Downloaded cc v1.0.73
[INFO] [stderr]   Downloaded js-sys v0.3.61
[INFO] [stderr]   Downloaded bumpalo v3.9.1
[INFO] [stderr]   Downloaded slotmap v1.0.6
[INFO] [stderr]   Downloaded proc-macro2 v1.0.51
[INFO] [stderr]   Downloaded quote v1.0.18
[INFO] [stderr]   Downloaded ndk v0.7.0
[INFO] [stderr]   Downloaded arrayvec v0.7.2
[INFO] [stderr]   Downloaded miniz_oxide v0.5.3
[INFO] [stderr]   Downloaded bytemuck v1.13.0
[INFO] [stderr]   Downloaded tiny-skia-path v0.8.3
[INFO] [stderr]   Downloaded sctk-adwaita v0.5.3
[INFO] [stderr]   Downloaded calloop v0.10.5
[INFO] [stderr]   Downloaded xml-rs v0.8.4
[INFO] [stderr]   Downloaded once_cell v1.12.0
[INFO] [stderr]   Downloaded wasm-bindgen-backend v0.2.84
[INFO] [stderr]   Downloaded redox_syscall v0.2.13
[INFO] [stderr]   Downloaded redox_syscall v0.3.4
[INFO] [stderr]   Downloaded arrayref v0.3.6
[INFO] [stderr]   Downloaded memmap2 v0.5.10
[INFO] [stderr]   Downloaded jobserver v0.1.25
[INFO] [stderr]   Downloaded smallvec v1.8.0
[INFO] [stderr]   Downloaded libloading v0.7.3
[INFO] [stderr]   Downloaded log v0.4.17
[INFO] [stderr]   Downloaded unicode-ident v1.0.0
[INFO] [stderr]   Downloaded instant v0.1.12
[INFO] [stderr]   Downloaded proc-macro-crate v1.1.3
[INFO] [stderr]   Downloaded num_enum_derive v0.5.7
[INFO] [stderr]   Downloaded num_enum v0.5.7
[INFO] [stderr]   Downloaded objc-sys v0.2.0-beta.2
[INFO] [stderr]   Downloaded percent-encoding v2.2.0
[INFO] [stderr]   Downloaded raw-window-handle v0.5.0
[INFO] [stderr]   Downloaded ab_glyph_rasterizer v0.1.8
[INFO] [stderr]   Downloaded ab_glyph v0.2.20
[INFO] [stderr]   Downloaded bytemuck_derive v1.4.0
[INFO] [stderr]   Downloaded thiserror v1.0.31
[INFO] [stderr]   Downloaded scoped-tls v1.0.0
[INFO] [stderr]   Downloaded memoffset v0.6.5
[INFO] [stderr]   Downloaded wayland-commons v0.29.5
[INFO] [stderr]   Downloaded wasm-bindgen-macro v0.2.84
[INFO] [stderr]   Downloaded block2 v0.2.0-alpha.6
[INFO] [stderr]   Downloaded adler32 v1.2.0
[INFO] [stderr]   Downloaded wasm-bindgen-macro-support v0.2.84
[INFO] [stderr]   Downloaded thiserror-impl v1.0.31
[INFO] [stderr]   Downloaded wayland-cursor v0.29.4
[INFO] [stderr]   Downloaded downcast-rs v1.2.0
[INFO] [stderr]   Downloaded wayland-scanner v0.29.5
[INFO] [stderr]   Downloaded xcursor v0.3.4
[INFO] [stderr]   Downloaded wayland-sys v0.29.5
[INFO] [stderr]   Downloaded wasm-bindgen-shared v0.2.84
[INFO] [stderr]   Downloaded cty v0.2.2
[INFO] [stderr]   Downloaded pkg-config v0.3.25
[INFO] [stderr]   Downloaded windows-sys v0.36.1
[INFO] [stderr]   Downloaded windows v0.44.0
[INFO] running `Command { std: "docker" "create" "-v" "/var/lib/crater-agent-workspace/builds/worker-2-tc1/target:/opt/rustwide/target:rw,Z" "-v" "/var/lib/crater-agent-workspace/builds/worker-2-tc1/source:/opt/rustwide/workdir:ro,Z" "-v" "/var/lib/crater-agent-workspace/cargo-home:/opt/rustwide/cargo-home:ro,Z" "-v" "/var/lib/crater-agent-workspace/rustup-home:/opt/rustwide/rustup-home:ro,Z" "-e" "SOURCE_DIR=/opt/rustwide/workdir" "-e" "CARGO_TARGET_DIR=/opt/rustwide/target" "-e" "CARGO_HOME=/opt/rustwide/cargo-home" "-e" "RUSTUP_HOME=/opt/rustwide/rustup-home" "-w" "/opt/rustwide/workdir" "-m" "1610612736" "--user" "0:0" "--network" "none" "ghcr.io/rust-lang/crates-build-env/linux@sha256:f3a9d4ad9d972b27faf3965f35b62e55ba32bbce8f20bc8fe909558a86702fde" "/opt/rustwide/cargo-home/bin/cargo" "+1.83.0" "metadata" "--no-deps" "--format-version=1", kill_on_drop: false }`
[INFO] [stdout] b4ffca768892b7a0189f91e36ce6cee8c19d26ead362bf2708cb63116ea2a5bf
[INFO] running `Command { std: "docker" "start" "-a" "b4ffca768892b7a0189f91e36ce6cee8c19d26ead362bf2708cb63116ea2a5bf", kill_on_drop: false }`
[INFO] running `Command { std: "docker" "inspect" "b4ffca768892b7a0189f91e36ce6cee8c19d26ead362bf2708cb63116ea2a5bf", kill_on_drop: false }`
[INFO] running `Command { std: "docker" "rm" "-f" "b4ffca768892b7a0189f91e36ce6cee8c19d26ead362bf2708cb63116ea2a5bf", kill_on_drop: false }`
[INFO] [stdout] b4ffca768892b7a0189f91e36ce6cee8c19d26ead362bf2708cb63116ea2a5bf
[INFO] running `Command { std: "docker" "create" "-v" "/var/lib/crater-agent-workspace/builds/worker-2-tc1/target:/opt/rustwide/target:rw,Z" "-v" "/var/lib/crater-agent-workspace/builds/worker-2-tc1/source:/opt/rustwide/workdir:ro,Z" "-v" "/var/lib/crater-agent-workspace/cargo-home:/opt/rustwide/cargo-home:ro,Z" "-v" "/var/lib/crater-agent-workspace/rustup-home:/opt/rustwide/rustup-home:ro,Z" "-e" "SOURCE_DIR=/opt/rustwide/workdir" "-e" "CARGO_TARGET_DIR=/opt/rustwide/target" "-e" "CARGO_INCREMENTAL=0" "-e" "RUST_BACKTRACE=full" "-e" "RUSTFLAGS=--cap-lints=warn" "-e" "RUSTDOCFLAGS=--cap-lints=warn" "-e" "CARGO_HOME=/opt/rustwide/cargo-home" "-e" "RUSTUP_HOME=/opt/rustwide/rustup-home" "-w" "/opt/rustwide/workdir" "-m" "1610612736" "--user" "0:0" "--network" "none" "ghcr.io/rust-lang/crates-build-env/linux@sha256:f3a9d4ad9d972b27faf3965f35b62e55ba32bbce8f20bc8fe909558a86702fde" "/opt/rustwide/cargo-home/bin/cargo" "+1.83.0" "build" "--frozen" "--message-format=json", kill_on_drop: false }`
[INFO] [stdout] 02f9e37f7153afb8c062a0ba9e58b4b7b0e203e79b8c5a9fbcbebc64463c86af
[INFO] running `Command { std: "docker" "start" "-a" "02f9e37f7153afb8c062a0ba9e58b4b7b0e203e79b8c5a9fbcbebc64463c86af", kill_on_drop: false }`
[INFO] [stderr]    Compiling autocfg v1.1.0
[INFO] [stderr]    Compiling cfg-if v1.0.0
[INFO] [stderr]    Compiling libc v0.2.139
[INFO] [stderr]    Compiling proc-macro2 v1.0.51
[INFO] [stderr]    Compiling unicode-ident v1.0.0
[INFO] [stderr]    Compiling bitflags v1.3.2
[INFO] [stderr]    Compiling syn v1.0.109
[INFO] [stderr]    Compiling version_check v0.9.4
[INFO] [stderr]    Compiling once_cell v1.12.0
[INFO] [stderr]    Compiling pkg-config v0.3.25
[INFO] [stderr]    Compiling xml-rs v0.8.4
[INFO] [stderr]    Compiling smallvec v1.8.0
[INFO] [stderr]    Compiling log v0.4.17
[INFO] [stderr]    Compiling memchr v2.5.0
[INFO] [stderr]    Compiling adler32 v1.2.0
[INFO] [stderr]    Compiling lazy_static v1.4.0
[INFO] [stderr]    Compiling libloading v0.7.3
[INFO] [stderr]    Compiling crc32fast v1.3.2
[INFO] [stderr]    Compiling byteorder v1.4.3
[INFO] [stderr]    Compiling instant v0.1.12
[INFO] [stderr]    Compiling arrayvec v0.7.2
[INFO] [stderr]    Compiling downcast-rs v1.2.0
[INFO] [stderr]    Compiling dlib v0.5.0
[INFO] [stderr]    Compiling minimal-lexical v0.2.1
[INFO] [stderr]    Compiling scoped-tls v1.0.0
[INFO] [stderr]    Compiling parking_lot_core v0.8.5
[INFO] [stderr]    Compiling ahash v0.7.6
[INFO] [stderr]    Compiling slotmap v1.0.6
[INFO] [stderr]    Compiling termcolor v1.1.3
[INFO] [stderr]    Compiling adler v1.0.2
[INFO] [stderr]    Compiling num-traits v0.2.15
[INFO] [stderr]    Compiling memoffset v0.6.5
[INFO] [stderr]    Compiling num-integer v0.1.45
[INFO] [stderr]    Compiling indexmap v1.8.2
[INFO] [stderr]    Compiling lock_api v0.4.7
[INFO] [stderr]    Compiling num-iter v0.1.43
[INFO] [stderr]    Compiling miniz_oxide v0.5.3
[INFO] [stderr]    Compiling num-bigint v0.4.3
[INFO] [stderr]    Compiling deflate v1.0.0
[INFO] [stderr]    Compiling scopeguard v1.1.0
[INFO] [stderr]    Compiling wayland-sys v0.29.5
[INFO] [stderr]    Compiling unicode-width v0.1.9
[INFO] [stderr]    Compiling bit-vec v0.6.3
[INFO] [stderr]    Compiling ash v0.37.2+1.3.238
[INFO] [stderr]    Compiling serde v1.0.137
[INFO] [stderr]    Compiling khronos-egl v4.1.0
[INFO] [stderr]    Compiling nom v7.1.1
[INFO] [stderr]    Compiling io-lifetimes v1.0.5
[INFO] [stderr]    Compiling cty v0.2.2
[INFO] [stderr]    Compiling raw-window-handle v0.5.0
[INFO] [stderr]    Compiling png v0.17.5
[INFO] [stderr]    Compiling bit-set v0.5.2
[INFO] [stderr]    Compiling codespan-reporting v0.11.1
[INFO] [stderr]    Compiling smithay-client-toolkit v0.16.0
[INFO] [stderr]    Compiling num-rational v0.4.1
[INFO] [stderr]    Compiling num-rational v0.3.2
[INFO] [stderr]    Compiling gpu-descriptor-types v0.1.1
[INFO] [stderr]    Compiling gpu-alloc-types v0.2.0
[INFO] [stderr]    Compiling serde_json v1.0.85
[INFO] [stderr]    Compiling hexf-parse v0.2.1
[INFO] [stderr]    Compiling unicode-xid v0.2.3
[INFO] [stderr]    Compiling quote v1.0.18
[INFO] [stderr]    Compiling anyhow v1.0.58
[INFO] [stderr]    Compiling ttf-parser v0.18.1
[INFO] [stderr]    Compiling vec_map v0.8.2
[INFO] [stderr]    Compiling rustc-hash v1.1.0
[INFO] [stderr]    Compiling serde_derive v1.0.144
[INFO] [stderr]    Compiling rustix v0.36.8
[INFO] [stderr]    Compiling wayland-scanner v0.29.5
[INFO] [stderr]    Compiling getrandom v0.2.6
[INFO] [stderr]    Compiling nix v0.24.3
[INFO] [stderr]    Compiling nix v0.25.1
[INFO] [stderr]    Compiling nix v0.22.3
[INFO] [stderr]    Compiling hashbrown v0.11.2
[INFO] [stderr]    Compiling spirv v0.2.0+1.5.4
[INFO] [stderr]    Compiling strict-num v0.1.0
[INFO] [stderr]    Compiling arrayref v0.3.6
[INFO] [stderr]    Compiling memmap2 v0.5.10
[INFO] [stderr]    Compiling gpu-alloc v0.5.3
[INFO] [stderr]    Compiling parking_lot v0.11.2
[INFO] [stderr]    Compiling x11-dl v2.19.1
[INFO] [stderr]    Compiling deflate v0.8.6
[INFO] [stderr]    Compiling fxhash v0.2.1
[INFO] [stderr]    Compiling wayland-client v0.29.5
[INFO] [stderr]    Compiling wayland-protocols v0.29.5
[INFO] [stderr]    Compiling miniz_oxide v0.3.7
[INFO] [stderr]    Compiling gpu-descriptor v0.2.2
[INFO] [stderr]    Compiling wgpu-types v0.15.1
[INFO] [stderr]    Compiling renderdoc-sys v0.7.1
[INFO] [stderr]    Compiling wayland-commons v0.29.5
[INFO] [stderr]    Compiling xcursor v0.3.4
[INFO] [stderr]    Compiling ryu v1.0.11
[INFO] [stderr]    Compiling cfg_aliases v0.1.1
[INFO] [stderr]    Compiling color_quant v1.1.0
[INFO] [stderr]    Compiling itoa v1.0.3
[INFO] [stderr]    Compiling linux-raw-sys v0.1.4
[INFO] [stderr]    Compiling profiling v1.0.6
[INFO] [stderr]    Compiling ab_glyph_rasterizer v0.1.8
[INFO] [stderr]    Compiling inflections v1.1.1
[INFO] [stderr]    Compiling glow v0.12.1
[INFO] [stderr]    Compiling winit v0.28.1
[INFO] [stderr]    Compiling png v0.16.8
[INFO] [stderr]    Compiling aho-corasick v0.7.18
[INFO] [stderr]    Compiling regex-syntax v0.6.26
[INFO] [stderr]    Compiling owned_ttf_parser v0.18.1
[INFO] [stderr]    Compiling thiserror-impl v1.0.31
[INFO] [stderr]    Compiling bytemuck_derive v1.4.0
[INFO] [stderr]    Compiling ab_glyph v0.2.20
[INFO] [stderr]    Compiling gltf-derive v1.0.0
[INFO] [stderr]    Compiling fs_extra v1.2.0
[INFO] [stderr]    Compiling jpeg-decoder v0.1.22
[INFO] [stderr]    Compiling glob v0.3.0
[INFO] [stderr]    Compiling cgmath v0.18.0
[INFO] [stderr]    Compiling bytemuck v1.13.0
[INFO] [stderr]    Compiling regex v1.5.6
[INFO] [stderr]    Compiling tiny-skia-path v0.8.3
[INFO] [stderr]    Compiling ebenya v0.1.0 (/opt/rustwide/workdir)
[INFO] [stderr]    Compiling thiserror v1.0.31
[INFO] [stderr]    Compiling image v0.23.14
[INFO] [stderr]    Compiling calloop v0.10.5
[INFO] [stderr]    Compiling naga v0.11.0
[INFO] [stderr]    Compiling is-terminal v0.4.4
[INFO] [stderr]    Compiling tiny-skia v0.8.3
[INFO] [stderr]    Compiling approx v0.4.0
[INFO] [stderr]    Compiling wayland-cursor v0.29.4
[INFO] [stderr]    Compiling num-complex v0.4.2
[INFO] [stderr]    Compiling mio v0.8.3
[INFO] [stderr]    Compiling time v0.1.43
[INFO] [stderr]    Compiling static_assertions v1.1.0
[INFO] [stderr]    Compiling base64 v0.12.3
[INFO] [stderr]    Compiling humantime v2.1.0
[INFO] [stderr]    Compiling jpeg-decoder v0.2.6
[INFO] [stderr]    Compiling percent-encoding v2.2.0
[INFO] [stderr]    Compiling env_logger v0.10.0
[INFO] [stderr]    Compiling chrono v0.4.20
[INFO] [stderr]    Compiling tobj v3.2.3
[INFO] [stderr]    Compiling num v0.4.0
[INFO] [stderr]    Compiling pollster v0.3.0
[INFO] [stderr]    Compiling image v0.24.2
[INFO] [stderr]    Compiling gltf-json v1.0.0
[INFO] [stderr]    Compiling wgpu-hal v0.15.2
[INFO] [stderr]    Compiling gltf v1.0.0
[INFO] [stderr]    Compiling wgpu-core v0.15.1
[INFO] [stderr]    Compiling wgpu v0.15.1
[INFO] [stderr]    Compiling sctk-adwaita v0.5.3
[INFO] [stdout] warning: unused import: `model::DrawModel`
[INFO] [stdout]  --> src/lib.rs:1:5
[INFO] [stdout]   |
[INFO] [stdout] 1 | use model::DrawModel;
[INFO] [stdout]   |     ^^^^^^^^^^^^^^^^
[INFO] [stdout]   |
[INFO] [stdout]   = note: `#[warn(unused_imports)]` on by default
[INFO] [stdout] 
[INFO] [stdout] 
[INFO] [stdout] warning: unused import: `std::default`
[INFO] [stdout]  --> src/lib.rs:2:5
[INFO] [stdout]   |
[INFO] [stdout] 2 | use std::default;
[INFO] [stdout]   |     ^^^^^^^^^^^^
[INFO] [stdout] 
[INFO] [stdout] 
[INFO] [stdout] warning: unused import: `winit::window::CursorGrabMode`
[INFO] [stdout]   --> src/lib.rs:11:5
[INFO] [stdout]    |
[INFO] [stdout] 11 | use winit::window::CursorGrabMode;
[INFO] [stdout]    |     ^^^^^^^^^^^^^^^^^^^^^^^^^^^^^
[INFO] [stdout] 
[INFO] [stdout] 
[INFO] [stdout] warning: unused import: `writer::*`
[INFO] [stdout]  --> src/log/mod.rs:3:9
[INFO] [stdout]   |
[INFO] [stdout] 3 | pub use writer::*;
[INFO] [stdout]   |         ^^^^^^^^^
[INFO] [stdout] 
[INFO] [stdout] 
[INFO] [stdout] warning: unused import: `borrow::Borrow`
[INFO] [stdout]  --> src/model.rs:1:42
[INFO] [stdout]   |
[INFO] [stdout] 1 | use std::{fs, io::Read, mem, path::Path, borrow::Borrow};
[INFO] [stdout]   |                                          ^^^^^^^^^^^^^^
[INFO] [stdout] 
[INFO] [stdout] 
[INFO] [stdout] warning: unused import: `BindGroupLayout`
[INFO] [stdout]  --> src/model.rs:3:49
[INFO] [stdout]   |
[INFO] [stdout] 3 | use wgpu::{util::DeviceExt, RenderPass, Buffer, BindGroupLayout};
[INFO] [stdout]   |                                                 ^^^^^^^^^^^^^^^
[INFO] [stdout] 
[INFO] [stdout] 
[INFO] [stdout] warning: unused variable: `camera_bind_group_layout`
[INFO] [stdout]    --> src/lib.rs:206:14
[INFO] [stdout]     |
[INFO] [stdout] 206 |         let (camera_bind_group_layout, camera_bind_group, camera_buffer) =
[INFO] [stdout]     |              ^^^^^^^^^^^^^^^^^^^^^^^^ help: if this is intentional, prefix it with an underscore: `_camera_bind_group_layout`
[INFO] [stdout]     |
[INFO] [stdout]     = note: `#[warn(unused_variables)]` on by default
[INFO] [stdout] 
[INFO] [stdout] 
[INFO] [stdout] warning: unused variable: `vertex_buffer`
[INFO] [stdout]    --> src/model.rs:127:21
[INFO] [stdout]     |
[INFO] [stdout] 127 |                 let vertex_buffer = device.create_buffer_init(
[INFO] [stdout]     |                     ^^^^^^^^^^^^^ help: if this is intentional, prefix it with an underscore: `_vertex_buffer`
[INFO] [stdout] 
[INFO] [stdout] 
[INFO] [stdout] warning: unused variable: `index_buffer`
[INFO] [stdout]    --> src/model.rs:136:21
[INFO] [stdout]     |
[INFO] [stdout] 136 |                 let index_buffer = device.create_buffer_init(
[INFO] [stdout]     |                     ^^^^^^^^^^^^ help: if this is intentional, prefix it with an underscore: `_index_buffer`
[INFO] [stdout] 
[INFO] [stdout] 
[INFO] [stdout] warning: unused variable: `material_index`
[INFO] [stdout]    --> src/model.rs:144:21
[INFO] [stdout]     |
[INFO] [stdout] 144 |                 let material_index = primitive
[INFO] [stdout]     |                     ^^^^^^^^^^^^^^ help: if this is intentional, prefix it with an underscore: `_material_index`
[INFO] [stdout] 
[INFO] [stdout] 
[INFO] [stdout] warning: variable does not need to be mutable
[INFO] [stdout]   --> src/model.rs:41:13
[INFO] [stdout]    |
[INFO] [stdout] 41 |         let mut meshes: Vec<Mesh> = Vec::new();
[INFO] [stdout]    |             ----^^^^^^
[INFO] [stdout]    |             |
[INFO] [stdout]    |             help: remove this `mut`
[INFO] [stdout]    |
[INFO] [stdout]    = note: `#[warn(unused_mut)]` on by default
[INFO] [stdout] 
[INFO] [stdout] 
[INFO] [stdout] warning: fields `texture_bind_group_layout`, `vertex_buffer`, and `obj_model` are never read
[INFO] [stdout]   --> src/lib.rs:86:5
[INFO] [stdout]    |
[INFO] [stdout] 73 | struct State {
[INFO] [stdout]    |        ----- fields in this struct
[INFO] [stdout] ...
[INFO] [stdout] 86 |     texture_bind_group_layout: BindGroupLayout,
[INFO] [stdout]    |     ^^^^^^^^^^^^^^^^^^^^^^^^^
[INFO] [stdout] 87 |
[INFO] [stdout] 88 |     vertex_buffer: wgpu::Buffer,
[INFO] [stdout]    |     ^^^^^^^^^^^^^
[INFO] [stdout] ...
[INFO] [stdout] 91 |     obj_model: model::Model
[INFO] [stdout]    |     ^^^^^^^^^
[INFO] [stdout]    |
[INFO] [stdout]    = note: `#[warn(dead_code)]` on by default
[INFO] [stdout] 
[INFO] [stdout] 
[INFO] [stdout] warning: struct `Vector4` is never constructed
[INFO] [stdout]   --> src/vmath/vector.rs:69:12
[INFO] [stdout]    |
[INFO] [stdout] 69 | pub struct Vector4<T> {
[INFO] [stdout]    |            ^^^^^^^
[INFO] [stdout]    |
[INFO] [stdout]    = note: `Vector4` has derived impls for the traits `Debug` and `Clone`, but these are intentionally ignored during dead code analysis
[INFO] [stdout] 
[INFO] [stdout] 
[INFO] [stdout] warning: associated function `new` is never used
[INFO] [stdout]   --> src/vmath/vector.rs:77:12
[INFO] [stdout]    |
[INFO] [stdout] 76 | impl<T> Vector4<T> {
[INFO] [stdout]    | ------------------ associated function in this implementation
[INFO] [stdout] 77 |     pub fn new(x: T, y: T, z: T, w: T) -> Self {
[INFO] [stdout]    |            ^^^
[INFO] [stdout] 
[INFO] [stdout] 
[INFO] [stdout] warning: function `write` is never used
[INFO] [stdout]  --> src/log/writer.rs:4:8
[INFO] [stdout]   |
[INFO] [stdout] 4 | pub fn write(file_name: &str, message: &str, tag: Option<&str>) -> std::io::Result<()> {
[INFO] [stdout]   |        ^^^^^
[INFO] [stdout] 
[INFO] [stdout] 
[INFO] [stdout] warning: fields `texture` and `sampler` are never read
[INFO] [stdout]  --> src/texture.rs:5:9
[INFO] [stdout]   |
[INFO] [stdout] 4 | pub struct Texture {
[INFO] [stdout]   |            ------- fields in this struct
[INFO] [stdout] 5 |     pub texture: wgpu::Texture,
[INFO] [stdout]   |         ^^^^^^^
[INFO] [stdout] 6 |     pub view: wgpu::TextureView,
[INFO] [stdout] 7 |     pub sampler: wgpu::Sampler,
[INFO] [stdout]   |         ^^^^^^^
[INFO] [stdout] 
[INFO] [stdout] 
[INFO] [stdout] warning: method `TEST_get_view_proj_matrix_buffer` is never used
[INFO] [stdout]    --> src/camera.rs:105:12
[INFO] [stdout]     |
[INFO] [stdout] 45  | impl Camera {
[INFO] [stdout]     | ----------- method in this implementation
[INFO] [stdout] ...
[INFO] [stdout] 105 |     pub fn TEST_get_view_proj_matrix_buffer(&mut self, device: &wgpu::Device) -> Buffer {
[INFO] [stdout]     |            ^^^^^^^^^^^^^^^^^^^^^^^^^^^^^^^^
[INFO] [stdout] 
[INFO] [stdout] 
[INFO] [stdout] warning: field `material` is never read
[INFO] [stdout]   --> src/model.rs:20:9
[INFO] [stdout]    |
[INFO] [stdout] 15 | pub struct Mesh {
[INFO] [stdout]    |            ---- field in this struct
[INFO] [stdout] ...
[INFO] [stdout] 20 |     pub material: Material,
[INFO] [stdout]    |         ^^^^^^^^
[INFO] [stdout] 
[INFO] [stdout] 
[INFO] [stdout] warning: field `position` is never read
[INFO] [stdout]   --> src/model.rs:24:9
[INFO] [stdout]    |
[INFO] [stdout] 23 | pub struct Model {
[INFO] [stdout]    |            ----- field in this struct
[INFO] [stdout] 24 |     pub position: vmath::Vector3<f32>,
[INFO] [stdout]    |         ^^^^^^^^
[INFO] [stdout] 
[INFO] [stdout] 
[INFO] [stdout] warning: field `texture` is never read
[INFO] [stdout]   --> src/model.rs:29:9
[INFO] [stdout]    |
[INFO] [stdout] 28 | pub struct Material {
[INFO] [stdout]    |            -------- field in this struct
[INFO] [stdout] 29 |     pub texture: texture::Texture,
[INFO] [stdout]    |         ^^^^^^^
[INFO] [stdout] 
[INFO] [stdout] 
[INFO] [stdout] warning: associated function `vertex_buffer_layout` is never used
[INFO] [stdout]    --> src/model.rs:167:12
[INFO] [stdout]     |
[INFO] [stdout] 32  | impl Model {
[INFO] [stdout]     | ---------- associated function in this implementation
[INFO] [stdout] ...
[INFO] [stdout] 167 |     pub fn vertex_buffer_layout<'a>() -> wgpu::VertexBufferLayout<'a> {
[INFO] [stdout]     |            ^^^^^^^^^^^^^^^^^^^^
[INFO] [stdout] 
[INFO] [stdout] 
[INFO] [stdout] warning: method `draw_model` is never used
[INFO] [stdout]    --> src/model.rs:188:8
[INFO] [stdout]     |
[INFO] [stdout] 187 | pub trait DrawModel<'a> {
[INFO] [stdout]     |           --------- method in this trait
[INFO] [stdout] 188 |     fn draw_model(&mut self, model: &'a Model);
[INFO] [stdout]     |        ^^^^^^^^^^
[INFO] [stdout] 
[INFO] [stdout] 
[INFO] [stdout] warning: method `bind_group` is never used
[INFO] [stdout]   --> src/render/pipelines/common.rs:34:12
[INFO] [stdout]    |
[INFO] [stdout] 9  | impl Common {
[INFO] [stdout]    | ----------- method in this implementation
[INFO] [stdout] ...
[INFO] [stdout] 34 |     pub fn bind_group(&self, device: &wgpu::Device, view_proj_buffer: &wgpu::Buffer) -> wgpu::BindGroup {
[INFO] [stdout]    |            ^^^^^^^^^^
[INFO] [stdout] 
[INFO] [stdout] 
[INFO] [stdout] warning: method `TEST_get_view_proj_matrix_buffer` should have a snake case name
[INFO] [stdout]    --> src/camera.rs:105:12
[INFO] [stdout]     |
[INFO] [stdout] 105 |     pub fn TEST_get_view_proj_matrix_buffer(&mut self, device: &wgpu::Device) -> Buffer {
[INFO] [stdout]     |            ^^^^^^^^^^^^^^^^^^^^^^^^^^^^^^^^ help: convert the identifier to snake case: `test_get_view_proj_matrix_buffer`
[INFO] [stdout]     |
[INFO] [stdout]     = note: `#[warn(non_snake_case)]` on by default
[INFO] [stdout] 
[INFO] [stdout] 
[INFO] [stderr]     Finished `dev` profile [unoptimized + debuginfo] target(s) in 2m 15s
[INFO] [stderr] warning: the following packages contain code that will be rejected by a future version of Rust: fs_extra v1.2.0
[INFO] [stderr] note: to see what the problems were, use the option `--future-incompat-report`, or run `cargo report future-incompatibilities --id 1`
[INFO] running `Command { std: "docker" "inspect" "02f9e37f7153afb8c062a0ba9e58b4b7b0e203e79b8c5a9fbcbebc64463c86af", kill_on_drop: false }`
[INFO] running `Command { std: "docker" "rm" "-f" "02f9e37f7153afb8c062a0ba9e58b4b7b0e203e79b8c5a9fbcbebc64463c86af", kill_on_drop: false }`
[INFO] [stdout] 02f9e37f7153afb8c062a0ba9e58b4b7b0e203e79b8c5a9fbcbebc64463c86af
[INFO] running `Command { std: "docker" "create" "-v" "/var/lib/crater-agent-workspace/builds/worker-2-tc1/target:/opt/rustwide/target:rw,Z" "-v" "/var/lib/crater-agent-workspace/builds/worker-2-tc1/source:/opt/rustwide/workdir:ro,Z" "-v" "/var/lib/crater-agent-workspace/cargo-home:/opt/rustwide/cargo-home:ro,Z" "-v" "/var/lib/crater-agent-workspace/rustup-home:/opt/rustwide/rustup-home:ro,Z" "-e" "SOURCE_DIR=/opt/rustwide/workdir" "-e" "CARGO_TARGET_DIR=/opt/rustwide/target" "-e" "CARGO_INCREMENTAL=0" "-e" "RUST_BACKTRACE=full" "-e" "RUSTFLAGS=--cap-lints=warn" "-e" "RUSTDOCFLAGS=--cap-lints=warn" "-e" "CARGO_HOME=/opt/rustwide/cargo-home" "-e" "RUSTUP_HOME=/opt/rustwide/rustup-home" "-w" "/opt/rustwide/workdir" "-m" "1610612736" "--user" "0:0" "--network" "none" "ghcr.io/rust-lang/crates-build-env/linux@sha256:f3a9d4ad9d972b27faf3965f35b62e55ba32bbce8f20bc8fe909558a86702fde" "/opt/rustwide/cargo-home/bin/cargo" "+1.83.0" "test" "--frozen" "--no-run" "--message-format=json", kill_on_drop: false }`
[INFO] [stdout] 28e3ec1207457f860b6cff430c74c2005b3ea31bcc0a5e502b10d8b52ced7cd7
[INFO] running `Command { std: "docker" "start" "-a" "28e3ec1207457f860b6cff430c74c2005b3ea31bcc0a5e502b10d8b52ced7cd7", kill_on_drop: false }`
[INFO] [stderr]    Compiling ebenya v0.1.0 (/opt/rustwide/workdir)
[INFO] [stdout] warning: unused import: `model::DrawModel`
[INFO] [stdout]  --> src/lib.rs:1:5
[INFO] [stdout]   |
[INFO] [stdout] 1 | use model::DrawModel;
[INFO] [stdout]   |     ^^^^^^^^^^^^^^^^
[INFO] [stdout]   |
[INFO] [stdout]   = note: `#[warn(unused_imports)]` on by default
[INFO] [stdout] 
[INFO] [stdout] 
[INFO] [stdout] warning: unused import: `std::default`
[INFO] [stdout]  --> src/lib.rs:2:5
[INFO] [stdout]   |
[INFO] [stdout] 2 | use std::default;
[INFO] [stdout]   |     ^^^^^^^^^^^^
[INFO] [stdout] 
[INFO] [stdout] 
[INFO] [stdout] warning: unused import: `winit::window::CursorGrabMode`
[INFO] [stdout]   --> src/lib.rs:11:5
[INFO] [stdout]    |
[INFO] [stdout] 11 | use winit::window::CursorGrabMode;
[INFO] [stdout]    |     ^^^^^^^^^^^^^^^^^^^^^^^^^^^^^
[INFO] [stdout] 
[INFO] [stdout] 
[INFO] [stdout] warning: unused import: `writer::*`
[INFO] [stdout]  --> src/log/mod.rs:3:9
[INFO] [stdout]   |
[INFO] [stdout] 3 | pub use writer::*;
[INFO] [stdout]   |         ^^^^^^^^^
[INFO] [stdout] 
[INFO] [stdout] 
[INFO] [stdout] warning: unused import: `borrow::Borrow`
[INFO] [stdout]  --> src/model.rs:1:42
[INFO] [stdout]   |
[INFO] [stdout] 1 | use std::{fs, io::Read, mem, path::Path, borrow::Borrow};
[INFO] [stdout]   |                                          ^^^^^^^^^^^^^^
[INFO] [stdout] 
[INFO] [stdout] 
[INFO] [stdout] warning: unused import: `BindGroupLayout`
[INFO] [stdout]  --> src/model.rs:3:49
[INFO] [stdout]   |
[INFO] [stdout] 3 | use wgpu::{util::DeviceExt, RenderPass, Buffer, BindGroupLayout};
[INFO] [stdout]   |                                                 ^^^^^^^^^^^^^^^
[INFO] [stdout] 
[INFO] [stdout] 
[INFO] [stdout] warning: unused variable: `camera_bind_group_layout`
[INFO] [stdout]    --> src/lib.rs:206:14
[INFO] [stdout]     |
[INFO] [stdout] 206 |         let (camera_bind_group_layout, camera_bind_group, camera_buffer) =
[INFO] [stdout]     |              ^^^^^^^^^^^^^^^^^^^^^^^^ help: if this is intentional, prefix it with an underscore: `_camera_bind_group_layout`
[INFO] [stdout]     |
[INFO] [stdout]     = note: `#[warn(unused_variables)]` on by default
[INFO] [stdout] 
[INFO] [stdout] 
[INFO] [stdout] warning: unused import: `model::DrawModel`
[INFO] [stdout]  --> src/lib.rs:1:5
[INFO] [stdout]   |
[INFO] [stdout] 1 | use model::DrawModel;
[INFO] [stdout]   |     ^^^^^^^^^^^^^^^^
[INFO] [stdout]   |
[INFO] [stdout]   = note: `#[warn(unused_imports)]` on by default
[INFO] [stdout] 
[INFO] [stdout] 
[INFO] [stdout] warning: unused import: `std::default`
[INFO] [stdout]  --> src/lib.rs:2:5
[INFO] [stdout]   |
[INFO] [stdout] 2 | use std::default;
[INFO] [stdout]   |     ^^^^^^^^^^^^
[INFO] [stdout] 
[INFO] [stdout] 
[INFO] [stdout] warning: unused import: `winit::window::CursorGrabMode`
[INFO] [stdout]   --> src/lib.rs:11:5
[INFO] [stdout]    |
[INFO] [stdout] 11 | use winit::window::CursorGrabMode;
[INFO] [stdout]    |     ^^^^^^^^^^^^^^^^^^^^^^^^^^^^^
[INFO] [stdout] 
[INFO] [stdout] 
[INFO] [stdout] warning: unused import: `borrow::Borrow`
[INFO] [stdout]  --> src/model.rs:1:42
[INFO] [stdout]   |
[INFO] [stdout] 1 | use std::{fs, io::Read, mem, path::Path, borrow::Borrow};
[INFO] [stdout]   |                                          ^^^^^^^^^^^^^^
[INFO] [stdout] 
[INFO] [stdout] 
[INFO] [stdout] warning: unused import: `BindGroupLayout`
[INFO] [stdout]  --> src/model.rs:3:49
[INFO] [stdout]   |
[INFO] [stdout] 3 | use wgpu::{util::DeviceExt, RenderPass, Buffer, BindGroupLayout};
[INFO] [stdout]   |                                                 ^^^^^^^^^^^^^^^
[INFO] [stdout] 
[INFO] [stdout] 
[INFO] [stdout] warning: unused variable: `camera_bind_group_layout`
[INFO] [stdout]    --> src/lib.rs:206:14
[INFO] [stdout]     |
[INFO] [stdout] 206 |         let (camera_bind_group_layout, camera_bind_group, camera_buffer) =
[INFO] [stdout]     |              ^^^^^^^^^^^^^^^^^^^^^^^^ help: if this is intentional, prefix it with an underscore: `_camera_bind_group_layout`
[INFO] [stdout]     |
[INFO] [stdout]     = note: `#[warn(unused_variables)]` on by default
[INFO] [stdout] 
[INFO] [stdout] 
[INFO] [stdout] warning: unused variable: `vertex_buffer`
[INFO] [stdout]    --> src/model.rs:127:21
[INFO] [stdout]     |
[INFO] [stdout] 127 |                 let vertex_buffer = device.create_buffer_init(
[INFO] [stdout]     |                     ^^^^^^^^^^^^^ help: if this is intentional, prefix it with an underscore: `_vertex_buffer`
[INFO] [stdout] 
[INFO] [stdout] 
[INFO] [stdout] warning: unused variable: `index_buffer`
[INFO] [stdout]    --> src/model.rs:136:21
[INFO] [stdout]     |
[INFO] [stdout] 136 |                 let index_buffer = device.create_buffer_init(
[INFO] [stdout]     |                     ^^^^^^^^^^^^ help: if this is intentional, prefix it with an underscore: `_index_buffer`
[INFO] [stdout] 
[INFO] [stdout] 
[INFO] [stdout] warning: unused variable: `material_index`
[INFO] [stdout]    --> src/model.rs:144:21
[INFO] [stdout]     |
[INFO] [stdout] 144 |                 let material_index = primitive
[INFO] [stdout]     |                     ^^^^^^^^^^^^^^ help: if this is intentional, prefix it with an underscore: `_material_index`
[INFO] [stdout] 
[INFO] [stdout] 
[INFO] [stdout] warning: variable does not need to be mutable
[INFO] [stdout]   --> src/model.rs:41:13
[INFO] [stdout]    |
[INFO] [stdout] 41 |         let mut meshes: Vec<Mesh> = Vec::new();
[INFO] [stdout]    |             ----^^^^^^
[INFO] [stdout]    |             |
[INFO] [stdout]    |             help: remove this `mut`
[INFO] [stdout]    |
[INFO] [stdout]    = note: `#[warn(unused_mut)]` on by default
[INFO] [stdout] 
[INFO] [stdout] 
[INFO] [stdout] warning: fields `texture_bind_group_layout`, `vertex_buffer`, and `obj_model` are never read
[INFO] [stdout]   --> src/lib.rs:86:5
[INFO] [stdout]    |
[INFO] [stdout] 73 | struct State {
[INFO] [stdout]    |        ----- fields in this struct
[INFO] [stdout] ...
[INFO] [stdout] 86 |     texture_bind_group_layout: BindGroupLayout,
[INFO] [stdout]    |     ^^^^^^^^^^^^^^^^^^^^^^^^^
[INFO] [stdout] 87 |
[INFO] [stdout] 88 |     vertex_buffer: wgpu::Buffer,
[INFO] [stdout]    |     ^^^^^^^^^^^^^
[INFO] [stdout] ...
[INFO] [stdout] 91 |     obj_model: model::Model
[INFO] [stdout]    |     ^^^^^^^^^
[INFO] [stdout]    |
[INFO] [stdout]    = note: `#[warn(dead_code)]` on by default
[INFO] [stdout] 
[INFO] [stdout] 
[INFO] [stdout] warning: struct `Vector4` is never constructed
[INFO] [stdout]   --> src/vmath/vector.rs:69:12
[INFO] [stdout]    |
[INFO] [stdout] 69 | pub struct Vector4<T> {
[INFO] [stdout]    |            ^^^^^^^
[INFO] [stdout]    |
[INFO] [stdout]    = note: `Vector4` has derived impls for the traits `Debug` and `Clone`, but these are intentionally ignored during dead code analysis
[INFO] [stdout] 
[INFO] [stdout] 
[INFO] [stdout] warning: associated function `new` is never used
[INFO] [stdout]   --> src/vmath/vector.rs:77:12
[INFO] [stdout]    |
[INFO] [stdout] 76 | impl<T> Vector4<T> {
[INFO] [stdout]    | ------------------ associated function in this implementation
[INFO] [stdout] 77 |     pub fn new(x: T, y: T, z: T, w: T) -> Self {
[INFO] [stdout]    |            ^^^
[INFO] [stdout] 
[INFO] [stdout] 
[INFO] [stdout] warning: function `write` is never used
[INFO] [stdout]  --> src/log/writer.rs:4:8
[INFO] [stdout]   |
[INFO] [stdout] 4 | pub fn write(file_name: &str, message: &str, tag: Option<&str>) -> std::io::Result<()> {
[INFO] [stdout]   |        ^^^^^
[INFO] [stdout] 
[INFO] [stdout] 
[INFO] [stdout] warning: fields `texture` and `sampler` are never read
[INFO] [stdout]  --> src/texture.rs:5:9
[INFO] [stdout]   |
[INFO] [stdout] 4 | pub struct Texture {
[INFO] [stdout]   |            ------- fields in this struct
[INFO] [stdout] 5 |     pub texture: wgpu::Texture,
[INFO] [stdout]   |         ^^^^^^^
[INFO] [stdout] 6 |     pub view: wgpu::TextureView,
[INFO] [stdout] 7 |     pub sampler: wgpu::Sampler,
[INFO] [stdout]   |         ^^^^^^^
[INFO] [stdout] 
[INFO] [stdout] 
[INFO] [stdout] warning: method `TEST_get_view_proj_matrix_buffer` is never used
[INFO] [stdout]    --> src/camera.rs:105:12
[INFO] [stdout]     |
[INFO] [stdout] 45  | impl Camera {
[INFO] [stdout]     | ----------- method in this implementation
[INFO] [stdout] ...
[INFO] [stdout] 105 |     pub fn TEST_get_view_proj_matrix_buffer(&mut self, device: &wgpu::Device) -> Buffer {
[INFO] [stdout]     |            ^^^^^^^^^^^^^^^^^^^^^^^^^^^^^^^^
[INFO] [stdout] 
[INFO] [stdout] 
[INFO] [stdout] warning: field `material` is never read
[INFO] [stdout]   --> src/model.rs:20:9
[INFO] [stdout]    |
[INFO] [stdout] 15 | pub struct Mesh {
[INFO] [stdout]    |            ---- field in this struct
[INFO] [stdout] ...
[INFO] [stdout] 20 |     pub material: Material,
[INFO] [stdout]    |         ^^^^^^^^
[INFO] [stdout] 
[INFO] [stdout] 
[INFO] [stdout] warning: field `position` is never read
[INFO] [stdout]   --> src/model.rs:24:9
[INFO] [stdout]    |
[INFO] [stdout] 23 | pub struct Model {
[INFO] [stdout]    |            ----- field in this struct
[INFO] [stdout] 24 |     pub position: vmath::Vector3<f32>,
[INFO] [stdout]    |         ^^^^^^^^
[INFO] [stdout] 
[INFO] [stdout] 
[INFO] [stdout] warning: field `texture` is never read
[INFO] [stdout]   --> src/model.rs:29:9
[INFO] [stdout]    |
[INFO] [stdout] 28 | pub struct Material {
[INFO] [stdout]    |            -------- field in this struct
[INFO] [stdout] 29 |     pub texture: texture::Texture,
[INFO] [stdout]    |         ^^^^^^^
[INFO] [stdout] 
[INFO] [stdout] 
[INFO] [stdout] warning: associated function `vertex_buffer_layout` is never used
[INFO] [stdout]    --> src/model.rs:167:12
[INFO] [stdout]     |
[INFO] [stdout] 32  | impl Model {
[INFO] [stdout]     | ---------- associated function in this implementation
[INFO] [stdout] ...
[INFO] [stdout] 167 |     pub fn vertex_buffer_layout<'a>() -> wgpu::VertexBufferLayout<'a> {
[INFO] [stdout]     |            ^^^^^^^^^^^^^^^^^^^^
[INFO] [stdout] 
[INFO] [stdout] 
[INFO] [stdout] warning: method `draw_model` is never used
[INFO] [stdout]    --> src/model.rs:188:8
[INFO] [stdout]     |
[INFO] [stdout] 187 | pub trait DrawModel<'a> {
[INFO] [stdout]     |           --------- method in this trait
[INFO] [stdout] 188 |     fn draw_model(&mut self, model: &'a Model);
[INFO] [stdout]     |        ^^^^^^^^^^
[INFO] [stdout] 
[INFO] [stdout] 
[INFO] [stdout] warning: method `bind_group` is never used
[INFO] [stdout]   --> src/render/pipelines/common.rs:34:12
[INFO] [stdout]    |
[INFO] [stdout] 9  | impl Common {
[INFO] [stdout]    | ----------- method in this implementation
[INFO] [stdout] ...
[INFO] [stdout] 34 |     pub fn bind_group(&self, device: &wgpu::Device, view_proj_buffer: &wgpu::Buffer) -> wgpu::BindGroup {
[INFO] [stdout]    |            ^^^^^^^^^^
[INFO] [stdout] 
[INFO] [stdout] 
[INFO] [stdout] warning: method `TEST_get_view_proj_matrix_buffer` should have a snake case name
[INFO] [stdout]    --> src/camera.rs:105:12
[INFO] [stdout]     |
[INFO] [stdout] 105 |     pub fn TEST_get_view_proj_matrix_buffer(&mut self, device: &wgpu::Device) -> Buffer {
[INFO] [stdout]     |            ^^^^^^^^^^^^^^^^^^^^^^^^^^^^^^^^ help: convert the identifier to snake case: `test_get_view_proj_matrix_buffer`
[INFO] [stdout]     |
[INFO] [stdout]     = note: `#[warn(non_snake_case)]` on by default
[INFO] [stdout] 
[INFO] [stdout] 
[INFO] [stdout] warning: unused variable: `vertex_buffer`
[INFO] [stdout]    --> src/model.rs:127:21
[INFO] [stdout]     |
[INFO] [stdout] 127 |                 let vertex_buffer = device.create_buffer_init(
[INFO] [stdout]     |                     ^^^^^^^^^^^^^ help: if this is intentional, prefix it with an underscore: `_vertex_buffer`
[INFO] [stdout] 
[INFO] [stdout] 
[INFO] [stdout] warning: unused variable: `index_buffer`
[INFO] [stdout]    --> src/model.rs:136:21
[INFO] [stdout]     |
[INFO] [stdout] 136 |                 let index_buffer = device.create_buffer_init(
[INFO] [stdout]     |                     ^^^^^^^^^^^^ help: if this is intentional, prefix it with an underscore: `_index_buffer`
[INFO] [stdout] 
[INFO] [stdout] 
[INFO] [stdout] warning: unused variable: `material_index`
[INFO] [stdout]    --> src/model.rs:144:21
[INFO] [stdout]     |
[INFO] [stdout] 144 |                 let material_index = primitive
[INFO] [stdout]     |                     ^^^^^^^^^^^^^^ help: if this is intentional, prefix it with an underscore: `_material_index`
[INFO] [stdout] 
[INFO] [stdout] 
[INFO] [stdout] warning: variable does not need to be mutable
[INFO] [stdout]   --> src/model.rs:41:13
[INFO] [stdout]    |
[INFO] [stdout] 41 |         let mut meshes: Vec<Mesh> = Vec::new();
[INFO] [stdout]    |             ----^^^^^^
[INFO] [stdout]    |             |
[INFO] [stdout]    |             help: remove this `mut`
[INFO] [stdout]    |
[INFO] [stdout]    = note: `#[warn(unused_mut)]` on by default
[INFO] [stdout] 
[INFO] [stdout] 
[INFO] [stdout] warning: fields `texture_bind_group_layout`, `vertex_buffer`, and `obj_model` are never read
[INFO] [stdout]   --> src/lib.rs:86:5
[INFO] [stdout]    |
[INFO] [stdout] 73 | struct State {
[INFO] [stdout]    |        ----- fields in this struct
[INFO] [stdout] ...
[INFO] [stdout] 86 |     texture_bind_group_layout: BindGroupLayout,
[INFO] [stdout]    |     ^^^^^^^^^^^^^^^^^^^^^^^^^
[INFO] [stdout] 87 |
[INFO] [stdout] 88 |     vertex_buffer: wgpu::Buffer,
[INFO] [stdout]    |     ^^^^^^^^^^^^^
[INFO] [stdout] ...
[INFO] [stdout] 91 |     obj_model: model::Model
[INFO] [stdout]    |     ^^^^^^^^^
[INFO] [stdout]    |
[INFO] [stdout]    = note: `#[warn(dead_code)]` on by default
[INFO] [stdout] 
[INFO] [stdout] 
[INFO] [stdout] warning: struct `Vector4` is never constructed
[INFO] [stdout]   --> src/vmath/vector.rs:69:12
[INFO] [stdout]    |
[INFO] [stdout] 69 | pub struct Vector4<T> {
[INFO] [stdout]    |            ^^^^^^^
[INFO] [stdout]    |
[INFO] [stdout]    = note: `Vector4` has derived impls for the traits `Debug` and `Clone`, but these are intentionally ignored during dead code analysis
[INFO] [stdout] 
[INFO] [stdout] 
[INFO] [stdout] warning: associated function `new` is never used
[INFO] [stdout]   --> src/vmath/vector.rs:77:12
[INFO] [stdout]    |
[INFO] [stdout] 76 | impl<T> Vector4<T> {
[INFO] [stdout]    | ------------------ associated function in this implementation
[INFO] [stdout] 77 |     pub fn new(x: T, y: T, z: T, w: T) -> Self {
[INFO] [stdout]    |            ^^^
[INFO] [stdout] 
[INFO] [stdout] 
[INFO] [stdout] warning: fields `texture` and `sampler` are never read
[INFO] [stdout]  --> src/texture.rs:5:9
[INFO] [stdout]   |
[INFO] [stdout] 4 | pub struct Texture {
[INFO] [stdout]   |            ------- fields in this struct
[INFO] [stdout] 5 |     pub texture: wgpu::Texture,
[INFO] [stdout]   |         ^^^^^^^
[INFO] [stdout] 6 |     pub view: wgpu::TextureView,
[INFO] [stdout] 7 |     pub sampler: wgpu::Sampler,
[INFO] [stdout]   |         ^^^^^^^
[INFO] [stdout] 
[INFO] [stdout] 
[INFO] [stdout] warning: method `TEST_get_view_proj_matrix_buffer` is never used
[INFO] [stdout]    --> src/camera.rs:105:12
[INFO] [stdout]     |
[INFO] [stdout] 45  | impl Camera {
[INFO] [stdout]     | ----------- method in this implementation
[INFO] [stdout] ...
[INFO] [stdout] 105 |     pub fn TEST_get_view_proj_matrix_buffer(&mut self, device: &wgpu::Device) -> Buffer {
[INFO] [stdout]     |            ^^^^^^^^^^^^^^^^^^^^^^^^^^^^^^^^
[INFO] [stdout] 
[INFO] [stdout] 
[INFO] [stdout] warning: field `material` is never read
[INFO] [stdout]   --> src/model.rs:20:9
[INFO] [stdout]    |
[INFO] [stdout] 15 | pub struct Mesh {
[INFO] [stdout]    |            ---- field in this struct
[INFO] [stdout] ...
[INFO] [stdout] 20 |     pub material: Material,
[INFO] [stdout]    |         ^^^^^^^^
[INFO] [stdout] 
[INFO] [stdout] 
[INFO] [stdout] warning: field `position` is never read
[INFO] [stdout]   --> src/model.rs:24:9
[INFO] [stdout]    |
[INFO] [stdout] 23 | pub struct Model {
[INFO] [stdout]    |            ----- field in this struct
[INFO] [stdout] 24 |     pub position: vmath::Vector3<f32>,
[INFO] [stdout]    |         ^^^^^^^^
[INFO] [stdout] 
[INFO] [stdout] 
[INFO] [stdout] warning: field `texture` is never read
[INFO] [stdout]   --> src/model.rs:29:9
[INFO] [stdout]    |
[INFO] [stdout] 28 | pub struct Material {
[INFO] [stdout]    |            -------- field in this struct
[INFO] [stdout] 29 |     pub texture: texture::Texture,
[INFO] [stdout]    |         ^^^^^^^
[INFO] [stdout] 
[INFO] [stdout] 
[INFO] [stdout] warning: associated function `vertex_buffer_layout` is never used
[INFO] [stdout]    --> src/model.rs:167:12
[INFO] [stdout]     |
[INFO] [stdout] 32  | impl Model {
[INFO] [stdout]     | ---------- associated function in this implementation
[INFO] [stdout] ...
[INFO] [stdout] 167 |     pub fn vertex_buffer_layout<'a>() -> wgpu::VertexBufferLayout<'a> {
[INFO] [stdout]     |            ^^^^^^^^^^^^^^^^^^^^
[INFO] [stdout] 
[INFO] [stdout] 
[INFO] [stdout] warning: method `draw_model` is never used
[INFO] [stdout]    --> src/model.rs:188:8
[INFO] [stdout]     |
[INFO] [stdout] 187 | pub trait DrawModel<'a> {
[INFO] [stdout]     |           --------- method in this trait
[INFO] [stdout] 188 |     fn draw_model(&mut self, model: &'a Model);
[INFO] [stdout]     |        ^^^^^^^^^^
[INFO] [stdout] 
[INFO] [stdout] 
[INFO] [stdout] warning: method `bind_group` is never used
[INFO] [stdout]   --> src/render/pipelines/common.rs:34:12
[INFO] [stdout]    |
[INFO] [stdout] 9  | impl Common {
[INFO] [stdout]    | ----------- method in this implementation
[INFO] [stdout] ...
[INFO] [stdout] 34 |     pub fn bind_group(&self, device: &wgpu::Device, view_proj_buffer: &wgpu::Buffer) -> wgpu::BindGroup {
[INFO] [stdout]    |            ^^^^^^^^^^
[INFO] [stdout] 
[INFO] [stdout] 
[INFO] [stdout] warning: method `TEST_get_view_proj_matrix_buffer` should have a snake case name
[INFO] [stdout]    --> src/camera.rs:105:12
[INFO] [stdout]     |
[INFO] [stdout] 105 |     pub fn TEST_get_view_proj_matrix_buffer(&mut self, device: &wgpu::Device) -> Buffer {
[INFO] [stdout]     |            ^^^^^^^^^^^^^^^^^^^^^^^^^^^^^^^^ help: convert the identifier to snake case: `test_get_view_proj_matrix_buffer`
[INFO] [stdout]     |
[INFO] [stdout]     = note: `#[warn(non_snake_case)]` on by default
[INFO] [stdout] 
[INFO] [stdout] 
[INFO] [stderr]     Finished `test` profile [unoptimized + debuginfo] target(s) in 3.68s
[INFO] [stderr] warning: the following packages contain code that will be rejected by a future version of Rust: fs_extra v1.2.0
[INFO] [stderr] note: to see what the problems were, use the option `--future-incompat-report`, or run `cargo report future-incompatibilities --id 1`
[INFO] running `Command { std: "docker" "inspect" "28e3ec1207457f860b6cff430c74c2005b3ea31bcc0a5e502b10d8b52ced7cd7", kill_on_drop: false }`
[INFO] running `Command { std: "docker" "rm" "-f" "28e3ec1207457f860b6cff430c74c2005b3ea31bcc0a5e502b10d8b52ced7cd7", kill_on_drop: false }`
[INFO] [stdout] 28e3ec1207457f860b6cff430c74c2005b3ea31bcc0a5e502b10d8b52ced7cd7
[INFO] running `Command { std: "docker" "create" "-v" "/var/lib/crater-agent-workspace/builds/worker-2-tc1/target:/opt/rustwide/target:rw,Z" "-v" "/var/lib/crater-agent-workspace/builds/worker-2-tc1/source:/opt/rustwide/workdir:ro,Z" "-v" "/var/lib/crater-agent-workspace/cargo-home:/opt/rustwide/cargo-home:ro,Z" "-v" "/var/lib/crater-agent-workspace/rustup-home:/opt/rustwide/rustup-home:ro,Z" "-e" "SOURCE_DIR=/opt/rustwide/workdir" "-e" "CARGO_TARGET_DIR=/opt/rustwide/target" "-e" "CARGO_INCREMENTAL=0" "-e" "RUST_BACKTRACE=full" "-e" "RUSTFLAGS=--cap-lints=warn" "-e" "RUSTDOCFLAGS=--cap-lints=warn" "-e" "CARGO_HOME=/opt/rustwide/cargo-home" "-e" "RUSTUP_HOME=/opt/rustwide/rustup-home" "-w" "/opt/rustwide/workdir" "-m" "1610612736" "--user" "0:0" "--network" "none" "ghcr.io/rust-lang/crates-build-env/linux@sha256:f3a9d4ad9d972b27faf3965f35b62e55ba32bbce8f20bc8fe909558a86702fde" "/opt/rustwide/cargo-home/bin/cargo" "+1.83.0" "test" "--frozen", kill_on_drop: false }`
[INFO] [stdout] b49d2a459f699e020f08013c62887d5b295f5e9fdde81ea831c8e3cb92e36dc6
[INFO] running `Command { std: "docker" "start" "-a" "b49d2a459f699e020f08013c62887d5b295f5e9fdde81ea831c8e3cb92e36dc6", kill_on_drop: false }`
[INFO] [stderr]    Compiling ebenya v0.1.0 (/opt/rustwide/workdir)
[INFO] [stderr] warning: unused import: `model::DrawModel`
[INFO] [stderr]  --> src/lib.rs:1:5
[INFO] [stderr]   |
[INFO] [stderr] 1 | use model::DrawModel;
[INFO] [stderr]   |     ^^^^^^^^^^^^^^^^
[INFO] [stderr]   |
[INFO] [stderr]   = note: `#[warn(unused_imports)]` on by default
[INFO] [stderr] 
[INFO] [stderr] warning: unused import: `std::default`
[INFO] [stderr]  --> src/lib.rs:2:5
[INFO] [stderr]   |
[INFO] [stderr] 2 | use std::default;
[INFO] [stderr]   |     ^^^^^^^^^^^^
[INFO] [stderr] 
[INFO] [stderr] warning: unused import: `winit::window::CursorGrabMode`
[INFO] [stderr]   --> src/lib.rs:11:5
[INFO] [stderr]    |
[INFO] [stderr] 11 | use winit::window::CursorGrabMode;
[INFO] [stderr]    |     ^^^^^^^^^^^^^^^^^^^^^^^^^^^^^
[INFO] [stderr] 
[INFO] [stderr] warning: unused import: `writer::*`
[INFO] [stderr]  --> src/log/mod.rs:3:9
[INFO] [stderr]   |
[INFO] [stderr] 3 | pub use writer::*;
[INFO] [stderr]   |         ^^^^^^^^^
[INFO] [stderr] 
[INFO] [stderr] warning: unused import: `borrow::Borrow`
[INFO] [stderr]  --> src/model.rs:1:42
[INFO] [stderr]   |
[INFO] [stderr] 1 | use std::{fs, io::Read, mem, path::Path, borrow::Borrow};
[INFO] [stderr]   |                                          ^^^^^^^^^^^^^^
[INFO] [stderr] 
[INFO] [stderr] warning: unused import: `BindGroupLayout`
[INFO] [stderr]  --> src/model.rs:3:49
[INFO] [stderr]   |
[INFO] [stderr] 3 | use wgpu::{util::DeviceExt, RenderPass, Buffer, BindGroupLayout};
[INFO] [stderr]   |                                                 ^^^^^^^^^^^^^^^
[INFO] [stderr] 
[INFO] [stderr] warning: unused variable: `camera_bind_group_layout`
[INFO] [stderr]    --> src/lib.rs:206:14
[INFO] [stderr]     |
[INFO] [stderr] 206 |         let (camera_bind_group_layout, camera_bind_group, camera_buffer) =
[INFO] [stderr]     |              ^^^^^^^^^^^^^^^^^^^^^^^^ help: if this is intentional, prefix it with an underscore: `_camera_bind_group_layout`
[INFO] [stderr]     |
[INFO] [stderr]     = note: `#[warn(unused_variables)]` on by default
[INFO] [stderr] 
[INFO] [stderr] warning: unused variable: `vertex_buffer`
[INFO] [stderr]    --> src/model.rs:127:21
[INFO] [stderr]     |
[INFO] [stderr] 127 |                 let vertex_buffer = device.create_buffer_init(
[INFO] [stderr]     |                     ^^^^^^^^^^^^^ help: if this is intentional, prefix it with an underscore: `_vertex_buffer`
[INFO] [stderr] 
[INFO] [stderr] warning: unused variable: `index_buffer`
[INFO] [stderr]    --> src/model.rs:136:21
[INFO] [stderr]     |
[INFO] [stderr] 136 |                 let index_buffer = device.create_buffer_init(
[INFO] [stderr]     |                     ^^^^^^^^^^^^ help: if this is intentional, prefix it with an underscore: `_index_buffer`
[INFO] [stderr] 
[INFO] [stderr] warning: unused variable: `material_index`
[INFO] [stderr]    --> src/model.rs:144:21
[INFO] [stderr]     |
[INFO] [stderr] 144 |                 let material_index = primitive
[INFO] [stderr]     |                     ^^^^^^^^^^^^^^ help: if this is intentional, prefix it with an underscore: `_material_index`
[INFO] [stderr] 
[INFO] [stderr] warning: variable does not need to be mutable
[INFO] [stderr]   --> src/model.rs:41:13
[INFO] [stderr]    |
[INFO] [stderr] 41 |         let mut meshes: Vec<Mesh> = Vec::new();
[INFO] [stderr]    |             ----^^^^^^
[INFO] [stderr]    |             |
[INFO] [stderr]    |             help: remove this `mut`
[INFO] [stderr]    |
[INFO] [stderr]    = note: `#[warn(unused_mut)]` on by default
[INFO] [stderr] 
[INFO] [stderr] warning: fields `texture_bind_group_layout`, `vertex_buffer`, and `obj_model` are never read
[INFO] [stderr]   --> src/lib.rs:86:5
[INFO] [stderr]    |
[INFO] [stderr] 73 | struct State {
[INFO] [stderr]    |        ----- fields in this struct
[INFO] [stderr] ...
[INFO] [stderr] 86 |     texture_bind_group_layout: BindGroupLayout,
[INFO] [stderr]    |     ^^^^^^^^^^^^^^^^^^^^^^^^^
[INFO] [stderr] 87 |
[INFO] [stderr] 88 |     vertex_buffer: wgpu::Buffer,
[INFO] [stderr]    |     ^^^^^^^^^^^^^
[INFO] [stderr] ...
[INFO] [stderr] 91 |     obj_model: model::Model
[INFO] [stderr]    |     ^^^^^^^^^
[INFO] [stderr]    |
[INFO] [stderr]    = note: `#[warn(dead_code)]` on by default
[INFO] [stderr] 
[INFO] [stderr] warning: struct `Vector4` is never constructed
[INFO] [stderr]   --> src/vmath/vector.rs:69:12
[INFO] [stderr]    |
[INFO] [stderr] 69 | pub struct Vector4<T> {
[INFO] [stderr]    |            ^^^^^^^
[INFO] [stderr]    |
[INFO] [stderr]    = note: `Vector4` has derived impls for the traits `Debug` and `Clone`, but these are intentionally ignored during dead code analysis
[INFO] [stderr] 
[INFO] [stderr] warning: associated function `new` is never used
[INFO] [stderr]   --> src/vmath/vector.rs:77:12
[INFO] [stderr]    |
[INFO] [stderr] 76 | impl<T> Vector4<T> {
[INFO] [stderr]    | ------------------ associated function in this implementation
[INFO] [stderr] 77 |     pub fn new(x: T, y: T, z: T, w: T) -> Self {
[INFO] [stderr]    |            ^^^
[INFO] [stderr] 
[INFO] [stderr] warning: function `write` is never used
[INFO] [stderr]  --> src/log/writer.rs:4:8
[INFO] [stderr]   |
[INFO] [stderr] 4 | pub fn write(file_name: &str, message: &str, tag: Option<&str>) -> std::io::Result<()> {
[INFO] [stderr]   |        ^^^^^
[INFO] [stderr] 
[INFO] [stderr] warning: fields `texture` and `sampler` are never read
[INFO] [stderr]  --> src/texture.rs:5:9
[INFO] [stderr]   |
[INFO] [stderr] 4 | pub struct Texture {
[INFO] [stderr]   |            ------- fields in this struct
[INFO] [stderr] 5 |     pub texture: wgpu::Texture,
[INFO] [stderr]   |         ^^^^^^^
[INFO] [stderr] 6 |     pub view: wgpu::TextureView,
[INFO] [stderr] 7 |     pub sampler: wgpu::Sampler,
[INFO] [stderr]   |         ^^^^^^^
[INFO] [stderr] 
[INFO] [stderr] warning: method `TEST_get_view_proj_matrix_buffer` is never used
[INFO] [stderr]    --> src/camera.rs:105:12
[INFO] [stderr]     |
[INFO] [stderr] 45  | impl Camera {
[INFO] [stderr]     | ----------- method in this implementation
[INFO] [stderr] ...
[INFO] [stderr] 105 |     pub fn TEST_get_view_proj_matrix_buffer(&mut self, device: &wgpu::Device) -> Buffer {
[INFO] [stderr]     |            ^^^^^^^^^^^^^^^^^^^^^^^^^^^^^^^^
[INFO] [stderr] 
[INFO] [stderr] warning: field `material` is never read
[INFO] [stderr]   --> src/model.rs:20:9
[INFO] [stderr]    |
[INFO] [stderr] 15 | pub struct Mesh {
[INFO] [stderr]    |            ---- field in this struct
[INFO] [stderr] ...
[INFO] [stderr] 20 |     pub material: Material,
[INFO] [stderr]    |         ^^^^^^^^
[INFO] [stderr] 
[INFO] [stderr] warning: field `position` is never read
[INFO] [stderr]   --> src/model.rs:24:9
[INFO] [stderr]    |
[INFO] [stderr] 23 | pub struct Model {
[INFO] [stderr]    |            ----- field in this struct
[INFO] [stderr] 24 |     pub position: vmath::Vector3<f32>,
[INFO] [stderr]    |         ^^^^^^^^
[INFO] [stderr] 
[INFO] [stderr] warning: field `texture` is never read
[INFO] [stderr]   --> src/model.rs:29:9
[INFO] [stderr]    |
[INFO] [stderr] 28 | pub struct Material {
[INFO] [stderr]    |            -------- field in this struct
[INFO] [stderr] 29 |     pub texture: texture::Texture,
[INFO] [stderr]    |         ^^^^^^^
[INFO] [stderr] 
[INFO] [stderr] warning: associated function `vertex_buffer_layout` is never used
[INFO] [stderr]    --> src/model.rs:167:12
[INFO] [stderr]     |
[INFO] [stderr] 32  | impl Model {
[INFO] [stderr]     | ---------- associated function in this implementation
[INFO] [stderr] ...
[INFO] [stderr] 167 |     pub fn vertex_buffer_layout<'a>() -> wgpu::VertexBufferLayout<'a> {
[INFO] [stderr]     |            ^^^^^^^^^^^^^^^^^^^^
[INFO] [stderr] 
[INFO] [stderr] warning: method `draw_model` is never used
[INFO] [stderr]    --> src/model.rs:188:8
[INFO] [stderr]     |
[INFO] [stderr] 187 | pub trait DrawModel<'a> {
[INFO] [stderr]     |           --------- method in this trait
[INFO] [stderr] 188 |     fn draw_model(&mut self, model: &'a Model);
[INFO] [stderr]     |        ^^^^^^^^^^
[INFO] [stderr] 
[INFO] [stderr] warning: method `bind_group` is never used
[INFO] [stderr]   --> src/render/pipelines/common.rs:34:12
[INFO] [stderr]    |
[INFO] [stderr] 9  | impl Common {
[INFO] [stderr]    | ----------- method in this implementation
[INFO] [stderr] ...
[INFO] [stderr] 34 |     pub fn bind_group(&self, device: &wgpu::Device, view_proj_buffer: &wgpu::Buffer) -> wgpu::BindGroup {
[INFO] [stderr]    |            ^^^^^^^^^^
[INFO] [stderr] 
[INFO] [stderr] warning: method `TEST_get_view_proj_matrix_buffer` should have a snake case name
[INFO] [stderr]    --> src/camera.rs:105:12
[INFO] [stderr]     |
[INFO] [stderr] 105 |     pub fn TEST_get_view_proj_matrix_buffer(&mut self, device: &wgpu::Device) -> Buffer {
[INFO] [stderr]     |            ^^^^^^^^^^^^^^^^^^^^^^^^^^^^^^^^ help: convert the identifier to snake case: `test_get_view_proj_matrix_buffer`
[INFO] [stderr]     |
[INFO] [stderr]     = note: `#[warn(non_snake_case)]` on by default
[INFO] [stderr] 
[INFO] [stderr] warning: `ebenya` (lib) generated 24 warnings (run `cargo fix --lib -p ebenya` to apply 7 suggestions)
[INFO] [stderr] warning: `ebenya` (lib test) generated 22 warnings (22 duplicates)
[INFO] [stderr]     Finished `test` profile [unoptimized + debuginfo] target(s) in 3.18s
[INFO] [stderr] warning: the following packages contain code that will be rejected by a future version of Rust: fs_extra v1.2.0
[INFO] [stderr] note: to see what the problems were, use the option `--future-incompat-report`, or run `cargo report future-incompatibilities --id 1`
[INFO] [stderr]      Running unittests src/lib.rs (/opt/rustwide/target/debug/deps/ebenya-9f801e51eb2af90a)
[INFO] [stdout] 
[INFO] [stdout] running 1 test
[INFO] [stdout] test tests::it_works ... FAILED
[INFO] [stdout] 
[INFO] [stdout] failures:
[INFO] [stdout] 
[INFO] [stdout] ---- tests::it_works stdout ----
[INFO] [stdout] thread 'tests::it_works' panicked at src/lib.rs:552:42:
[INFO] [stdout] called `Result::unwrap()` on an `Err` value: Os { code: 30, kind: ReadOnlyFilesystem, message: "Read-only file system" }
[INFO] [stdout] stack backtrace:
[INFO] [stdout]    0:     0x59ab3ea02f1a - std::backtrace_rs::backtrace::libunwind::trace::h5a5b8284f2d0c266
[INFO] [stdout]                                at /rustc/90b35a6239c3d8bdabc530a6a0816f7ff89a0aaf/library/std/src/../../backtrace/src/backtrace/libunwind.rs:116:5
[INFO] [stdout]    1:     0x59ab3ea02f1a - std::backtrace_rs::backtrace::trace_unsynchronized::h76d4f1c9b0b875e3
[INFO] [stdout]                                at /rustc/90b35a6239c3d8bdabc530a6a0816f7ff89a0aaf/library/std/src/../../backtrace/src/backtrace/mod.rs:66:5
[INFO] [stdout]    2:     0x59ab3ea02f1a - std::sys::backtrace::_print_fmt::hc4546b8364a537c6
[INFO] [stdout]                                at /rustc/90b35a6239c3d8bdabc530a6a0816f7ff89a0aaf/library/std/src/sys/backtrace.rs:66:9
[INFO] [stdout]    3:     0x59ab3ea02f1a - <std::sys::backtrace::BacktraceLock::print::DisplayBacktrace as core::fmt::Display>::fmt::h5b6bd5631a6d1f6b
[INFO] [stdout]                                at /rustc/90b35a6239c3d8bdabc530a6a0816f7ff89a0aaf/library/std/src/sys/backtrace.rs:39:26
[INFO] [stdout]    4:     0x59ab3ea283c3 - core::fmt::rt::Argument::fmt::h270f6602a2b96f62
[INFO] [stdout]                                at /rustc/90b35a6239c3d8bdabc530a6a0816f7ff89a0aaf/library/core/src/fmt/rt.rs:177:76
[INFO] [stdout]    5:     0x59ab3ea283c3 - core::fmt::write::h7550c97b06c86515
[INFO] [stdout]                                at /rustc/90b35a6239c3d8bdabc530a6a0816f7ff89a0aaf/library/core/src/fmt/mod.rs:1186:21
[INFO] [stdout]    6:     0x59ab3ea000e3 - std::io::Write::write_fmt::h509ff860e5956e5e
[INFO] [stdout]                                at /rustc/90b35a6239c3d8bdabc530a6a0816f7ff89a0aaf/library/std/src/io/mod.rs:1839:15
[INFO] [stdout]    7:     0x59ab3ea02d62 - std::sys::backtrace::BacktraceLock::print::h2395ccd2c84ba3aa
[INFO] [stdout]                                at /rustc/90b35a6239c3d8bdabc530a6a0816f7ff89a0aaf/library/std/src/sys/backtrace.rs:42:9
[INFO] [stdout]    8:     0x59ab3ea0437a - std::panicking::default_hook::{{closure}}::he19d4c7230e07961
[INFO] [stdout]                                at /rustc/90b35a6239c3d8bdabc530a6a0816f7ff89a0aaf/library/std/src/panicking.rs:268:22
[INFO] [stdout]    9:     0x59ab3ea04184 - std::panicking::default_hook::hf614597d3c67bbdb
[INFO] [stdout]                                at /rustc/90b35a6239c3d8bdabc530a6a0816f7ff89a0aaf/library/std/src/panicking.rs:292:9
[INFO] [stdout]   10:     0x59ab3e9cea59 - <alloc::boxed::Box<F,A> as core::ops::function::Fn<Args>>::call::h39b51ce4599c23d1
[INFO] [stdout]                                at /rustc/90b35a6239c3d8bdabc530a6a0816f7ff89a0aaf/library/alloc/src/boxed.rs:2468:9
[INFO] [stdout]   11:     0x59ab3e9cea59 - test::test_main::{{closure}}::he977ae839a582784
[INFO] [stdout]                                at /rustc/90b35a6239c3d8bdabc530a6a0816f7ff89a0aaf/library/test/src/lib.rs:133:21
[INFO] [stdout]   12:     0x59ab3ea04a18 - <alloc::boxed::Box<F,A> as core::ops::function::Fn<Args>>::call::h9455091b6b06f9fb
[INFO] [stdout]                                at /rustc/90b35a6239c3d8bdabc530a6a0816f7ff89a0aaf/library/alloc/src/boxed.rs:2468:9
[INFO] [stdout]   13:     0x59ab3ea04a18 - std::panicking::rust_panic_with_hook::h8942133a8b252070
[INFO] [stdout]                                at /rustc/90b35a6239c3d8bdabc530a6a0816f7ff89a0aaf/library/std/src/panicking.rs:809:13
[INFO] [stdout]   14:     0x59ab3ea047da - std::panicking::begin_panic_handler::{{closure}}::hb5f5963570096b29
[INFO] [stdout]                                at /rustc/90b35a6239c3d8bdabc530a6a0816f7ff89a0aaf/library/std/src/panicking.rs:674:13
[INFO] [stdout]   15:     0x59ab3ea033f9 - std::sys::backtrace::__rust_end_short_backtrace::h6208cedc1922feda
[INFO] [stdout]                                at /rustc/90b35a6239c3d8bdabc530a6a0816f7ff89a0aaf/library/std/src/sys/backtrace.rs:170:18
[INFO] [stdout]   16:     0x59ab3ea0446c - rust_begin_unwind
[INFO] [stdout]                                at /rustc/90b35a6239c3d8bdabc530a6a0816f7ff89a0aaf/library/std/src/panicking.rs:665:5
[INFO] [stdout]   17:     0x59ab3e97aa60 - core::panicking::panic_fmt::h0c3082644d1bf418
[INFO] [stdout]                                at /rustc/90b35a6239c3d8bdabc530a6a0816f7ff89a0aaf/library/core/src/panicking.rs:74:14
[INFO] [stdout]   18:     0x59ab3e97ae06 - core::result::unwrap_failed::hd20b4aa073bda1e2
[INFO] [stdout]                                at /rustc/90b35a6239c3d8bdabc530a6a0816f7ff89a0aaf/library/core/src/result.rs:1700:5
[INFO] [stdout]   19:     0x59ab3e97d7a9 - core::result::Result<T,E>::unwrap::h23c1fa2df570a61c
[INFO] [stdout]                                at /rustc/90b35a6239c3d8bdabc530a6a0816f7ff89a0aaf/library/core/src/result.rs:1104:23
[INFO] [stdout]   20:     0x59ab3e97d7a9 - ebenya::tests::it_works::he8f370d520bb059f
[INFO] [stdout]                                at /opt/rustwide/workdir/src/lib.rs:552:9
[INFO] [stdout]   21:     0x59ab3e97d717 - ebenya::tests::it_works::{{closure}}::h4abbd383a6cfe876
[INFO] [stdout]                                at /opt/rustwide/workdir/src/lib.rs:551:18
[INFO] [stdout]   22:     0x59ab3e97ba16 - core::ops::function::FnOnce::call_once::hb281b390782a2452
[INFO] [stdout]                                at /rustc/90b35a6239c3d8bdabc530a6a0816f7ff89a0aaf/library/core/src/ops/function.rs:250:5
[INFO] [stdout]   23:     0x59ab3e9d341b - core::ops::function::FnOnce::call_once::h109cf8051a59b34e
[INFO] [stdout]                                at /rustc/90b35a6239c3d8bdabc530a6a0816f7ff89a0aaf/library/core/src/ops/function.rs:250:5
[INFO] [stdout]   24:     0x59ab3e9d341b - test::__rust_begin_short_backtrace::hf4fff89d377446ba
[INFO] [stdout]                                at /rustc/90b35a6239c3d8bdabc530a6a0816f7ff89a0aaf/library/test/src/lib.rs:621:18
[INFO] [stdout]   25:     0x59ab3e9d2c57 - test::run_test_in_process::{{closure}}::h0e39181dd7ee5a43
[INFO] [stdout]                                at /rustc/90b35a6239c3d8bdabc530a6a0816f7ff89a0aaf/library/test/src/lib.rs:644:60
[INFO] [stdout]   26:     0x59ab3e9d2c57 - <core::panic::unwind_safe::AssertUnwindSafe<F> as core::ops::function::FnOnce<()>>::call_once::hc5a66a30f0bdfd1f
[INFO] [stdout]                                at /rustc/90b35a6239c3d8bdabc530a6a0816f7ff89a0aaf/library/core/src/panic/unwind_safe.rs:272:9
[INFO] [stdout]   27:     0x59ab3e9d2c57 - std::panicking::try::do_call::h873b7cf639554a5e
[INFO] [stdout]                                at /rustc/90b35a6239c3d8bdabc530a6a0816f7ff89a0aaf/library/std/src/panicking.rs:557:40
[INFO] [stdout]   28:     0x59ab3e9d2c57 - std::panicking::try::hdb19862fad9c8bd1
[INFO] [stdout]                                at /rustc/90b35a6239c3d8bdabc530a6a0816f7ff89a0aaf/library/std/src/panicking.rs:520:19
[INFO] [stdout]   29:     0x59ab3e9d2c57 - std::panic::catch_unwind::h281fe732d236d260
[INFO] [stdout]                                at /rustc/90b35a6239c3d8bdabc530a6a0816f7ff89a0aaf/library/std/src/panic.rs:358:14
[INFO] [stdout]   30:     0x59ab3e9d2c57 - test::run_test_in_process::h949b6df8457ed338
[INFO] [stdout]                                at /rustc/90b35a6239c3d8bdabc530a6a0816f7ff89a0aaf/library/test/src/lib.rs:644:27
[INFO] [stdout]   31:     0x59ab3e9d2c57 - test::run_test::{{closure}}::h52c556a6d4740e10
[INFO] [stdout]                                at /rustc/90b35a6239c3d8bdabc530a6a0816f7ff89a0aaf/library/test/src/lib.rs:565:43
[INFO] [stdout]   32:     0x59ab3e997f34 - test::run_test::{{closure}}::h4237f6381c45ccb9
[INFO] [stdout]                                at /rustc/90b35a6239c3d8bdabc530a6a0816f7ff89a0aaf/library/test/src/lib.rs:595:41
[INFO] [stdout]   33:     0x59ab3e997f34 - std::sys::backtrace::__rust_begin_short_backtrace::h505c97a579eca628
[INFO] [stdout]                                at /rustc/90b35a6239c3d8bdabc530a6a0816f7ff89a0aaf/library/std/src/sys/backtrace.rs:154:18
[INFO] [stdout]   34:     0x59ab3e99b5fe - std::thread::Builder::spawn_unchecked_::{{closure}}::{{closure}}::h9e86b2e2bc107ea3
[INFO] [stdout]                                at /rustc/90b35a6239c3d8bdabc530a6a0816f7ff89a0aaf/library/std/src/thread/mod.rs:538:17
[INFO] [stdout]   35:     0x59ab3e99b5fe - <core::panic::unwind_safe::AssertUnwindSafe<F> as core::ops::function::FnOnce<()>>::call_once::h8b06ddb275ff4a25
[INFO] [stdout]                                at /rustc/90b35a6239c3d8bdabc530a6a0816f7ff89a0aaf/library/core/src/panic/unwind_safe.rs:272:9
[INFO] [stdout]   36:     0x59ab3e99b5fe - std::panicking::try::do_call::hb26ecd7cd9a9355d
[INFO] [stdout]                                at /rustc/90b35a6239c3d8bdabc530a6a0816f7ff89a0aaf/library/std/src/panicking.rs:557:40
[INFO] [stdout]   37:     0x59ab3e99b5fe - std::panicking::try::h8ddeca9d705f9069
[INFO] [stdout]                                at /rustc/90b35a6239c3d8bdabc530a6a0816f7ff89a0aaf/library/std/src/panicking.rs:520:19
[INFO] [stdout]   38:     0x59ab3e99b5fe - std::panic::catch_unwind::h49e1c33078844c46
[INFO] [stdout]                                at /rustc/90b35a6239c3d8bdabc530a6a0816f7ff89a0aaf/library/std/src/panic.rs:358:14
[INFO] [stdout]   39:     0x59ab3e99b5fe - std::thread::Builder::spawn_unchecked_::{{closure}}::h6073db6ff56ad35d
[INFO] [stdout]                                at /rustc/90b35a6239c3d8bdabc530a6a0816f7ff89a0aaf/library/std/src/thread/mod.rs:537:30
[INFO] [stdout]   40:     0x59ab3e99b5fe - core::ops::function::FnOnce::call_once{{vtable.shim}}::h2c5a5f3779c774f1
[INFO] [stdout]                                at /rustc/90b35a6239c3d8bdabc530a6a0816f7ff89a0aaf/library/core/src/ops/function.rs:250:5
[INFO] [stdout]   41:     0x59ab3ea0877b - <alloc::boxed::Box<F,A> as core::ops::function::FnOnce<Args>>::call_once::hf75717d9f28faebf
[INFO] [stdout]                                at /rustc/90b35a6239c3d8bdabc530a6a0816f7ff89a0aaf/library/alloc/src/boxed.rs:2454:9
[INFO] [stdout]   42:     0x59ab3ea0877b - <alloc::boxed::Box<F,A> as core::ops::function::FnOnce<Args>>::call_once::h7bd883a5f3c5f3c1
[INFO] [stdout]                                at /rustc/90b35a6239c3d8bdabc530a6a0816f7ff89a0aaf/library/alloc/src/boxed.rs:2454:9
[INFO] [stdout]   43:     0x59ab3ea0877b - std::sys::pal::unix::thread::Thread::new::thread_start::hcc78f3943333fa94
[INFO] [stdout]                                at /rustc/90b35a6239c3d8bdabc530a6a0816f7ff89a0aaf/library/std/src/sys/pal/unix/thread.rs:105:17
[INFO] [stdout]   44:     0x7d75fccb5ac3 - <unknown>
[INFO] [stdout]   45:     0x7d75fcd46a04 - clone
[INFO] [stdout]   46:                0x0 - <unknown>
[INFO] [stdout] 
[INFO] [stdout] 
[INFO] [stdout] failures:
[INFO] [stdout]     tests::it_works
[INFO] [stdout] 
[INFO] [stdout] test result: FAILED. 0 passed; 1 failed; 0 ignored; 0 measured; 0 filtered out; finished in 0.13s
[INFO] [stdout] 
[INFO] [stderr] error: test failed, to rerun pass `--lib`
[INFO] running `Command { std: "docker" "inspect" "b49d2a459f699e020f08013c62887d5b295f5e9fdde81ea831c8e3cb92e36dc6", kill_on_drop: false }`
[INFO] running `Command { std: "docker" "rm" "-f" "b49d2a459f699e020f08013c62887d5b295f5e9fdde81ea831c8e3cb92e36dc6", kill_on_drop: false }`
[INFO] [stdout] b49d2a459f699e020f08013c62887d5b295f5e9fdde81ea831c8e3cb92e36dc6
