[INFO] cloning repository https://github.com/0xJonas/rehearse
[INFO] running `Command { std: "git" "-c" "credential.helper=" "-c" "credential.helper=/workspace/cargo-home/bin/git-credential-null" "clone" "--bare" "https://github.com/0xJonas/rehearse" "/workspace/cache/git-repos/https%3A%2F%2Fgithub.com%2F0xJonas%2Frehearse", kill_on_drop: false }`
[INFO] [stderr] Cloning into bare repository '/workspace/cache/git-repos/https%3A%2F%2Fgithub.com%2F0xJonas%2Frehearse'...
[INFO] running `Command { std: "git" "rev-parse" "HEAD", kill_on_drop: false }`
[INFO] [stdout] 5843d6bb2e369f8507b4b370f3d7ce13c9ddbdf1
[INFO] testing 0xJonas/rehearse against beta-2024-12-08 for beta-1.84.0-4-retry
[INFO] running `Command { std: "git" "clone" "/workspace/cache/git-repos/https%3A%2F%2Fgithub.com%2F0xJonas%2Frehearse" "/workspace/builds/worker-7-tc2/source", kill_on_drop: false }`
[INFO] [stderr] Cloning into '/workspace/builds/worker-7-tc2/source'...
[INFO] [stderr] done.
[INFO] validating manifest of git repo https://github.com/0xJonas/rehearse on toolchain beta-2024-12-08
[INFO] running `Command { std: CARGO_HOME="/workspace/cargo-home" RUSTUP_HOME="/workspace/rustup-home" "/workspace/cargo-home/bin/cargo" "+beta-2024-12-08" "metadata" "--manifest-path" "Cargo.toml" "--no-deps", kill_on_drop: false }`
[INFO] started tweaking git repo https://github.com/0xJonas/rehearse
[INFO] finished tweaking git repo https://github.com/0xJonas/rehearse
[INFO] tweaked toml for git repo https://github.com/0xJonas/rehearse written to /workspace/builds/worker-7-tc2/source/Cargo.toml
[INFO] running `Command { std: CARGO_HOME="/workspace/cargo-home" RUSTUP_HOME="/workspace/rustup-home" "/workspace/cargo-home/bin/cargo" "+beta-2024-12-08" "generate-lockfile" "--manifest-path" "Cargo.toml", kill_on_drop: false }`
[INFO] [stderr]     Updating crates.io index
[INFO] [stderr]     Blocking waiting for file lock on package cache
[INFO] [stderr]      Locking 104 packages to latest compatible versions
[INFO] [stderr]       Adding crossterm v0.22.1 (available: v0.28.1)
[INFO] [stderr]       Adding simplelog v0.11.2 (available: v0.12.2)
[INFO] [stderr]       Adding termcolor v1.1.3 (available: v1.4.1)
[INFO] running `Command { std: CARGO_HOME="/workspace/cargo-home" RUSTUP_HOME="/workspace/rustup-home" "/workspace/cargo-home/bin/cargo" "+beta-2024-12-08" "fetch" "--manifest-path" "Cargo.toml", kill_on_drop: false }`
[INFO] running `Command { std: "docker" "create" "-v" "/var/lib/crater-agent-workspace/builds/worker-7-tc2/target:/opt/rustwide/target:rw,Z" "-v" "/var/lib/crater-agent-workspace/builds/worker-7-tc2/source:/opt/rustwide/workdir:ro,Z" "-v" "/var/lib/crater-agent-workspace/cargo-home:/opt/rustwide/cargo-home:ro,Z" "-v" "/var/lib/crater-agent-workspace/rustup-home:/opt/rustwide/rustup-home:ro,Z" "-e" "SOURCE_DIR=/opt/rustwide/workdir" "-e" "CARGO_TARGET_DIR=/opt/rustwide/target" "-e" "CARGO_HOME=/opt/rustwide/cargo-home" "-e" "RUSTUP_HOME=/opt/rustwide/rustup-home" "-w" "/opt/rustwide/workdir" "-m" "1610612736" "--user" "0:0" "--network" "none" "ghcr.io/rust-lang/crates-build-env/linux@sha256:f3a9d4ad9d972b27faf3965f35b62e55ba32bbce8f20bc8fe909558a86702fde" "/opt/rustwide/cargo-home/bin/cargo" "+beta-2024-12-08" "metadata" "--no-deps" "--format-version=1", kill_on_drop: false }`
[INFO] [stdout] 29e4956e1198d9e63e0660fcf806fb6b52f1096191b3dee51113d11829b4358a
[INFO] running `Command { std: "docker" "start" "-a" "29e4956e1198d9e63e0660fcf806fb6b52f1096191b3dee51113d11829b4358a", kill_on_drop: false }`
[INFO] running `Command { std: "docker" "inspect" "29e4956e1198d9e63e0660fcf806fb6b52f1096191b3dee51113d11829b4358a", kill_on_drop: false }`
[INFO] running `Command { std: "docker" "rm" "-f" "29e4956e1198d9e63e0660fcf806fb6b52f1096191b3dee51113d11829b4358a", kill_on_drop: false }`
[INFO] [stdout] 29e4956e1198d9e63e0660fcf806fb6b52f1096191b3dee51113d11829b4358a
[INFO] running `Command { std: "docker" "create" "-v" "/var/lib/crater-agent-workspace/builds/worker-7-tc2/target:/opt/rustwide/target:rw,Z" "-v" "/var/lib/crater-agent-workspace/builds/worker-7-tc2/source:/opt/rustwide/workdir:ro,Z" "-v" "/var/lib/crater-agent-workspace/cargo-home:/opt/rustwide/cargo-home:ro,Z" "-v" "/var/lib/crater-agent-workspace/rustup-home:/opt/rustwide/rustup-home:ro,Z" "-e" "SOURCE_DIR=/opt/rustwide/workdir" "-e" "CARGO_TARGET_DIR=/opt/rustwide/target" "-e" "CARGO_INCREMENTAL=0" "-e" "RUST_BACKTRACE=full" "-e" "RUSTFLAGS=--cap-lints=warn" "-e" "RUSTDOCFLAGS=--cap-lints=warn" "-e" "CARGO_HOME=/opt/rustwide/cargo-home" "-e" "RUSTUP_HOME=/opt/rustwide/rustup-home" "-w" "/opt/rustwide/workdir" "-m" "1610612736" "--user" "0:0" "--network" "none" "ghcr.io/rust-lang/crates-build-env/linux@sha256:f3a9d4ad9d972b27faf3965f35b62e55ba32bbce8f20bc8fe909558a86702fde" "/opt/rustwide/cargo-home/bin/cargo" "+beta-2024-12-08" "build" "--frozen" "--message-format=json", kill_on_drop: false }`
[INFO] [stdout] e36e71cdcb484da71c62c61918083b8adba810901e75f47fc3cbc7a75ab4c3fb
[INFO] running `Command { std: "docker" "start" "-a" "e36e71cdcb484da71c62c61918083b8adba810901e75f47fc3cbc7a75ab4c3fb", kill_on_drop: false }`
[INFO] [stderr]    Compiling autocfg v1.4.0
[INFO] [stderr]    Compiling libc v0.2.168
[INFO] [stderr]    Compiling proc-macro2 v1.0.92
[INFO] [stderr]    Compiling unicode-ident v1.0.14
[INFO] [stderr]    Compiling log v0.4.22
[INFO] [stderr]    Compiling futures-sink v0.3.31
[INFO] [stderr]    Compiling futures-core v0.3.31
[INFO] [stderr]    Compiling signal-hook v0.3.17
[INFO] [stderr]    Compiling pin-project-lite v0.2.15
[INFO] [stderr]    Compiling futures-io v0.3.31
[INFO] [stderr]    Compiling serde v1.0.216
[INFO] [stderr]    Compiling futures-task v0.3.31
[INFO] [stderr]    Compiling aho-corasick v1.1.3
[INFO] [stderr]    Compiling iana-time-zone v0.1.61
[INFO] [stderr]    Compiling serde_json v1.0.133
[INFO] [stderr]    Compiling regex-syntax v0.8.5
[INFO] [stderr]    Compiling bytes v1.9.0
[INFO] [stderr]    Compiling itoa v1.0.14
[INFO] [stderr]    Compiling futures-channel v0.3.31
[INFO] [stderr]    Compiling ryu v1.0.18
[INFO] [stderr]    Compiling encoding_rs v0.8.35
[INFO] [stderr]    Compiling glob v0.3.1
[INFO] [stderr]    Compiling slab v0.4.9
[INFO] [stderr]    Compiling lock_api v0.4.12
[INFO] [stderr]    Compiling num-traits v0.2.19
[INFO] [stderr]    Compiling signal-hook-registry v1.4.2
[INFO] [stderr]    Compiling mio v0.7.14
[INFO] [stderr]    Compiling parking_lot_core v0.8.6
[INFO] [stderr]    Compiling mio v1.0.3
[INFO] [stderr]    Compiling atty v0.2.14
[INFO] [stderr]    Compiling parking_lot v0.11.2
[INFO] [stderr]    Compiling quote v1.0.37
[INFO] [stderr]    Compiling signal-hook-mio v0.2.4
[INFO] [stderr]    Compiling syn v2.0.90
[INFO] [stderr]    Compiling crossterm v0.22.1
[INFO] [stderr]    Compiling chrono v0.4.39
[INFO] [stderr]    Compiling regex-automata v0.4.9
[INFO] [stderr]    Compiling simplelog v0.11.2
[INFO] [stderr]    Compiling futures-macro v0.3.31
[INFO] [stderr]    Compiling tokio-macros v2.4.0
[INFO] [stderr]    Compiling regex v1.11.1
[INFO] [stderr]    Compiling tokio v1.42.0
[INFO] [stderr]    Compiling futures-util v0.3.31
[INFO] [stderr]    Compiling futures-executor v0.3.31
[INFO] [stderr]    Compiling futures v0.3.31
[INFO] [stderr]    Compiling rehearse v0.1.0 (/opt/rustwide/workdir)
[INFO] [stdout] warning: unused import: `super::priority_queue::PriorityQueue`
[INFO] [stdout]   --> src/diff/differ.rs:15:5
[INFO] [stdout]    |
[INFO] [stdout] 15 | use super::priority_queue::PriorityQueue;
[INFO] [stdout]    |     ^^^^^^^^^^^^^^^^^^^^^^^^^^^^^^^^^^^^
[INFO] [stdout]    |
[INFO] [stdout]    = note: `#[warn(unused_imports)]` on by default
[INFO] [stdout] 
[INFO] [stdout] 
[INFO] [stdout] warning: field `content` is never read
[INFO] [stdout]    --> src/match_script/expression_parser.rs:155:5
[INFO] [stdout]     |
[INFO] [stdout] 154 | struct Cursor<'a> {
[INFO] [stdout]     |        ------ field in this struct
[INFO] [stdout] 155 |     content: &'a str,
[INFO] [stdout]     |     ^^^^^^^
[INFO] [stdout]     |
[INFO] [stdout]     = note: `#[warn(dead_code)]` on by default
[INFO] [stdout] 
[INFO] [stdout] 
[INFO] [stdout] warning: function `find_next_newline` is never used
[INFO] [stdout]    --> src/match_script/expression_parser.rs:160:4
[INFO] [stdout]     |
[INFO] [stdout] 160 | fn find_next_newline(text: &str) -> usize {
[INFO] [stdout]     |    ^^^^^^^^^^^^^^^^^
[INFO] [stdout] 
[INFO] [stdout] 
[INFO] [stdout] warning: field `0` is never read
[INFO] [stdout]   --> src/match_script/functions.rs:25:12
[INFO] [stdout]    |
[INFO] [stdout] 25 |     Symbol(Symbol),
[INFO] [stdout]    |     ------ ^^^^^^
[INFO] [stdout]    |     |
[INFO] [stdout]    |     field in this variant
[INFO] [stdout]    |
[INFO] [stdout] help: consider changing the field to be of unit type to suppress this warning while preserving the field numbering, or remove the field
[INFO] [stdout]    |
[INFO] [stdout] 25 |     Symbol(()),
[INFO] [stdout]    |            ~~
[INFO] [stdout] 
[INFO] [stdout] 
[INFO] [stdout] warning: field `0` is never read
[INFO] [stdout]   --> src/match_script/functions.rs:26:12
[INFO] [stdout]    |
[INFO] [stdout] 26 |     Number(i64),
[INFO] [stdout]    |     ------ ^^^
[INFO] [stdout]    |     |
[INFO] [stdout]    |     field in this variant
[INFO] [stdout]    |
[INFO] [stdout] help: consider changing the field to be of unit type to suppress this warning while preserving the field numbering, or remove the field
[INFO] [stdout]    |
[INFO] [stdout] 26 |     Number(()),
[INFO] [stdout]    |            ~~
[INFO] [stdout] 
[INFO] [stdout] 
[INFO] [stdout] warning: field `0` is never read
[INFO] [stdout]   --> src/match_script/functions.rs:27:18
[INFO] [stdout]    |
[INFO] [stdout] 27 |     FunctionCall(Box<dyn Matcher>)
[INFO] [stdout]    |     ------------ ^^^^^^^^^^^^^^^^
[INFO] [stdout]    |     |
[INFO] [stdout]    |     field in this variant
[INFO] [stdout]    |
[INFO] [stdout] help: consider changing the field to be of unit type to suppress this warning while preserving the field numbering, or remove the field
[INFO] [stdout]    |
[INFO] [stdout] 27 |     FunctionCall(())
[INFO] [stdout]    |                  ~~
[INFO] [stdout] 
[INFO] [stdout] 
[INFO] [stdout] warning: constant `READ_BUFFER_SIZE` is never used
[INFO] [stdout]   --> src/diff/differ.rs:17:7
[INFO] [stdout]    |
[INFO] [stdout] 17 | const READ_BUFFER_SIZE: usize = 1024;
[INFO] [stdout]    |       ^^^^^^^^^^^^^^^^
[INFO] [stdout] 
[INFO] [stdout] 
[INFO] [stdout] warning: struct `DifferParams` is never constructed
[INFO] [stdout]   --> src/diff/differ.rs:20:12
[INFO] [stdout]    |
[INFO] [stdout] 20 | pub struct DifferParams<'ref_name, 'test_name, 'delimiter_tag, R: AsyncReadExt + Unpin> {
[INFO] [stdout]    |            ^^^^^^^^^^^^
[INFO] [stdout] 
[INFO] [stdout] 
[INFO] [stdout] warning: struct `DiffInput` is never constructed
[INFO] [stdout]   --> src/diff/differ.rs:34:8
[INFO] [stdout]    |
[INFO] [stdout] 34 | struct DiffInput<R: AsyncReadExt + AsyncSeekExt + Unpin> {
[INFO] [stdout]    |        ^^^^^^^^^
[INFO] [stdout] 
[INFO] [stdout] 
[INFO] [stdout] warning: associated items `new`, `mark_as_processed`, `discard_processed_data`, `top_up_ref_buffer`, `decode_strip`, and `push_test_data` are never used
[INFO] [stdout]    --> src/diff/differ.rs:82:8
[INFO] [stdout]     |
[INFO] [stdout] 79  | impl<R: AsyncReadExt + AsyncSeekExt + Unpin> DiffInput<R> {
[INFO] [stdout]     | --------------------------------------------------------- associated items in this implementation
[INFO] [stdout] ...
[INFO] [stdout] 82  |     fn new<'a, 'b, 'c, X>(params: DifferParams<'a, 'b, 'c, X>) -> DiffInput<X>
[INFO] [stdout]     |        ^^^
[INFO] [stdout] ...
[INFO] [stdout] 110 |     fn mark_as_processed(&mut self, ref_chars: usize, test_chars: usize) -> () {
[INFO] [stdout]     |        ^^^^^^^^^^^^^^^^^
[INFO] [stdout] ...
[INFO] [stdout] 117 |     fn discard_processed_data(&mut self) -> () {
[INFO] [stdout]     |        ^^^^^^^^^^^^^^^^^^^^^^
[INFO] [stdout] ...
[INFO] [stdout] 131 |     async fn top_up_ref_buffer(&mut self, new_len: usize) -> Result<(), ParseError> {
[INFO] [stdout]     |              ^^^^^^^^^^^^^^^^^
[INFO] [stdout] ...
[INFO] [stdout] 161 |     fn decode_strip(&mut self, data: &[u8]) -> Result<usize, ParseError> {
[INFO] [stdout]     |        ^^^^^^^^^^^^
[INFO] [stdout] ...
[INFO] [stdout] 216 |     fn push_test_data(&mut self, data: &[u8]) -> Result<(), ParseError> {
[INFO] [stdout]     |        ^^^^^^^^^^^^^^
[INFO] [stdout] 
[INFO] [stdout] 
[INFO] [stdout] warning: variants `Inserted`, `Decreased`, and `Ignored` are never constructed
[INFO] [stdout]   --> src/diff/priority_queue.rs:34:5
[INFO] [stdout]    |
[INFO] [stdout] 33 | pub enum InsertOrDecreaseResult {
[INFO] [stdout]    |          ---------------------- variants in this enum
[INFO] [stdout] 34 |     Inserted,
[INFO] [stdout]    |     ^^^^^^^^
[INFO] [stdout] 35 |     Decreased,
[INFO] [stdout]    |     ^^^^^^^^^
[INFO] [stdout] 36 |     Ignored
[INFO] [stdout]    |     ^^^^^^^
[INFO] [stdout]    |
[INFO] [stdout]    = note: `InsertOrDecreaseResult` has a derived impl for the trait `Debug`, but this is intentionally ignored during dead code analysis
[INFO] [stdout] 
[INFO] [stdout] 
[INFO] [stdout] warning: multiple associated items are never used
[INFO] [stdout]    --> src/diff/priority_queue.rs:49:12
[INFO] [stdout]     |
[INFO] [stdout] 46  | impl<T: PartialEq> PriorityQueue<T> {
[INFO] [stdout]     | ----------------------------------- associated items in this implementation
[INFO] [stdout] ...
[INFO] [stdout] 49  |     pub fn new() -> PriorityQueue<T> {
[INFO] [stdout]     |            ^^^
[INFO] [stdout] ...
[INFO] [stdout] 56  |     pub fn len(&self) -> usize {
[INFO] [stdout]     |            ^^^
[INFO] [stdout] ...
[INFO] [stdout] 62  |     fn move_up(&mut self, index: usize) -> () {
[INFO] [stdout]     |        ^^^^^^^
[INFO] [stdout] ...
[INFO] [stdout] 80  |     fn move_down(&mut self, index: usize) -> () {
[INFO] [stdout]     |        ^^^^^^^^^
[INFO] [stdout] ...
[INFO] [stdout] 105 |     fn insert(&mut self, data: T, priority: isize) -> () {
[INFO] [stdout]     |        ^^^^^^
[INFO] [stdout] ...
[INFO] [stdout] 119 |     pub fn peek_min(&self) -> Option<(&T, isize)> {
[INFO] [stdout]     |            ^^^^^^^^
[INFO] [stdout] ...
[INFO] [stdout] 128 |     pub fn extract_min(&mut self) -> Option<(T, isize)> {
[INFO] [stdout]     |            ^^^^^^^^^^^
[INFO] [stdout] ...
[INFO] [stdout] 149 |     fn decrease_key(&mut self, index: usize, new_priority: isize) -> () {
[INFO] [stdout]     |        ^^^^^^^^^^^^
[INFO] [stdout] ...
[INFO] [stdout] 161 |     pub fn insert_or_decrease(&mut self, elem: T, priority: isize) -> InsertOrDecreaseResult {
[INFO] [stdout]     |            ^^^^^^^^^^^^^^^^^^
[INFO] [stdout] ...
[INFO] [stdout] 177 |     pub fn iter(&self) -> PQueueIter<T> {
[INFO] [stdout]     |            ^^^^
[INFO] [stdout] 
[INFO] [stdout] 
[INFO] [stdout] warning: unused import: `reporter::*`
[INFO] [stdout]  --> src/test_cases.rs:7:9
[INFO] [stdout]   |
[INFO] [stdout] 7 | pub use reporter::*;
[INFO] [stdout]   |         ^^^^^^^^^^^
[INFO] [stdout]   |
[INFO] [stdout] help: if this is a test module, consider adding a `#[cfg(test)]` to the containing module
[INFO] [stdout]  --> src/main.rs:1:1
[INFO] [stdout]   |
[INFO] [stdout] 1 | mod test_cases;
[INFO] [stdout]   | ^^^^^^^^^^^^^^^
[INFO] [stdout]   = note: `#[warn(unused_imports)]` on by default
[INFO] [stdout] 
[INFO] [stdout] 
[INFO] [stdout] warning: unused import: `super::priority_queue::PriorityQueue`
[INFO] [stdout]   --> src/diff/differ.rs:15:5
[INFO] [stdout]    |
[INFO] [stdout] 15 | use super::priority_queue::PriorityQueue;
[INFO] [stdout]    |     ^^^^^^^^^^^^^^^^^^^^^^^^^^^^^^^^^^^^
[INFO] [stdout] 
[INFO] [stdout] 
[INFO] [stdout] warning: fields `name`, `reference`, `encoding`, and `is_binary_file` are never read
[INFO] [stdout]   --> src/test_cases.rs:38:9
[INFO] [stdout]    |
[INFO] [stdout] 37 | pub struct ArtifactConfig {
[INFO] [stdout]    |            -------------- fields in this struct
[INFO] [stdout] 38 |     pub name: PathBuf,
[INFO] [stdout]    |         ^^^^
[INFO] [stdout] 39 |     pub reference: PathBuf,
[INFO] [stdout]    |         ^^^^^^^^^
[INFO] [stdout] 40 |     pub encoding: String,
[INFO] [stdout]    |         ^^^^^^^^
[INFO] [stdout] 41 |     pub is_binary_file: bool
[INFO] [stdout]    |         ^^^^^^^^^^^^^^
[INFO] [stdout]    |
[INFO] [stdout]    = note: `ArtifactConfig` has a derived impl for the trait `Debug`, but this is intentionally ignored during dead code analysis
[INFO] [stdout]    = note: `#[warn(dead_code)]` on by default
[INFO] [stdout] 
[INFO] [stdout] 
[INFO] [stdout] warning: fields `version`, `reference_stdout`, `reference_stderr`, and `artifacts` are never read
[INFO] [stdout]   --> src/test_cases.rs:47:9
[INFO] [stdout]    |
[INFO] [stdout] 46 | pub struct TestCase {
[INFO] [stdout]    |            -------- fields in this struct
[INFO] [stdout] 47 |     pub version: String,
[INFO] [stdout]    |         ^^^^^^^
[INFO] [stdout] ...
[INFO] [stdout] 53 |     pub reference_stdout: Option<PathBuf>,
[INFO] [stdout]    |         ^^^^^^^^^^^^^^^^
[INFO] [stdout] 54 |     pub reference_stderr: Option<PathBuf>,
[INFO] [stdout]    |         ^^^^^^^^^^^^^^^^
[INFO] [stdout] 55 |     pub artifacts: Vec<ArtifactConfig>,
[INFO] [stdout]    |         ^^^^^^^^^
[INFO] [stdout]    |
[INFO] [stdout]    = note: `TestCase` has a derived impl for the trait `Debug`, but this is intentionally ignored during dead code analysis
[INFO] [stdout] 
[INFO] [stdout] 
[INFO] [stdout] warning: variant `Diff` is never constructed
[INFO] [stdout]   --> src/test_cases/reporter.rs:20:5
[INFO] [stdout]    |
[INFO] [stdout] 9  | pub enum State {
[INFO] [stdout]    |          ----- variant in this enum
[INFO] [stdout] ...
[INFO] [stdout] 20 |     Diff,
[INFO] [stdout]    |     ^^^^
[INFO] [stdout] 
[INFO] [stdout] 
[INFO] [stdout] warning: method `register_test_case` is never used
[INFO] [stdout]   --> src/test_cases/reporter.rs:31:8
[INFO] [stdout]    |
[INFO] [stdout] 28 | pub trait ProgressReporter {
[INFO] [stdout]    |           ---------------- method in this trait
[INFO] [stdout] ...
[INFO] [stdout] 31 |     fn register_test_case(&mut self, test_case: &TestCase) -> ();
[INFO] [stdout]    |        ^^^^^^^^^^^^^^^^^^
[INFO] [stdout] 
[INFO] [stdout] 
[INFO] [stdout] warning: variants `DiffAdded`, `DiffAddedBg`, `DiffDeleted`, and `DiffDeletedBg` are never constructed
[INFO] [stdout]   --> src/cli.rs:23:5
[INFO] [stdout]    |
[INFO] [stdout] 12 | pub enum TermColor {
[INFO] [stdout]    |          --------- variants in this enum
[INFO] [stdout] ...
[INFO] [stdout] 23 |     DiffAdded,
[INFO] [stdout]    |     ^^^^^^^^^
[INFO] [stdout] ...
[INFO] [stdout] 26 |     DiffAddedBg,
[INFO] [stdout]    |     ^^^^^^^^^^^
[INFO] [stdout] ...
[INFO] [stdout] 29 |     DiffDeleted,
[INFO] [stdout]    |     ^^^^^^^^^^^
[INFO] [stdout] ...
[INFO] [stdout] 32 |     DiffDeletedBg
[INFO] [stdout]    |     ^^^^^^^^^^^^^
[INFO] [stdout]    |
[INFO] [stdout]    = note: `TermColor` has derived impls for the traits `Clone` and `Debug`, but these are intentionally ignored during dead code analysis
[INFO] [stdout] 
[INFO] [stdout] 
[INFO] [stdout] warning: method `set_color_bg` is never used
[INFO] [stdout]   --> src/cli.rs:81:8
[INFO] [stdout]    |
[INFO] [stdout] 72 | pub trait Terminal {
[INFO] [stdout]    |           -------- method in this trait
[INFO] [stdout] ...
[INFO] [stdout] 81 |     fn set_color_bg(&mut self, color: &TermColor) -> std::io::Result<()>;
[INFO] [stdout]    |        ^^^^^^^^^^^^
[INFO] [stdout] 
[INFO] [stdout] 
[INFO] [stdout] warning: associated items `new` and `get_buffer` are never used
[INFO] [stdout]    --> src/cli.rs:207:12
[INFO] [stdout]     |
[INFO] [stdout] 204 | impl StringTerminal {
[INFO] [stdout]     | ------------------- associated items in this implementation
[INFO] [stdout] ...
[INFO] [stdout] 207 |     pub fn new(size: (usize, usize)) -> StringTerminal {
[INFO] [stdout]     |            ^^^
[INFO] [stdout] ...
[INFO] [stdout] 214 |     pub fn get_buffer(&self) -> &str {
[INFO] [stdout]     |            ^^^^^^^^^^
[INFO] [stdout] 
[INFO] [stdout] 
[INFO] [stdout] warning: function `read_to_buffer` is never used
[INFO] [stdout]   --> src/match_script/char_source.rs:12:10
[INFO] [stdout]    |
[INFO] [stdout] 12 | async fn read_to_buffer<R: AsyncReadExt + Unpin>(buffer: &mut [u8], input: &mut R) -> std::io::Result<usize> {
[INFO] [stdout]    |          ^^^^^^^^^^^^^^
[INFO] [stdout] 
[INFO] [stdout] 
[INFO] [stdout] warning: struct `CharSource` is never constructed
[INFO] [stdout]   --> src/match_script/char_source.rs:29:12
[INFO] [stdout]    |
[INFO] [stdout] 29 | pub struct CharSource<R: AsyncReadExt + AsyncSeekExt + Unpin> {
[INFO] [stdout]    |            ^^^^^^^^^^
[INFO] [stdout] 
[INFO] [stdout] 
[INFO] [stdout] warning: multiple associated items are never used
[INFO] [stdout]    --> src/match_script/char_source.rs:46:12
[INFO] [stdout]     |
[INFO] [stdout] 42  | impl<R: AsyncReadExt + AsyncSeekExt + Unpin> CharSource<R> {
[INFO] [stdout]     | ---------------------------------------------------------- associated items in this implementation
[INFO] [stdout] ...
[INFO] [stdout] 46  |     pub fn new(encoding: &'static Encoding, input: R, input_name: &str, buffer_size: usize) -> CharSource<R> {
[INFO] [stdout]     |            ^^^
[INFO] [stdout] ...
[INFO] [stdout] 64  |     pub fn get_input_name(&self) -> &str {
[INFO] [stdout]     |            ^^^^^^^^^^^^^^
[INFO] [stdout] ...
[INFO] [stdout] 69  |     pub fn get_input_checkpoint(&self) -> InputCheckpoint {
[INFO] [stdout]     |            ^^^^^^^^^^^^^^^^^^^^
[INFO] [stdout] ...
[INFO] [stdout] 78  |     pub fn is_end_of_input(&self) -> bool {
[INFO] [stdout]     |            ^^^^^^^^^^^^^^^
[INFO] [stdout] ...
[INFO] [stdout] 82  |     async fn top_up_buffer(&mut self) -> std::io::Result<()> {
[INFO] [stdout]     |              ^^^^^^^^^^^^^
[INFO] [stdout] ...
[INFO] [stdout] 93  |     pub async fn read_chars(&mut self, out_buffer: &mut [char]) -> Result<usize, ParseError> {
[INFO] [stdout]     |                  ^^^^^^^^^^
[INFO] [stdout] ...
[INFO] [stdout] 148 |     pub async fn seek(&mut self, checkpoint: &InputCheckpoint) -> std::io::Result<()> {
[INFO] [stdout]     |                  ^^^^
[INFO] [stdout] 
[INFO] [stdout] 
[INFO] [stdout] warning: constant `LEXEME_LIMIT` is never used
[INFO] [stdout]   --> src/match_script/proto_grapheme_source.rs:11:7
[INFO] [stdout]    |
[INFO] [stdout] 11 | const LEXEME_LIMIT: usize = 4096;            // 4 KiB, must be smaller than BUFFER_REFILL_AMOUNT in char_source.rs
[INFO] [stdout]    |       ^^^^^^^^^^^^
[INFO] [stdout] 
[INFO] [stdout] 
[INFO] [stdout] warning: variants `Char` and `ProtoExpression` are never constructed
[INFO] [stdout]   --> src/match_script/proto_grapheme_source.rs:23:5
[INFO] [stdout]    |
[INFO] [stdout] 22 | pub enum ProtoGrapheme {
[INFO] [stdout]    |          ------------- variants in this enum
[INFO] [stdout] 23 |     Char(char),
[INFO] [stdout]    |     ^^^^
[INFO] [stdout] 24 |     ProtoExpression(Box<ProtoExpression>)
[INFO] [stdout]    |     ^^^^^^^^^^^^^^^
[INFO] [stdout]    |
[INFO] [stdout]    = note: `ProtoGrapheme` has derived impls for the traits `Debug` and `Clone`, but these are intentionally ignored during dead code analysis
[INFO] [stdout] 
[INFO] [stdout] 
[INFO] [stdout] warning: struct `ProtoGraphemeSource` is never constructed
[INFO] [stdout]   --> src/match_script/proto_grapheme_source.rs:28:12
[INFO] [stdout]    |
[INFO] [stdout] 28 | pub struct ProtoGraphemeSource<R: AsyncReadExt + AsyncSeekExt + Unpin> {
[INFO] [stdout]    |            ^^^^^^^^^^^^^^^^^^^
[INFO] [stdout] 
[INFO] [stdout] 
[INFO] [stdout] warning: multiple associated items are never used
[INFO] [stdout]    --> src/match_script/proto_grapheme_source.rs:41:12
[INFO] [stdout]     |
[INFO] [stdout] 37  | impl<R: AsyncReadExt + AsyncSeekExt + Unpin> ProtoGraphemeSource<R> {
[INFO] [stdout]     | ------------------------------------------------------------------- associated items in this implementation
[INFO] [stdout] ...
[INFO] [stdout] 41  |     pub fn new(source: CharSource<R>, delimiter_tag: &str, char_buffer_size: usize) -> ProtoGraphemeSource<R> {
[INFO] [stdout]     |            ^^^
[INFO] [stdout] ...
[INFO] [stdout] 55  |     pub fn get_input_name(&self) -> &str {
[INFO] [stdout]     |            ^^^^^^^^^^^^^^
[INFO] [stdout] ...
[INFO] [stdout] 60  |     pub fn is_end_of_input(&self) -> bool {
[INFO] [stdout]     |            ^^^^^^^^^^^^^^^
[INFO] [stdout] ...
[INFO] [stdout] 66  |     pub fn get_input_checkpoint(&self) -> InputCheckpoint {
[INFO] [stdout]     |            ^^^^^^^^^^^^^^^^^^^^
[INFO] [stdout] ...
[INFO] [stdout] 74  |     async fn top_up_buffer(&mut self) -> Result<(), ParseError> {
[INFO] [stdout]     |              ^^^^^^^^^^^^^
[INFO] [stdout] ...
[INFO] [stdout] 88  |     fn match_char(&self, offset: usize, c: char) -> bool {
[INFO] [stdout]     |        ^^^^^^^^^^
[INFO] [stdout] ...
[INFO] [stdout] 98  |     fn read_proto_expression(&mut self) -> Option<ProtoExpression> {
[INFO] [stdout]     |        ^^^^^^^^^^^^^^^^^^^^^
[INFO] [stdout] ...
[INFO] [stdout] 169 |     pub async fn read_proto_graphemes(&mut self, out_buffer: &mut [ProtoGrapheme]) -> Result<usize, ParseError> {
[INFO] [stdout]     |                  ^^^^^^^^^^^^^^^^^^^^
[INFO] [stdout] ...
[INFO] [stdout] 209 |     pub async fn seek(&mut self, checkpoint: &InputCheckpoint) -> std::io::Result<()> {
[INFO] [stdout]     |                  ^^^^
[INFO] [stdout] 
[INFO] [stdout] 
[INFO] [stdout] warning: enum `Grapheme` is never used
[INFO] [stdout]   --> src/match_script/grapheme_source.rs:14:10
[INFO] [stdout]    |
[INFO] [stdout] 14 | pub enum Grapheme {
[INFO] [stdout]    |          ^^^^^^^^
[INFO] [stdout]    |
[INFO] [stdout]    = note: `Grapheme` has a derived impl for the trait `Debug`, but this is intentionally ignored during dead code analysis
[INFO] [stdout] 
[INFO] [stdout] 
[INFO] [stdout] warning: struct `GraphemeSource` is never constructed
[INFO] [stdout]   --> src/match_script/grapheme_source.rs:22:12
[INFO] [stdout]    |
[INFO] [stdout] 22 | pub struct GraphemeSource<R: AsyncReadExt + AsyncSeekExt + Unpin> {
[INFO] [stdout]    |            ^^^^^^^^^^^^^^
[INFO] [stdout] 
[INFO] [stdout] 
[INFO] [stdout] warning: associated items `new`, `is_end_of_input`, `get_input_checkpoint`, `read_graphemes`, and `seek` are never used
[INFO] [stdout]    --> src/match_script/grapheme_source.rs:32:12
[INFO] [stdout]     |
[INFO] [stdout] 28  | impl<R: AsyncReadExt + AsyncSeekExt + Unpin> GraphemeSource<R> {
[INFO] [stdout]     | -------------------------------------------------------------- associated items in this implementation
[INFO] [stdout] ...
[INFO] [stdout] 32  |     pub fn new(proto_grapheme_source: ProtoGraphemeSource<R>, buffer_size: usize) -> GraphemeSource<R> {
[INFO] [stdout]     |            ^^^
[INFO] [stdout] ...
[INFO] [stdout] 45  |     pub fn is_end_of_input(&self) -> bool {
[INFO] [stdout]     |            ^^^^^^^^^^^^^^^
[INFO] [stdout] ...
[INFO] [stdout] 51  |     pub fn get_input_checkpoint(&self) -> InputCheckpoint {
[INFO] [stdout]     |            ^^^^^^^^^^^^^^^^^^^^
[INFO] [stdout] ...
[INFO] [stdout] 56  |     pub async fn read_graphemes(&mut self, out_buffer: &mut [Grapheme]) -> Result<usize, ParseError> {
[INFO] [stdout]     |                  ^^^^^^^^^^^^^^
[INFO] [stdout] ...
[INFO] [stdout] 116 |     pub async fn seek(&mut self, checkpoint: &InputCheckpoint) -> std::io::Result<()> {
[INFO] [stdout]     |                  ^^^^
[INFO] [stdout] 
[INFO] [stdout] 
[INFO] [stdout] warning: variants `Symbol`, `Number`, and `FunctionCall` are never constructed
[INFO] [stdout]   --> src/match_script/expression_parser.rs:16:5
[INFO] [stdout]    |
[INFO] [stdout] 15 | pub enum ArgumentExpression {
[INFO] [stdout]    |          ------------------ variants in this enum
[INFO] [stdout] 16 |     Symbol(Symbol),
[INFO] [stdout]    |     ^^^^^^
[INFO] [stdout] 17 |     Number(i64),
[INFO] [stdout]    |     ^^^^^^
[INFO] [stdout] 18 |     FunctionCall(FunctionCall)
[INFO] [stdout]    |     ^^^^^^^^^^^^
[INFO] [stdout]    |
[INFO] [stdout]    = note: `ArgumentExpression` has a derived impl for the trait `Debug`, but this is intentionally ignored during dead code analysis
[INFO] [stdout] 
[INFO] [stdout] 
[INFO] [stdout] warning: variants `String` and `FunctionCall` are never constructed
[INFO] [stdout]   --> src/match_script/expression_parser.rs:69:5
[INFO] [stdout]    |
[INFO] [stdout] 68 | pub enum TextExpressionSegment {
[INFO] [stdout]    |          --------------------- variants in this enum
[INFO] [stdout] 69 |     String(String),
[INFO] [stdout]    |     ^^^^^^
[INFO] [stdout] 70 |     FunctionCall(FunctionCall)
[INFO] [stdout]    |     ^^^^^^^^^^^^
[INFO] [stdout]    |
[INFO] [stdout]    = note: `TextExpressionSegment` has a derived impl for the trait `Debug`, but this is intentionally ignored during dead code analysis
[INFO] [stdout] 
[INFO] [stdout] 
[INFO] [stdout] warning: struct `Cursor` is never constructed
[INFO] [stdout]    --> src/match_script/expression_parser.rs:154:8
[INFO] [stdout]     |
[INFO] [stdout] 154 | struct Cursor<'a> {
[INFO] [stdout]     |        ^^^^^^
[INFO] [stdout] 
[INFO] [stdout] 
[INFO] [stdout] warning: function `find_next_newline` is never used
[INFO] [stdout]    --> src/match_script/expression_parser.rs:160:4
[INFO] [stdout]     |
[INFO] [stdout] 160 | fn find_next_newline(text: &str) -> usize {
[INFO] [stdout]     |    ^^^^^^^^^^^^^^^^^
[INFO] [stdout] 
[INFO] [stdout] 
[INFO] [stdout] warning: associated items `new`, `peek`, `advance`, `expect`, and `get_position` are never used
[INFO] [stdout]    --> src/match_script/expression_parser.rs:169:8
[INFO] [stdout]     |
[INFO] [stdout] 167 | impl<'a> Cursor<'a> {
[INFO] [stdout]     | ------------------- associated items in this implementation
[INFO] [stdout] 168 |
[INFO] [stdout] 169 |     fn new<'b>(content: &'b str) -> Cursor<'b> {
[INFO] [stdout]     |        ^^^
[INFO] [stdout] ...
[INFO] [stdout] 179 |     fn peek(&mut self) -> Option<char> {
[INFO] [stdout]     |        ^^^^
[INFO] [stdout] ...
[INFO] [stdout] 184 |     fn advance(&mut self) -> () {
[INFO] [stdout]     |        ^^^^^^^
[INFO] [stdout] ...
[INFO] [stdout] 192 |     fn expect(&mut self, chars: &[char]) -> Result<(), ParseError> {
[INFO] [stdout]     |        ^^^^^^
[INFO] [stdout] ...
[INFO] [stdout] 212 |     fn get_position(&self) -> CursorPosition {
[INFO] [stdout]     |        ^^^^^^^^^^^^
[INFO] [stdout] 
[INFO] [stdout] 
[INFO] [stdout] warning: function `skip_whitespace` is never used
[INFO] [stdout]    --> src/match_script/expression_parser.rs:218:4
[INFO] [stdout]     |
[INFO] [stdout] 218 | fn skip_whitespace(cursor: &mut Cursor) -> () {
[INFO] [stdout]     |    ^^^^^^^^^^^^^^^
[INFO] [stdout] 
[INFO] [stdout] 
[INFO] [stdout] warning: function `parse_symbol` is never used
[INFO] [stdout]    --> src/match_script/expression_parser.rs:232:4
[INFO] [stdout]     |
[INFO] [stdout] 232 | fn parse_symbol(cursor: &mut Cursor) -> Result<Symbol, ParseError> {
[INFO] [stdout]     |    ^^^^^^^^^^^^
[INFO] [stdout] 
[INFO] [stdout] 
[INFO] [stdout] warning: function `parse_number` is never used
[INFO] [stdout]    --> src/match_script/expression_parser.rs:253:4
[INFO] [stdout]     |
[INFO] [stdout] 253 | fn parse_number(cursor: &mut Cursor) -> Result<i64, ParseError> {
[INFO] [stdout]     |    ^^^^^^^^^^^^
[INFO] [stdout] 
[INFO] [stdout] 
[INFO] [stdout] warning: function `parse_argument` is never used
[INFO] [stdout]    --> src/match_script/expression_parser.rs:291:4
[INFO] [stdout]     |
[INFO] [stdout] 291 | fn parse_argument<'i>(cursor: &mut Cursor<'i>) -> Result<(Symbol, ArgumentExpression), ParseError> {
[INFO] [stdout]     |    ^^^^^^^^^^^^^^
[INFO] [stdout] 
[INFO] [stdout] 
[INFO] [stdout] warning: function `parse_function_call` is never used
[INFO] [stdout]    --> src/match_script/expression_parser.rs:321:4
[INFO] [stdout]     |
[INFO] [stdout] 321 | fn parse_function_call<'i>(cursor: &mut Cursor<'i>) -> Result<FunctionCall, ParseError> {
[INFO] [stdout]     |    ^^^^^^^^^^^^^^^^^^^
[INFO] [stdout] 
[INFO] [stdout] 
[INFO] [stdout] warning: function `parse_text_expression` is never used
[INFO] [stdout]    --> src/match_script/expression_parser.rs:370:4
[INFO] [stdout]     |
[INFO] [stdout] 370 | fn parse_text_expression<'i>(cursor: &mut Cursor<'i>) -> Result<TextExpression, ParseError> {
[INFO] [stdout]     |    ^^^^^^^^^^^^^^^^^^^^^
[INFO] [stdout] 
[INFO] [stdout] 
[INFO] [stdout] warning: function `parse_expression` is never used
[INFO] [stdout]    --> src/match_script/expression_parser.rs:450:8
[INFO] [stdout]     |
[INFO] [stdout] 450 | pub fn parse_expression(text: &str) -> Result<TextExpression, ParseError> {
[INFO] [stdout]     |        ^^^^^^^^^^^^^^^^
[INFO] [stdout] 
[INFO] [stdout] 
[INFO] [stdout] warning: enum `CompiledArgument` is never used
[INFO] [stdout]   --> src/match_script/functions.rs:24:6
[INFO] [stdout]    |
[INFO] [stdout] 24 | enum CompiledArgument {
[INFO] [stdout]    |      ^^^^^^^^^^^^^^^^
[INFO] [stdout] 
[INFO] [stdout] 
[INFO] [stdout] warning: type alias `MatcherFunction` is never used
[INFO] [stdout]   --> src/match_script/functions.rs:31:6
[INFO] [stdout]    |
[INFO] [stdout] 31 | type MatcherFunction = dyn Fn(&CursorPosition, &Vec<(Symbol, CompiledArgument)>, &Vec<Box<dyn Matcher>>) -> Result<Box<dyn Matcher>, Pars...
[INFO] [stdout]    |      ^^^^^^^^^^^^^^^
[INFO] [stdout] 
[INFO] [stdout] 
[INFO] [stdout] warning: struct `MSContext` is never constructed
[INFO] [stdout]   --> src/match_script/functions.rs:34:12
[INFO] [stdout]    |
[INFO] [stdout] 34 | pub struct MSContext {
[INFO] [stdout]    |            ^^^^^^^^^
[INFO] [stdout] 
[INFO] [stdout] 
[INFO] [stdout] warning: associated function `new` is never used
[INFO] [stdout]   --> src/match_script/functions.rs:40:12
[INFO] [stdout]    |
[INFO] [stdout] 38 | impl MSContext {
[INFO] [stdout]    | -------------- associated function in this implementation
[INFO] [stdout] 39 |
[INFO] [stdout] 40 |     pub fn new() -> MSContext {
[INFO] [stdout]    |            ^^^
[INFO] [stdout] 
[INFO] [stdout] 
[INFO] [stdout] warning: trait `Matcher` is never used
[INFO] [stdout]   --> src/match_script/functions.rs:49:11
[INFO] [stdout]    |
[INFO] [stdout] 49 | pub trait Matcher: std::fmt::Debug {
[INFO] [stdout]    |           ^^^^^^^
[INFO] [stdout] 
[INFO] [stdout] 
[INFO] [stdout] warning: constant `FUN_ID_REGEX` is never used
[INFO] [stdout]   --> src/match_script/functions.rs:59:7
[INFO] [stdout]    |
[INFO] [stdout] 59 | const FUN_ID_REGEX: &'static str = "regex";
[INFO] [stdout]    |       ^^^^^^^^^^^^
[INFO] [stdout] 
[INFO] [stdout] 
[INFO] [stdout] warning: struct `FunctionSignature` is never constructed
[INFO] [stdout]   --> src/match_script/functions.rs:62:8
[INFO] [stdout]    |
[INFO] [stdout] 62 | struct FunctionSignature<'a> {
[INFO] [stdout]    |        ^^^^^^^^^^^^^^^^^
[INFO] [stdout] 
[INFO] [stdout] 
[INFO] [stdout] warning: function `verify_function_signature` is never used
[INFO] [stdout]   --> src/match_script/functions.rs:70:4
[INFO] [stdout]    |
[INFO] [stdout] 70 | fn verify_function_signature(
[INFO] [stdout]    |    ^^^^^^^^^^^^^^^^^^^^^^^^^
[INFO] [stdout] 
[INFO] [stdout] 
[INFO] [stdout] warning: struct `StringMatcher` is never constructed
[INFO] [stdout]    --> src/match_script/functions.rs:102:8
[INFO] [stdout]     |
[INFO] [stdout] 102 | struct StringMatcher {
[INFO] [stdout]     |        ^^^^^^^^^^^^^
[INFO] [stdout] 
[INFO] [stdout] 
[INFO] [stdout] warning: struct `RegexMatcher` is never constructed
[INFO] [stdout]    --> src/match_script/functions.rs:130:8
[INFO] [stdout]     |
[INFO] [stdout] 130 | struct RegexMatcher {
[INFO] [stdout]     |        ^^^^^^^^^^^^
[INFO] [stdout] 
[INFO] [stdout] 
[INFO] [stdout] warning: function `build_regex_matcher` is never used
[INFO] [stdout]    --> src/match_script/functions.rs:135:4
[INFO] [stdout]     |
[INFO] [stdout] 135 | fn build_regex_matcher(
[INFO] [stdout]     |    ^^^^^^^^^^^^^^^^^^^
[INFO] [stdout] 
[INFO] [stdout] 
[INFO] [stdout] warning: struct `TextExpressionMatcher` is never constructed
[INFO] [stdout]    --> src/match_script/functions.rs:173:8
[INFO] [stdout]     |
[INFO] [stdout] 173 | struct TextExpressionMatcher {
[INFO] [stdout]     |        ^^^^^^^^^^^^^^^^^^^^^
[INFO] [stdout] 
[INFO] [stdout] 
[INFO] [stdout] warning: function `compile_function_call` is never used
[INFO] [stdout]    --> src/match_script/functions.rs:199:4
[INFO] [stdout]     |
[INFO] [stdout] 199 | fn compile_function_call(context: &MSContext, funcall: &FunctionCall) -> Result<Box<dyn Matcher>, ParseError> {
[INFO] [stdout]     |    ^^^^^^^^^^^^^^^^^^^^^
[INFO] [stdout] 
[INFO] [stdout] 
[INFO] [stdout] warning: function `compile_text_expression` is never used
[INFO] [stdout]    --> src/match_script/functions.rs:230:4
[INFO] [stdout]     |
[INFO] [stdout] 230 | fn compile_text_expression(context: &MSContext, expr: &TextExpression) -> Result<TextExpressionMatcher, ParseError> {
[INFO] [stdout]     |    ^^^^^^^^^^^^^^^^^^^^^^^
[INFO] [stdout] 
[INFO] [stdout] 
[INFO] [stdout] warning: function `add_standard_functions` is never used
[INFO] [stdout]    --> src/match_script/functions.rs:257:8
[INFO] [stdout]     |
[INFO] [stdout] 257 | pub fn add_standard_functions(context: &mut MSContext) -> () {
[INFO] [stdout]     |        ^^^^^^^^^^^^^^^^^^^^^^
[INFO] [stdout] 
[INFO] [stdout] 
[INFO] [stdout] warning: function `compile_expression` is never used
[INFO] [stdout]    --> src/match_script/functions.rs:261:8
[INFO] [stdout]     |
[INFO] [stdout] 261 | pub fn compile_expression(context: &MSContext, expr: &TextExpression) -> Result<Box<dyn Matcher>, ParseError> {
[INFO] [stdout]     |        ^^^^^^^^^^^^^^^^^^
[INFO] [stdout] 
[INFO] [stdout] 
[INFO] [stdout] warning: associated items `new`, `add_char`, `add_string`, and `add_position` are never used
[INFO] [stdout]   --> src/match_script/error.rs:17:12
[INFO] [stdout]    |
[INFO] [stdout] 14 | impl CursorPosition {
[INFO] [stdout]    | ------------------- associated items in this implementation
[INFO] [stdout] ...
[INFO] [stdout] 17 |     pub fn new() -> CursorPosition {
[INFO] [stdout]    |            ^^^
[INFO] [stdout] ...
[INFO] [stdout] 26 |     pub fn add_char(&mut self, c: char) -> &mut Self {
[INFO] [stdout]    |            ^^^^^^^^
[INFO] [stdout] ...
[INFO] [stdout] 38 |     pub fn add_string(&mut self, str: &str) -> &mut Self {
[INFO] [stdout]    |            ^^^^^^^^^^
[INFO] [stdout] ...
[INFO] [stdout] 46 |     pub fn add_position(&mut self, other: &CursorPosition) -> &mut Self {
[INFO] [stdout]    |            ^^^^^^^^^^^^
[INFO] [stdout] 
[INFO] [stdout] 
[INFO] [stdout] warning: multiple variants are never constructed
[INFO] [stdout]    --> src/match_script/error.rs:65:5
[INFO] [stdout]     |
[INFO] [stdout] 61  | pub enum ParseErrorVariant {
[INFO] [stdout]     |          ----------------- variants in this enum
[INFO] [stdout] ...
[INFO] [stdout] 65  |     CharsExpected(Vec<char>),
[INFO] [stdout]     |     ^^^^^^^^^^^^^
[INFO] [stdout] ...
[INFO] [stdout] 68  |     TokenExpected(String),
[INFO] [stdout]     |     ^^^^^^^^^^^^^
[INFO] [stdout] ...
[INFO] [stdout] 71  |     DanglingBacktick,
[INFO] [stdout]     |     ^^^^^^^^^^^^^^^^
[INFO] [stdout] ...
[INFO] [stdout] 74  |     UnmatchedBrace,
[INFO] [stdout]     |     ^^^^^^^^^^^^^^
[INFO] [stdout] ...
[INFO] [stdout] 79  |     FunctionNotFound(String),
[INFO] [stdout]     |     ^^^^^^^^^^^^^^^^
[INFO] [stdout] ...
[INFO] [stdout] 82  |     BadParameter(String, String),
[INFO] [stdout]     |     ^^^^^^^^^^^^
[INFO] [stdout] ...
[INFO] [stdout] 85  |     BadArgument(String, String),
[INFO] [stdout]     |     ^^^^^^^^^^^
[INFO] [stdout] ...
[INFO] [stdout] 88  |     BadTextCount(String, usize, usize),
[INFO] [stdout]     |     ^^^^^^^^^^^^
[INFO] [stdout] ...
[INFO] [stdout] 92  |     StaticMatchRequired,
[INFO] [stdout]     |     ^^^^^^^^^^^^^^^^^^^
[INFO] [stdout] ...
[INFO] [stdout] 97  |     Encoding(Vec<u8>, &'static Encoding),
[INFO] [stdout]     |     ^^^^^^^^
[INFO] [stdout] ...
[INFO] [stdout] 100 |     IO(std::io::Error),
[INFO] [stdout]     |     ^^
[INFO] [stdout] ...
[INFO] [stdout] 103 |     External(String, Box<dyn Error>)
[INFO] [stdout]     |     ^^^^^^^^
[INFO] [stdout]     |
[INFO] [stdout]     = note: `ParseErrorVariant` has a derived impl for the trait `Debug`, but this is intentionally ignored during dead code analysis
[INFO] [stdout] 
[INFO] [stdout] 
[INFO] [stdout] warning: function `get_usable_context` is never used
[INFO] [stdout]    --> src/match_script/error.rs:135:4
[INFO] [stdout]     |
[INFO] [stdout] 135 | fn get_usable_context<'a>(context: &'a str, position: &CursorPosition, max_length: usize) -> Option<(&'a str, usize)> {
[INFO] [stdout]     |    ^^^^^^^^^^^^^^^^^^
[INFO] [stdout] 
[INFO] [stdout] 
[INFO] [stdout] warning: struct `ParseError` is never constructed
[INFO] [stdout]    --> src/match_script/error.rs:193:12
[INFO] [stdout]     |
[INFO] [stdout] 193 | pub struct ParseError {
[INFO] [stdout]     |            ^^^^^^^^^^
[INFO] [stdout]     |
[INFO] [stdout]     = note: `ParseError` has a derived impl for the trait `Debug`, but this is intentionally ignored during dead code analysis
[INFO] [stdout] 
[INFO] [stdout] 
[INFO] [stdout] warning: multiple associated items are never used
[INFO] [stdout]    --> src/match_script/error.rs:204:12
[INFO] [stdout]     |
[INFO] [stdout] 201 | impl ParseError {
[INFO] [stdout]     | --------------- associated items in this implementation
[INFO] [stdout] ...
[INFO] [stdout] 204 |     pub fn new(position: CursorPosition, variant: ParseErrorVariant) -> ParseError {
[INFO] [stdout]     |            ^^^
[INFO] [stdout] ...
[INFO] [stdout] 219 |     pub fn get_position(&self) -> &CursorPosition {
[INFO] [stdout]     |            ^^^^^^^^^^^^
[INFO] [stdout] ...
[INFO] [stdout] 224 |     pub fn get_variant(&self) -> &ParseErrorVariant {
[INFO] [stdout]     |            ^^^^^^^^^^^
[INFO] [stdout] ...
[INFO] [stdout] 233 |     pub fn set_context(&mut self, context_position: CursorPosition, context: &str) -> () {
[INFO] [stdout]     |            ^^^^^^^^^^^
[INFO] [stdout] ...
[INFO] [stdout] 240 |     pub fn get_context(&self) -> Option<(&CursorPosition, &str)> {
[INFO] [stdout]     |            ^^^^^^^^^^^
[INFO] [stdout] ...
[INFO] [stdout] 249 |     pub fn set_input_name(&mut self, input_name: &str) -> () {
[INFO] [stdout]     |            ^^^^^^^^^^^^^^
[INFO] [stdout] ...
[INFO] [stdout] 255 |     pub fn get_input_name(&self) -> Option<&str> {
[INFO] [stdout]     |            ^^^^^^^^^^^^^^
[INFO] [stdout] ...
[INFO] [stdout] 264 |     pub fn write<T: Terminal>(&self, terminal: &mut T) -> std::io::Result<()> {
[INFO] [stdout]     |            ^^^^^
[INFO] [stdout] 
[INFO] [stdout] 
[INFO] [stdout] warning: constant `READ_BUFFER_SIZE` is never used
[INFO] [stdout]   --> src/diff/differ.rs:17:7
[INFO] [stdout]    |
[INFO] [stdout] 17 | const READ_BUFFER_SIZE: usize = 1024;
[INFO] [stdout]    |       ^^^^^^^^^^^^^^^^
[INFO] [stdout] 
[INFO] [stdout] 
[INFO] [stdout] warning: struct `DifferParams` is never constructed
[INFO] [stdout]   --> src/diff/differ.rs:20:12
[INFO] [stdout]    |
[INFO] [stdout] 20 | pub struct DifferParams<'ref_name, 'test_name, 'delimiter_tag, R: AsyncReadExt + Unpin> {
[INFO] [stdout]    |            ^^^^^^^^^^^^
[INFO] [stdout] 
[INFO] [stdout] 
[INFO] [stdout] warning: struct `DiffInput` is never constructed
[INFO] [stdout]   --> src/diff/differ.rs:34:8
[INFO] [stdout]    |
[INFO] [stdout] 34 | struct DiffInput<R: AsyncReadExt + AsyncSeekExt + Unpin> {
[INFO] [stdout]    |        ^^^^^^^^^
[INFO] [stdout] 
[INFO] [stdout] 
[INFO] [stdout] warning: associated items `new`, `mark_as_processed`, `discard_processed_data`, `top_up_ref_buffer`, `decode_strip`, and `push_test_data` are never used
[INFO] [stdout]    --> src/diff/differ.rs:82:8
[INFO] [stdout]     |
[INFO] [stdout] 79  | impl<R: AsyncReadExt + AsyncSeekExt + Unpin> DiffInput<R> {
[INFO] [stdout]     | --------------------------------------------------------- associated items in this implementation
[INFO] [stdout] ...
[INFO] [stdout] 82  |     fn new<'a, 'b, 'c, X>(params: DifferParams<'a, 'b, 'c, X>) -> DiffInput<X>
[INFO] [stdout]     |        ^^^
[INFO] [stdout] ...
[INFO] [stdout] 110 |     fn mark_as_processed(&mut self, ref_chars: usize, test_chars: usize) -> () {
[INFO] [stdout]     |        ^^^^^^^^^^^^^^^^^
[INFO] [stdout] ...
[INFO] [stdout] 117 |     fn discard_processed_data(&mut self) -> () {
[INFO] [stdout]     |        ^^^^^^^^^^^^^^^^^^^^^^
[INFO] [stdout] ...
[INFO] [stdout] 131 |     async fn top_up_ref_buffer(&mut self, new_len: usize) -> Result<(), ParseError> {
[INFO] [stdout]     |              ^^^^^^^^^^^^^^^^^
[INFO] [stdout] ...
[INFO] [stdout] 161 |     fn decode_strip(&mut self, data: &[u8]) -> Result<usize, ParseError> {
[INFO] [stdout]     |        ^^^^^^^^^^^^
[INFO] [stdout] ...
[INFO] [stdout] 216 |     fn push_test_data(&mut self, data: &[u8]) -> Result<(), ParseError> {
[INFO] [stdout]     |        ^^^^^^^^^^^^^^
[INFO] [stdout] 
[INFO] [stdout] 
[INFO] [stdout] warning: variants `Inserted`, `Decreased`, and `Ignored` are never constructed
[INFO] [stdout]   --> src/diff/priority_queue.rs:34:5
[INFO] [stdout]    |
[INFO] [stdout] 33 | pub enum InsertOrDecreaseResult {
[INFO] [stdout]    |          ---------------------- variants in this enum
[INFO] [stdout] 34 |     Inserted,
[INFO] [stdout]    |     ^^^^^^^^
[INFO] [stdout] 35 |     Decreased,
[INFO] [stdout]    |     ^^^^^^^^^
[INFO] [stdout] 36 |     Ignored
[INFO] [stdout]    |     ^^^^^^^
[INFO] [stdout]    |
[INFO] [stdout]    = note: `InsertOrDecreaseResult` has a derived impl for the trait `Debug`, but this is intentionally ignored during dead code analysis
[INFO] [stdout] 
[INFO] [stdout] 
[INFO] [stdout] warning: multiple associated items are never used
[INFO] [stdout]    --> src/diff/priority_queue.rs:49:12
[INFO] [stdout]     |
[INFO] [stdout] 46  | impl<T: PartialEq> PriorityQueue<T> {
[INFO] [stdout]     | ----------------------------------- associated items in this implementation
[INFO] [stdout] ...
[INFO] [stdout] 49  |     pub fn new() -> PriorityQueue<T> {
[INFO] [stdout]     |            ^^^
[INFO] [stdout] ...
[INFO] [stdout] 56  |     pub fn len(&self) -> usize {
[INFO] [stdout]     |            ^^^
[INFO] [stdout] ...
[INFO] [stdout] 62  |     fn move_up(&mut self, index: usize) -> () {
[INFO] [stdout]     |        ^^^^^^^
[INFO] [stdout] ...
[INFO] [stdout] 80  |     fn move_down(&mut self, index: usize) -> () {
[INFO] [stdout]     |        ^^^^^^^^^
[INFO] [stdout] ...
[INFO] [stdout] 105 |     fn insert(&mut self, data: T, priority: isize) -> () {
[INFO] [stdout]     |        ^^^^^^
[INFO] [stdout] ...
[INFO] [stdout] 119 |     pub fn peek_min(&self) -> Option<(&T, isize)> {
[INFO] [stdout]     |            ^^^^^^^^
[INFO] [stdout] ...
[INFO] [stdout] 128 |     pub fn extract_min(&mut self) -> Option<(T, isize)> {
[INFO] [stdout]     |            ^^^^^^^^^^^
[INFO] [stdout] ...
[INFO] [stdout] 149 |     fn decrease_key(&mut self, index: usize, new_priority: isize) -> () {
[INFO] [stdout]     |        ^^^^^^^^^^^^
[INFO] [stdout] ...
[INFO] [stdout] 161 |     pub fn insert_or_decrease(&mut self, elem: T, priority: isize) -> InsertOrDecreaseResult {
[INFO] [stdout]     |            ^^^^^^^^^^^^^^^^^^
[INFO] [stdout] ...
[INFO] [stdout] 177 |     pub fn iter(&self) -> PQueueIter<T> {
[INFO] [stdout]     |            ^^^^
[INFO] [stdout] 
[INFO] [stdout] 
[INFO] [stderr]     Finished `dev` profile [unoptimized + debuginfo] target(s) in 35.37s
[INFO] running `Command { std: "docker" "inspect" "e36e71cdcb484da71c62c61918083b8adba810901e75f47fc3cbc7a75ab4c3fb", kill_on_drop: false }`
[INFO] running `Command { std: "docker" "rm" "-f" "e36e71cdcb484da71c62c61918083b8adba810901e75f47fc3cbc7a75ab4c3fb", kill_on_drop: false }`
[INFO] [stdout] e36e71cdcb484da71c62c61918083b8adba810901e75f47fc3cbc7a75ab4c3fb
[INFO] running `Command { std: "docker" "create" "-v" "/var/lib/crater-agent-workspace/builds/worker-7-tc2/target:/opt/rustwide/target:rw,Z" "-v" "/var/lib/crater-agent-workspace/builds/worker-7-tc2/source:/opt/rustwide/workdir:ro,Z" "-v" "/var/lib/crater-agent-workspace/cargo-home:/opt/rustwide/cargo-home:ro,Z" "-v" "/var/lib/crater-agent-workspace/rustup-home:/opt/rustwide/rustup-home:ro,Z" "-e" "SOURCE_DIR=/opt/rustwide/workdir" "-e" "CARGO_TARGET_DIR=/opt/rustwide/target" "-e" "CARGO_INCREMENTAL=0" "-e" "RUST_BACKTRACE=full" "-e" "RUSTFLAGS=--cap-lints=warn" "-e" "RUSTDOCFLAGS=--cap-lints=warn" "-e" "CARGO_HOME=/opt/rustwide/cargo-home" "-e" "RUSTUP_HOME=/opt/rustwide/rustup-home" "-w" "/opt/rustwide/workdir" "-m" "1610612736" "--user" "0:0" "--network" "none" "ghcr.io/rust-lang/crates-build-env/linux@sha256:f3a9d4ad9d972b27faf3965f35b62e55ba32bbce8f20bc8fe909558a86702fde" "/opt/rustwide/cargo-home/bin/cargo" "+beta-2024-12-08" "test" "--frozen" "--no-run" "--message-format=json", kill_on_drop: false }`
[INFO] [stdout] cd5d2c1dd5ac1f550fa2a278843f0ce331fef058b49f580a199333b63cd0eb57
[INFO] running `Command { std: "docker" "start" "-a" "cd5d2c1dd5ac1f550fa2a278843f0ce331fef058b49f580a199333b63cd0eb57", kill_on_drop: false }`
[INFO] [stderr]    Compiling getrandom v0.2.15
[INFO] [stderr]    Compiling env_logger v0.8.4
[INFO] [stderr]    Compiling syn v1.0.109
[INFO] [stdout] warning: unused import: `super::priority_queue::PriorityQueue`
[INFO] [stdout]   --> src/diff/differ.rs:15:5
[INFO] [stdout]    |
[INFO] [stdout] 15 | use super::priority_queue::PriorityQueue;
[INFO] [stdout]    |     ^^^^^^^^^^^^^^^^^^^^^^^^^^^^^^^^^^^^
[INFO] [stdout]    |
[INFO] [stdout]    = note: `#[warn(unused_imports)]` on by default
[INFO] [stdout] 
[INFO] [stdout] 
[INFO] [stdout] warning: field `content` is never read
[INFO] [stdout]    --> src/match_script/expression_parser.rs:155:5
[INFO] [stdout]     |
[INFO] [stdout] 154 | struct Cursor<'a> {
[INFO] [stdout]     |        ------ field in this struct
[INFO] [stdout] 155 |     content: &'a str,
[INFO] [stdout]     |     ^^^^^^^
[INFO] [stdout]     |
[INFO] [stdout]     = note: `#[warn(dead_code)]` on by default
[INFO] [stdout] 
[INFO] [stdout] 
[INFO] [stdout] warning: function `find_next_newline` is never used
[INFO] [stdout]    --> src/match_script/expression_parser.rs:160:4
[INFO] [stdout]     |
[INFO] [stdout] 160 | fn find_next_newline(text: &str) -> usize {
[INFO] [stdout]     |    ^^^^^^^^^^^^^^^^^
[INFO] [stdout] 
[INFO] [stdout] 
[INFO] [stdout] warning: field `0` is never read
[INFO] [stdout]   --> src/match_script/functions.rs:25:12
[INFO] [stdout]    |
[INFO] [stdout] 25 |     Symbol(Symbol),
[INFO] [stdout]    |     ------ ^^^^^^
[INFO] [stdout]    |     |
[INFO] [stdout]    |     field in this variant
[INFO] [stdout]    |
[INFO] [stdout] help: consider changing the field to be of unit type to suppress this warning while preserving the field numbering, or remove the field
[INFO] [stdout]    |
[INFO] [stdout] 25 |     Symbol(()),
[INFO] [stdout]    |            ~~
[INFO] [stdout] 
[INFO] [stdout] 
[INFO] [stdout] warning: field `0` is never read
[INFO] [stdout]   --> src/match_script/functions.rs:26:12
[INFO] [stdout]    |
[INFO] [stdout] 26 |     Number(i64),
[INFO] [stdout]    |     ------ ^^^
[INFO] [stdout]    |     |
[INFO] [stdout]    |     field in this variant
[INFO] [stdout]    |
[INFO] [stdout] help: consider changing the field to be of unit type to suppress this warning while preserving the field numbering, or remove the field
[INFO] [stdout]    |
[INFO] [stdout] 26 |     Number(()),
[INFO] [stdout]    |            ~~
[INFO] [stdout] 
[INFO] [stdout] 
[INFO] [stdout] warning: field `0` is never read
[INFO] [stdout]   --> src/match_script/functions.rs:27:18
[INFO] [stdout]    |
[INFO] [stdout] 27 |     FunctionCall(Box<dyn Matcher>)
[INFO] [stdout]    |     ------------ ^^^^^^^^^^^^^^^^
[INFO] [stdout]    |     |
[INFO] [stdout]    |     field in this variant
[INFO] [stdout]    |
[INFO] [stdout] help: consider changing the field to be of unit type to suppress this warning while preserving the field numbering, or remove the field
[INFO] [stdout]    |
[INFO] [stdout] 27 |     FunctionCall(())
[INFO] [stdout]    |                  ~~
[INFO] [stdout] 
[INFO] [stdout] 
[INFO] [stdout] warning: constant `READ_BUFFER_SIZE` is never used
[INFO] [stdout]   --> src/diff/differ.rs:17:7
[INFO] [stdout]    |
[INFO] [stdout] 17 | const READ_BUFFER_SIZE: usize = 1024;
[INFO] [stdout]    |       ^^^^^^^^^^^^^^^^
[INFO] [stdout] 
[INFO] [stdout] 
[INFO] [stdout] warning: struct `DifferParams` is never constructed
[INFO] [stdout]   --> src/diff/differ.rs:20:12
[INFO] [stdout]    |
[INFO] [stdout] 20 | pub struct DifferParams<'ref_name, 'test_name, 'delimiter_tag, R: AsyncReadExt + Unpin> {
[INFO] [stdout]    |            ^^^^^^^^^^^^
[INFO] [stdout] 
[INFO] [stdout] 
[INFO] [stdout] warning: struct `DiffInput` is never constructed
[INFO] [stdout]   --> src/diff/differ.rs:34:8
[INFO] [stdout]    |
[INFO] [stdout] 34 | struct DiffInput<R: AsyncReadExt + AsyncSeekExt + Unpin> {
[INFO] [stdout]    |        ^^^^^^^^^
[INFO] [stdout] 
[INFO] [stdout] 
[INFO] [stdout] warning: associated items `new`, `mark_as_processed`, `discard_processed_data`, `top_up_ref_buffer`, `decode_strip`, and `push_test_data` are never used
[INFO] [stdout]    --> src/diff/differ.rs:82:8
[INFO] [stdout]     |
[INFO] [stdout] 79  | impl<R: AsyncReadExt + AsyncSeekExt + Unpin> DiffInput<R> {
[INFO] [stdout]     | --------------------------------------------------------- associated items in this implementation
[INFO] [stdout] ...
[INFO] [stdout] 82  |     fn new<'a, 'b, 'c, X>(params: DifferParams<'a, 'b, 'c, X>) -> DiffInput<X>
[INFO] [stdout]     |        ^^^
[INFO] [stdout] ...
[INFO] [stdout] 110 |     fn mark_as_processed(&mut self, ref_chars: usize, test_chars: usize) -> () {
[INFO] [stdout]     |        ^^^^^^^^^^^^^^^^^
[INFO] [stdout] ...
[INFO] [stdout] 117 |     fn discard_processed_data(&mut self) -> () {
[INFO] [stdout]     |        ^^^^^^^^^^^^^^^^^^^^^^
[INFO] [stdout] ...
[INFO] [stdout] 131 |     async fn top_up_ref_buffer(&mut self, new_len: usize) -> Result<(), ParseError> {
[INFO] [stdout]     |              ^^^^^^^^^^^^^^^^^
[INFO] [stdout] ...
[INFO] [stdout] 161 |     fn decode_strip(&mut self, data: &[u8]) -> Result<usize, ParseError> {
[INFO] [stdout]     |        ^^^^^^^^^^^^
[INFO] [stdout] ...
[INFO] [stdout] 216 |     fn push_test_data(&mut self, data: &[u8]) -> Result<(), ParseError> {
[INFO] [stdout]     |        ^^^^^^^^^^^^^^
[INFO] [stdout] 
[INFO] [stdout] 
[INFO] [stdout] warning: variants `Inserted`, `Decreased`, and `Ignored` are never constructed
[INFO] [stdout]   --> src/diff/priority_queue.rs:34:5
[INFO] [stdout]    |
[INFO] [stdout] 33 | pub enum InsertOrDecreaseResult {
[INFO] [stdout]    |          ---------------------- variants in this enum
[INFO] [stdout] 34 |     Inserted,
[INFO] [stdout]    |     ^^^^^^^^
[INFO] [stdout] 35 |     Decreased,
[INFO] [stdout]    |     ^^^^^^^^^
[INFO] [stdout] 36 |     Ignored
[INFO] [stdout]    |     ^^^^^^^
[INFO] [stdout]    |
[INFO] [stdout]    = note: `InsertOrDecreaseResult` has a derived impl for the trait `Debug`, but this is intentionally ignored during dead code analysis
[INFO] [stdout] 
[INFO] [stdout] 
[INFO] [stdout] warning: multiple associated items are never used
[INFO] [stdout]    --> src/diff/priority_queue.rs:49:12
[INFO] [stdout]     |
[INFO] [stdout] 46  | impl<T: PartialEq> PriorityQueue<T> {
[INFO] [stdout]     | ----------------------------------- associated items in this implementation
[INFO] [stdout] ...
[INFO] [stdout] 49  |     pub fn new() -> PriorityQueue<T> {
[INFO] [stdout]     |            ^^^
[INFO] [stdout] ...
[INFO] [stdout] 56  |     pub fn len(&self) -> usize {
[INFO] [stdout]     |            ^^^
[INFO] [stdout] ...
[INFO] [stdout] 62  |     fn move_up(&mut self, index: usize) -> () {
[INFO] [stdout]     |        ^^^^^^^
[INFO] [stdout] ...
[INFO] [stdout] 80  |     fn move_down(&mut self, index: usize) -> () {
[INFO] [stdout]     |        ^^^^^^^^^
[INFO] [stdout] ...
[INFO] [stdout] 105 |     fn insert(&mut self, data: T, priority: isize) -> () {
[INFO] [stdout]     |        ^^^^^^
[INFO] [stdout] ...
[INFO] [stdout] 119 |     pub fn peek_min(&self) -> Option<(&T, isize)> {
[INFO] [stdout]     |            ^^^^^^^^
[INFO] [stdout] ...
[INFO] [stdout] 128 |     pub fn extract_min(&mut self) -> Option<(T, isize)> {
[INFO] [stdout]     |            ^^^^^^^^^^^
[INFO] [stdout] ...
[INFO] [stdout] 149 |     fn decrease_key(&mut self, index: usize, new_priority: isize) -> () {
[INFO] [stdout]     |        ^^^^^^^^^^^^
[INFO] [stdout] ...
[INFO] [stdout] 161 |     pub fn insert_or_decrease(&mut self, elem: T, priority: isize) -> InsertOrDecreaseResult {
[INFO] [stdout]     |            ^^^^^^^^^^^^^^^^^^
[INFO] [stdout] ...
[INFO] [stdout] 177 |     pub fn iter(&self) -> PQueueIter<T> {
[INFO] [stdout]     |            ^^^^
[INFO] [stdout] 
[INFO] [stdout] 
[INFO] [stderr]    Compiling rand_core v0.6.4
[INFO] [stderr]    Compiling rand v0.8.5
[INFO] [stderr]    Compiling quickcheck v1.0.3
[INFO] [stderr]    Compiling quickcheck_macros v1.0.0
[INFO] [stderr]    Compiling rehearse v0.1.0 (/opt/rustwide/workdir)
[INFO] [stdout] warning: unused import: `super::priority_queue::PriorityQueue`
[INFO] [stdout]   --> src/diff/differ.rs:15:5
[INFO] [stdout]    |
[INFO] [stdout] 15 | use super::priority_queue::PriorityQueue;
[INFO] [stdout]    |     ^^^^^^^^^^^^^^^^^^^^^^^^^^^^^^^^^^^^
[INFO] [stdout]    |
[INFO] [stdout]    = note: `#[warn(unused_imports)]` on by default
[INFO] [stdout] 
[INFO] [stdout] 
[INFO] [stdout] warning: field `content` is never read
[INFO] [stdout]    --> src/match_script/expression_parser.rs:155:5
[INFO] [stdout]     |
[INFO] [stdout] 154 | struct Cursor<'a> {
[INFO] [stdout]     |        ------ field in this struct
[INFO] [stdout] 155 |     content: &'a str,
[INFO] [stdout]     |     ^^^^^^^
[INFO] [stdout]     |
[INFO] [stdout]     = note: `#[warn(dead_code)]` on by default
[INFO] [stdout] 
[INFO] [stdout] 
[INFO] [stdout] warning: function `find_next_newline` is never used
[INFO] [stdout]    --> src/match_script/expression_parser.rs:160:4
[INFO] [stdout]     |
[INFO] [stdout] 160 | fn find_next_newline(text: &str) -> usize {
[INFO] [stdout]     |    ^^^^^^^^^^^^^^^^^
[INFO] [stdout] 
[INFO] [stdout] 
[INFO] [stdout] warning: field `0` is never read
[INFO] [stdout]   --> src/match_script/functions.rs:25:12
[INFO] [stdout]    |
[INFO] [stdout] 25 |     Symbol(Symbol),
[INFO] [stdout]    |     ------ ^^^^^^
[INFO] [stdout]    |     |
[INFO] [stdout]    |     field in this variant
[INFO] [stdout]    |
[INFO] [stdout] help: consider changing the field to be of unit type to suppress this warning while preserving the field numbering, or remove the field
[INFO] [stdout]    |
[INFO] [stdout] 25 |     Symbol(()),
[INFO] [stdout]    |            ~~
[INFO] [stdout] 
[INFO] [stdout] 
[INFO] [stdout] warning: field `0` is never read
[INFO] [stdout]   --> src/match_script/functions.rs:26:12
[INFO] [stdout]    |
[INFO] [stdout] 26 |     Number(i64),
[INFO] [stdout]    |     ------ ^^^
[INFO] [stdout]    |     |
[INFO] [stdout]    |     field in this variant
[INFO] [stdout]    |
[INFO] [stdout] help: consider changing the field to be of unit type to suppress this warning while preserving the field numbering, or remove the field
[INFO] [stdout]    |
[INFO] [stdout] 26 |     Number(()),
[INFO] [stdout]    |            ~~
[INFO] [stdout] 
[INFO] [stdout] 
[INFO] [stdout] warning: field `0` is never read
[INFO] [stdout]   --> src/match_script/functions.rs:27:18
[INFO] [stdout]    |
[INFO] [stdout] 27 |     FunctionCall(Box<dyn Matcher>)
[INFO] [stdout]    |     ------------ ^^^^^^^^^^^^^^^^
[INFO] [stdout]    |     |
[INFO] [stdout]    |     field in this variant
[INFO] [stdout]    |
[INFO] [stdout] help: consider changing the field to be of unit type to suppress this warning while preserving the field numbering, or remove the field
[INFO] [stdout]    |
[INFO] [stdout] 27 |     FunctionCall(())
[INFO] [stdout]    |                  ~~
[INFO] [stdout] 
[INFO] [stdout] 
[INFO] [stdout] warning: field `test_input` is never read
[INFO] [stdout]   --> src/diff/differ.rs:25:9
[INFO] [stdout]    |
[INFO] [stdout] 20 | pub struct DifferParams<'ref_name, 'test_name, 'delimiter_tag, R: AsyncReadExt + Unpin> {
[INFO] [stdout]    |            ------------ field in this struct
[INFO] [stdout] ...
[INFO] [stdout] 25 |     pub test_input: R,
[INFO] [stdout]    |         ^^^^^^^^^^
[INFO] [stdout] 
[INFO] [stdout] 
[INFO] [stdout] warning: method `iter` is never used
[INFO] [stdout]    --> src/diff/priority_queue.rs:177:12
[INFO] [stdout]     |
[INFO] [stdout] 46  | impl<T: PartialEq> PriorityQueue<T> {
[INFO] [stdout]     | ----------------------------------- method in this implementation
[INFO] [stdout] ...
[INFO] [stdout] 177 |     pub fn iter(&self) -> PQueueIter<T> {
[INFO] [stdout]     |            ^^^^
[INFO] [stdout] 
[INFO] [stdout] 
[INFO] [stderr]     Finished `test` profile [unoptimized + debuginfo] target(s) in 10.49s
[INFO] running `Command { std: "docker" "inspect" "cd5d2c1dd5ac1f550fa2a278843f0ce331fef058b49f580a199333b63cd0eb57", kill_on_drop: false }`
[INFO] running `Command { std: "docker" "rm" "-f" "cd5d2c1dd5ac1f550fa2a278843f0ce331fef058b49f580a199333b63cd0eb57", kill_on_drop: false }`
[INFO] [stdout] cd5d2c1dd5ac1f550fa2a278843f0ce331fef058b49f580a199333b63cd0eb57
[INFO] running `Command { std: "docker" "create" "-v" "/var/lib/crater-agent-workspace/builds/worker-7-tc2/target:/opt/rustwide/target:rw,Z" "-v" "/var/lib/crater-agent-workspace/builds/worker-7-tc2/source:/opt/rustwide/workdir:ro,Z" "-v" "/var/lib/crater-agent-workspace/cargo-home:/opt/rustwide/cargo-home:ro,Z" "-v" "/var/lib/crater-agent-workspace/rustup-home:/opt/rustwide/rustup-home:ro,Z" "-e" "SOURCE_DIR=/opt/rustwide/workdir" "-e" "CARGO_TARGET_DIR=/opt/rustwide/target" "-e" "CARGO_INCREMENTAL=0" "-e" "RUST_BACKTRACE=full" "-e" "RUSTFLAGS=--cap-lints=warn" "-e" "RUSTDOCFLAGS=--cap-lints=warn" "-e" "CARGO_HOME=/opt/rustwide/cargo-home" "-e" "RUSTUP_HOME=/opt/rustwide/rustup-home" "-w" "/opt/rustwide/workdir" "-m" "1610612736" "--user" "0:0" "--network" "none" "ghcr.io/rust-lang/crates-build-env/linux@sha256:f3a9d4ad9d972b27faf3965f35b62e55ba32bbce8f20bc8fe909558a86702fde" "/opt/rustwide/cargo-home/bin/cargo" "+beta-2024-12-08" "test" "--frozen", kill_on_drop: false }`
[INFO] [stdout] 4d5265746b450d0340ae77d3974f3e789b8cab9e2f9af45e4de796f7a05b0053
[INFO] running `Command { std: "docker" "start" "-a" "4d5265746b450d0340ae77d3974f3e789b8cab9e2f9af45e4de796f7a05b0053", kill_on_drop: false }`
[INFO] [stderr] warning: unused import: `super::priority_queue::PriorityQueue`
[INFO] [stderr]   --> src/diff/differ.rs:15:5
[INFO] [stderr]    |
[INFO] [stderr] 15 | use super::priority_queue::PriorityQueue;
[INFO] [stderr]    |     ^^^^^^^^^^^^^^^^^^^^^^^^^^^^^^^^^^^^
[INFO] [stderr]    |
[INFO] [stderr]    = note: `#[warn(unused_imports)]` on by default
[INFO] [stderr] 
[INFO] [stderr] warning: field `content` is never read
[INFO] [stderr]    --> src/match_script/expression_parser.rs:155:5
[INFO] [stderr]     |
[INFO] [stderr] 154 | struct Cursor<'a> {
[INFO] [stderr]     |        ------ field in this struct
[INFO] [stderr] 155 |     content: &'a str,
[INFO] [stderr]     |     ^^^^^^^
[INFO] [stderr]     |
[INFO] [stderr]     = note: `#[warn(dead_code)]` on by default
[INFO] [stderr] 
[INFO] [stderr] warning: function `find_next_newline` is never used
[INFO] [stderr]    --> src/match_script/expression_parser.rs:160:4
[INFO] [stderr]     |
[INFO] [stderr] 160 | fn find_next_newline(text: &str) -> usize {
[INFO] [stderr]     |    ^^^^^^^^^^^^^^^^^
[INFO] [stderr] 
[INFO] [stderr] warning: field `0` is never read
[INFO] [stderr]   --> src/match_script/functions.rs:25:12
[INFO] [stderr]    |
[INFO] [stderr] 25 |     Symbol(Symbol),
[INFO] [stderr]    |     ------ ^^^^^^
[INFO] [stderr]    |     |
[INFO] [stderr]    |     field in this variant
[INFO] [stderr]    |
[INFO] [stderr] help: consider changing the field to be of unit type to suppress this warning while preserving the field numbering, or remove the field
[INFO] [stderr]    |
[INFO] [stderr] 25 |     Symbol(()),
[INFO] [stderr]    |            ~~
[INFO] [stderr] 
[INFO] [stderr] warning: field `0` is never read
[INFO] [stderr]   --> src/match_script/functions.rs:26:12
[INFO] [stderr]    |
[INFO] [stderr] 26 |     Number(i64),
[INFO] [stderr]    |     ------ ^^^
[INFO] [stderr]    |     |
[INFO] [stderr]    |     field in this variant
[INFO] [stderr]    |
[INFO] [stderr] help: consider changing the field to be of unit type to suppress this warning while preserving the field numbering, or remove the field
[INFO] [stderr]    |
[INFO] [stderr] 26 |     Number(()),
[INFO] [stderr]    |            ~~
[INFO] [stderr] 
[INFO] [stderr] warning: field `0` is never read
[INFO] [stderr]   --> src/match_script/functions.rs:27:18
[INFO] [stderr]    |
[INFO] [stderr] 27 |     FunctionCall(Box<dyn Matcher>)
[INFO] [stderr]    |     ------------ ^^^^^^^^^^^^^^^^
[INFO] [stderr]    |     |
[INFO] [stderr]    |     field in this variant
[INFO] [stderr]    |
[INFO] [stderr] help: consider changing the field to be of unit type to suppress this warning while preserving the field numbering, or remove the field
[INFO] [stderr]    |
[INFO] [stderr] 27 |     FunctionCall(())
[INFO] [stderr]    |                  ~~
[INFO] [stderr] 
[INFO] [stderr] warning: constant `READ_BUFFER_SIZE` is never used
[INFO] [stderr]   --> src/diff/differ.rs:17:7
[INFO] [stderr]    |
[INFO] [stderr] 17 | const READ_BUFFER_SIZE: usize = 1024;
[INFO] [stderr]    |       ^^^^^^^^^^^^^^^^
[INFO] [stderr] 
[INFO] [stderr] warning: struct `DifferParams` is never constructed
[INFO] [stderr]   --> src/diff/differ.rs:20:12
[INFO] [stderr]    |
[INFO] [stderr] 20 | pub struct DifferParams<'ref_name, 'test_name, 'delimiter_tag, R: AsyncReadExt + Unpin> {
[INFO] [stderr]    |            ^^^^^^^^^^^^
[INFO] [stderr] 
[INFO] [stderr] warning: struct `DiffInput` is never constructed
[INFO] [stderr]   --> src/diff/differ.rs:34:8
[INFO] [stderr]    |
[INFO] [stderr] 34 | struct DiffInput<R: AsyncReadExt + AsyncSeekExt + Unpin> {
[INFO] [stderr]    |        ^^^^^^^^^
[INFO] [stderr] 
[INFO] [stderr] warning: associated items `new`, `mark_as_processed`, `discard_processed_data`, `top_up_ref_buffer`, `decode_strip`, and `push_test_data` are never used
[INFO] [stderr]    --> src/diff/differ.rs:82:8
[INFO] [stderr]     |
[INFO] [stderr] 79  | impl<R: AsyncReadExt + AsyncSeekExt + Unpin> DiffInput<R> {
[INFO] [stderr]     | --------------------------------------------------------- associated items in this implementation
[INFO] [stderr] ...
[INFO] [stderr] 82  |     fn new<'a, 'b, 'c, X>(params: DifferParams<'a, 'b, 'c, X>) -> DiffInput<X>
[INFO] [stderr]     |        ^^^
[INFO] [stderr] ...
[INFO] [stderr] 110 |     fn mark_as_processed(&mut self, ref_chars: usize, test_chars: usize) -> () {
[INFO] [stderr]     |        ^^^^^^^^^^^^^^^^^
[INFO] [stderr] ...
[INFO] [stderr] 117 |     fn discard_processed_data(&mut self) -> () {
[INFO] [stderr]     |        ^^^^^^^^^^^^^^^^^^^^^^
[INFO] [stderr] ...
[INFO] [stderr] 131 |     async fn top_up_ref_buffer(&mut self, new_len: usize) -> Result<(), ParseError> {
[INFO] [stderr]     |              ^^^^^^^^^^^^^^^^^
[INFO] [stderr] ...
[INFO] [stderr] 161 |     fn decode_strip(&mut self, data: &[u8]) -> Result<usize, ParseError> {
[INFO] [stderr]     |        ^^^^^^^^^^^^
[INFO] [stderr] ...
[INFO] [stderr] 216 |     fn push_test_data(&mut self, data: &[u8]) -> Result<(), ParseError> {
[INFO] [stderr]     |        ^^^^^^^^^^^^^^
[INFO] [stderr] 
[INFO] [stderr] warning: variants `Inserted`, `Decreased`, and `Ignored` are never constructed
[INFO] [stderr]   --> src/diff/priority_queue.rs:34:5
[INFO] [stderr]    |
[INFO] [stderr] 33 | pub enum InsertOrDecreaseResult {
[INFO] [stderr]    |          ---------------------- variants in this enum
[INFO] [stderr] 34 |     Inserted,
[INFO] [stderr]    |     ^^^^^^^^
[INFO] [stderr] 35 |     Decreased,
[INFO] [stderr]    |     ^^^^^^^^^
[INFO] [stderr] 36 |     Ignored
[INFO] [stderr]    |     ^^^^^^^
[INFO] [stderr]    |
[INFO] [stderr]    = note: `InsertOrDecreaseResult` has a derived impl for the trait `Debug`, but this is intentionally ignored during dead code analysis
[INFO] [stderr] 
[INFO] [stderr] warning: multiple associated items are never used
[INFO] [stderr]    --> src/diff/priority_queue.rs:49:12
[INFO] [stderr]     |
[INFO] [stderr] 46  | impl<T: PartialEq> PriorityQueue<T> {
[INFO] [stderr]     | ----------------------------------- associated items in this implementation
[INFO] [stderr] ...
[INFO] [stderr] 49  |     pub fn new() -> PriorityQueue<T> {
[INFO] [stderr]     |            ^^^
[INFO] [stderr] ...
[INFO] [stderr] 56  |     pub fn len(&self) -> usize {
[INFO] [stderr]     |            ^^^
[INFO] [stderr] ...
[INFO] [stderr] 62  |     fn move_up(&mut self, index: usize) -> () {
[INFO] [stderr]     |        ^^^^^^^
[INFO] [stderr] ...
[INFO] [stderr] 80  |     fn move_down(&mut self, index: usize) -> () {
[INFO] [stderr]     |        ^^^^^^^^^
[INFO] [stderr] ...
[INFO] [stderr] 105 |     fn insert(&mut self, data: T, priority: isize) -> () {
[INFO] [stderr]     |        ^^^^^^
[INFO] [stderr] ...
[INFO] [stderr] 119 |     pub fn peek_min(&self) -> Option<(&T, isize)> {
[INFO] [stderr]     |            ^^^^^^^^
[INFO] [stderr] ...
[INFO] [stderr] 128 |     pub fn extract_min(&mut self) -> Option<(T, isize)> {
[INFO] [stderr]     |            ^^^^^^^^^^^
[INFO] [stderr] ...
[INFO] [stderr] 149 |     fn decrease_key(&mut self, index: usize, new_priority: isize) -> () {
[INFO] [stderr]     |        ^^^^^^^^^^^^
[INFO] [stderr] ...
[INFO] [stderr] 161 |     pub fn insert_or_decrease(&mut self, elem: T, priority: isize) -> InsertOrDecreaseResult {
[INFO] [stderr]     |            ^^^^^^^^^^^^^^^^^^
[INFO] [stderr] ...
[INFO] [stderr] 177 |     pub fn iter(&self) -> PQueueIter<T> {
[INFO] [stderr]     |            ^^^^
[INFO] [stderr] 
[INFO] [stderr] warning: field `test_input` is never read
[INFO] [stderr]   --> src/diff/differ.rs:25:9
[INFO] [stderr]    |
[INFO] [stderr] 20 | pub struct DifferParams<'ref_name, 'test_name, 'delimiter_tag, R: AsyncReadExt + Unpin> {
[INFO] [stderr]    |            ------------ field in this struct
[INFO] [stderr] ...
[INFO] [stderr] 25 |     pub test_input: R,
[INFO] [stderr]    |         ^^^^^^^^^^
[INFO] [stderr] 
[INFO] [stderr] warning: method `iter` is never used
[INFO] [stderr]    --> src/diff/priority_queue.rs:177:12
[INFO] [stderr]     |
[INFO] [stderr] 46  | impl<T: PartialEq> PriorityQueue<T> {
[INFO] [stderr]     | ----------------------------------- method in this implementation
[INFO] [stderr] ...
[INFO] [stderr] 177 |     pub fn iter(&self) -> PQueueIter<T> {
[INFO] [stderr]     |            ^^^^
[INFO] [stderr] 
[INFO] [stderr] warning: `rehearse` (lib) generated 12 warnings (run `cargo fix --lib -p rehearse` to apply 1 suggestion)
[INFO] [stderr] warning: `rehearse` (lib test) generated 8 warnings (6 duplicates)
[INFO] [stderr]     Finished `test` profile [unoptimized + debuginfo] target(s) in 0.09s
[INFO] [stderr]      Running unittests src/lib.rs (/opt/rustwide/target/debug/deps/rehearse-6ae94f957b0d0529)
[INFO] [stdout] 
[INFO] [stdout] running 50 tests
[INFO] [stdout] test diff::differ::tests::test_push_test_data ... ok
[INFO] [stdout] test diff::differ::tests::test_discard_processed_data ... ok
[INFO] [stdout] test diff::differ::tests::test_push_test_data_encoding_error ... ok
[INFO] [stdout] test diff::differ::tests::test_push_test_data_multibyte_char ... ok
[INFO] [stdout] test match_script::char_source::tests::char_source_rejects_malformed_bytes_in_the_middle ... ok
[INFO] [stdout] test match_script::char_source::tests::char_source_works_with_multibyte_chars_with_multiple_calls ... ok
[INFO] [stdout] test match_script::char_source::tests::char_source_works_with_multibyte_chars ... ok
[INFO] [stdout] test diff::differ::tests::test_top_up_ref_buffer ... ok
[INFO] [stdout] test match_script::char_source::tests::char_source_works_with_multiple_calls ... ok
[INFO] [stdout] test match_script::char_source::tests::char_source_returns_correct_chars ... ok
[INFO] [stdout] test match_script::error::tests::parse_error_diagnostic_with_name_without_context ... ok
[INFO] [stdout] test match_script::error::tests::parse_error_diagnostic_with_name_with_context ... ok
[INFO] [stdout] test match_script::error::tests::parse_error_diagnostic_without_name_without_context ... ok
[INFO] [stdout] test match_script::expression_parser::tests::dangling_backtick ... ok
[INFO] [stdout] test match_script::char_source::tests::char_source_can_seek_to_checkpoints ... ok
[INFO] [stdout] test match_script::expression_parser::tests::empty_argument_name ... ok
[INFO] [stdout] test match_script::expression_parser::tests::parse_function_call_with_arguments_and_texts ... ok
[INFO] [stdout] test match_script::expression_parser::tests::parse_function_call_with_different_argument_types ... ok
[INFO] [stdout] test match_script::expression_parser::tests::parse_error_contains_the_correct_context ... ok
[INFO] [stdout] test match_script::expression_parser::tests::parse_function_call_without_arguments ... ok
[INFO] [stdout] test match_script::expression_parser::tests::unexpected_character ... ok
[INFO] [stdout] test match_script::expression_parser::tests::unmatched_brace ... ok
[INFO] [stdout] test match_script::grapheme_source::tests::grapheme_source_with_compile_error ... ok
[INFO] [stdout] test match_script::functions::tests::function_call_compiles ... ok
[INFO] [stdout] test match_script::expression_parser::tests::parse_text_with_escape_character ... ok
[INFO] [stdout] test match_script::functions::tests::string_matcher ... ok
[INFO] [stdout] test match_script::functions::tests::text_expression_compiles ... ok
[INFO] [stdout] test match_script::functions::tests::unknown_function_call_is_rejected ... ok
[INFO] [stdout] test match_script::functions::tests::regex_matcher ... ok
[INFO] [stdout] test match_script::expression_parser::tests::parse_text_with_function_call ... ok
[INFO] [stdout] test test_cases::parser::test::parse_test_case_bad_format_1 ... ok
[INFO] [stdout] test match_script::functions::tests::function_call_with_bad_text_count_is_rejected ... ok
[INFO] [stdout] test match_script::char_source::tests::char_source_rejects_malformed_bytes_at_the_end ... ok
[INFO] [stdout] test match_script::functions::tests::nested_regexes_are_not_possible ... ok
[INFO] [stdout] test match_script::grapheme_source::tests::grapheme_source_without_error ... ok
[INFO] [stdout] test test_cases::parser::test::parse_test_case_bad_format_3 ... ok
[INFO] [stdout] test test_cases::parser::test::parse_test_case_hello_world ... ok
[INFO] [stdout] test match_script::proto_grapheme_source::tests::proto_grapheme_source_can_seek_to_checkpoint ... ok
[INFO] [stdout] test test_cases::parser::test::parse_test_case_bad_format_2 ... ok
[INFO] [stdout] test test_cases::parser::test::parse_test_case_bad_format_4 ... ok
[INFO] [stdout] test diff::priority_queue::test::extract_min_returns_elements_in_sorted_order ... ok
[INFO] [stdout] test match_script::expression_parser::tests::parse_function_call_with_arguments ... ok
[INFO] [stdout] test match_script::grapheme_source::tests::grapheme_source_with_decoding_error ... ok
[INFO] [stdout] test match_script::error::tests::parse_error_diagnostic_without_name_with_context ... ok
[INFO] [stdout] test match_script::expression_parser::tests::parse_function_call_with_texts ... ok
[INFO] [stdout] test match_script::grapheme_source::tests::grapheme_source_with_parsing_error ... ok
[INFO] [stdout] test match_script::expression_parser::tests::parse_text ... ok
[INFO] [stdout] test test_cases::parser::test::test_discover_test_cases ... ok
[INFO] [stdout] test test_cases::runner::tests::process_test_case_command_captures_standard_streams ... FAILED
[INFO] [stdout] test match_script::proto_grapheme_source::tests::serializing_a_proto_grapheme_iterator_yields_the_original_string ... ok
[INFO] [stdout] 
[INFO] [stdout] failures:
[INFO] [stdout] 
[INFO] [stdout] ---- test_cases::runner::tests::process_test_case_command_captures_standard_streams stdout ----
[INFO] [stdout] 14
[INFO] [stdout] thread 'test_cases::runner::tests::process_test_case_command_captures_standard_streams' panicked at src/test_cases/runner.rs:324:9:
[INFO] [stdout] assertion `left == right` failed: Error in stdout capture
[INFO] [stdout]   left: "sh: 1: cannot create output.txt: Read-only file system\nHello, Error!\n"
[INFO] [stdout]  right: "Hello, Error!\n"
[INFO] [stdout] stack backtrace:
[INFO] [stdout]    0:     0x605f654cba8a - std::backtrace_rs::backtrace::libunwind::trace::h8810477743020387
[INFO] [stdout]                                at /rustc/202008a1b8de96d2e5b6bc02d379db03a877d34d/library/std/src/../../backtrace/src/backtrace/libunwind.rs:116:5
[INFO] [stdout]    1:     0x605f654cba8a - std::backtrace_rs::backtrace::trace_unsynchronized::h3aa55355dd6c54a6
[INFO] [stdout]                                at /rustc/202008a1b8de96d2e5b6bc02d379db03a877d34d/library/std/src/../../backtrace/src/backtrace/mod.rs:66:5
[INFO] [stdout]    2:     0x605f654cba8a - std::sys::backtrace::_print_fmt::h8588b0f62410823f
[INFO] [stdout]                                at /rustc/202008a1b8de96d2e5b6bc02d379db03a877d34d/library/std/src/sys/backtrace.rs:66:9
[INFO] [stdout]    3:     0x605f654cba8a - <std::sys::backtrace::BacktraceLock::print::DisplayBacktrace as core::fmt::Display>::fmt::h98c26ac25ffe89bb
[INFO] [stdout]                                at /rustc/202008a1b8de96d2e5b6bc02d379db03a877d34d/library/std/src/sys/backtrace.rs:39:26
[INFO] [stdout]    4:     0x605f654f2633 - core::fmt::rt::Argument::fmt::hf95377f4aebd453b
[INFO] [stdout]                                at /rustc/202008a1b8de96d2e5b6bc02d379db03a877d34d/library/core/src/fmt/rt.rs:177:76
[INFO] [stdout]    5:     0x605f654f2633 - core::fmt::write::h0dd5f6e2238c7982
[INFO] [stdout]                                at /rustc/202008a1b8de96d2e5b6bc02d379db03a877d34d/library/core/src/fmt/mod.rs:1189:21
[INFO] [stdout]    6:     0x605f654c8623 - std::io::Write::write_fmt::h03bb0ca26e6faf8c
[INFO] [stdout]                                at /rustc/202008a1b8de96d2e5b6bc02d379db03a877d34d/library/std/src/io/mod.rs:1884:15
[INFO] [stdout]    7:     0x605f654cb8d2 - std::sys::backtrace::BacktraceLock::print::h5c19c1c038ee186d
[INFO] [stdout]                                at /rustc/202008a1b8de96d2e5b6bc02d379db03a877d34d/library/std/src/sys/backtrace.rs:42:9
[INFO] [stdout]    8:     0x605f654ccf0d - std::panicking::default_hook::{{closure}}::h77172f079a1fcb13
[INFO] [stdout]                                at /rustc/202008a1b8de96d2e5b6bc02d379db03a877d34d/library/std/src/panicking.rs:268:22
[INFO] [stdout]    9:     0x605f654ccd17 - std::panicking::default_hook::he5f8e3b203ccddba
[INFO] [stdout]                                at /rustc/202008a1b8de96d2e5b6bc02d379db03a877d34d/library/std/src/panicking.rs:292:9
[INFO] [stdout]   10:     0x605f6510df87 - <alloc::boxed::Box<F,A> as core::ops::function::Fn<Args>>::call::h7a3c7b4a1ae77f2f
[INFO] [stdout]                                at /rustc/202008a1b8de96d2e5b6bc02d379db03a877d34d/library/alloc/src/boxed.rs:1986:9
[INFO] [stdout]   11:     0x605f6510df87 - test::test_main::{{closure}}::hf0d3b69ae9b353d1
[INFO] [stdout]                                at /rustc/202008a1b8de96d2e5b6bc02d379db03a877d34d/library/test/src/lib.rs:134:21
[INFO] [stdout]   12:     0x605f654cd5b8 - <alloc::boxed::Box<F,A> as core::ops::function::Fn<Args>>::call::h6332e82e7b189abd
[INFO] [stdout]                                at /rustc/202008a1b8de96d2e5b6bc02d379db03a877d34d/library/alloc/src/boxed.rs:1986:9
[INFO] [stdout]   13:     0x605f654cd5b8 - std::panicking::rust_panic_with_hook::h53863d4e9018df39
[INFO] [stdout]                                at /rustc/202008a1b8de96d2e5b6bc02d379db03a877d34d/library/std/src/panicking.rs:809:13
[INFO] [stdout]   14:     0x605f654cd37a - std::panicking::begin_panic_handler::{{closure}}::h67280e6fa0757873
[INFO] [stdout]                                at /rustc/202008a1b8de96d2e5b6bc02d379db03a877d34d/library/std/src/panicking.rs:674:13
[INFO] [stdout]   15:     0x605f654cbf69 - std::sys::backtrace::__rust_end_short_backtrace::h1dac3f54d6fbbeb2
[INFO] [stdout]                                at /rustc/202008a1b8de96d2e5b6bc02d379db03a877d34d/library/std/src/sys/backtrace.rs:170:18
[INFO] [stdout]   16:     0x605f654cd00c - rust_begin_unwind
[INFO] [stdout]                                at /rustc/202008a1b8de96d2e5b6bc02d379db03a877d34d/library/std/src/panicking.rs:665:5
[INFO] [stdout]   17:     0x605f65048270 - core::panicking::panic_fmt::h6792bd1b2bf01041
[INFO] [stdout]                                at /rustc/202008a1b8de96d2e5b6bc02d379db03a877d34d/library/core/src/panicking.rs:76:14
[INFO] [stdout]   18:     0x605f65048674 - core::panicking::assert_failed_inner::hf2c17e6d30928787
[INFO] [stdout]   19:     0x605f650cb74c - core::panicking::assert_failed::h460cfebf578bfb94
[INFO] [stdout]                                at /rustc/202008a1b8de96d2e5b6bc02d379db03a877d34d/library/core/src/panicking.rs:373:5
[INFO] [stdout]   20:     0x605f6509e788 - rehearse::test_cases::runner::tests::process_test_case_command_captures_standard_streams::{{closure}}::h8bb5f50e3c9587b5
[INFO] [stdout]                                at /opt/rustwide/workdir/src/test_cases/runner.rs:324:9
[INFO] [stdout]   21:     0x605f65090372 - <core::pin::Pin<P> as core::future::future::Future>::poll::hb9e45fa05baa9aee
[INFO] [stdout]                                at /rustc/202008a1b8de96d2e5b6bc02d379db03a877d34d/library/core/src/future/future.rs:124:9
[INFO] [stdout]   22:     0x605f650903ed - <core::pin::Pin<P> as core::future::future::Future>::poll::heff3734806f40ba9
[INFO] [stdout]                                at /rustc/202008a1b8de96d2e5b6bc02d379db03a877d34d/library/core/src/future/future.rs:124:9
[INFO] [stdout]   23:     0x605f6508fd4f - tokio::runtime::scheduler::current_thread::CoreGuard::block_on::{{closure}}::{{closure}}::{{closure}}::h1521cab363510a5c
[INFO] [stdout]                                at /opt/rustwide/cargo-home/registry/src/index.crates.io-6f17d22bba15001f/tokio-1.42.0/src/runtime/scheduler/current_thread/mod.rs:729:57
[INFO] [stdout]   24:     0x605f6508f795 - tokio::runtime::coop::with_budget::h93b3684cd599ff0c
[INFO] [stdout]                                at /opt/rustwide/cargo-home/registry/src/index.crates.io-6f17d22bba15001f/tokio-1.42.0/src/runtime/coop.rs:107:5
[INFO] [stdout]   25:     0x605f6508f795 - tokio::runtime::coop::budget::h4ae53617d177e34d
[INFO] [stdout]                                at /opt/rustwide/cargo-home/registry/src/index.crates.io-6f17d22bba15001f/tokio-1.42.0/src/runtime/coop.rs:73:5
[INFO] [stdout]   26:     0x605f6508f795 - tokio::runtime::scheduler::current_thread::CoreGuard::block_on::{{closure}}::{{closure}}::h09aac20d60af126f
[INFO] [stdout]                                at /opt/rustwide/cargo-home/registry/src/index.crates.io-6f17d22bba15001f/tokio-1.42.0/src/runtime/scheduler/current_thread/mod.rs:729:25
[INFO] [stdout]   27:     0x605f6508a6c0 - tokio::runtime::scheduler::current_thread::Context::enter::h3ce6334f979e90e9
[INFO] [stdout]                                at /opt/rustwide/cargo-home/registry/src/index.crates.io-6f17d22bba15001f/tokio-1.42.0/src/runtime/scheduler/current_thread/mod.rs:428:19
[INFO] [stdout]   28:     0x605f6508d5fe - tokio::runtime::scheduler::current_thread::CoreGuard::block_on::{{closure}}::h3b066d02bf339548
[INFO] [stdout]                                at /opt/rustwide/cargo-home/registry/src/index.crates.io-6f17d22bba15001f/tokio-1.42.0/src/runtime/scheduler/current_thread/mod.rs:728:36
[INFO] [stdout]   29:     0x605f6508d234 - tokio::runtime::scheduler::current_thread::CoreGuard::enter::{{closure}}::he8a6ac03c6af3383
[INFO] [stdout]                                at /opt/rustwide/cargo-home/registry/src/index.crates.io-6f17d22bba15001f/tokio-1.42.0/src/runtime/scheduler/current_thread/mod.rs:807:68
[INFO] [stdout]   30:     0x605f650bc46b - tokio::runtime::context::scoped::Scoped<T>::set::h502068ca862152ac
[INFO] [stdout]                                at /opt/rustwide/cargo-home/registry/src/index.crates.io-6f17d22bba15001f/tokio-1.42.0/src/runtime/context/scoped.rs:40:9
[INFO] [stdout]   31:     0x605f650a9709 - tokio::runtime::context::set_scheduler::{{closure}}::he6ee28463cedfd21
[INFO] [stdout]                                at /opt/rustwide/cargo-home/registry/src/index.crates.io-6f17d22bba15001f/tokio-1.42.0/src/runtime/context.rs:180:26
[INFO] [stdout]   32:     0x605f6507ecdd - std::thread::local::LocalKey<T>::try_with::hec46d355a6c82d1c
[INFO] [stdout]                                at /rustc/202008a1b8de96d2e5b6bc02d379db03a877d34d/library/std/src/thread/local.rs:283:12
[INFO] [stdout]   33:     0x605f6507d89a - std::thread::local::LocalKey<T>::with::h8614b85e76e87399
[INFO] [stdout]                                at /rustc/202008a1b8de96d2e5b6bc02d379db03a877d34d/library/std/src/thread/local.rs:260:9
[INFO] [stdout]   34:     0x605f650a95fd - tokio::runtime::context::set_scheduler::hda2dce200522d63c
[INFO] [stdout]                                at /opt/rustwide/cargo-home/registry/src/index.crates.io-6f17d22bba15001f/tokio-1.42.0/src/runtime/context.rs:180:9
[INFO] [stdout]   35:     0x605f6508c320 - tokio::runtime::scheduler::current_thread::CoreGuard::enter::h641aaba6acf29bee
[INFO] [stdout]                                at /opt/rustwide/cargo-home/registry/src/index.crates.io-6f17d22bba15001f/tokio-1.42.0/src/runtime/scheduler/current_thread/mod.rs:807:27
[INFO] [stdout]   36:     0x605f6508d393 - tokio::runtime::scheduler::current_thread::CoreGuard::block_on::h8d5d613c41d5614c
[INFO] [stdout]                                at /opt/rustwide/cargo-home/registry/src/index.crates.io-6f17d22bba15001f/tokio-1.42.0/src/runtime/scheduler/current_thread/mod.rs:716:19
[INFO] [stdout]   37:     0x605f65088b35 - tokio::runtime::scheduler::current_thread::CurrentThread::block_on::{{closure}}::h761d3094625dd42a
[INFO] [stdout]                                at /opt/rustwide/cargo-home/registry/src/index.crates.io-6f17d22bba15001f/tokio-1.42.0/src/runtime/scheduler/current_thread/mod.rs:196:28
[INFO] [stdout]   38:     0x605f650c6897 - tokio::runtime::context::runtime::enter_runtime::hc2ac7151595bd049
[INFO] [stdout]                                at /opt/rustwide/cargo-home/registry/src/index.crates.io-6f17d22bba15001f/tokio-1.42.0/src/runtime/context/runtime.rs:65:16
[INFO] [stdout]   39:     0x605f65088841 - tokio::runtime::scheduler::current_thread::CurrentThread::block_on::h77c315091f910b08
[INFO] [stdout]                                at /opt/rustwide/cargo-home/registry/src/index.crates.io-6f17d22bba15001f/tokio-1.42.0/src/runtime/scheduler/current_thread/mod.rs:184:9
[INFO] [stdout]   40:     0x605f650a677a - tokio::runtime::runtime::Runtime::block_on_inner::hc1dd63cebbd46d93
[INFO] [stdout]                                at /opt/rustwide/cargo-home/registry/src/index.crates.io-6f17d22bba15001f/tokio-1.42.0/src/runtime/runtime.rs:368:47
[INFO] [stdout]   41:     0x605f650a6cc7 - tokio::runtime::runtime::Runtime::block_on::ha20ac603a039b84e
[INFO] [stdout]                                at /opt/rustwide/cargo-home/registry/src/index.crates.io-6f17d22bba15001f/tokio-1.42.0/src/runtime/runtime.rs:342:13
[INFO] [stdout]   42:     0x605f6509db7d - rehearse::test_cases::runner::tests::process_test_case_command_captures_standard_streams::hd1a73c3699e180e6
[INFO] [stdout]                                at /opt/rustwide/workdir/src/test_cases/runner.rs:324:9
[INFO] [stdout]   43:     0x605f6509da27 - rehearse::test_cases::runner::tests::process_test_case_command_captures_standard_streams::{{closure}}::h6b69a79197c3af81
[INFO] [stdout]                                at /opt/rustwide/workdir/src/test_cases/runner.rs:299:67
[INFO] [stdout]   44:     0x605f650b1d16 - core::ops::function::FnOnce::call_once::h00d3f81ce99c7fbc
[INFO] [stdout]                                at /rustc/202008a1b8de96d2e5b6bc02d379db03a877d34d/library/core/src/ops/function.rs:250:5
[INFO] [stdout]   45:     0x605f65112aab - core::ops::function::FnOnce::call_once::h871bf86719ec9aa4
[INFO] [stdout]                                at /rustc/202008a1b8de96d2e5b6bc02d379db03a877d34d/library/core/src/ops/function.rs:250:5
[INFO] [stdout]   46:     0x605f65112aab - test::__rust_begin_short_backtrace::h2167df1e2b7d76fd
[INFO] [stdout]                                at /rustc/202008a1b8de96d2e5b6bc02d379db03a877d34d/library/test/src/lib.rs:632:18
[INFO] [stdout]   47:     0x605f65112498 - test::run_test_in_process::{{closure}}::h15d92f75a3adfb79
[INFO] [stdout]                                at /rustc/202008a1b8de96d2e5b6bc02d379db03a877d34d/library/test/src/lib.rs:655:60
[INFO] [stdout]   48:     0x605f65112498 - <core::panic::unwind_safe::AssertUnwindSafe<F> as core::ops::function::FnOnce<()>>::call_once::hb6c8955835a8dbbb
[INFO] [stdout]                                at /rustc/202008a1b8de96d2e5b6bc02d379db03a877d34d/library/core/src/panic/unwind_safe.rs:272:9
[INFO] [stdout]   49:     0x605f65112498 - std::panicking::try::do_call::hc79d0fc888a0bd30
[INFO] [stdout]                                at /rustc/202008a1b8de96d2e5b6bc02d379db03a877d34d/library/std/src/panicking.rs:557:40
[INFO] [stdout]   50:     0x605f65112498 - std::panicking::try::hb8a7878e3a8589d6
[INFO] [stdout]                                at /rustc/202008a1b8de96d2e5b6bc02d379db03a877d34d/library/std/src/panicking.rs:520:19
[INFO] [stdout]   51:     0x605f65112498 - std::panic::catch_unwind::hb8e4600ff0ff5cfa
[INFO] [stdout]                                at /rustc/202008a1b8de96d2e5b6bc02d379db03a877d34d/library/std/src/panic.rs:358:14
[INFO] [stdout]   52:     0x605f65112498 - test::run_test_in_process::hc2900b0b18688dd6
[INFO] [stdout]                                at /rustc/202008a1b8de96d2e5b6bc02d379db03a877d34d/library/test/src/lib.rs:655:27
[INFO] [stdout]   53:     0x605f65112498 - test::run_test::{{closure}}::hac2a9cb07be3d48d
[INFO] [stdout]                                at /rustc/202008a1b8de96d2e5b6bc02d379db03a877d34d/library/test/src/lib.rs:576:43
[INFO] [stdout]   54:     0x605f650d5f3a - test::run_test::{{closure}}::h4a5b729e66a38cd8
[INFO] [stdout]                                at /rustc/202008a1b8de96d2e5b6bc02d379db03a877d34d/library/test/src/lib.rs:606:41
[INFO] [stdout]   55:     0x605f650d5f3a - std::sys::backtrace::__rust_begin_short_backtrace::h0496fb742492f573
[INFO] [stdout]                                at /rustc/202008a1b8de96d2e5b6bc02d379db03a877d34d/library/std/src/sys/backtrace.rs:154:18
[INFO] [stdout]   56:     0x605f650d98b4 - std::thread::Builder::spawn_unchecked_::{{closure}}::{{closure}}::hbb6d257c550a54bd
[INFO] [stdout]                                at /rustc/202008a1b8de96d2e5b6bc02d379db03a877d34d/library/std/src/thread/mod.rs:561:17
[INFO] [stdout]   57:     0x605f650d98b4 - <core::panic::unwind_safe::AssertUnwindSafe<F> as core::ops::function::FnOnce<()>>::call_once::h46696fe4a6832328
[INFO] [stdout]                                at /rustc/202008a1b8de96d2e5b6bc02d379db03a877d34d/library/core/src/panic/unwind_safe.rs:272:9
[INFO] [stdout]   58:     0x605f650d98b4 - std::panicking::try::do_call::h2625a51b667bfb64
[INFO] [stdout]                                at /rustc/202008a1b8de96d2e5b6bc02d379db03a877d34d/library/std/src/panicking.rs:557:40
[INFO] [stdout]   59:     0x605f650d98b4 - std::panicking::try::hb956a59a1973aa4c
[INFO] [stdout]                                at /rustc/202008a1b8de96d2e5b6bc02d379db03a877d34d/library/std/src/panicking.rs:520:19
[INFO] [stdout]   60:     0x605f650d98b4 - std::panic::catch_unwind::h64f3b9d1067ef6a0
[INFO] [stdout]                                at /rustc/202008a1b8de96d2e5b6bc02d379db03a877d34d/library/std/src/panic.rs:358:14
[INFO] [stdout]   61:     0x605f650d98b4 - std::thread::Builder::spawn_unchecked_::{{closure}}::h42b2841295b6c0b2
[INFO] [stdout]                                at /rustc/202008a1b8de96d2e5b6bc02d379db03a877d34d/library/std/src/thread/mod.rs:559:30
[INFO] [stdout]   62:     0x605f650d98b4 - core::ops::function::FnOnce::call_once{{vtable.shim}}::h6127de71b8124639
[INFO] [stdout]                                at /rustc/202008a1b8de96d2e5b6bc02d379db03a877d34d/library/core/src/ops/function.rs:250:5
[INFO] [stdout]   63:     0x605f654d1e0b - <alloc::boxed::Box<F,A> as core::ops::function::FnOnce<Args>>::call_once::h42f0ba71002a1b2c
[INFO] [stdout]                                at /rustc/202008a1b8de96d2e5b6bc02d379db03a877d34d/library/alloc/src/boxed.rs:1972:9
[INFO] [stdout]   64:     0x605f654d1e0b - <alloc::boxed::Box<F,A> as core::ops::function::FnOnce<Args>>::call_once::had9e47d7a3dcecb8
[INFO] [stdout]                                at /rustc/202008a1b8de96d2e5b6bc02d379db03a877d34d/library/alloc/src/boxed.rs:1972:9
[INFO] [stdout]   65:     0x605f654d1e0b - std::sys::pal::unix::thread::Thread::new::thread_start::h48cf765408f6f5f2
[INFO] [stdout]                                at /rustc/202008a1b8de96d2e5b6bc02d379db03a877d34d/library/std/src/sys/pal/unix/thread.rs:105:17
[INFO] [stdout]   66:     0x7d93661a0ac3 - <unknown>
[INFO] [stdout]   67:     0x7d9366231a04 - clone
[INFO] [stdout]   68:                0x0 - <unknown>
[INFO] [stdout] 
[INFO] [stdout] 
[INFO] [stdout] failures:
[INFO] [stdout]     test_cases::runner::tests::process_test_case_command_captures_standard_streams
[INFO] [stdout] 
[INFO] [stdout] test result: FAILED. 49 passed; 1 failed; 0 ignored; 0 measured; 0 filtered out; finished in 0.81s
[INFO] [stdout] 
[INFO] [stderr] error: test failed, to rerun pass `--lib`
[INFO] running `Command { std: "docker" "inspect" "4d5265746b450d0340ae77d3974f3e789b8cab9e2f9af45e4de796f7a05b0053", kill_on_drop: false }`
[INFO] running `Command { std: "docker" "rm" "-f" "4d5265746b450d0340ae77d3974f3e789b8cab9e2f9af45e4de796f7a05b0053", kill_on_drop: false }`
[INFO] [stdout] 4d5265746b450d0340ae77d3974f3e789b8cab9e2f9af45e4de796f7a05b0053
