[INFO] cloning repository https://github.com/0x28west-dev/std-plus
[INFO] running `Command { std: "git" "-c" "credential.helper=" "-c" "credential.helper=/workspace/cargo-home/bin/git-credential-null" "clone" "--bare" "https://github.com/0x28west-dev/std-plus" "/workspace/cache/git-repos/https%3A%2F%2Fgithub.com%2F0x28west-dev%2Fstd-plus", kill_on_drop: false }`
[INFO] [stderr] Cloning into bare repository '/workspace/cache/git-repos/https%3A%2F%2Fgithub.com%2F0x28west-dev%2Fstd-plus'...
[INFO] running `Command { std: "git" "rev-parse" "HEAD", kill_on_drop: false }`
[INFO] [stdout] da974a262e4edd9121a671abd314f34b0fe6d0de
[INFO] testing 0x28west-dev/std-plus against 1.83.0 for beta-1.84.0-4-retry
[INFO] running `Command { std: "git" "clone" "/workspace/cache/git-repos/https%3A%2F%2Fgithub.com%2F0x28west-dev%2Fstd-plus" "/workspace/builds/worker-5-tc1/source", kill_on_drop: false }`
[INFO] [stderr] Cloning into '/workspace/builds/worker-5-tc1/source'...
[INFO] [stderr] done.
[INFO] validating manifest of git repo https://github.com/0x28west-dev/std-plus on toolchain 1.83.0
[INFO] running `Command { std: CARGO_HOME="/workspace/cargo-home" RUSTUP_HOME="/workspace/rustup-home" "/workspace/cargo-home/bin/cargo" "+1.83.0" "metadata" "--manifest-path" "Cargo.toml" "--no-deps", kill_on_drop: false }`
[INFO] started tweaking git repo https://github.com/0x28west-dev/std-plus
[INFO] finished tweaking git repo https://github.com/0x28west-dev/std-plus
[INFO] tweaked toml for git repo https://github.com/0x28west-dev/std-plus written to /workspace/builds/worker-5-tc1/source/Cargo.toml
[INFO] crate git repo https://github.com/0x28west-dev/std-plus already has a lockfile, it will not be regenerated
[INFO] running `Command { std: CARGO_HOME="/workspace/cargo-home" RUSTUP_HOME="/workspace/rustup-home" "/workspace/cargo-home/bin/cargo" "+1.83.0" "fetch" "--manifest-path" "Cargo.toml", kill_on_drop: false }`
[INFO] [stderr]     Updating crates.io index
[INFO] [stderr]  Downloading crates ...
[INFO] [stderr]   Downloaded thiserror-impl v1.0.66
[INFO] [stderr]   Downloaded serde_json v1.0.133
[INFO] [stderr]   Downloaded derive-new v0.7.0
[INFO] [stderr]   Downloaded ed25519 v2.2.3
[INFO] [stderr]   Downloaded ed25519-dalek v2.1.1
[INFO] [stderr]   Downloaded iso8601 v0.6.1
[INFO] [stderr]   Downloaded typeid v1.0.2
[INFO] [stderr]   Downloaded thiserror v1.0.66
[INFO] [stderr]   Downloaded curve25519-dalek-derive v0.1.1
[INFO] [stderr]   Downloaded rustc_version v0.4.1
[INFO] [stderr]   Downloaded syn v2.0.86
[INFO] [stderr]   Downloaded chacha20 v0.9.1
[INFO] [stderr]   Downloaded curve25519-dalek v4.1.3
[INFO] [stderr]   Downloaded rusty_paseto v0.7.1
[INFO] [stderr]   Downloaded fiat-crypto v0.2.9
[INFO] running `Command { std: "docker" "create" "-v" "/var/lib/crater-agent-workspace/builds/worker-5-tc1/target:/opt/rustwide/target:rw,Z" "-v" "/var/lib/crater-agent-workspace/builds/worker-5-tc1/source:/opt/rustwide/workdir:ro,Z" "-v" "/var/lib/crater-agent-workspace/cargo-home:/opt/rustwide/cargo-home:ro,Z" "-v" "/var/lib/crater-agent-workspace/rustup-home:/opt/rustwide/rustup-home:ro,Z" "-e" "SOURCE_DIR=/opt/rustwide/workdir" "-e" "CARGO_TARGET_DIR=/opt/rustwide/target" "-e" "CARGO_HOME=/opt/rustwide/cargo-home" "-e" "RUSTUP_HOME=/opt/rustwide/rustup-home" "-w" "/opt/rustwide/workdir" "-m" "1610612736" "--user" "0:0" "--network" "none" "ghcr.io/rust-lang/crates-build-env/linux@sha256:f3a9d4ad9d972b27faf3965f35b62e55ba32bbce8f20bc8fe909558a86702fde" "/opt/rustwide/cargo-home/bin/cargo" "+1.83.0" "metadata" "--no-deps" "--format-version=1", kill_on_drop: false }`
[INFO] [stdout] 24bbba492b29c6f94b73644910ebffb7351941f4708189ec71935f16fec12c3a
[INFO] running `Command { std: "docker" "start" "-a" "24bbba492b29c6f94b73644910ebffb7351941f4708189ec71935f16fec12c3a", kill_on_drop: false }`
[INFO] running `Command { std: "docker" "inspect" "24bbba492b29c6f94b73644910ebffb7351941f4708189ec71935f16fec12c3a", kill_on_drop: false }`
[INFO] running `Command { std: "docker" "rm" "-f" "24bbba492b29c6f94b73644910ebffb7351941f4708189ec71935f16fec12c3a", kill_on_drop: false }`
[INFO] [stdout] 24bbba492b29c6f94b73644910ebffb7351941f4708189ec71935f16fec12c3a
[INFO] running `Command { std: "docker" "create" "-v" "/var/lib/crater-agent-workspace/builds/worker-5-tc1/target:/opt/rustwide/target:rw,Z" "-v" "/var/lib/crater-agent-workspace/builds/worker-5-tc1/source:/opt/rustwide/workdir:ro,Z" "-v" "/var/lib/crater-agent-workspace/cargo-home:/opt/rustwide/cargo-home:ro,Z" "-v" "/var/lib/crater-agent-workspace/rustup-home:/opt/rustwide/rustup-home:ro,Z" "-e" "SOURCE_DIR=/opt/rustwide/workdir" "-e" "CARGO_TARGET_DIR=/opt/rustwide/target" "-e" "CARGO_INCREMENTAL=0" "-e" "RUST_BACKTRACE=full" "-e" "RUSTFLAGS=--cap-lints=warn" "-e" "RUSTDOCFLAGS=--cap-lints=warn" "-e" "CARGO_HOME=/opt/rustwide/cargo-home" "-e" "RUSTUP_HOME=/opt/rustwide/rustup-home" "-w" "/opt/rustwide/workdir" "-m" "1610612736" "--user" "0:0" "--network" "none" "ghcr.io/rust-lang/crates-build-env/linux@sha256:f3a9d4ad9d972b27faf3965f35b62e55ba32bbce8f20bc8fe909558a86702fde" "/opt/rustwide/cargo-home/bin/cargo" "+1.83.0" "build" "--frozen" "--message-format=json", kill_on_drop: false }`
[INFO] [stdout] 694e46451477f2404561e9cc1ef6996eb91420dfc1d9e663fc80cb540a4d6946
[INFO] running `Command { std: "docker" "start" "-a" "694e46451477f2404561e9cc1ef6996eb91420dfc1d9e663fc80cb540a4d6946", kill_on_drop: false }`
[INFO] [stderr]    Compiling proc-macro2 v1.0.89
[INFO] [stderr]    Compiling typenum v1.17.0
[INFO] [stderr]    Compiling semver v1.0.23
[INFO] [stderr]    Compiling subtle v2.6.1
[INFO] [stderr]    Compiling shlex v1.3.0
[INFO] [stderr]    Compiling serde v1.0.215
[INFO] [stderr]    Compiling cpufeatures v0.2.14
[INFO] [stderr]    Compiling libc v0.2.161
[INFO] [stderr]    Compiling typeid v1.0.2
[INFO] [stderr]    Compiling serde_json v1.0.133
[INFO] [stderr]    Compiling itoa v1.0.11
[INFO] [stderr]    Compiling powerfmt v0.2.0
[INFO] [stderr]    Compiling thiserror v1.0.66
[INFO] [stderr]    Compiling generic-array v0.14.7
[INFO] [stderr]    Compiling minimal-lexical v0.2.1
[INFO] [stderr]    Compiling signature v2.2.0
[INFO] [stderr]    Compiling time-core v0.1.2
[INFO] [stderr]    Compiling ed25519 v2.2.3
[INFO] [stderr]    Compiling cc v1.1.31
[INFO] [stderr]    Compiling untrusted v0.9.0
[INFO] [stderr]    Compiling ryu v1.0.18
[INFO] [stderr]    Compiling deranged v0.3.11
[INFO] [stderr]    Compiling spin v0.9.8
[INFO] [stderr]    Compiling nom v7.1.3
[INFO] [stderr]    Compiling num-conv v0.1.0
[INFO] [stderr]    Compiling rand_core v0.6.4
[INFO] [stderr]    Compiling base64 v0.22.1
[INFO] [stderr]    Compiling rustc_version v0.4.1
[INFO] [stderr]    Compiling quote v1.0.37
[INFO] [stderr]    Compiling syn v2.0.86
[INFO] [stderr]    Compiling curve25519-dalek v4.1.3
[INFO] [stderr]    Compiling getrandom v0.2.15
[INFO] [stderr]    Compiling time v0.3.36
[INFO] [stderr]    Compiling ring v0.17.8
[INFO] [stderr]    Compiling crypto-common v0.1.6
[INFO] [stderr]    Compiling block-buffer v0.10.4
[INFO] [stderr]    Compiling inout v0.1.3
[INFO] [stderr]    Compiling cipher v0.4.4
[INFO] [stderr]    Compiling digest v0.10.7
[INFO] [stderr]    Compiling chacha20 v0.9.1
[INFO] [stderr]    Compiling sha2 v0.10.8
[INFO] [stderr]    Compiling blake2 v0.10.6
[INFO] [stderr]    Compiling iso8601 v0.6.1
[INFO] [stderr]    Compiling serde_derive v1.0.215
[INFO] [stderr]    Compiling zeroize_derive v1.4.2
[INFO] [stderr]    Compiling curve25519-dalek-derive v0.1.1
[INFO] [stderr]    Compiling thiserror-impl v1.0.66
[INFO] [stderr]    Compiling derive-new v0.7.0
[INFO] [stderr]    Compiling zeroize v1.8.1
[INFO] [stderr]    Compiling ed25519-dalek v2.1.1
[INFO] [stderr]    Compiling erased-serde v0.4.5
[INFO] [stderr]    Compiling rusty_paseto v0.7.1
[INFO] [stderr]    Compiling std-plus v0.1.0 (/opt/rustwide/workdir)
[INFO] [stdout] warning: unused import: `de::value`
[INFO] [stdout]  --> src/lib.rs:9:13
[INFO] [stdout]   |
[INFO] [stdout] 9 | use serde::{de::value, Deserialize, Serialize, Serializer};
[INFO] [stdout]   |             ^^^^^^^^^
[INFO] [stdout]   |
[INFO] [stdout]   = note: `#[warn(unused_imports)]` on by default
[INFO] [stdout] 
[INFO] [stdout] 
[INFO] [stderr]     Finished `dev` profile [unoptimized + debuginfo] target(s) in 26.16s
[INFO] running `Command { std: "docker" "inspect" "694e46451477f2404561e9cc1ef6996eb91420dfc1d9e663fc80cb540a4d6946", kill_on_drop: false }`
[INFO] running `Command { std: "docker" "rm" "-f" "694e46451477f2404561e9cc1ef6996eb91420dfc1d9e663fc80cb540a4d6946", kill_on_drop: false }`
[INFO] [stdout] 694e46451477f2404561e9cc1ef6996eb91420dfc1d9e663fc80cb540a4d6946
[INFO] running `Command { std: "docker" "create" "-v" "/var/lib/crater-agent-workspace/builds/worker-5-tc1/target:/opt/rustwide/target:rw,Z" "-v" "/var/lib/crater-agent-workspace/builds/worker-5-tc1/source:/opt/rustwide/workdir:ro,Z" "-v" "/var/lib/crater-agent-workspace/cargo-home:/opt/rustwide/cargo-home:ro,Z" "-v" "/var/lib/crater-agent-workspace/rustup-home:/opt/rustwide/rustup-home:ro,Z" "-e" "SOURCE_DIR=/opt/rustwide/workdir" "-e" "CARGO_TARGET_DIR=/opt/rustwide/target" "-e" "CARGO_INCREMENTAL=0" "-e" "RUST_BACKTRACE=full" "-e" "RUSTFLAGS=--cap-lints=warn" "-e" "RUSTDOCFLAGS=--cap-lints=warn" "-e" "CARGO_HOME=/opt/rustwide/cargo-home" "-e" "RUSTUP_HOME=/opt/rustwide/rustup-home" "-w" "/opt/rustwide/workdir" "-m" "1610612736" "--user" "0:0" "--network" "none" "ghcr.io/rust-lang/crates-build-env/linux@sha256:f3a9d4ad9d972b27faf3965f35b62e55ba32bbce8f20bc8fe909558a86702fde" "/opt/rustwide/cargo-home/bin/cargo" "+1.83.0" "test" "--frozen" "--no-run" "--message-format=json", kill_on_drop: false }`
[INFO] [stdout] 7db652cf0cee0f9d9c3565d46e9e985d127cad6e5c58d088a06e81421a36e268
[INFO] running `Command { std: "docker" "start" "-a" "7db652cf0cee0f9d9c3565d46e9e985d127cad6e5c58d088a06e81421a36e268", kill_on_drop: false }`
[INFO] [stderr]    Compiling std-plus v0.1.0 (/opt/rustwide/workdir)
[INFO] [stdout] warning: unused import: `de::value`
[INFO] [stdout]  --> src/lib.rs:9:13
[INFO] [stdout]   |
[INFO] [stdout] 9 | use serde::{de::value, Deserialize, Serialize, Serializer};
[INFO] [stdout]   |             ^^^^^^^^^
[INFO] [stdout]   |
[INFO] [stdout]   = note: `#[warn(unused_imports)]` on by default
[INFO] [stdout] 
[INFO] [stdout] 
[INFO] [stdout] warning: unused import: `de::value`
[INFO] [stdout]  --> src/lib.rs:9:13
[INFO] [stdout]   |
[INFO] [stdout] 9 | use serde::{de::value, Deserialize, Serialize, Serializer};
[INFO] [stdout]   |             ^^^^^^^^^
[INFO] [stdout]   |
[INFO] [stdout]   = note: `#[warn(unused_imports)]` on by default
[INFO] [stdout] 
[INFO] [stdout] 
[INFO] [stderr]     Finished `test` profile [unoptimized + debuginfo] target(s) in 0.51s
[INFO] running `Command { std: "docker" "inspect" "7db652cf0cee0f9d9c3565d46e9e985d127cad6e5c58d088a06e81421a36e268", kill_on_drop: false }`
[INFO] running `Command { std: "docker" "rm" "-f" "7db652cf0cee0f9d9c3565d46e9e985d127cad6e5c58d088a06e81421a36e268", kill_on_drop: false }`
[INFO] [stdout] 7db652cf0cee0f9d9c3565d46e9e985d127cad6e5c58d088a06e81421a36e268
[INFO] running `Command { std: "docker" "create" "-v" "/var/lib/crater-agent-workspace/builds/worker-5-tc1/target:/opt/rustwide/target:rw,Z" "-v" "/var/lib/crater-agent-workspace/builds/worker-5-tc1/source:/opt/rustwide/workdir:ro,Z" "-v" "/var/lib/crater-agent-workspace/cargo-home:/opt/rustwide/cargo-home:ro,Z" "-v" "/var/lib/crater-agent-workspace/rustup-home:/opt/rustwide/rustup-home:ro,Z" "-e" "SOURCE_DIR=/opt/rustwide/workdir" "-e" "CARGO_TARGET_DIR=/opt/rustwide/target" "-e" "CARGO_INCREMENTAL=0" "-e" "RUST_BACKTRACE=full" "-e" "RUSTFLAGS=--cap-lints=warn" "-e" "RUSTDOCFLAGS=--cap-lints=warn" "-e" "CARGO_HOME=/opt/rustwide/cargo-home" "-e" "RUSTUP_HOME=/opt/rustwide/rustup-home" "-w" "/opt/rustwide/workdir" "-m" "1610612736" "--user" "0:0" "--network" "none" "ghcr.io/rust-lang/crates-build-env/linux@sha256:f3a9d4ad9d972b27faf3965f35b62e55ba32bbce8f20bc8fe909558a86702fde" "/opt/rustwide/cargo-home/bin/cargo" "+1.83.0" "test" "--frozen", kill_on_drop: false }`
[INFO] [stdout] acea25ec9c50e767b3d3a4a3df787f787ecdbf334c3df5d5dc62b2b5805ad11c
[INFO] running `Command { std: "docker" "start" "-a" "acea25ec9c50e767b3d3a4a3df787f787ecdbf334c3df5d5dc62b2b5805ad11c", kill_on_drop: false }`
[INFO] [stderr] warning: unused import: `de::value`
[INFO] [stderr]  --> src/lib.rs:9:13
[INFO] [stderr]   |
[INFO] [stderr] 9 | use serde::{de::value, Deserialize, Serialize, Serializer};
[INFO] [stderr]   |             ^^^^^^^^^
[INFO] [stderr]   |
[INFO] [stderr]   = note: `#[warn(unused_imports)]` on by default
[INFO] [stderr] 
[INFO] [stderr] warning: `std-plus` (lib) generated 1 warning (run `cargo fix --lib -p std-plus` to apply 1 suggestion)
[INFO] [stderr] warning: `std-plus` (lib test) generated 1 warning (1 duplicate)
[INFO] [stderr]     Finished `test` profile [unoptimized + debuginfo] target(s) in 0.05s
[INFO] [stderr]      Running unittests src/lib.rs (/opt/rustwide/target/debug/deps/std_plus-2131d4d22b721eaa)
[INFO] [stdout] 
[INFO] [stdout] running 7 tests
[INFO] [stdout] test test::test_header ... ok
[INFO] [stdout] test test::test_sensitive_display ... ok
[INFO] [stdout] test test::test_serializer_sensitive ... ok
[INFO] [stdout] test test::test_standard ... ok
[INFO] [stdout] test test::test_standard_no_pad ... ok
[INFO] [stdout] test test::test_url_safe_no_pad ... ok
[INFO] [stdout] test test::test_url_safe ... ok
[INFO] [stdout] 
[INFO] [stdout] test result: ok. 7 passed; 0 failed; 0 ignored; 0 measured; 0 filtered out; finished in 0.00s
[INFO] [stdout] 
[INFO] [stderr]    Doc-tests std_plus
[INFO] [stdout] 
[INFO] [stdout] running 1 test
[INFO] [stdout] test src/lib.rs - header (line 433) ... FAILED
[INFO] [stdout] 
[INFO] [stdout] failures:
[INFO] [stdout] 
[INFO] [stdout] ---- src/lib.rs - header (line 433) stdout ----
[INFO] [stdout] error[E0432]: unresolved import `lib_crypto`
[INFO] [stdout]  --> src/lib.rs:434:5
[INFO] [stdout]   |
[INFO] [stdout] 3 | use lib_crypto::{header, Header};
[INFO] [stdout]   |     ^^^^^^^^^^ use of undeclared crate or module `lib_crypto`
[INFO] [stdout] 
[INFO] [stdout] error: aborting due to 1 previous error
[INFO] [stdout] 
[INFO] [stdout] For more information about this error, try `rustc --explain E0432`.
[INFO] [stdout] Couldn't compile the test.
[INFO] [stdout] 
[INFO] [stdout] failures:
[INFO] [stdout]     src/lib.rs - header (line 433)
[INFO] [stdout] 
[INFO] [stdout] test result: FAILED. 0 passed; 1 failed; 0 ignored; 0 measured; 0 filtered out; finished in 0.06s
[INFO] [stdout] 
[INFO] [stderr] error: doctest failed, to rerun pass `--doc`
[INFO] running `Command { std: "docker" "inspect" "acea25ec9c50e767b3d3a4a3df787f787ecdbf334c3df5d5dc62b2b5805ad11c", kill_on_drop: false }`
[INFO] running `Command { std: "docker" "rm" "-f" "acea25ec9c50e767b3d3a4a3df787f787ecdbf334c3df5d5dc62b2b5805ad11c", kill_on_drop: false }`
[INFO] [stdout] acea25ec9c50e767b3d3a4a3df787f787ecdbf334c3df5d5dc62b2b5805ad11c
