[INFO] cloning repository https://github.com/0rvar/qr-live
[INFO] running `Command { std: "git" "-c" "credential.helper=" "-c" "credential.helper=/workspace/cargo-home/bin/git-credential-null" "clone" "--bare" "https://github.com/0rvar/qr-live" "/workspace/cache/git-repos/https%3A%2F%2Fgithub.com%2F0rvar%2Fqr-live", kill_on_drop: false }`
[INFO] [stderr] Cloning into bare repository '/workspace/cache/git-repos/https%3A%2F%2Fgithub.com%2F0rvar%2Fqr-live'...
[INFO] running `Command { std: "git" "rev-parse" "HEAD", kill_on_drop: false }`
[INFO] [stdout] 9f1a287e25956ff49b42cfc45bdf99eb0455aaaa
[INFO] testing 0rvar/qr-live against 1.83.0 for beta-1.84.0-4-retry
[INFO] running `Command { std: "git" "clone" "/workspace/cache/git-repos/https%3A%2F%2Fgithub.com%2F0rvar%2Fqr-live" "/workspace/builds/worker-2-tc1/source", kill_on_drop: false }`
[INFO] [stderr] Cloning into '/workspace/builds/worker-2-tc1/source'...
[INFO] [stderr] done.
[INFO] validating manifest of git repo https://github.com/0rvar/qr-live on toolchain 1.83.0
[INFO] running `Command { std: CARGO_HOME="/workspace/cargo-home" RUSTUP_HOME="/workspace/rustup-home" "/workspace/cargo-home/bin/cargo" "+1.83.0" "metadata" "--manifest-path" "Cargo.toml" "--no-deps", kill_on_drop: false }`
[INFO] started tweaking git repo https://github.com/0rvar/qr-live
[INFO] finished tweaking git repo https://github.com/0rvar/qr-live
[INFO] tweaked toml for git repo https://github.com/0rvar/qr-live written to /workspace/builds/worker-2-tc1/source/Cargo.toml
[INFO] crate git repo https://github.com/0rvar/qr-live already has a lockfile, it will not be regenerated
[INFO] running `Command { std: CARGO_HOME="/workspace/cargo-home" RUSTUP_HOME="/workspace/rustup-home" "/workspace/cargo-home/bin/cargo" "+1.83.0" "fetch" "--manifest-path" "Cargo.toml", kill_on_drop: false }`
[INFO] [stderr]     Updating crates.io index
[INFO] [stderr]  Downloading crates ...
[INFO] [stderr]   Downloaded pad v0.1.6
[INFO] [stderr]   Downloaded term v0.7.0
[INFO] [stderr]   Downloaded is-terminal v0.4.12
[INFO] [stderr]   Downloaded prettytable-rs v0.10.0
[INFO] [stderr]   Downloaded encode_unicode v1.0.0
[INFO] [stderr]   Downloaded thiserror v1.0.57
[INFO] [stderr]   Downloaded dirs-next v2.0.0
[INFO] [stderr]   Downloaded indexmap v2.2.5
[INFO] [stderr]   Downloaded prettydiff v0.6.4
[INFO] [stderr]   Downloaded serde_json v1.0.114
[INFO] [stderr]   Downloaded syn v2.0.52
[INFO] [stderr]   Downloaded unsafe-libyaml v0.2.10
[INFO] [stderr]   Downloaded serde_yaml v0.9.32
[INFO] [stderr]   Downloaded thiserror-impl v1.0.57
[INFO] running `Command { std: "docker" "create" "-v" "/var/lib/crater-agent-workspace/builds/worker-2-tc1/target:/opt/rustwide/target:rw,Z" "-v" "/var/lib/crater-agent-workspace/builds/worker-2-tc1/source:/opt/rustwide/workdir:ro,Z" "-v" "/var/lib/crater-agent-workspace/cargo-home:/opt/rustwide/cargo-home:ro,Z" "-v" "/var/lib/crater-agent-workspace/rustup-home:/opt/rustwide/rustup-home:ro,Z" "-e" "SOURCE_DIR=/opt/rustwide/workdir" "-e" "CARGO_TARGET_DIR=/opt/rustwide/target" "-e" "CARGO_HOME=/opt/rustwide/cargo-home" "-e" "RUSTUP_HOME=/opt/rustwide/rustup-home" "-w" "/opt/rustwide/workdir" "-m" "1610612736" "--user" "0:0" "--network" "none" "ghcr.io/rust-lang/crates-build-env/linux@sha256:f3a9d4ad9d972b27faf3965f35b62e55ba32bbce8f20bc8fe909558a86702fde" "/opt/rustwide/cargo-home/bin/cargo" "+1.83.0" "metadata" "--no-deps" "--format-version=1", kill_on_drop: false }`
[INFO] [stdout] 6e3c80a1ece390eeb268f549dff5d7bd5b4af5349794e4299f592a382156871f
[INFO] running `Command { std: "docker" "start" "-a" "6e3c80a1ece390eeb268f549dff5d7bd5b4af5349794e4299f592a382156871f", kill_on_drop: false }`
[INFO] running `Command { std: "docker" "inspect" "6e3c80a1ece390eeb268f549dff5d7bd5b4af5349794e4299f592a382156871f", kill_on_drop: false }`
[INFO] running `Command { std: "docker" "rm" "-f" "6e3c80a1ece390eeb268f549dff5d7bd5b4af5349794e4299f592a382156871f", kill_on_drop: false }`
[INFO] [stdout] 6e3c80a1ece390eeb268f549dff5d7bd5b4af5349794e4299f592a382156871f
[INFO] running `Command { std: "docker" "create" "-v" "/var/lib/crater-agent-workspace/builds/worker-2-tc1/target:/opt/rustwide/target:rw,Z" "-v" "/var/lib/crater-agent-workspace/builds/worker-2-tc1/source:/opt/rustwide/workdir:ro,Z" "-v" "/var/lib/crater-agent-workspace/cargo-home:/opt/rustwide/cargo-home:ro,Z" "-v" "/var/lib/crater-agent-workspace/rustup-home:/opt/rustwide/rustup-home:ro,Z" "-e" "SOURCE_DIR=/opt/rustwide/workdir" "-e" "CARGO_TARGET_DIR=/opt/rustwide/target" "-e" "CARGO_INCREMENTAL=0" "-e" "RUST_BACKTRACE=full" "-e" "RUSTFLAGS=--cap-lints=warn" "-e" "RUSTDOCFLAGS=--cap-lints=warn" "-e" "CARGO_HOME=/opt/rustwide/cargo-home" "-e" "RUSTUP_HOME=/opt/rustwide/rustup-home" "-w" "/opt/rustwide/workdir" "-m" "1610612736" "--user" "0:0" "--network" "none" "ghcr.io/rust-lang/crates-build-env/linux@sha256:f3a9d4ad9d972b27faf3965f35b62e55ba32bbce8f20bc8fe909558a86702fde" "/opt/rustwide/cargo-home/bin/cargo" "+1.83.0" "build" "--frozen" "--message-format=json", kill_on_drop: false }`
[INFO] [stdout] 8a684f51be7c5fa08983bae77fa504b05436348017bbb2d846fc1f9032c0d9be
[INFO] running `Command { std: "docker" "start" "-a" "8a684f51be7c5fa08983bae77fa504b05436348017bbb2d846fc1f9032c0d9be", kill_on_drop: false }`
[INFO] [stderr]    Compiling proc-macro2 v1.0.78
[INFO] [stderr]    Compiling libc v0.2.153
[INFO] [stderr]    Compiling serde v1.0.197
[INFO] [stderr]    Compiling proc-macro-error-attr v1.0.4
[INFO] [stderr]    Compiling syn v1.0.109
[INFO] [stderr]    Compiling proc-macro-error v1.0.4
[INFO] [stderr]    Compiling ryu v1.0.17
[INFO] [stderr]    Compiling itoa v1.0.10
[INFO] [stderr]    Compiling unicode-segmentation v1.11.0
[INFO] [stderr]    Compiling memchr v2.7.1
[INFO] [stderr]    Compiling textwrap v0.11.0
[INFO] [stderr]    Compiling rustix v0.38.31
[INFO] [stderr]    Compiling strsim v0.8.0
[INFO] [stderr]    Compiling vec_map v0.8.2
[INFO] [stderr]    Compiling ansi_term v0.12.1
[INFO] [stderr]    Compiling equivalent v1.0.1
[INFO] [stderr]    Compiling linux-raw-sys v0.4.13
[INFO] [stderr]    Compiling anyhow v1.0.80
[INFO] [stderr]    Compiling heck v0.3.3
[INFO] [stderr]    Compiling bitflags v2.4.2
[INFO] [stderr]    Compiling serde_json v1.0.114
[INFO] [stderr]    Compiling encode_unicode v1.0.0
[INFO] [stderr]    Compiling hashbrown v0.14.3
[INFO] [stderr]    Compiling digest v0.10.7
[INFO] [stderr]    Compiling pad v0.1.6
[INFO] [stderr]    Compiling fastrand v2.0.1
[INFO] [stderr]    Compiling unsafe-libyaml v0.2.10
[INFO] [stderr]    Compiling cpufeatures v0.2.12
[INFO] [stderr]    Compiling sha1 v0.10.6
[INFO] [stderr]    Compiling csv-core v0.1.11
[INFO] [stderr]    Compiling quote v1.0.35
[INFO] [stderr]    Compiling syn v2.0.52
[INFO] [stderr]    Compiling indexmap v2.2.5
[INFO] [stderr]    Compiling dirs-sys-next v0.1.2
[INFO] [stderr]    Compiling atty v0.2.14
[INFO] [stderr]    Compiling is-terminal v0.4.12
[INFO] [stderr]    Compiling clap v2.34.0
[INFO] [stderr]    Compiling dirs-next v2.0.0
[INFO] [stderr]    Compiling term v0.7.0
[INFO] [stderr]    Compiling tempfile v3.10.1
[INFO] [stderr]    Compiling serde_derive v1.0.197
[INFO] [stderr]    Compiling csv v1.3.0
[INFO] [stderr]    Compiling serde_yaml v0.9.32
[INFO] [stderr]    Compiling prettytable-rs v0.10.0
[INFO] [stderr]    Compiling structopt-derive v0.4.18
[INFO] [stderr]    Compiling structopt v0.3.26
[INFO] [stderr]    Compiling prettydiff v0.6.4
[INFO] [stderr]    Compiling qr-live v0.1.0 (/opt/rustwide/workdir)
[INFO] [stderr]     Finished `dev` profile [unoptimized + debuginfo] target(s) in 18.70s
[INFO] running `Command { std: "docker" "inspect" "8a684f51be7c5fa08983bae77fa504b05436348017bbb2d846fc1f9032c0d9be", kill_on_drop: false }`
[INFO] running `Command { std: "docker" "rm" "-f" "8a684f51be7c5fa08983bae77fa504b05436348017bbb2d846fc1f9032c0d9be", kill_on_drop: false }`
[INFO] [stdout] 8a684f51be7c5fa08983bae77fa504b05436348017bbb2d846fc1f9032c0d9be
[INFO] running `Command { std: "docker" "create" "-v" "/var/lib/crater-agent-workspace/builds/worker-2-tc1/target:/opt/rustwide/target:rw,Z" "-v" "/var/lib/crater-agent-workspace/builds/worker-2-tc1/source:/opt/rustwide/workdir:ro,Z" "-v" "/var/lib/crater-agent-workspace/cargo-home:/opt/rustwide/cargo-home:ro,Z" "-v" "/var/lib/crater-agent-workspace/rustup-home:/opt/rustwide/rustup-home:ro,Z" "-e" "SOURCE_DIR=/opt/rustwide/workdir" "-e" "CARGO_TARGET_DIR=/opt/rustwide/target" "-e" "CARGO_INCREMENTAL=0" "-e" "RUST_BACKTRACE=full" "-e" "RUSTFLAGS=--cap-lints=warn" "-e" "RUSTDOCFLAGS=--cap-lints=warn" "-e" "CARGO_HOME=/opt/rustwide/cargo-home" "-e" "RUSTUP_HOME=/opt/rustwide/rustup-home" "-w" "/opt/rustwide/workdir" "-m" "1610612736" "--user" "0:0" "--network" "none" "ghcr.io/rust-lang/crates-build-env/linux@sha256:f3a9d4ad9d972b27faf3965f35b62e55ba32bbce8f20bc8fe909558a86702fde" "/opt/rustwide/cargo-home/bin/cargo" "+1.83.0" "test" "--frozen" "--no-run" "--message-format=json", kill_on_drop: false }`
[INFO] [stdout] 3abc1d02c78dee4ea5562bb79b184e07bd313c13149244d2ca0e2205aa2eedc5
[INFO] running `Command { std: "docker" "start" "-a" "3abc1d02c78dee4ea5562bb79b184e07bd313c13149244d2ca0e2205aa2eedc5", kill_on_drop: false }`
[INFO] [stderr]    Compiling qr-live v0.1.0 (/opt/rustwide/workdir)
[INFO] [stderr]     Finished `test` profile [unoptimized + debuginfo] target(s) in 1.09s
[INFO] running `Command { std: "docker" "inspect" "3abc1d02c78dee4ea5562bb79b184e07bd313c13149244d2ca0e2205aa2eedc5", kill_on_drop: false }`
[INFO] running `Command { std: "docker" "rm" "-f" "3abc1d02c78dee4ea5562bb79b184e07bd313c13149244d2ca0e2205aa2eedc5", kill_on_drop: false }`
[INFO] [stdout] 3abc1d02c78dee4ea5562bb79b184e07bd313c13149244d2ca0e2205aa2eedc5
[INFO] running `Command { std: "docker" "create" "-v" "/var/lib/crater-agent-workspace/builds/worker-2-tc1/target:/opt/rustwide/target:rw,Z" "-v" "/var/lib/crater-agent-workspace/builds/worker-2-tc1/source:/opt/rustwide/workdir:ro,Z" "-v" "/var/lib/crater-agent-workspace/cargo-home:/opt/rustwide/cargo-home:ro,Z" "-v" "/var/lib/crater-agent-workspace/rustup-home:/opt/rustwide/rustup-home:ro,Z" "-e" "SOURCE_DIR=/opt/rustwide/workdir" "-e" "CARGO_TARGET_DIR=/opt/rustwide/target" "-e" "CARGO_INCREMENTAL=0" "-e" "RUST_BACKTRACE=full" "-e" "RUSTFLAGS=--cap-lints=warn" "-e" "RUSTDOCFLAGS=--cap-lints=warn" "-e" "CARGO_HOME=/opt/rustwide/cargo-home" "-e" "RUSTUP_HOME=/opt/rustwide/rustup-home" "-w" "/opt/rustwide/workdir" "-m" "1610612736" "--user" "0:0" "--network" "none" "ghcr.io/rust-lang/crates-build-env/linux@sha256:f3a9d4ad9d972b27faf3965f35b62e55ba32bbce8f20bc8fe909558a86702fde" "/opt/rustwide/cargo-home/bin/cargo" "+1.83.0" "test" "--frozen", kill_on_drop: false }`
[INFO] [stdout] a6df4a63434e594b266a14cd44319bd1186aa78bf7d3cf0f2e03c25509b58c21
[INFO] running `Command { std: "docker" "start" "-a" "a6df4a63434e594b266a14cd44319bd1186aa78bf7d3cf0f2e03c25509b58c21", kill_on_drop: false }`
[INFO] [stderr]     Finished `test` profile [unoptimized + debuginfo] target(s) in 0.08s
[INFO] [stderr]      Running unittests src/lib.rs (/opt/rustwide/target/debug/deps/qr_live-042ed5b24c7f870c)
[INFO] [stdout] 
[INFO] [stdout] running 0 tests
[INFO] [stdout] 
[INFO] [stdout] test result: ok. 0 passed; 0 failed; 0 ignored; 0 measured; 0 filtered out; finished in 0.00s
[INFO] [stdout] 
[INFO] [stderr]      Running unittests src/bin/all.rs (/opt/rustwide/target/debug/deps/all-497846f4e9c29c6a)
[INFO] [stdout] 
[INFO] [stdout] running 0 tests
[INFO] [stdout] 
[INFO] [stdout] test result: ok. 0 passed; 0 failed; 0 ignored; 0 measured; 0 filtered out; finished in 0.00s
[INFO] [stdout] 
[INFO] [stderr]      Running unittests src/main.rs (/opt/rustwide/target/debug/deps/qr_live-5661c29a71647670)
[INFO] [stdout] 
[INFO] [stdout] running 0 tests
[INFO] [stdout] 
[INFO] [stdout] test result: ok. 0 passed; 0 failed; 0 ignored; 0 measured; 0 filtered out; finished in 0.00s
[INFO] [stdout] 
[INFO] [stderr]      Running unittests src/bin/single.rs (/opt/rustwide/target/debug/deps/single-6fe371112eedf0c5)
[INFO] [stdout] 
[INFO] [stdout] running 0 tests
[INFO] [stdout] 
[INFO] [stdout] test result: ok. 0 passed; 0 failed; 0 ignored; 0 measured; 0 filtered out; finished in 0.00s
[INFO] [stdout] 
[INFO] [stderr]      Running tests/test_language_spec.rs (/opt/rustwide/target/debug/deps/test_language_spec-26ee3b08e2f03b4b)
[INFO] [stdout] 
[INFO] [stdout] running 5 tests
[INFO] [stdout] test test_reference_files_exist ... ok
[INFO] [stdout] test no_unnecessary_reference_files ... ok
[INFO] [stdout] test test_all_languages_loop ... ok
[INFO] [stdout] test test_tools_available ... FAILED
[INFO] [stdout] test test_reference_files_have_correct_sha1 ... ok
[INFO] [stdout] 
[INFO] [stdout] failures:
[INFO] [stdout] 
[INFO] [stdout] ---- test_tools_available stdout ----
[INFO] [stdout] thread 'test_tools_available' panicked at tests/test_language_spec.rs:55:9:
[INFO] [stdout] The following commands are not available:
[INFO] [stdout] gnatmake         (used by ada)
[INFO] [stdout] afnix            (used by afnix)
[INFO] [stdout] goaheui          (used by aheui)
[INFO] [stdout] a68g             (used by algol_68)
[INFO] [stdout] ante             (used by ante)
[INFO] [stdout] a+               (used by aplus)
[INFO] [stdout] ajc              (used by aspect_j)
[INFO] [stdout] java             (used by aspect_j)
[INFO] [stdout] asy              (used by asymptote)
[INFO] [stdout] patscc           (used by ats)
[INFO] [stdout] awk              (used by awk)
[INFO] [stdout] bash             (used by bash)
[INFO] [stdout] bc               (used by bc)
[INFO] [stdout] bsh              (used by beanshell)
[INFO] [stdout] cfunge           (used by befunge)
[INFO] [stdout] blc8             (used by blc8)
[INFO] [stdout] anyfuck          (used by brainfuck)
[INFO] [stdout] gcc              (used by c)
[INFO] [stdout] compilechef      (used by chef)
[INFO] [stdout] perl             (used by chef)
[INFO] [stdout] clojure          (used by clojure)
[INFO] [stdout] cmake            (used by cmake)
[INFO] [stdout] cobc             (used by cobol)
[INFO] [stdout] coffee           (used by coffeescript)
[INFO] [stdout] clisp            (used by commonlisp)
[INFO] [stdout] g++              (used by cpp)
[INFO] [stdout] crystal          (used by crystal)
[INFO] [stdout] dotnet           (used by csharp)
[INFO] [stdout] gdc              (used by d)
[INFO] [stdout] dafny            (used by dafny)
[INFO] [stdout] mono             (used by dafny)
[INFO] [stdout] dc               (used by dc)
[INFO] [stdout] dhall            (used by dhall)
[INFO] [stdout] elixir           (used by elixir)
[INFO] [stdout] emacs            (used by emacs_lisp)
[INFO] [stdout] escript          (used by erlang)
[INFO] [stdout] falsy            (used by false)
[INFO] [stdout] fish             (used by fish)
[INFO] [stdout] flex             (used by flex)
[INFO] [stdout] gcc              (used by flex)
[INFO] [stdout] gforth           (used by forth)
[INFO] [stdout] gfortran         (used by fortran77)
[INFO] [stdout] gfortran         (used by fortran90)
[INFO] [stdout] dotnet           (used by fsharp)
[INFO] [stdout] gpt              (used by g_portugol)
[INFO] [stdout] gcc              (used by g_portugol)
[INFO] [stdout] gbs3             (used by gambas)
[INFO] [stdout] gap              (used by gap)
[INFO] [stdout] gdb              (used by gdb)
[INFO] [stdout] genius           (used by gel)
[INFO] [stdout] gnuplot          (used by gnuplot)
[INFO] [stdout] go               (used by go)
[INFO] [stdout] golfscript       (used by golfscript)
[INFO] [stdout] grass            (used by grass)
[INFO] [stdout] groovy           (used by groovy)
[INFO] [stdout] gzip             (used by gzip)
[INFO] [stdout] runhaskell       (used by haskell)
[INFO] [stdout] haxe             (used by haxe)
[INFO] [stdout] neko             (used by haxe)
[INFO] [stdout] icont            (used by icon)
[INFO] [stdout] ick              (used by intercal)
[INFO] [stdout] gcc              (used by intercal)
[INFO] [stdout] jasmin           (used by jasmin)
[INFO] [stdout] java             (used by jasmin)
[INFO] [stdout] javac            (used by java)
[INFO] [stdout] java             (used by java)
[INFO] [stdout] node             (used by javascript)
[INFO] [stdout] jq               (used by jq)
[INFO] [stdout] node             (used by jsfuck)
[INFO] [stdout] kotlinc          (used by kotlin)
[INFO] [stdout] kotlin           (used by kotlin)
[INFO] [stdout] ksh              (used by ksh)
[INFO] [stdout] lazyk            (used by lazyk)
[INFO] [stdout] lisaac           (used by lisaac)
[INFO] [stdout] lsc              (used by livescript)
[INFO] [stdout] llvm-as          (used by llvm)
[INFO] [stdout] lli              (used by llvm)
[INFO] [stdout] lolcode-lci      (used by lolcode)
[INFO] [stdout] lua              (used by lua)
[INFO] [stdout] m4               (used by m4)
[INFO] [stdout] make             (used by make)
[INFO] [stdout] maxima           (used by maxima)
[INFO] [stdout] minizinc         (used by minizinc)
[INFO] [stdout] gm2              (used by modula_2)
[INFO] [stdout] ilasm            (used by msil)
[INFO] [stdout] mono             (used by msil)
[INFO] [stdout] mustache         (used by mustache)
[INFO] [stdout] nasm             (used by nasm)
[INFO] [stdout] ld               (used by nasm)
[INFO] [stdout] nekoc            (used by neko)
[INFO] [stdout] neko             (used by neko)
[INFO] [stdout] nickle           (used by nickle)
[INFO] [stdout] nim              (used by nim)
[INFO] [stdout] clang            (used by objective_c)
[INFO] [stdout] ocaml            (used by ocaml)
[INFO] [stdout] octave           (used by octave)
[INFO] [stdout] anyfuck          (used by ook)
[INFO] [stdout] gp               (used by pari_gp)
[INFO] [stdout] parser3          (used by parser_3)
[INFO] [stdout] fpc              (used by pascal)
[INFO] [stdout] perl             (used by perl)
[INFO] [stdout] perl6            (used by perl6)
[INFO] [stdout] php              (used by php)
[INFO] [stdout] npiet            (used by piet)
[INFO] [stdout] gs               (used by postscript)
[INFO] [stdout] ppt              (used by ppt)
[INFO] [stdout] swipl            (used by prolog)
[INFO] [stdout] spin             (used by promela_spin)
[INFO] [stdout] python3          (used by python)
[INFO] [stdout] R                (used by r)
[INFO] [stdout] ratfor           (used by ratfor)
[INFO] [stdout] gfortran         (used by ratfor)
[INFO] [stdout] rc               (used by rc)
[INFO] [stdout] rexx             (used by rexx)
[INFO] [stdout] ruby             (used by ruby)
[INFO] [stdout] rustc            (used by rust)
[INFO] [stdout] slsh             (used by s-lang)
[INFO] [stdout] scalac           (used by scala)
[INFO] [stdout] scala            (used by scala)
[INFO] [stdout] guile            (used by scheme)
[INFO] [stdout] scilab           (used by scilab)
[INFO] [stdout] sed              (used by sed)
[INFO] [stdout] shakespeare      (used by shakespeare)
[INFO] [stdout] polyc            (used by standard_ml)
[INFO] [stdout] subleq           (used by subleq)
[INFO] [stdout] surgescript      (used by surgescript)
[INFO] [stdout] tclsh            (used by tcl)
[INFO] [stdout] tcsh             (used by tcsh)
[INFO] [stdout] thue             (used by thue)
[INFO] [stdout] tsc              (used by typescript)
[INFO] [stdout] node             (used by typescript)
[INFO] [stdout] unlambda         (used by unlambda)
[INFO] [stdout] valac            (used by vala)
[INFO] [stdout] velato           (used by velato)
[INFO] [stdout] iverilog         (used by verilog)
[INFO] [stdout] vim              (used by vimscript)
[INFO] [stdout] dotnet           (used by visual_basic)
[INFO] [stdout] wasmtime         (used by webassembly_binary)
[INFO] [stdout] wat2wasm         (used by webassembly_text)
[INFO] [stdout] wasmtime         (used by webassembly_text)
[INFO] [stdout] albus            (used by whitespace)
[INFO] [stdout] xsltproc         (used by xslt)
[INFO] [stdout] yabasic          (used by yabasic)
[INFO] [stdout] yorick           (used by yorick)
[INFO] [stdout] zoem             (used by zoem)
[INFO] [stdout] zsh              (used by zsh)
[INFO] [stdout] 
[INFO] [stdout] (total: 146 commands)
[INFO] [stdout] stack backtrace:
[INFO] [stdout]    0:     0x5d9c75c5a1fa - std::backtrace_rs::backtrace::libunwind::trace::h5a5b8284f2d0c266
[INFO] [stdout]                                at /rustc/90b35a6239c3d8bdabc530a6a0816f7ff89a0aaf/library/std/src/../../backtrace/src/backtrace/libunwind.rs:116:5
[INFO] [stdout]    1:     0x5d9c75c5a1fa - std::backtrace_rs::backtrace::trace_unsynchronized::h76d4f1c9b0b875e3
[INFO] [stdout]                                at /rustc/90b35a6239c3d8bdabc530a6a0816f7ff89a0aaf/library/std/src/../../backtrace/src/backtrace/mod.rs:66:5
[INFO] [stdout]    2:     0x5d9c75c5a1fa - std::sys::backtrace::_print_fmt::hc4546b8364a537c6
[INFO] [stdout]                                at /rustc/90b35a6239c3d8bdabc530a6a0816f7ff89a0aaf/library/std/src/sys/backtrace.rs:66:9
[INFO] [stdout]    3:     0x5d9c75c5a1fa - <std::sys::backtrace::BacktraceLock::print::DisplayBacktrace as core::fmt::Display>::fmt::h5b6bd5631a6d1f6b
[INFO] [stdout]                                at /rustc/90b35a6239c3d8bdabc530a6a0816f7ff89a0aaf/library/std/src/sys/backtrace.rs:39:26
[INFO] [stdout]    4:     0x5d9c75c810d3 - core::fmt::rt::Argument::fmt::h270f6602a2b96f62
[INFO] [stdout]                                at /rustc/90b35a6239c3d8bdabc530a6a0816f7ff89a0aaf/library/core/src/fmt/rt.rs:177:76
[INFO] [stdout]    5:     0x5d9c75c810d3 - core::fmt::write::h7550c97b06c86515
[INFO] [stdout]                                at /rustc/90b35a6239c3d8bdabc530a6a0816f7ff89a0aaf/library/core/src/fmt/mod.rs:1186:21
[INFO] [stdout]    6:     0x5d9c75c57203 - std::io::Write::write_fmt::h509ff860e5956e5e
[INFO] [stdout]                                at /rustc/90b35a6239c3d8bdabc530a6a0816f7ff89a0aaf/library/std/src/io/mod.rs:1839:15
[INFO] [stdout]    7:     0x5d9c75c5a042 - std::sys::backtrace::BacktraceLock::print::h2395ccd2c84ba3aa
[INFO] [stdout]                                at /rustc/90b35a6239c3d8bdabc530a6a0816f7ff89a0aaf/library/std/src/sys/backtrace.rs:42:9
[INFO] [stdout]    8:     0x5d9c75c5b65a - std::panicking::default_hook::{{closure}}::he19d4c7230e07961
[INFO] [stdout]                                at /rustc/90b35a6239c3d8bdabc530a6a0816f7ff89a0aaf/library/std/src/panicking.rs:268:22
[INFO] [stdout]    9:     0x5d9c75c5b464 - std::panicking::default_hook::hf614597d3c67bbdb
[INFO] [stdout]                                at /rustc/90b35a6239c3d8bdabc530a6a0816f7ff89a0aaf/library/std/src/panicking.rs:292:9
[INFO] [stdout]   10:     0x5d9c75bb6759 - <alloc::boxed::Box<F,A> as core::ops::function::Fn<Args>>::call::h39b51ce4599c23d1
[INFO] [stdout]                                at /rustc/90b35a6239c3d8bdabc530a6a0816f7ff89a0aaf/library/alloc/src/boxed.rs:2468:9
[INFO] [stdout]   11:     0x5d9c75bb6759 - test::test_main::{{closure}}::he977ae839a582784
[INFO] [stdout]                                at /rustc/90b35a6239c3d8bdabc530a6a0816f7ff89a0aaf/library/test/src/lib.rs:133:21
[INFO] [stdout]   12:     0x5d9c75c5bcf8 - <alloc::boxed::Box<F,A> as core::ops::function::Fn<Args>>::call::h9455091b6b06f9fb
[INFO] [stdout]                                at /rustc/90b35a6239c3d8bdabc530a6a0816f7ff89a0aaf/library/alloc/src/boxed.rs:2468:9
[INFO] [stdout]   13:     0x5d9c75c5bcf8 - std::panicking::rust_panic_with_hook::h8942133a8b252070
[INFO] [stdout]                                at /rustc/90b35a6239c3d8bdabc530a6a0816f7ff89a0aaf/library/std/src/panicking.rs:809:13
[INFO] [stdout]   14:     0x5d9c75c5baba - std::panicking::begin_panic_handler::{{closure}}::hb5f5963570096b29
[INFO] [stdout]                                at /rustc/90b35a6239c3d8bdabc530a6a0816f7ff89a0aaf/library/std/src/panicking.rs:674:13
[INFO] [stdout]   15:     0x5d9c75c5a6d9 - std::sys::backtrace::__rust_end_short_backtrace::h6208cedc1922feda
[INFO] [stdout]                                at /rustc/90b35a6239c3d8bdabc530a6a0816f7ff89a0aaf/library/std/src/sys/backtrace.rs:170:18
[INFO] [stdout]   16:     0x5d9c75c5b74c - rust_begin_unwind
[INFO] [stdout]                                at /rustc/90b35a6239c3d8bdabc530a6a0816f7ff89a0aaf/library/std/src/panicking.rs:665:5
[INFO] [stdout]   17:     0x5d9c75b55b30 - core::panicking::panic_fmt::h0c3082644d1bf418
[INFO] [stdout]                                at /rustc/90b35a6239c3d8bdabc530a6a0816f7ff89a0aaf/library/core/src/panicking.rs:74:14
[INFO] [stdout]   18:     0x5d9c75b75e8a - test_language_spec::test_tools_available::h69b5e252df05c364
[INFO] [stdout]                                at /opt/rustwide/workdir/tests/test_language_spec.rs:55:9
[INFO] [stdout]   19:     0x5d9c75b759f7 - test_language_spec::test_tools_available::{{closure}}::ha246ba8ee709877d
[INFO] [stdout]                                at /opt/rustwide/workdir/tests/test_language_spec.rs:23:26
[INFO] [stdout]   20:     0x5d9c75b6ec46 - core::ops::function::FnOnce::call_once::h963a17549348f02c
[INFO] [stdout]                                at /rustc/90b35a6239c3d8bdabc530a6a0816f7ff89a0aaf/library/core/src/ops/function.rs:250:5
[INFO] [stdout]   21:     0x5d9c75bbb11b - core::ops::function::FnOnce::call_once::h109cf8051a59b34e
[INFO] [stdout]                                at /rustc/90b35a6239c3d8bdabc530a6a0816f7ff89a0aaf/library/core/src/ops/function.rs:250:5
[INFO] [stdout]   22:     0x5d9c75bbb11b - test::__rust_begin_short_backtrace::hf4fff89d377446ba
[INFO] [stdout]                                at /rustc/90b35a6239c3d8bdabc530a6a0816f7ff89a0aaf/library/test/src/lib.rs:621:18
[INFO] [stdout]   23:     0x5d9c75bba957 - test::run_test_in_process::{{closure}}::h0e39181dd7ee5a43
[INFO] [stdout]                                at /rustc/90b35a6239c3d8bdabc530a6a0816f7ff89a0aaf/library/test/src/lib.rs:644:60
[INFO] [stdout]   24:     0x5d9c75bba957 - <core::panic::unwind_safe::AssertUnwindSafe<F> as core::ops::function::FnOnce<()>>::call_once::hc5a66a30f0bdfd1f
[INFO] [stdout]                                at /rustc/90b35a6239c3d8bdabc530a6a0816f7ff89a0aaf/library/core/src/panic/unwind_safe.rs:272:9
[INFO] [stdout]   25:     0x5d9c75bba957 - std::panicking::try::do_call::h873b7cf639554a5e
[INFO] [stdout]                                at /rustc/90b35a6239c3d8bdabc530a6a0816f7ff89a0aaf/library/std/src/panicking.rs:557:40
[INFO] [stdout]   26:     0x5d9c75bba957 - std::panicking::try::hdb19862fad9c8bd1
[INFO] [stdout]                                at /rustc/90b35a6239c3d8bdabc530a6a0816f7ff89a0aaf/library/std/src/panicking.rs:520:19
[INFO] [stdout]   27:     0x5d9c75bba957 - std::panic::catch_unwind::h281fe732d236d260
[INFO] [stdout]                                at /rustc/90b35a6239c3d8bdabc530a6a0816f7ff89a0aaf/library/std/src/panic.rs:358:14
[INFO] [stdout]   28:     0x5d9c75bba957 - test::run_test_in_process::h949b6df8457ed338
[INFO] [stdout]                                at /rustc/90b35a6239c3d8bdabc530a6a0816f7ff89a0aaf/library/test/src/lib.rs:644:27
[INFO] [stdout]   29:     0x5d9c75bba957 - test::run_test::{{closure}}::h52c556a6d4740e10
[INFO] [stdout]                                at /rustc/90b35a6239c3d8bdabc530a6a0816f7ff89a0aaf/library/test/src/lib.rs:565:43
[INFO] [stdout]   30:     0x5d9c75b7fc34 - test::run_test::{{closure}}::h4237f6381c45ccb9
[INFO] [stdout]                                at /rustc/90b35a6239c3d8bdabc530a6a0816f7ff89a0aaf/library/test/src/lib.rs:595:41
[INFO] [stdout]   31:     0x5d9c75b7fc34 - std::sys::backtrace::__rust_begin_short_backtrace::h505c97a579eca628
[INFO] [stdout]                                at /rustc/90b35a6239c3d8bdabc530a6a0816f7ff89a0aaf/library/std/src/sys/backtrace.rs:154:18
[INFO] [stdout]   32:     0x5d9c75b832fe - std::thread::Builder::spawn_unchecked_::{{closure}}::{{closure}}::h9e86b2e2bc107ea3
[INFO] [stdout]                                at /rustc/90b35a6239c3d8bdabc530a6a0816f7ff89a0aaf/library/std/src/thread/mod.rs:538:17
[INFO] [stdout]   33:     0x5d9c75b832fe - <core::panic::unwind_safe::AssertUnwindSafe<F> as core::ops::function::FnOnce<()>>::call_once::h8b06ddb275ff4a25
[INFO] [stdout]                                at /rustc/90b35a6239c3d8bdabc530a6a0816f7ff89a0aaf/library/core/src/panic/unwind_safe.rs:272:9
[INFO] [stdout]   34:     0x5d9c75b832fe - std::panicking::try::do_call::hb26ecd7cd9a9355d
[INFO] [stdout]                                at /rustc/90b35a6239c3d8bdabc530a6a0816f7ff89a0aaf/library/std/src/panicking.rs:557:40
[INFO] [stdout]   35:     0x5d9c75b832fe - std::panicking::try::h8ddeca9d705f9069
[INFO] [stdout]                                at /rustc/90b35a6239c3d8bdabc530a6a0816f7ff89a0aaf/library/std/src/panicking.rs:520:19
[INFO] [stdout]   36:     0x5d9c75b832fe - std::panic::catch_unwind::h49e1c33078844c46
[INFO] [stdout]                                at /rustc/90b35a6239c3d8bdabc530a6a0816f7ff89a0aaf/library/std/src/panic.rs:358:14
[INFO] [stdout]   37:     0x5d9c75b832fe - std::thread::Builder::spawn_unchecked_::{{closure}}::h6073db6ff56ad35d
[INFO] [stdout]                                at /rustc/90b35a6239c3d8bdabc530a6a0816f7ff89a0aaf/library/std/src/thread/mod.rs:537:30
[INFO] [stdout]   38:     0x5d9c75b832fe - core::ops::function::FnOnce::call_once{{vtable.shim}}::h2c5a5f3779c774f1
[INFO] [stdout]                                at /rustc/90b35a6239c3d8bdabc530a6a0816f7ff89a0aaf/library/core/src/ops/function.rs:250:5
[INFO] [stdout]   39:     0x5d9c75c5ff7b - <alloc::boxed::Box<F,A> as core::ops::function::FnOnce<Args>>::call_once::hf75717d9f28faebf
[INFO] [stdout]                                at /rustc/90b35a6239c3d8bdabc530a6a0816f7ff89a0aaf/library/alloc/src/boxed.rs:2454:9
[INFO] [stdout]   40:     0x5d9c75c5ff7b - <alloc::boxed::Box<F,A> as core::ops::function::FnOnce<Args>>::call_once::h7bd883a5f3c5f3c1
[INFO] [stdout]                                at /rustc/90b35a6239c3d8bdabc530a6a0816f7ff89a0aaf/library/alloc/src/boxed.rs:2454:9
[INFO] [stdout]   41:     0x5d9c75c5ff7b - std::sys::pal::unix::thread::Thread::new::thread_start::hcc78f3943333fa94
[INFO] [stdout]                                at /rustc/90b35a6239c3d8bdabc530a6a0816f7ff89a0aaf/library/std/src/sys/pal/unix/thread.rs:105:17
[INFO] [stdout]   42:     0x75c4f3028ac3 - <unknown>
[INFO] [stdout]   43:     0x75c4f30b9a04 - clone
[INFO] [stdout]   44:                0x0 - <unknown>
[INFO] [stdout] 
[INFO] [stdout] 
[INFO] [stdout] failures:
[INFO] [stdout]     test_tools_available
[INFO] [stdout] 
[INFO] [stdout] test result: FAILED. 4 passed; 1 failed; 0 ignored; 0 measured; 0 filtered out; finished in 1.82s
[INFO] [stdout] 
[INFO] [stderr] error: test failed, to rerun pass `--test test_language_spec`
[INFO] running `Command { std: "docker" "inspect" "a6df4a63434e594b266a14cd44319bd1186aa78bf7d3cf0f2e03c25509b58c21", kill_on_drop: false }`
[INFO] running `Command { std: "docker" "rm" "-f" "a6df4a63434e594b266a14cd44319bd1186aa78bf7d3cf0f2e03c25509b58c21", kill_on_drop: false }`
[INFO] [stdout] a6df4a63434e594b266a14cd44319bd1186aa78bf7d3cf0f2e03c25509b58c21
