[INFO] cloning repository https://github.com/0LuminaX0/url_pest_parser
[INFO] running `Command { std: "git" "-c" "credential.helper=" "-c" "credential.helper=/workspace/cargo-home/bin/git-credential-null" "clone" "--bare" "https://github.com/0LuminaX0/url_pest_parser" "/workspace/cache/git-repos/https%3A%2F%2Fgithub.com%2F0LuminaX0%2Furl_pest_parser", kill_on_drop: false }`
[INFO] [stderr] Cloning into bare repository '/workspace/cache/git-repos/https%3A%2F%2Fgithub.com%2F0LuminaX0%2Furl_pest_parser'...
[INFO] running `Command { std: "git" "rev-parse" "HEAD", kill_on_drop: false }`
[INFO] [stdout] e8fff98aac8ec27dc52edd2d0362738c86809971
[INFO] testing 0LuminaX0/url_pest_parser against 1.83.0 for beta-1.84.0-4-retry
[INFO] running `Command { std: "git" "clone" "/workspace/cache/git-repos/https%3A%2F%2Fgithub.com%2F0LuminaX0%2Furl_pest_parser" "/workspace/builds/worker-1-tc1/source", kill_on_drop: false }`
[INFO] [stderr] Cloning into '/workspace/builds/worker-1-tc1/source'...
[INFO] [stderr] done.
[INFO] validating manifest of git repo https://github.com/0LuminaX0/url_pest_parser on toolchain 1.83.0
[INFO] running `Command { std: CARGO_HOME="/workspace/cargo-home" RUSTUP_HOME="/workspace/rustup-home" "/workspace/cargo-home/bin/cargo" "+1.83.0" "metadata" "--manifest-path" "Cargo.toml" "--no-deps", kill_on_drop: false }`
[INFO] started tweaking git repo https://github.com/0LuminaX0/url_pest_parser
[INFO] finished tweaking git repo https://github.com/0LuminaX0/url_pest_parser
[INFO] tweaked toml for git repo https://github.com/0LuminaX0/url_pest_parser written to /workspace/builds/worker-1-tc1/source/Cargo.toml
[INFO] crate git repo https://github.com/0LuminaX0/url_pest_parser already has a lockfile, it will not be regenerated
[INFO] running `Command { std: CARGO_HOME="/workspace/cargo-home" RUSTUP_HOME="/workspace/rustup-home" "/workspace/cargo-home/bin/cargo" "+1.83.0" "fetch" "--manifest-path" "Cargo.toml", kill_on_drop: false }`
[INFO] running `Command { std: "docker" "create" "-v" "/var/lib/crater-agent-workspace/builds/worker-1-tc1/target:/opt/rustwide/target:rw,Z" "-v" "/var/lib/crater-agent-workspace/builds/worker-1-tc1/source:/opt/rustwide/workdir:ro,Z" "-v" "/var/lib/crater-agent-workspace/cargo-home:/opt/rustwide/cargo-home:ro,Z" "-v" "/var/lib/crater-agent-workspace/rustup-home:/opt/rustwide/rustup-home:ro,Z" "-e" "SOURCE_DIR=/opt/rustwide/workdir" "-e" "CARGO_TARGET_DIR=/opt/rustwide/target" "-e" "CARGO_HOME=/opt/rustwide/cargo-home" "-e" "RUSTUP_HOME=/opt/rustwide/rustup-home" "-w" "/opt/rustwide/workdir" "-m" "1610612736" "--user" "0:0" "--network" "none" "ghcr.io/rust-lang/crates-build-env/linux@sha256:f3a9d4ad9d972b27faf3965f35b62e55ba32bbce8f20bc8fe909558a86702fde" "/opt/rustwide/cargo-home/bin/cargo" "+1.83.0" "metadata" "--no-deps" "--format-version=1", kill_on_drop: false }`
[INFO] [stdout] 325cc0f0e8fe6a3eb66961f24787d3753b2a1c7d620dd380636e7b05fba5d868
[INFO] running `Command { std: "docker" "start" "-a" "325cc0f0e8fe6a3eb66961f24787d3753b2a1c7d620dd380636e7b05fba5d868", kill_on_drop: false }`
[INFO] running `Command { std: "docker" "inspect" "325cc0f0e8fe6a3eb66961f24787d3753b2a1c7d620dd380636e7b05fba5d868", kill_on_drop: false }`
[INFO] running `Command { std: "docker" "rm" "-f" "325cc0f0e8fe6a3eb66961f24787d3753b2a1c7d620dd380636e7b05fba5d868", kill_on_drop: false }`
[INFO] [stdout] 325cc0f0e8fe6a3eb66961f24787d3753b2a1c7d620dd380636e7b05fba5d868
[INFO] running `Command { std: "docker" "create" "-v" "/var/lib/crater-agent-workspace/builds/worker-1-tc1/target:/opt/rustwide/target:rw,Z" "-v" "/var/lib/crater-agent-workspace/builds/worker-1-tc1/source:/opt/rustwide/workdir:ro,Z" "-v" "/var/lib/crater-agent-workspace/cargo-home:/opt/rustwide/cargo-home:ro,Z" "-v" "/var/lib/crater-agent-workspace/rustup-home:/opt/rustwide/rustup-home:ro,Z" "-e" "SOURCE_DIR=/opt/rustwide/workdir" "-e" "CARGO_TARGET_DIR=/opt/rustwide/target" "-e" "CARGO_INCREMENTAL=0" "-e" "RUST_BACKTRACE=full" "-e" "RUSTFLAGS=--cap-lints=warn" "-e" "RUSTDOCFLAGS=--cap-lints=warn" "-e" "CARGO_HOME=/opt/rustwide/cargo-home" "-e" "RUSTUP_HOME=/opt/rustwide/rustup-home" "-w" "/opt/rustwide/workdir" "-m" "1610612736" "--user" "0:0" "--network" "none" "ghcr.io/rust-lang/crates-build-env/linux@sha256:f3a9d4ad9d972b27faf3965f35b62e55ba32bbce8f20bc8fe909558a86702fde" "/opt/rustwide/cargo-home/bin/cargo" "+1.83.0" "build" "--frozen" "--message-format=json", kill_on_drop: false }`
[INFO] [stdout] 806458438e1581b33bc01f2e210f2f96de9d02b65af79c67fedec7205c9e0627
[INFO] running `Command { std: "docker" "start" "-a" "806458438e1581b33bc01f2e210f2f96de9d02b65af79c67fedec7205c9e0627", kill_on_drop: false }`
[INFO] [stderr]    Compiling proc-macro2 v1.0.89
[INFO] [stderr]    Compiling unicode-ident v1.0.13
[INFO] [stderr]    Compiling thiserror v1.0.68
[INFO] [stderr]    Compiling ucd-trie v0.1.7
[INFO] [stderr]    Compiling memchr v2.7.4
[INFO] [stderr]    Compiling once_cell v1.20.2
[INFO] [stderr]    Compiling thiserror v2.0.0
[INFO] [stderr]    Compiling anyhow v1.0.93
[INFO] [stderr]    Compiling quote v1.0.37
[INFO] [stderr]    Compiling syn v2.0.87
[INFO] [stderr]    Compiling thiserror-impl v1.0.68
[INFO] [stderr]    Compiling thiserror-impl v2.0.0
[INFO] [stderr]    Compiling pest v2.7.14
[INFO] [stderr]    Compiling pest_meta v2.7.14
[INFO] [stderr]    Compiling pest_generator v2.7.14
[INFO] [stderr]    Compiling pest_derive v2.7.14
[INFO] [stderr]    Compiling url_pest_parser v0.1.0 (/opt/rustwide/workdir)
[INFO] [stderr]     Finished `dev` profile [unoptimized + debuginfo] target(s) in 13.27s
[INFO] running `Command { std: "docker" "inspect" "806458438e1581b33bc01f2e210f2f96de9d02b65af79c67fedec7205c9e0627", kill_on_drop: false }`
[INFO] running `Command { std: "docker" "rm" "-f" "806458438e1581b33bc01f2e210f2f96de9d02b65af79c67fedec7205c9e0627", kill_on_drop: false }`
[INFO] [stdout] 806458438e1581b33bc01f2e210f2f96de9d02b65af79c67fedec7205c9e0627
[INFO] running `Command { std: "docker" "create" "-v" "/var/lib/crater-agent-workspace/builds/worker-1-tc1/target:/opt/rustwide/target:rw,Z" "-v" "/var/lib/crater-agent-workspace/builds/worker-1-tc1/source:/opt/rustwide/workdir:ro,Z" "-v" "/var/lib/crater-agent-workspace/cargo-home:/opt/rustwide/cargo-home:ro,Z" "-v" "/var/lib/crater-agent-workspace/rustup-home:/opt/rustwide/rustup-home:ro,Z" "-e" "SOURCE_DIR=/opt/rustwide/workdir" "-e" "CARGO_TARGET_DIR=/opt/rustwide/target" "-e" "CARGO_INCREMENTAL=0" "-e" "RUST_BACKTRACE=full" "-e" "RUSTFLAGS=--cap-lints=warn" "-e" "RUSTDOCFLAGS=--cap-lints=warn" "-e" "CARGO_HOME=/opt/rustwide/cargo-home" "-e" "RUSTUP_HOME=/opt/rustwide/rustup-home" "-w" "/opt/rustwide/workdir" "-m" "1610612736" "--user" "0:0" "--network" "none" "ghcr.io/rust-lang/crates-build-env/linux@sha256:f3a9d4ad9d972b27faf3965f35b62e55ba32bbce8f20bc8fe909558a86702fde" "/opt/rustwide/cargo-home/bin/cargo" "+1.83.0" "test" "--frozen" "--no-run" "--message-format=json", kill_on_drop: false }`
[INFO] [stdout] 83d3b330c272d350f9cd0f0a5dd8ed477d0325734e882cb9f906b12d52132175
[INFO] running `Command { std: "docker" "start" "-a" "83d3b330c272d350f9cd0f0a5dd8ed477d0325734e882cb9f906b12d52132175", kill_on_drop: false }`
[INFO] [stderr]    Compiling url_pest_parser v0.1.0 (/opt/rustwide/workdir)
[INFO] [stderr]     Finished `test` profile [unoptimized + debuginfo] target(s) in 1.06s
[INFO] running `Command { std: "docker" "inspect" "83d3b330c272d350f9cd0f0a5dd8ed477d0325734e882cb9f906b12d52132175", kill_on_drop: false }`
[INFO] running `Command { std: "docker" "rm" "-f" "83d3b330c272d350f9cd0f0a5dd8ed477d0325734e882cb9f906b12d52132175", kill_on_drop: false }`
[INFO] [stdout] 83d3b330c272d350f9cd0f0a5dd8ed477d0325734e882cb9f906b12d52132175
[INFO] running `Command { std: "docker" "create" "-v" "/var/lib/crater-agent-workspace/builds/worker-1-tc1/target:/opt/rustwide/target:rw,Z" "-v" "/var/lib/crater-agent-workspace/builds/worker-1-tc1/source:/opt/rustwide/workdir:ro,Z" "-v" "/var/lib/crater-agent-workspace/cargo-home:/opt/rustwide/cargo-home:ro,Z" "-v" "/var/lib/crater-agent-workspace/rustup-home:/opt/rustwide/rustup-home:ro,Z" "-e" "SOURCE_DIR=/opt/rustwide/workdir" "-e" "CARGO_TARGET_DIR=/opt/rustwide/target" "-e" "CARGO_INCREMENTAL=0" "-e" "RUST_BACKTRACE=full" "-e" "RUSTFLAGS=--cap-lints=warn" "-e" "RUSTDOCFLAGS=--cap-lints=warn" "-e" "CARGO_HOME=/opt/rustwide/cargo-home" "-e" "RUSTUP_HOME=/opt/rustwide/rustup-home" "-w" "/opt/rustwide/workdir" "-m" "1610612736" "--user" "0:0" "--network" "none" "ghcr.io/rust-lang/crates-build-env/linux@sha256:f3a9d4ad9d972b27faf3965f35b62e55ba32bbce8f20bc8fe909558a86702fde" "/opt/rustwide/cargo-home/bin/cargo" "+1.83.0" "test" "--frozen", kill_on_drop: false }`
[INFO] [stdout] d86678e0e4bc08e9794a6f762fa87871d4aace8eec7b578ac10f71b6daeb264d
[INFO] running `Command { std: "docker" "start" "-a" "d86678e0e4bc08e9794a6f762fa87871d4aace8eec7b578ac10f71b6daeb264d", kill_on_drop: false }`
[INFO] [stderr]     Finished `test` profile [unoptimized + debuginfo] target(s) in 0.04s
[INFO] [stdout] 
[INFO] [stderr]      Running unittests src/lib.rs (/opt/rustwide/target/debug/deps/url_pest_parser-ae39ba10c19deaf2)
[INFO] [stdout] running 0 tests
[INFO] [stderr]      Running unittests src/main.rs (/opt/rustwide/target/debug/deps/url_pest_parser-1f68a6659ae761f7)
[INFO] [stdout] 
[INFO] [stdout] test result: ok. 0 passed; 0 failed; 0 ignored; 0 measured; 0 filtered out; finished in 0.00s
[INFO] [stdout] 
[INFO] [stdout] 
[INFO] [stdout] running 0 tests
[INFO] [stdout] 
[INFO] [stdout] test result: ok. 0 passed; 0 failed; 0 ignored; 0 measured; 0 filtered out; finished in 0.00s
[INFO] [stdout] 
[INFO] [stderr]      Running tests/pest_test.rs (/opt/rustwide/target/debug/deps/pest_test-6b0457430a406ad0)
[INFO] [stdout] 
[INFO] [stdout] running 10 tests
[INFO] [stdout] test tests::domain::valid_domain ... ok
[INFO] [stdout] test tests::path::valid_path ... ok
[INFO] [stdout] test tests::query::valid_query ... ok
[INFO] [stdout] test tests::fragment::valid_fragment ... ok
[INFO] [stdout] test tests::subdomain::valid_subdomain ... ok
[INFO] [stdout] test tests::protocol::valid_protocols ... ok
[INFO] [stdout] test tests::protocol::invalid_protocols ... ok
[INFO] [stdout] test tests::test_complete_url ... ok
[INFO] [stdout] test tests::test_invalid_symbols_in_url ... ok
[INFO] [stdout] test tests::test_minimal_url ... ok
[INFO] [stdout] 
[INFO] [stdout] test result: ok. 10 passed; 0 failed; 0 ignored; 0 measured; 0 filtered out; finished in 0.00s
[INFO] [stdout] 
[INFO] [stderr]    Doc-tests url_pest_parser
[INFO] [stdout] 
[INFO] [stdout] running 2 tests
[INFO] [stdout] test src/../docs.md - (line 36) ... FAILED
[INFO] [stdout] test src/../docs.md - (line 31) ... FAILED
[INFO] [stdout] 
[INFO] [stdout] failures:
[INFO] [stdout] 
[INFO] [stdout] ---- src/../docs.md - (line 36) stdout ----
[INFO] [stdout] error: statements are terminated with a semicolon
[INFO] [stdout]  --> src/../docs.md:37:6
[INFO] [stdout]   |
[INFO] [stdout] 3 | https://www.example.com:8080/path/to/resource?key=value#section1
[INFO] [stdout]   |      ^
[INFO] [stdout]   |
[INFO] [stdout] help: use a semicolon instead
[INFO] [stdout]   |
[INFO] [stdout] 3 | https;//www.example.com:8080/path/to/resource?key=value#section1
[INFO] [stdout]   |      ~
[INFO] [stdout] 
[INFO] [stdout] error[E0425]: cannot find value `https` in this scope
[INFO] [stdout]  --> src/../docs.md:37:1
[INFO] [stdout]   |
[INFO] [stdout] 3 | https://www.example.com:8080/path/to/resource?key=value#section1
[INFO] [stdout]   | ^^^^^ not found in this scope
[INFO] [stdout] 
[INFO] [stdout] error: aborting due to 2 previous errors
[INFO] [stdout] 
[INFO] [stdout] For more information about this error, try `rustc --explain E0425`.
[INFO] [stdout] Couldn't compile the test.
[INFO] [stdout] ---- src/../docs.md - (line 31) stdout ----
[INFO] [stdout] error: statements are terminated with a semicolon
[INFO] [stdout]  --> src/../docs.md:32:9
[INFO] [stdout]   |
[INFO] [stdout] 3 | protocol://[subdomain.]domain[:port][/path][?query][#fragment]
[INFO] [stdout]   |         ^
[INFO] [stdout]   |
[INFO] [stdout] help: use a semicolon instead
[INFO] [stdout]   |
[INFO] [stdout] 3 | protocol;//[subdomain.]domain[:port][/path][?query][#fragment]
[INFO] [stdout]   |         ~
[INFO] [stdout] 
[INFO] [stdout] error[E0425]: cannot find value `protocol` in this scope
[INFO] [stdout]  --> src/../docs.md:32:1
[INFO] [stdout]   |
[INFO] [stderr] error: doctest failed, to rerun pass `--doc`
[INFO] [stdout] 3 | protocol://[subdomain.]domain[:port][/path][?query][#fragment]
[INFO] [stdout]   | ^^^^^^^^ not found in this scope
[INFO] [stdout]   |
[INFO] [stdout] help: consider importing this unit variant
[INFO] [stdout]   |
[INFO] [stdout] 2 + use url_pest_parser::Rule::protocol;
[INFO] [stdout]   |
[INFO] [stdout] 
[INFO] [stdout] error: aborting due to 2 previous errors
[INFO] [stdout] 
[INFO] [stdout] For more information about this error, try `rustc --explain E0425`.
[INFO] [stdout] Couldn't compile the test.
[INFO] [stdout] 
[INFO] [stdout] failures:
[INFO] [stdout]     src/../docs.md - (line 31)
[INFO] [stdout]     src/../docs.md - (line 36)
[INFO] [stdout] 
[INFO] [stdout] test result: FAILED. 0 passed; 2 failed; 0 ignored; 0 measured; 0 filtered out; finished in 0.14s
[INFO] [stdout] 
[INFO] running `Command { std: "docker" "inspect" "d86678e0e4bc08e9794a6f762fa87871d4aace8eec7b578ac10f71b6daeb264d", kill_on_drop: false }`
[INFO] running `Command { std: "docker" "rm" "-f" "d86678e0e4bc08e9794a6f762fa87871d4aace8eec7b578ac10f71b6daeb264d", kill_on_drop: false }`
[INFO] [stdout] d86678e0e4bc08e9794a6f762fa87871d4aace8eec7b578ac10f71b6daeb264d
