[INFO] fetching crate ws 0.9.2...
[INFO] testing ws-0.9.2 against 1.83.0 for beta-1.84.0-4-retry
[INFO] extracting crate ws 0.9.2 into /workspace/builds/worker-6-tc1/source
[INFO] validating manifest of crates.io crate ws 0.9.2 on toolchain 1.83.0
[INFO] running `Command { std: CARGO_HOME="/workspace/cargo-home" RUSTUP_HOME="/workspace/rustup-home" "/workspace/cargo-home/bin/cargo" "+1.83.0" "metadata" "--manifest-path" "Cargo.toml" "--no-deps", kill_on_drop: false }`
[INFO] started tweaking crates.io crate ws 0.9.2
[INFO] finished tweaking crates.io crate ws 0.9.2
[INFO] tweaked toml for crates.io crate ws 0.9.2 written to /workspace/builds/worker-6-tc1/source/Cargo.toml
[INFO] crate crates.io crate ws 0.9.2 already has a lockfile, it will not be regenerated
[INFO] running `Command { std: CARGO_HOME="/workspace/cargo-home" RUSTUP_HOME="/workspace/rustup-home" "/workspace/cargo-home/bin/cargo" "+1.83.0" "fetch" "--manifest-path" "Cargo.toml", kill_on_drop: false }`
[INFO] [stderr] warning: no edition set: defaulting to the 2015 edition while the latest is 2021
[INFO] [stderr]     Updating crates.io index
[INFO] [stderr]  Downloading crates ...
[INFO] [stderr]   Downloaded term v0.5.1
[INFO] [stderr]   Downloaded sha-1 v0.8.2
[INFO] [stderr]   Downloaded redox_syscall v0.1.40
[INFO] [stderr]   Downloaded fake-simd v0.1.2
[INFO] [stderr]   Downloaded block-padding v0.1.5
[INFO] [stderr]   Downloaded winapi-util v0.1.1
[INFO] [stderr]   Downloaded opaque-debug v0.2.3
[INFO] [stderr]   Downloaded byte-tools v0.3.1
[INFO] [stderr]   Downloaded byteorder v1.2.6
[INFO] [stderr]   Downloaded termion v1.5.1
[INFO] [stderr]   Downloaded strsim v0.7.0
[INFO] [stderr]   Downloaded log v0.4.5
[INFO] [stderr]   Downloaded mio v0.6.16
[INFO] [stderr]   Downloaded security-framework v2.6.1
[INFO] [stderr]   Downloaded clap v2.32.0
[INFO] [stderr]   Downloaded regex-syntax v0.6.2
[INFO] [stderr]   Downloaded once_cell v1.9.0
[INFO] [stderr]   Downloaded libc v0.2.118
[INFO] [stderr]   Downloaded libz-sys v1.0.24
[INFO] [stderr]   Downloaded wincolor v1.0.1
[INFO] [stderr]   Downloaded openssl-sys v0.9.72
[INFO] [stderr]   Downloaded textwrap v0.10.0
[INFO] [stderr]   Downloaded aho-corasick v0.6.8
[INFO] [stderr]   Downloaded ucd-util v0.1.1
[INFO] [stderr]   Downloaded env_logger v0.6.2
[INFO] [stderr]   Downloaded httparse v1.3.3
[INFO] [stderr]   Downloaded net2 v0.2.33
[INFO] [stderr]   Downloaded mio-extras v2.0.5
[INFO] [stderr]   Downloaded winapi v0.3.6
[INFO] [stderr]   Downloaded time v0.1.40
[INFO] [stderr]   Downloaded regex v1.0.5
[INFO] [stderr]   Downloaded bytes v0.4.10
[INFO] [stderr]   Downloaded utf8-ranges v1.0.1
[INFO] [stderr]   Downloaded slab v0.4.1
[INFO] [stderr]   Downloaded cc v1.0.25
[INFO] [stderr]   Downloaded remove_dir_all v0.5.1
[INFO] [stderr]   Downloaded ppv-lite86 v0.2.16
[INFO] [stderr]   Downloaded generic-array v0.12.4
[INFO] [stderr]   Downloaded digest v0.8.1
[INFO] [stderr]   Downloaded quick-error v1.2.2
[INFO] [stderr]   Downloaded humantime v1.1.1
[INFO] [stderr]   Downloaded memchr v2.1.0
[INFO] [stderr]   Downloaded termcolor v1.0.4
[INFO] [stderr]   Downloaded iovec v0.1.2
[INFO] [stderr]   Downloaded lazycell v1.2.0
[INFO] [stderr]   Downloaded cfg-if v0.1.5
[INFO] [stderr]   Downloaded fastrand v1.7.0
[INFO] [stderr]   Downloaded pkg-config v0.3.14
[INFO] [stderr]   Downloaded block-buffer v0.7.3
[INFO] running `Command { std: "docker" "create" "-v" "/var/lib/crater-agent-workspace/builds/worker-6-tc1/target:/opt/rustwide/target:rw,Z" "-v" "/var/lib/crater-agent-workspace/builds/worker-6-tc1/source:/opt/rustwide/workdir:ro,Z" "-v" "/var/lib/crater-agent-workspace/cargo-home:/opt/rustwide/cargo-home:ro,Z" "-v" "/var/lib/crater-agent-workspace/rustup-home:/opt/rustwide/rustup-home:ro,Z" "-e" "SOURCE_DIR=/opt/rustwide/workdir" "-e" "CARGO_TARGET_DIR=/opt/rustwide/target" "-e" "CARGO_HOME=/opt/rustwide/cargo-home" "-e" "RUSTUP_HOME=/opt/rustwide/rustup-home" "-w" "/opt/rustwide/workdir" "-m" "1610612736" "--user" "0:0" "--network" "none" "ghcr.io/rust-lang/crates-build-env/linux@sha256:f3a9d4ad9d972b27faf3965f35b62e55ba32bbce8f20bc8fe909558a86702fde" "/opt/rustwide/cargo-home/bin/cargo" "+1.83.0" "metadata" "--no-deps" "--format-version=1", kill_on_drop: false }`
[INFO] [stdout] ccd2c3c58bde62f99e8e66c1fe8910ff3e3dc0749c5c8303b3c5c4ab23c0b045
[INFO] running `Command { std: "docker" "start" "-a" "ccd2c3c58bde62f99e8e66c1fe8910ff3e3dc0749c5c8303b3c5c4ab23c0b045", kill_on_drop: false }`
[INFO] running `Command { std: "docker" "inspect" "ccd2c3c58bde62f99e8e66c1fe8910ff3e3dc0749c5c8303b3c5c4ab23c0b045", kill_on_drop: false }`
[INFO] running `Command { std: "docker" "rm" "-f" "ccd2c3c58bde62f99e8e66c1fe8910ff3e3dc0749c5c8303b3c5c4ab23c0b045", kill_on_drop: false }`
[INFO] [stdout] ccd2c3c58bde62f99e8e66c1fe8910ff3e3dc0749c5c8303b3c5c4ab23c0b045
[INFO] running `Command { std: "docker" "create" "-v" "/var/lib/crater-agent-workspace/builds/worker-6-tc1/target:/opt/rustwide/target:rw,Z" "-v" "/var/lib/crater-agent-workspace/builds/worker-6-tc1/source:/opt/rustwide/workdir:ro,Z" "-v" "/var/lib/crater-agent-workspace/cargo-home:/opt/rustwide/cargo-home:ro,Z" "-v" "/var/lib/crater-agent-workspace/rustup-home:/opt/rustwide/rustup-home:ro,Z" "-e" "SOURCE_DIR=/opt/rustwide/workdir" "-e" "CARGO_TARGET_DIR=/opt/rustwide/target" "-e" "CARGO_INCREMENTAL=0" "-e" "RUST_BACKTRACE=full" "-e" "RUSTFLAGS=--cap-lints=warn" "-e" "RUSTDOCFLAGS=--cap-lints=warn" "-e" "CARGO_HOME=/opt/rustwide/cargo-home" "-e" "RUSTUP_HOME=/opt/rustwide/rustup-home" "-w" "/opt/rustwide/workdir" "-m" "1610612736" "--user" "0:0" "--network" "none" "ghcr.io/rust-lang/crates-build-env/linux@sha256:f3a9d4ad9d972b27faf3965f35b62e55ba32bbce8f20bc8fe909558a86702fde" "/opt/rustwide/cargo-home/bin/cargo" "+1.83.0" "build" "--frozen" "--message-format=json", kill_on_drop: false }`
[INFO] [stdout] f7a100470687d27ac6daef36acb98f5bd4b346fea7bdedf531ce9c402f219989
[INFO] running `Command { std: "docker" "start" "-a" "f7a100470687d27ac6daef36acb98f5bd4b346fea7bdedf531ce9c402f219989", kill_on_drop: false }`
[INFO] [stderr] warning: no edition set: defaulting to the 2015 edition while the latest is 2021
[INFO] [stderr]    Compiling libc v0.2.118
[INFO] [stderr]    Compiling typenum v1.15.0
[INFO] [stderr]    Compiling getrandom v0.1.16
[INFO] [stderr]    Compiling cfg-if v0.1.5
[INFO] [stderr]    Compiling matches v0.1.8
[INFO] [stderr]    Compiling tinyvec_macros v0.1.0
[INFO] [stderr]    Compiling byteorder v1.2.6
[INFO] [stderr]    Compiling byte-tools v0.3.1
[INFO] [stderr]    Compiling lazycell v1.2.0
[INFO] [stderr]    Compiling ppv-lite86 v0.2.16
[INFO] [stderr]    Compiling slab v0.4.1
[INFO] [stderr]    Compiling httparse v1.3.3
[INFO] [stderr]    Compiling percent-encoding v2.1.0
[INFO] [stderr]    Compiling opaque-debug v0.2.3
[INFO] [stderr]    Compiling fake-simd v0.1.2
[INFO] [stderr]    Compiling log v0.4.5
[INFO] [stderr]    Compiling unicode-bidi v0.3.4
[INFO] [stderr]    Compiling tinyvec v1.5.1
[INFO] [stderr]    Compiling block-padding v0.1.5
[INFO] [stderr]    Compiling form_urlencoded v1.0.1
[INFO] [stderr]    Compiling iovec v0.1.2
[INFO] [stderr]    Compiling net2 v0.2.33
[INFO] [stderr]    Compiling bytes v0.4.10
[INFO] [stderr]    Compiling rand_core v0.5.1
[INFO] [stderr]    Compiling unicode-normalization v0.1.19
[INFO] [stderr]    Compiling mio v0.6.16
[INFO] [stderr]    Compiling rand_chacha v0.2.2
[INFO] [stderr]    Compiling rand v0.7.3
[INFO] [stderr]    Compiling generic-array v0.12.4
[INFO] [stderr]    Compiling mio-extras v2.0.5
[INFO] [stderr]    Compiling block-buffer v0.7.3
[INFO] [stderr]    Compiling digest v0.8.1
[INFO] [stderr]    Compiling sha-1 v0.8.2
[INFO] [stderr]    Compiling idna v0.2.3
[INFO] [stderr]    Compiling url v2.2.2
[INFO] [stderr]    Compiling ws v0.9.2 (/opt/rustwide/workdir)
[INFO] [stdout] warning: unexpected `cfg` condition value: `native_tls`
[INFO] [stdout]   --> src/io.rs:14:7
[INFO] [stdout]    |
[INFO] [stdout] 14 | #[cfg(feature = "native_tls")]
[INFO] [stdout]    |       ^^^^^^^^^^------------
[INFO] [stdout]    |                 |
[INFO] [stdout]    |                 help: there is a expected value with a similar name: `"native-tls"`
[INFO] [stdout]    |
[INFO] [stdout]    = note: expected values for `feature` are: `default`, `libc`, `libz-sys`, `native-tls`, `nativetls`, `openssl`, `permessage-deflate`, and `ssl`
[INFO] [stdout]    = help: consider adding `native_tls` as a feature in `Cargo.toml`
[INFO] [stdout]    = note: see <https://doc.rust-lang.org/nightly/rustc/check-cfg/cargo-specifics.html> for more information about checking conditional configuration
[INFO] [stdout]    = note: `#[warn(unexpected_cfgs)]` on by default
[INFO] [stdout] 
[INFO] [stdout] 
[INFO] [stderr]     Finished `dev` profile [unoptimized + debuginfo] target(s) in 8.38s
[INFO] running `Command { std: "docker" "inspect" "f7a100470687d27ac6daef36acb98f5bd4b346fea7bdedf531ce9c402f219989", kill_on_drop: false }`
[INFO] running `Command { std: "docker" "rm" "-f" "f7a100470687d27ac6daef36acb98f5bd4b346fea7bdedf531ce9c402f219989", kill_on_drop: false }`
[INFO] [stdout] f7a100470687d27ac6daef36acb98f5bd4b346fea7bdedf531ce9c402f219989
[INFO] running `Command { std: "docker" "create" "-v" "/var/lib/crater-agent-workspace/builds/worker-6-tc1/target:/opt/rustwide/target:rw,Z" "-v" "/var/lib/crater-agent-workspace/builds/worker-6-tc1/source:/opt/rustwide/workdir:ro,Z" "-v" "/var/lib/crater-agent-workspace/cargo-home:/opt/rustwide/cargo-home:ro,Z" "-v" "/var/lib/crater-agent-workspace/rustup-home:/opt/rustwide/rustup-home:ro,Z" "-e" "SOURCE_DIR=/opt/rustwide/workdir" "-e" "CARGO_TARGET_DIR=/opt/rustwide/target" "-e" "CARGO_INCREMENTAL=0" "-e" "RUST_BACKTRACE=full" "-e" "RUSTFLAGS=--cap-lints=warn" "-e" "RUSTDOCFLAGS=--cap-lints=warn" "-e" "CARGO_HOME=/opt/rustwide/cargo-home" "-e" "RUSTUP_HOME=/opt/rustwide/rustup-home" "-w" "/opt/rustwide/workdir" "-m" "1610612736" "--user" "0:0" "--network" "none" "ghcr.io/rust-lang/crates-build-env/linux@sha256:f3a9d4ad9d972b27faf3965f35b62e55ba32bbce8f20bc8fe909558a86702fde" "/opt/rustwide/cargo-home/bin/cargo" "+1.83.0" "test" "--frozen" "--no-run" "--message-format=json", kill_on_drop: false }`
[INFO] [stdout] ac1abfb0c796fb9c0ee8ccc4a96cbcf04e762df45aaa5499905c6c319e4529bd
[INFO] running `Command { std: "docker" "start" "-a" "ac1abfb0c796fb9c0ee8ccc4a96cbcf04e762df45aaa5499905c6c319e4529bd", kill_on_drop: false }`
[INFO] [stderr] warning: no edition set: defaulting to the 2015 edition while the latest is 2021
[INFO] [stderr]    Compiling version_check v0.1.5
[INFO] [stderr]    Compiling ucd-util v0.1.1
[INFO] [stderr]    Compiling lazy_static v1.4.0
[INFO] [stderr]    Compiling regex v1.0.5
[INFO] [stderr]    Compiling unicode-width v0.1.5
[INFO] [stderr]    Compiling atty v0.2.11
[INFO] [stderr]    Compiling utf8-ranges v1.0.1
[INFO] [stderr]    Compiling quick-error v1.2.2
[INFO] [stderr]    Compiling vec_map v0.8.1
[INFO] [stderr]    Compiling strsim v0.7.0
[INFO] [stderr]    Compiling bitflags v1.3.2
[INFO] [stderr]    Compiling termcolor v1.0.4
[INFO] [stderr]    Compiling ansi_term v0.11.0
[INFO] [stderr]    Compiling time v0.1.40
[INFO] [stderr]    Compiling term v0.5.1
[INFO] [stdout] warning: unexpected `cfg` condition value: `native_tls`
[INFO] [stdout]   --> src/io.rs:14:7
[INFO] [stdout]    |
[INFO] [stdout] 14 | #[cfg(feature = "native_tls")]
[INFO] [stdout]    |       ^^^^^^^^^^------------
[INFO] [stdout]    |                 |
[INFO] [stdout]    |                 help: there is a expected value with a similar name: `"native-tls"`
[INFO] [stdout]    |
[INFO] [stdout]    = note: expected values for `feature` are: `default`, `libc`, `libz-sys`, `native-tls`, `nativetls`, `openssl`, `permessage-deflate`, and `ssl`
[INFO] [stdout]    = help: consider adding `native_tls` as a feature in `Cargo.toml`
[INFO] [stdout]    = note: see <https://doc.rust-lang.org/nightly/rustc/check-cfg/cargo-specifics.html> for more information about checking conditional configuration
[INFO] [stdout]    = note: `#[warn(unexpected_cfgs)]` on by default
[INFO] [stdout] 
[INFO] [stdout] 
[INFO] [stderr]    Compiling thread_local v0.3.6
[INFO] [stderr]    Compiling humantime v1.1.1
[INFO] [stderr]    Compiling textwrap v0.10.0
[INFO] [stderr]    Compiling regex-syntax v0.6.2
[INFO] [stderr]    Compiling memchr v2.1.0
[INFO] [stderr]    Compiling clap v2.32.0
[INFO] [stderr]    Compiling aho-corasick v0.6.8
[INFO] [stderr]    Compiling env_logger v0.6.2
[INFO] [stderr]    Compiling ws v0.9.2 (/opt/rustwide/workdir)
[INFO] [stdout] warning: unexpected `cfg` condition value: `native_tls`
[INFO] [stdout]   --> src/io.rs:14:7
[INFO] [stdout]    |
[INFO] [stdout] 14 | #[cfg(feature = "native_tls")]
[INFO] [stdout]    |       ^^^^^^^^^^------------
[INFO] [stdout]    |                 |
[INFO] [stdout]    |                 help: there is a expected value with a similar name: `"native-tls"`
[INFO] [stdout]    |
[INFO] [stdout]    = note: expected values for `feature` are: `default`, `libc`, `libz-sys`, `native-tls`, `nativetls`, `openssl`, `permessage-deflate`, and `ssl`
[INFO] [stdout]    = help: consider adding `native_tls` as a feature in `Cargo.toml`
[INFO] [stdout]    = note: see <https://doc.rust-lang.org/nightly/rustc/check-cfg/cargo-specifics.html> for more information about checking conditional configuration
[INFO] [stdout]    = note: `#[warn(unexpected_cfgs)]` on by default
[INFO] [stdout] 
[INFO] [stdout] 
[INFO] [stdout] warning: unnecessary parentheses around type
[INFO] [stdout]   --> examples/router.rs:13:63
[INFO] [stdout]    |
[INFO] [stdout] 13 |     fn on_request(&mut self, req: &ws::Request) -> ws::Result<(ws::Response)> {
[INFO] [stdout]    |                                                               ^            ^
[INFO] [stdout]    |
[INFO] [stdout]    = note: `#[warn(unused_parens)]` on by default
[INFO] [stdout] help: remove these parentheses
[INFO] [stdout]    |
[INFO] [stdout] 13 -     fn on_request(&mut self, req: &ws::Request) -> ws::Result<(ws::Response)> {
[INFO] [stdout] 13 +     fn on_request(&mut self, req: &ws::Request) -> ws::Result<ws::Response> {
[INFO] [stdout]    |
[INFO] [stdout] 
[INFO] [stdout] 
[INFO] [stdout] warning: unnecessary parentheses around type
[INFO] [stdout]   --> examples/router.rs:82:63
[INFO] [stdout]    |
[INFO] [stdout] 82 |     fn on_request(&mut self, req: &ws::Request) -> ws::Result<(ws::Response)> {
[INFO] [stdout]    |                                                               ^            ^
[INFO] [stdout]    |
[INFO] [stdout] help: remove these parentheses
[INFO] [stdout]    |
[INFO] [stdout] 82 -     fn on_request(&mut self, req: &ws::Request) -> ws::Result<(ws::Response)> {
[INFO] [stdout] 82 +     fn on_request(&mut self, req: &ws::Request) -> ws::Result<ws::Response> {
[INFO] [stdout]    |
[INFO] [stdout] 
[INFO] [stdout] 
[INFO] [stdout] warning: trait objects without an explicit `dyn` are deprecated
[INFO] [stdout]  --> examples/router.rs:9:16
[INFO] [stdout]   |
[INFO] [stdout] 9 |     inner: Box<ws::Handler>,
[INFO] [stdout]   |                ^^^^^^^^^^^
[INFO] [stdout]   |
[INFO] [stdout]   = warning: this is accepted in the current edition (Rust 2015) but is a hard error in Rust 2021!
[INFO] [stdout]   = note: for more information, see <https://doc.rust-lang.org/nightly/edition-guide/rust-2021/warnings-promoted-to-error.html>
[INFO] [stdout]   = note: `#[warn(bare_trait_objects)]` on by default
[INFO] [stdout] help: if this is a dyn-compatible trait, use `dyn`
[INFO] [stdout]   |
[INFO] [stdout] 9 |     inner: Box<dyn ws::Handler>,
[INFO] [stdout]   |                +++
[INFO] [stdout] 
[INFO] [stdout] 
[INFO] [stdout] warning: unused closure that must be used
[INFO] [stdout]    --> src/factory.rs:165:9
[INFO] [stdout]     |
[INFO] [stdout] 165 |         factory.connection_made(Sender::new(mio::Token(0), chn, 0));
[INFO] [stdout]     |         ^^^^^^^^^^^^^^^^^^^^^^^^^^^^^^^^^^^^^^^^^^^^^^^^^^^^^^^^^^^
[INFO] [stdout]     |
[INFO] [stdout]     = note: closures are lazy and do nothing unless called
[INFO] [stdout]     = note: `#[warn(unused_must_use)]` on by default
[INFO] [stdout] 
[INFO] [stdout] 
[INFO] [stdout] warning: unnecessary parentheses around type
[INFO] [stdout]   --> examples/html_chat.rs:43:55
[INFO] [stdout]    |
[INFO] [stdout] 43 |     fn on_request(&mut self, req: &Request) -> Result<(Response)> {
[INFO] [stdout]    |                                                       ^        ^
[INFO] [stdout]    |
[INFO] [stdout]    = note: `#[warn(unused_parens)]` on by default
[INFO] [stdout] help: remove these parentheses
[INFO] [stdout]    |
[INFO] [stdout] 43 -     fn on_request(&mut self, req: &Request) -> Result<(Response)> {
[INFO] [stdout] 43 +     fn on_request(&mut self, req: &Request) -> Result<Response> {
[INFO] [stdout]    |
[INFO] [stdout] 
[INFO] [stdout] 
[INFO] [stderr]     Finished `test` profile [unoptimized + debuginfo] target(s) in 29.09s
[INFO] running `Command { std: "docker" "inspect" "ac1abfb0c796fb9c0ee8ccc4a96cbcf04e762df45aaa5499905c6c319e4529bd", kill_on_drop: false }`
[INFO] running `Command { std: "docker" "rm" "-f" "ac1abfb0c796fb9c0ee8ccc4a96cbcf04e762df45aaa5499905c6c319e4529bd", kill_on_drop: false }`
[INFO] [stdout] ac1abfb0c796fb9c0ee8ccc4a96cbcf04e762df45aaa5499905c6c319e4529bd
[INFO] running `Command { std: "docker" "create" "-v" "/var/lib/crater-agent-workspace/builds/worker-6-tc1/target:/opt/rustwide/target:rw,Z" "-v" "/var/lib/crater-agent-workspace/builds/worker-6-tc1/source:/opt/rustwide/workdir:ro,Z" "-v" "/var/lib/crater-agent-workspace/cargo-home:/opt/rustwide/cargo-home:ro,Z" "-v" "/var/lib/crater-agent-workspace/rustup-home:/opt/rustwide/rustup-home:ro,Z" "-e" "SOURCE_DIR=/opt/rustwide/workdir" "-e" "CARGO_TARGET_DIR=/opt/rustwide/target" "-e" "CARGO_INCREMENTAL=0" "-e" "RUST_BACKTRACE=full" "-e" "RUSTFLAGS=--cap-lints=warn" "-e" "RUSTDOCFLAGS=--cap-lints=warn" "-e" "CARGO_HOME=/opt/rustwide/cargo-home" "-e" "RUSTUP_HOME=/opt/rustwide/rustup-home" "-w" "/opt/rustwide/workdir" "-m" "1610612736" "--user" "0:0" "--network" "none" "ghcr.io/rust-lang/crates-build-env/linux@sha256:f3a9d4ad9d972b27faf3965f35b62e55ba32bbce8f20bc8fe909558a86702fde" "/opt/rustwide/cargo-home/bin/cargo" "+1.83.0" "test" "--frozen", kill_on_drop: false }`
[INFO] [stdout] 320d95be27008749b5846431a0c31c80f6244bfeef6535b81878cf429fa4c63d
[INFO] running `Command { std: "docker" "start" "-a" "320d95be27008749b5846431a0c31c80f6244bfeef6535b81878cf429fa4c63d", kill_on_drop: false }`
[INFO] [stderr] warning: no edition set: defaulting to the 2015 edition while the latest is 2021
[INFO] [stderr] warning: unexpected `cfg` condition value: `native_tls`
[INFO] [stderr]   --> src/io.rs:14:7
[INFO] [stderr]    |
[INFO] [stderr] 14 | #[cfg(feature = "native_tls")]
[INFO] [stderr]    |       ^^^^^^^^^^------------
[INFO] [stderr]    |                 |
[INFO] [stderr]    |                 help: there is a expected value with a similar name: `"native-tls"`
[INFO] [stderr]    |
[INFO] [stderr]    = note: expected values for `feature` are: `default`, `libc`, `libz-sys`, `native-tls`, `nativetls`, `openssl`, `permessage-deflate`, and `ssl`
[INFO] [stderr]    = help: consider adding `native_tls` as a feature in `Cargo.toml`
[INFO] [stderr]    = note: see <https://doc.rust-lang.org/nightly/rustc/check-cfg/cargo-specifics.html> for more information about checking conditional configuration
[INFO] [stderr]    = note: `#[warn(unexpected_cfgs)]` on by default
[INFO] [stderr] 
[INFO] [stderr] warning: `ws` (lib) generated 1 warning
[INFO] [stderr] warning: unused closure that must be used
[INFO] [stderr]    --> src/factory.rs:165:9
[INFO] [stderr]     |
[INFO] [stderr] 165 |         factory.connection_made(Sender::new(mio::Token(0), chn, 0));
[INFO] [stderr]     |         ^^^^^^^^^^^^^^^^^^^^^^^^^^^^^^^^^^^^^^^^^^^^^^^^^^^^^^^^^^^
[INFO] [stderr]     |
[INFO] [stderr]     = note: closures are lazy and do nothing unless called
[INFO] [stderr]     = note: `#[warn(unused_must_use)]` on by default
[INFO] [stderr] 
[INFO] [stderr] warning: `ws` (lib test) generated 2 warnings (1 duplicate)
[INFO] [stderr] warning: unnecessary parentheses around type
[INFO] [stderr]   --> examples/html_chat.rs:43:55
[INFO] [stderr]    |
[INFO] [stderr] 43 |     fn on_request(&mut self, req: &Request) -> Result<(Response)> {
[INFO] [stderr]    |                                                       ^        ^
[INFO] [stderr]    |
[INFO] [stderr]    = note: `#[warn(unused_parens)]` on by default
[INFO] [stderr] help: remove these parentheses
[INFO] [stderr]    |
[INFO] [stderr] 43 -     fn on_request(&mut self, req: &Request) -> Result<(Response)> {
[INFO] [stderr] 43 +     fn on_request(&mut self, req: &Request) -> Result<Response> {
[INFO] [stderr]    |
[INFO] [stderr] 
[INFO] [stderr] warning: unnecessary parentheses around type
[INFO] [stderr]   --> examples/router.rs:13:63
[INFO] [stderr]    |
[INFO] [stderr] 13 |     fn on_request(&mut self, req: &ws::Request) -> ws::Result<(ws::Response)> {
[INFO] [stderr]    |                                                               ^            ^
[INFO] [stderr]    |
[INFO] [stderr]    = note: `#[warn(unused_parens)]` on by default
[INFO] [stderr] help: remove these parentheses
[INFO] [stderr]    |
[INFO] [stderr] 13 -     fn on_request(&mut self, req: &ws::Request) -> ws::Result<(ws::Response)> {
[INFO] [stderr] 13 +     fn on_request(&mut self, req: &ws::Request) -> ws::Result<ws::Response> {
[INFO] [stderr]    |
[INFO] [stderr] 
[INFO] [stderr] warning: unnecessary parentheses around type
[INFO] [stderr]   --> examples/router.rs:82:63
[INFO] [stderr]    |
[INFO] [stderr] 82 |     fn on_request(&mut self, req: &ws::Request) -> ws::Result<(ws::Response)> {
[INFO] [stderr]    |                                                               ^            ^
[INFO] [stderr]    |
[INFO] [stderr] help: remove these parentheses
[INFO] [stderr]    |
[INFO] [stderr] 82 -     fn on_request(&mut self, req: &ws::Request) -> ws::Result<(ws::Response)> {
[INFO] [stderr] 82 +     fn on_request(&mut self, req: &ws::Request) -> ws::Result<ws::Response> {
[INFO] [stderr]    |
[INFO] [stderr] 
[INFO] [stderr] warning: trait objects without an explicit `dyn` are deprecated
[INFO] [stderr]  --> examples/router.rs:9:16
[INFO] [stderr]   |
[INFO] [stderr] 9 |     inner: Box<ws::Handler>,
[INFO] [stderr]   |                ^^^^^^^^^^^
[INFO] [stderr]   |
[INFO] [stderr]   = warning: this is accepted in the current edition (Rust 2015) but is a hard error in Rust 2021!
[INFO] [stderr]   = note: for more information, see <https://doc.rust-lang.org/nightly/edition-guide/rust-2021/warnings-promoted-to-error.html>
[INFO] [stderr]   = note: `#[warn(bare_trait_objects)]` on by default
[INFO] [stderr] help: if this is a dyn-compatible trait, use `dyn`
[INFO] [stderr]   |
[INFO] [stderr] 9 |     inner: Box<dyn ws::Handler>,
[INFO] [stderr]   |                +++
[INFO] [stderr] 
[INFO] [stderr] warning: `ws` (example "html_chat") generated 1 warning (run `cargo fix --example "html_chat"` to apply 1 suggestion)
[INFO] [stderr] warning: `ws` (example "router") generated 3 warnings (run `cargo fix --example "router"` to apply 3 suggestions)
[INFO] [stderr]     Finished `test` profile [unoptimized + debuginfo] target(s) in 0.14s
[INFO] [stderr]      Running unittests src/lib.rs (/opt/rustwide/target/debug/deps/ws-70844aab9fb8b6f8)
[INFO] [stdout] 
[INFO] [stdout] running 18 tests
[INFO] [stdout] test message::test::display ... ok
[INFO] [stdout] test message::test::text_convert ... ok
[INFO] [stdout] test handler::test::closure_handler ... ok
[INFO] [stdout] test frame::test::display_frame ... ok
[INFO] [stdout] test factory::test::closure_factory ... ok
[INFO] [stdout] test factory::test::impl_factory ... ok
[INFO] [stdout] test message::test::binary_convert ... ok
[INFO] [stdout] test message::test::binary_convert_vec ... ok
[INFO] [stdout] test factory::test::connection_lost ... ok
[INFO] [stdout] test handshake::test::remote_addr_x_forwarded_for ... ok
[INFO] [stdout] test handshake::test::remote_addr ... ok
[INFO] [stdout] test handshake::test::remote_addr_forwarded ... ok
[INFO] [stdout] test protocol::test::opcode_from_u8 ... ok
[INFO] [stdout] test handler::test::handler ... ok
[INFO] [stdout] test protocol::test::opcode_into_u8 ... ok
[INFO] [stdout] test protocol::test::closecode_into_u16 ... ok
[INFO] [stdout] test protocol::test::closecode_from_u16 ... ok
[INFO] [stdout] test io::test::test_url_to_addrs ... FAILED
[INFO] [stdout] 
[INFO] [stdout] failures:
[INFO] [stdout] 
[INFO] [stdout] ---- io::test::test_url_to_addrs stdout ----
[INFO] [stdout] thread 'io::test::test_url_to_addrs' panicked at src/io.rs:961:9:
[INFO] [stdout] assertion failed: url_to_addrs(&ws_url).is_ok()
[INFO] [stdout] stack backtrace:
[INFO] [stdout]    0:     0x61a2cef7c0da - std::backtrace_rs::backtrace::libunwind::trace::h5a5b8284f2d0c266
[INFO] [stdout]                                at /rustc/90b35a6239c3d8bdabc530a6a0816f7ff89a0aaf/library/std/src/../../backtrace/src/backtrace/libunwind.rs:116:5
[INFO] [stdout]    1:     0x61a2cef7c0da - std::backtrace_rs::backtrace::trace_unsynchronized::h76d4f1c9b0b875e3
[INFO] [stdout]                                at /rustc/90b35a6239c3d8bdabc530a6a0816f7ff89a0aaf/library/std/src/../../backtrace/src/backtrace/mod.rs:66:5
[INFO] [stdout]    2:     0x61a2cef7c0da - std::sys::backtrace::_print_fmt::hc4546b8364a537c6
[INFO] [stdout]                                at /rustc/90b35a6239c3d8bdabc530a6a0816f7ff89a0aaf/library/std/src/sys/backtrace.rs:66:9
[INFO] [stdout]    3:     0x61a2cef7c0da - <std::sys::backtrace::BacktraceLock::print::DisplayBacktrace as core::fmt::Display>::fmt::h5b6bd5631a6d1f6b
[INFO] [stdout]                                at /rustc/90b35a6239c3d8bdabc530a6a0816f7ff89a0aaf/library/std/src/sys/backtrace.rs:39:26
[INFO] [stdout]    4:     0x61a2cefa4873 - core::fmt::rt::Argument::fmt::h270f6602a2b96f62
[INFO] [stdout]                                at /rustc/90b35a6239c3d8bdabc530a6a0816f7ff89a0aaf/library/core/src/fmt/rt.rs:177:76
[INFO] [stdout]    5:     0x61a2cefa4873 - core::fmt::write::h7550c97b06c86515
[INFO] [stdout]                                at /rustc/90b35a6239c3d8bdabc530a6a0816f7ff89a0aaf/library/core/src/fmt/mod.rs:1186:21
[INFO] [stdout]    6:     0x61a2cef78d13 - std::io::Write::write_fmt::h509ff860e5956e5e
[INFO] [stdout]                                at /rustc/90b35a6239c3d8bdabc530a6a0816f7ff89a0aaf/library/std/src/io/mod.rs:1839:15
[INFO] [stdout]    7:     0x61a2cef7bf22 - std::sys::backtrace::BacktraceLock::print::h2395ccd2c84ba3aa
[INFO] [stdout]                                at /rustc/90b35a6239c3d8bdabc530a6a0816f7ff89a0aaf/library/std/src/sys/backtrace.rs:42:9
[INFO] [stdout]    8:     0x61a2cef7d53a - std::panicking::default_hook::{{closure}}::he19d4c7230e07961
[INFO] [stdout]                                at /rustc/90b35a6239c3d8bdabc530a6a0816f7ff89a0aaf/library/std/src/panicking.rs:268:22
[INFO] [stdout]    9:     0x61a2cef7d344 - std::panicking::default_hook::hf614597d3c67bbdb
[INFO] [stdout]                                at /rustc/90b35a6239c3d8bdabc530a6a0816f7ff89a0aaf/library/std/src/panicking.rs:292:9
[INFO] [stdout]   10:     0x61a2ceeba939 - <alloc::boxed::Box<F,A> as core::ops::function::Fn<Args>>::call::h39b51ce4599c23d1
[INFO] [stdout]                                at /rustc/90b35a6239c3d8bdabc530a6a0816f7ff89a0aaf/library/alloc/src/boxed.rs:2468:9
[INFO] [stdout]   11:     0x61a2ceeba939 - test::test_main::{{closure}}::he977ae839a582784
[INFO] [stdout]                                at /rustc/90b35a6239c3d8bdabc530a6a0816f7ff89a0aaf/library/test/src/lib.rs:133:21
[INFO] [stdout]   12:     0x61a2cef7dbd8 - <alloc::boxed::Box<F,A> as core::ops::function::Fn<Args>>::call::h9455091b6b06f9fb
[INFO] [stdout]                                at /rustc/90b35a6239c3d8bdabc530a6a0816f7ff89a0aaf/library/alloc/src/boxed.rs:2468:9
[INFO] [stdout]   13:     0x61a2cef7dbd8 - std::panicking::rust_panic_with_hook::h8942133a8b252070
[INFO] [stdout]                                at /rustc/90b35a6239c3d8bdabc530a6a0816f7ff89a0aaf/library/std/src/panicking.rs:809:13
[INFO] [stdout]   14:     0x61a2cef7d966 - std::panicking::begin_panic_handler::{{closure}}::hb5f5963570096b29
[INFO] [stdout]                                at /rustc/90b35a6239c3d8bdabc530a6a0816f7ff89a0aaf/library/std/src/panicking.rs:667:13
[INFO] [stdout]   15:     0x61a2cef7c5b9 - std::sys::backtrace::__rust_end_short_backtrace::h6208cedc1922feda
[INFO] [stdout]                                at /rustc/90b35a6239c3d8bdabc530a6a0816f7ff89a0aaf/library/std/src/sys/backtrace.rs:170:18
[INFO] [stdout]   16:     0x61a2cef7d62c - rust_begin_unwind
[INFO] [stdout]                                at /rustc/90b35a6239c3d8bdabc530a6a0816f7ff89a0aaf/library/std/src/panicking.rs:665:5
[INFO] [stdout]   17:     0x61a2cee61140 - core::panicking::panic_fmt::h0c3082644d1bf418
[INFO] [stdout]                                at /rustc/90b35a6239c3d8bdabc530a6a0816f7ff89a0aaf/library/core/src/panicking.rs:74:14
[INFO] [stdout]   18:     0x61a2cee611cc - core::panicking::panic::h957f98c65a3b3074
[INFO] [stdout]                                at /rustc/90b35a6239c3d8bdabc530a6a0816f7ff89a0aaf/library/core/src/panicking.rs:148:5
[INFO] [stdout]   19:     0x61a2cee74d7f - ws::io::test::test_url_to_addrs::he80b46d26544165c
[INFO] [stdout]                                at /opt/rustwide/workdir/src/io.rs:961:9
[INFO] [stdout]   20:     0x61a2cee74857 - ws::io::test::test_url_to_addrs::{{closure}}::h0d08345864031eb2
[INFO] [stdout]                                at /opt/rustwide/workdir/src/io.rs:955:27
[INFO] [stdout]   21:     0x61a2cee7cc26 - core::ops::function::FnOnce::call_once::hc56e684c01449d0e
[INFO] [stdout]                                at /rustc/90b35a6239c3d8bdabc530a6a0816f7ff89a0aaf/library/core/src/ops/function.rs:250:5
[INFO] [stdout]   22:     0x61a2ceebf2fb - core::ops::function::FnOnce::call_once::h109cf8051a59b34e
[INFO] [stdout]                                at /rustc/90b35a6239c3d8bdabc530a6a0816f7ff89a0aaf/library/core/src/ops/function.rs:250:5
[INFO] [stdout]   23:     0x61a2ceebf2fb - test::__rust_begin_short_backtrace::hf4fff89d377446ba
[INFO] [stdout]                                at /rustc/90b35a6239c3d8bdabc530a6a0816f7ff89a0aaf/library/test/src/lib.rs:621:18
[INFO] [stdout]   24:     0x61a2ceebeb37 - test::run_test_in_process::{{closure}}::h0e39181dd7ee5a43
[INFO] [stdout]                                at /rustc/90b35a6239c3d8bdabc530a6a0816f7ff89a0aaf/library/test/src/lib.rs:644:60
[INFO] [stdout]   25:     0x61a2ceebeb37 - <core::panic::unwind_safe::AssertUnwindSafe<F> as core::ops::function::FnOnce<()>>::call_once::hc5a66a30f0bdfd1f
[INFO] [stdout]                                at /rustc/90b35a6239c3d8bdabc530a6a0816f7ff89a0aaf/library/core/src/panic/unwind_safe.rs:272:9
[INFO] [stdout]   26:     0x61a2ceebeb37 - std::panicking::try::do_call::h873b7cf639554a5e
[INFO] [stdout]                                at /rustc/90b35a6239c3d8bdabc530a6a0816f7ff89a0aaf/library/std/src/panicking.rs:557:40
[INFO] [stdout]   27:     0x61a2ceebeb37 - std::panicking::try::hdb19862fad9c8bd1
[INFO] [stdout]                                at /rustc/90b35a6239c3d8bdabc530a6a0816f7ff89a0aaf/library/std/src/panicking.rs:520:19
[INFO] [stdout]   28:     0x61a2ceebeb37 - std::panic::catch_unwind::h281fe732d236d260
[INFO] [stdout]                                at /rustc/90b35a6239c3d8bdabc530a6a0816f7ff89a0aaf/library/std/src/panic.rs:358:14
[INFO] [stdout]   29:     0x61a2ceebeb37 - test::run_test_in_process::h949b6df8457ed338
[INFO] [stdout]                                at /rustc/90b35a6239c3d8bdabc530a6a0816f7ff89a0aaf/library/test/src/lib.rs:644:27
[INFO] [stdout]   30:     0x61a2ceebeb37 - test::run_test::{{closure}}::h52c556a6d4740e10
[INFO] [stdout]                                at /rustc/90b35a6239c3d8bdabc530a6a0816f7ff89a0aaf/library/test/src/lib.rs:565:43
[INFO] [stdout]   31:     0x61a2cee83e14 - test::run_test::{{closure}}::h4237f6381c45ccb9
[INFO] [stdout]                                at /rustc/90b35a6239c3d8bdabc530a6a0816f7ff89a0aaf/library/test/src/lib.rs:595:41
[INFO] [stdout]   32:     0x61a2cee83e14 - std::sys::backtrace::__rust_begin_short_backtrace::h505c97a579eca628
[INFO] [stdout]                                at /rustc/90b35a6239c3d8bdabc530a6a0816f7ff89a0aaf/library/std/src/sys/backtrace.rs:154:18
[INFO] [stdout]   33:     0x61a2cee874de - std::thread::Builder::spawn_unchecked_::{{closure}}::{{closure}}::h9e86b2e2bc107ea3
[INFO] [stdout]                                at /rustc/90b35a6239c3d8bdabc530a6a0816f7ff89a0aaf/library/std/src/thread/mod.rs:538:17
[INFO] [stdout]   34:     0x61a2cee874de - <core::panic::unwind_safe::AssertUnwindSafe<F> as core::ops::function::FnOnce<()>>::call_once::h8b06ddb275ff4a25
[INFO] [stdout]                                at /rustc/90b35a6239c3d8bdabc530a6a0816f7ff89a0aaf/library/core/src/panic/unwind_safe.rs:272:9
[INFO] [stdout]   35:     0x61a2cee874de - std::panicking::try::do_call::hb26ecd7cd9a9355d
[INFO] [stdout]                                at /rustc/90b35a6239c3d8bdabc530a6a0816f7ff89a0aaf/library/std/src/panicking.rs:557:40
[INFO] [stdout]   36:     0x61a2cee874de - std::panicking::try::h8ddeca9d705f9069
[INFO] [stdout]                                at /rustc/90b35a6239c3d8bdabc530a6a0816f7ff89a0aaf/library/std/src/panicking.rs:520:19
[INFO] [stdout]   37:     0x61a2cee874de - std::panic::catch_unwind::h49e1c33078844c46
[INFO] [stdout]                                at /rustc/90b35a6239c3d8bdabc530a6a0816f7ff89a0aaf/library/std/src/panic.rs:358:14
[INFO] [stdout]   38:     0x61a2cee874de - std::thread::Builder::spawn_unchecked_::{{closure}}::h6073db6ff56ad35d
[INFO] [stdout]                                at /rustc/90b35a6239c3d8bdabc530a6a0816f7ff89a0aaf/library/std/src/thread/mod.rs:537:30
[INFO] [stdout]   39:     0x61a2cee874de - core::ops::function::FnOnce::call_once{{vtable.shim}}::h2c5a5f3779c774f1
[INFO] [stdout]                                at /rustc/90b35a6239c3d8bdabc530a6a0816f7ff89a0aaf/library/core/src/ops/function.rs:250:5
[INFO] [stdout]   40:     0x61a2cef8193b - <alloc::boxed::Box<F,A> as core::ops::function::FnOnce<Args>>::call_once::hf75717d9f28faebf
[INFO] [stdout]                                at /rustc/90b35a6239c3d8bdabc530a6a0816f7ff89a0aaf/library/alloc/src/boxed.rs:2454:9
[INFO] [stdout]   41:     0x61a2cef8193b - <alloc::boxed::Box<F,A> as core::ops::function::FnOnce<Args>>::call_once::h7bd883a5f3c5f3c1
[INFO] [stdout]                                at /rustc/90b35a6239c3d8bdabc530a6a0816f7ff89a0aaf/library/alloc/src/boxed.rs:2454:9
[INFO] [stdout]   42:     0x61a2cef8193b - std::sys::pal::unix::thread::Thread::new::thread_start::hcc78f3943333fa94
[INFO] [stdout]                                at /rustc/90b35a6239c3d8bdabc530a6a0816f7ff89a0aaf/library/std/src/sys/pal/unix/thread.rs:105:17
[INFO] [stdout]   43:     0x75730fb47ac3 - <unknown>
[INFO] [stdout]   44:     0x75730fbd8a04 - clone
[INFO] [stdout]   45:                0x0 - <unknown>
[INFO] [stdout] 
[INFO] [stdout] 
[INFO] [stdout] failures:
[INFO] [stdout]     io::test::test_url_to_addrs
[INFO] [stdout] 
[INFO] [stdout] test result: FAILED. 17 passed; 1 failed; 0 ignored; 0 measured; 0 filtered out; finished in 0.07s
[INFO] [stdout] 
[INFO] [stderr] error: test failed, to rerun pass `--lib`
[INFO] running `Command { std: "docker" "inspect" "320d95be27008749b5846431a0c31c80f6244bfeef6535b81878cf429fa4c63d", kill_on_drop: false }`
[INFO] running `Command { std: "docker" "rm" "-f" "320d95be27008749b5846431a0c31c80f6244bfeef6535b81878cf429fa4c63d", kill_on_drop: false }`
[INFO] [stdout] 320d95be27008749b5846431a0c31c80f6244bfeef6535b81878cf429fa4c63d
