[INFO] fetching crate weixin_rust 0.1.6...
[INFO] testing weixin_rust-0.1.6 against 1.83.0 for beta-1.84.0-4-retry
[INFO] extracting crate weixin_rust 0.1.6 into /workspace/builds/worker-0-tc1/source
[INFO] validating manifest of crates.io crate weixin_rust 0.1.6 on toolchain 1.83.0
[INFO] running `Command { std: CARGO_HOME="/workspace/cargo-home" RUSTUP_HOME="/workspace/rustup-home" "/workspace/cargo-home/bin/cargo" "+1.83.0" "metadata" "--manifest-path" "Cargo.toml" "--no-deps", kill_on_drop: false }`
[INFO] started tweaking crates.io crate weixin_rust 0.1.6
[INFO] finished tweaking crates.io crate weixin_rust 0.1.6
[INFO] tweaked toml for crates.io crate weixin_rust 0.1.6 written to /workspace/builds/worker-0-tc1/source/Cargo.toml
[INFO] running `Command { std: CARGO_HOME="/workspace/cargo-home" RUSTUP_HOME="/workspace/rustup-home" "/workspace/cargo-home/bin/cargo" "+1.83.0" "generate-lockfile" "--manifest-path" "Cargo.toml", kill_on_drop: false }`
[INFO] [stderr]     Updating crates.io index
[INFO] [stderr]      Locking 157 packages to latest compatible versions
[INFO] [stderr]       Adding reqwest v0.11.27 (available: v0.12.9)
[INFO] running `Command { std: CARGO_HOME="/workspace/cargo-home" RUSTUP_HOME="/workspace/rustup-home" "/workspace/cargo-home/bin/cargo" "+1.83.0" "fetch" "--manifest-path" "Cargo.toml", kill_on_drop: false }`
[INFO] running `Command { std: "docker" "create" "-v" "/var/lib/crater-agent-workspace/builds/worker-0-tc1/target:/opt/rustwide/target:rw,Z" "-v" "/var/lib/crater-agent-workspace/builds/worker-0-tc1/source:/opt/rustwide/workdir:ro,Z" "-v" "/var/lib/crater-agent-workspace/cargo-home:/opt/rustwide/cargo-home:ro,Z" "-v" "/var/lib/crater-agent-workspace/rustup-home:/opt/rustwide/rustup-home:ro,Z" "-e" "SOURCE_DIR=/opt/rustwide/workdir" "-e" "CARGO_TARGET_DIR=/opt/rustwide/target" "-e" "CARGO_HOME=/opt/rustwide/cargo-home" "-e" "RUSTUP_HOME=/opt/rustwide/rustup-home" "-w" "/opt/rustwide/workdir" "-m" "1610612736" "--user" "0:0" "--network" "none" "ghcr.io/rust-lang/crates-build-env/linux@sha256:f3a9d4ad9d972b27faf3965f35b62e55ba32bbce8f20bc8fe909558a86702fde" "/opt/rustwide/cargo-home/bin/cargo" "+1.83.0" "metadata" "--no-deps" "--format-version=1", kill_on_drop: false }`
[INFO] [stdout] a4b31dd2238f2706c85671b0b3392856d2b093949495170960597c05b92fbb86
[INFO] running `Command { std: "docker" "start" "-a" "a4b31dd2238f2706c85671b0b3392856d2b093949495170960597c05b92fbb86", kill_on_drop: false }`
[INFO] running `Command { std: "docker" "inspect" "a4b31dd2238f2706c85671b0b3392856d2b093949495170960597c05b92fbb86", kill_on_drop: false }`
[INFO] running `Command { std: "docker" "rm" "-f" "a4b31dd2238f2706c85671b0b3392856d2b093949495170960597c05b92fbb86", kill_on_drop: false }`
[INFO] [stdout] a4b31dd2238f2706c85671b0b3392856d2b093949495170960597c05b92fbb86
[INFO] running `Command { std: "docker" "create" "-v" "/var/lib/crater-agent-workspace/builds/worker-0-tc1/target:/opt/rustwide/target:rw,Z" "-v" "/var/lib/crater-agent-workspace/builds/worker-0-tc1/source:/opt/rustwide/workdir:ro,Z" "-v" "/var/lib/crater-agent-workspace/cargo-home:/opt/rustwide/cargo-home:ro,Z" "-v" "/var/lib/crater-agent-workspace/rustup-home:/opt/rustwide/rustup-home:ro,Z" "-e" "SOURCE_DIR=/opt/rustwide/workdir" "-e" "CARGO_TARGET_DIR=/opt/rustwide/target" "-e" "CARGO_INCREMENTAL=0" "-e" "RUST_BACKTRACE=full" "-e" "RUSTFLAGS=--cap-lints=warn" "-e" "RUSTDOCFLAGS=--cap-lints=warn" "-e" "CARGO_HOME=/opt/rustwide/cargo-home" "-e" "RUSTUP_HOME=/opt/rustwide/rustup-home" "-w" "/opt/rustwide/workdir" "-m" "1610612736" "--user" "0:0" "--network" "none" "ghcr.io/rust-lang/crates-build-env/linux@sha256:f3a9d4ad9d972b27faf3965f35b62e55ba32bbce8f20bc8fe909558a86702fde" "/opt/rustwide/cargo-home/bin/cargo" "+1.83.0" "build" "--frozen" "--message-format=json", kill_on_drop: false }`
[INFO] [stdout] 319554d3ff17dfdc15b35336bdd91af6c6706d904d89d4a62f97d58dd06115cf
[INFO] running `Command { std: "docker" "start" "-a" "319554d3ff17dfdc15b35336bdd91af6c6706d904d89d4a62f97d58dd06115cf", kill_on_drop: false }`
[INFO] [stderr]    Compiling proc-macro2 v1.0.92
[INFO] [stderr]    Compiling unicode-ident v1.0.14
[INFO] [stderr]    Compiling libc v0.2.168
[INFO] [stderr]    Compiling autocfg v1.4.0
[INFO] [stderr]    Compiling smallvec v1.13.2
[INFO] [stderr]    Compiling stable_deref_trait v1.2.0
[INFO] [stderr]    Compiling cfg-if v1.0.0
[INFO] [stderr]    Compiling shlex v1.3.0
[INFO] [stderr]    Compiling parking_lot_core v0.9.10
[INFO] [stderr]    Compiling vcpkg v0.2.15
[INFO] [stderr]    Compiling pin-project-lite v0.2.15
[INFO] [stderr]    Compiling pkg-config v0.3.31
[INFO] [stderr]    Compiling cc v1.2.4
[INFO] [stderr]    Compiling scopeguard v1.2.0
[INFO] [stderr]    Compiling litemap v0.7.4
[INFO] [stderr]    Compiling writeable v0.5.5
[INFO] [stderr]    Compiling lock_api v0.4.12
[INFO] [stderr]    Compiling bytes v1.9.0
[INFO] [stderr]    Compiling once_cell v1.20.2
[INFO] [stderr]    Compiling itoa v1.0.14
[INFO] [stderr]    Compiling slab v0.4.9
[INFO] [stderr]    Compiling futures-core v0.3.31
[INFO] [stderr]    Compiling icu_locid_transform_data v1.5.0
[INFO] [stderr]    Compiling foreign-types-shared v0.1.1
[INFO] [stderr]    Compiling fnv v1.0.7
[INFO] [stderr]    Compiling quote v1.0.37
[INFO] [stderr]    Compiling icu_properties_data v1.5.0
[INFO] [stderr]    Compiling openssl v0.10.68
[INFO] [stderr]    Compiling memchr v2.7.4
[INFO] [stderr]    Compiling http v0.2.12
[INFO] [stderr]    Compiling syn v2.0.90
[INFO] [stderr]    Compiling socket2 v0.5.8
[INFO] [stderr]    Compiling signal-hook-registry v1.4.2
[INFO] [stderr]    Compiling mio v1.0.3
[INFO] [stderr]    Compiling parking_lot v0.12.3
[INFO] [stderr]    Compiling foreign-types v0.3.2
[INFO] [stderr]    Compiling tracing-core v0.1.33
[INFO] [stderr]    Compiling openssl-sys v0.9.104
[INFO] [stderr]    Compiling futures-sink v0.3.31
[INFO] [stderr]    Compiling equivalent v1.0.1
[INFO] [stderr]    Compiling pin-utils v0.1.0
[INFO] [stderr]    Compiling write16 v1.0.0
[INFO] [stderr]    Compiling bitflags v2.6.0
[INFO] [stderr]    Compiling native-tls v0.2.12
[INFO] [stderr]    Compiling hashbrown v0.15.2
[INFO] [stderr]    Compiling httparse v1.9.5
[INFO] [stderr]    Compiling futures-task v0.3.31
[INFO] [stderr]    Compiling utf8_iter v1.0.4
[INFO] [stderr]    Compiling futures-io v0.3.31
[INFO] [stderr]    Compiling icu_normalizer_data v1.5.0
[INFO] [stderr]    Compiling utf16_iter v1.0.5
[INFO] [stderr]    Compiling serde v1.0.216
[INFO] [stderr]    Compiling futures-util v0.3.31
[INFO] [stderr]    Compiling indexmap v2.7.0
[INFO] [stderr]    Compiling tracing v0.1.41
[INFO] [stderr]    Compiling openssl-probe v0.1.5
[INFO] [stderr]    Compiling log v0.4.22
[INFO] [stderr]    Compiling percent-encoding v2.3.1
[INFO] [stderr]    Compiling try-lock v0.2.5
[INFO] [stderr]    Compiling unicase v2.8.0
[INFO] [stderr]    Compiling form_urlencoded v1.2.1
[INFO] [stderr]    Compiling want v0.3.1
[INFO] [stderr]    Compiling http-body v0.4.6
[INFO] [stderr]    Compiling futures-channel v0.3.31
[INFO] [stderr]    Compiling ryu v1.0.18
[INFO] [stderr]    Compiling mime_guess v2.0.5
[INFO] [stderr]    Compiling tower-service v0.3.3
[INFO] [stderr]    Compiling serde_json v1.0.133
[INFO] [stderr]    Compiling httpdate v1.0.3
[INFO] [stderr]    Compiling base64 v0.21.7
[INFO] [stderr]    Compiling mime v0.3.17
[INFO] [stderr]    Compiling encoding_rs v0.8.35
[INFO] [stderr]    Compiling sync_wrapper v0.1.2
[INFO] [stderr]    Compiling ipnet v2.10.1
[INFO] [stderr]    Compiling rustls-pemfile v1.0.4
[INFO] [stderr]    Compiling synstructure v0.13.1
[INFO] [stderr]    Compiling zerofrom-derive v0.1.5
[INFO] [stderr]    Compiling yoke-derive v0.7.5
[INFO] [stderr]    Compiling zerovec-derive v0.10.3
[INFO] [stderr]    Compiling displaydoc v0.2.5
[INFO] [stderr]    Compiling icu_provider_macros v1.5.0
[INFO] [stderr]    Compiling tokio-macros v2.4.0
[INFO] [stderr]    Compiling openssl-macros v0.1.1
[INFO] [stderr]    Compiling serde_derive v1.0.216
[INFO] [stderr]    Compiling tokio v1.42.0
[INFO] [stderr]    Compiling zerofrom v0.1.5
[INFO] [stderr]    Compiling yoke v0.7.5
[INFO] [stderr]    Compiling zerovec v0.10.4
[INFO] [stderr]    Compiling tinystr v0.7.6
[INFO] [stderr]    Compiling icu_collections v1.5.0
[INFO] [stderr]    Compiling icu_locid v1.5.0
[INFO] [stderr]    Compiling icu_provider v1.5.0
[INFO] [stderr]    Compiling icu_locid_transform v1.5.0
[INFO] [stderr]    Compiling icu_properties v1.5.1
[INFO] [stderr]    Compiling icu_normalizer v1.5.0
[INFO] [stderr]    Compiling tokio-util v0.7.13
[INFO] [stderr]    Compiling tokio-native-tls v0.3.1
[INFO] [stderr]    Compiling idna_adapter v1.2.0
[INFO] [stderr]    Compiling idna v1.0.3
[INFO] [stderr]    Compiling h2 v0.3.26
[INFO] [stderr]    Compiling serde_urlencoded v0.7.1
[INFO] [stderr]    Compiling url v2.5.4
[INFO] [stderr]    Compiling hyper v0.14.31
[INFO] [stderr]    Compiling hyper-tls v0.5.0
[INFO] [stderr]    Compiling reqwest v0.11.27
[INFO] [stderr]    Compiling weixin_rust v0.1.6 (/opt/rustwide/workdir)
[INFO] [stderr]     Finished `dev` profile [unoptimized + debuginfo] target(s) in 1m 03s
[INFO] running `Command { std: "docker" "inspect" "319554d3ff17dfdc15b35336bdd91af6c6706d904d89d4a62f97d58dd06115cf", kill_on_drop: false }`
[INFO] running `Command { std: "docker" "rm" "-f" "319554d3ff17dfdc15b35336bdd91af6c6706d904d89d4a62f97d58dd06115cf", kill_on_drop: false }`
[INFO] [stdout] 319554d3ff17dfdc15b35336bdd91af6c6706d904d89d4a62f97d58dd06115cf
[INFO] running `Command { std: "docker" "create" "-v" "/var/lib/crater-agent-workspace/builds/worker-0-tc1/target:/opt/rustwide/target:rw,Z" "-v" "/var/lib/crater-agent-workspace/builds/worker-0-tc1/source:/opt/rustwide/workdir:ro,Z" "-v" "/var/lib/crater-agent-workspace/cargo-home:/opt/rustwide/cargo-home:ro,Z" "-v" "/var/lib/crater-agent-workspace/rustup-home:/opt/rustwide/rustup-home:ro,Z" "-e" "SOURCE_DIR=/opt/rustwide/workdir" "-e" "CARGO_TARGET_DIR=/opt/rustwide/target" "-e" "CARGO_INCREMENTAL=0" "-e" "RUST_BACKTRACE=full" "-e" "RUSTFLAGS=--cap-lints=warn" "-e" "RUSTDOCFLAGS=--cap-lints=warn" "-e" "CARGO_HOME=/opt/rustwide/cargo-home" "-e" "RUSTUP_HOME=/opt/rustwide/rustup-home" "-w" "/opt/rustwide/workdir" "-m" "1610612736" "--user" "0:0" "--network" "none" "ghcr.io/rust-lang/crates-build-env/linux@sha256:f3a9d4ad9d972b27faf3965f35b62e55ba32bbce8f20bc8fe909558a86702fde" "/opt/rustwide/cargo-home/bin/cargo" "+1.83.0" "test" "--frozen" "--no-run" "--message-format=json", kill_on_drop: false }`
[INFO] [stdout] 5243920333a7362257d83dee5de270fb03811d79b5707e9d6ade9055bd7adf5a
[INFO] running `Command { std: "docker" "start" "-a" "5243920333a7362257d83dee5de270fb03811d79b5707e9d6ade9055bd7adf5a", kill_on_drop: false }`
[INFO] [stderr]    Compiling weixin_rust v0.1.6 (/opt/rustwide/workdir)
[INFO] [stdout] warning: unused import: `super::*`
[INFO] [stdout]   --> src/lib.rs:12:9
[INFO] [stdout]    |
[INFO] [stdout] 12 |     use super::*;
[INFO] [stdout]    |         ^^^^^^^^
[INFO] [stdout]    |
[INFO] [stdout]    = note: `#[warn(unused_imports)]` on by default
[INFO] [stdout] 
[INFO] [stdout] 
[INFO] [stderr]     Finished `test` profile [unoptimized + debuginfo] target(s) in 0.92s
[INFO] running `Command { std: "docker" "inspect" "5243920333a7362257d83dee5de270fb03811d79b5707e9d6ade9055bd7adf5a", kill_on_drop: false }`
[INFO] running `Command { std: "docker" "rm" "-f" "5243920333a7362257d83dee5de270fb03811d79b5707e9d6ade9055bd7adf5a", kill_on_drop: false }`
[INFO] [stdout] 5243920333a7362257d83dee5de270fb03811d79b5707e9d6ade9055bd7adf5a
[INFO] running `Command { std: "docker" "create" "-v" "/var/lib/crater-agent-workspace/builds/worker-0-tc1/target:/opt/rustwide/target:rw,Z" "-v" "/var/lib/crater-agent-workspace/builds/worker-0-tc1/source:/opt/rustwide/workdir:ro,Z" "-v" "/var/lib/crater-agent-workspace/cargo-home:/opt/rustwide/cargo-home:ro,Z" "-v" "/var/lib/crater-agent-workspace/rustup-home:/opt/rustwide/rustup-home:ro,Z" "-e" "SOURCE_DIR=/opt/rustwide/workdir" "-e" "CARGO_TARGET_DIR=/opt/rustwide/target" "-e" "CARGO_INCREMENTAL=0" "-e" "RUST_BACKTRACE=full" "-e" "RUSTFLAGS=--cap-lints=warn" "-e" "RUSTDOCFLAGS=--cap-lints=warn" "-e" "CARGO_HOME=/opt/rustwide/cargo-home" "-e" "RUSTUP_HOME=/opt/rustwide/rustup-home" "-w" "/opt/rustwide/workdir" "-m" "1610612736" "--user" "0:0" "--network" "none" "ghcr.io/rust-lang/crates-build-env/linux@sha256:f3a9d4ad9d972b27faf3965f35b62e55ba32bbce8f20bc8fe909558a86702fde" "/opt/rustwide/cargo-home/bin/cargo" "+1.83.0" "test" "--frozen", kill_on_drop: false }`
[INFO] [stdout] 73361403df60fc30679b713227824894ddd65da96831e5c2f7e7c1e0a364c06e
[INFO] running `Command { std: "docker" "start" "-a" "73361403df60fc30679b713227824894ddd65da96831e5c2f7e7c1e0a364c06e", kill_on_drop: false }`
[INFO] [stderr] warning: unused import: `super::*`
[INFO] [stderr]   --> src/lib.rs:12:9
[INFO] [stderr]    |
[INFO] [stderr] 12 |     use super::*;
[INFO] [stderr]    |         ^^^^^^^^
[INFO] [stderr]    |
[INFO] [stderr]    = note: `#[warn(unused_imports)]` on by default
[INFO] [stderr] 
[INFO] [stderr] warning: `weixin_rust` (lib test) generated 1 warning (run `cargo fix --lib -p weixin_rust --tests` to apply 1 suggestion)
[INFO] [stderr]     Finished `test` profile [unoptimized + debuginfo] target(s) in 0.12s
[INFO] [stderr]      Running unittests src/lib.rs (/opt/rustwide/target/debug/deps/weixin_rust-ab128e3276812776)
[INFO] [stdout] 
[INFO] [stdout] running 1 test
[INFO] [stderr]    Doc-tests weixin_rust
[INFO] [stdout] test tests::test_token ... ok
[INFO] [stdout] 
[INFO] [stdout] test result: ok. 1 passed; 0 failed; 0 ignored; 0 measured; 0 filtered out; finished in 0.01s
[INFO] [stdout] 
[INFO] [stdout] 
[INFO] [stdout] running 8 tests
[INFO] [stdout] test src/agent/mod.rs - agent::Agent::get_media_service (line 267) ... FAILED
[INFO] [stdout] test src/agent/mod.rs - agent::Agent::get_dept_service (line 124) ... FAILED
[INFO] [stdout] test src/agent/mod.rs - agent::Agent::get_user_service (line 95) ... FAILED
[INFO] [stdout] test src/agent/mod.rs - agent::Agent::get_tag_service (line 152) ... FAILED
[INFO] [stdout] test src/agent/mod.rs - agent::Agent::get_sync_service (line 181) ... FAILED
[INFO] [stdout] test src/agent/mod.rs - agent::Agent::get_customer_service (line 239) ... FAILED
[INFO] [stdout] test src/agent/mod.rs - agent::Agent::get_message_service (line 210) ... FAILED
[INFO] [stdout] test src/agent/tools.rs - agent::tools::post_json (line 32) ... FAILED
[INFO] [stdout] 
[INFO] [stdout] failures:
[INFO] [stdout] 
[INFO] [stdout] ---- src/agent/mod.rs - agent::Agent::get_media_service (line 267) stdout ----
[INFO] [stdout] error[E0223]: ambiguous associated type
[INFO] [stdout]  --> src/agent/mod.rs:273:15
[INFO] [stdout]   |
[INFO] [stdout] 9 | let mut agent=Agent::new{corpid:"".to_string(),agent_secret:"".to_string()};
[INFO] [stdout]   |               ^^^^^^^^^^
[INFO] [stdout]   |
[INFO] [stdout] help: if there were a trait named `Example` with associated type `new` implemented for `Agent`, you could use the fully-qualified path
[INFO] [stdout]   |
[INFO] [stdout] 9 | let mut agent=<Agent as Example>::new{corpid:"".to_string(),agent_secret:"".to_string()};
[INFO] [stdout]   |               ~~~~~~~~~~~~~~~~~~~~~~~
[INFO] [stdout] 
[INFO] [stdout] error: aborting due to 1 previous error
[INFO] [stdout] 
[INFO] [stdout] For more information about this error, try `rustc --explain E0223`.
[INFO] [stdout] Couldn't compile the test.
[INFO] [stdout] ---- src/agent/mod.rs - agent::Agent::get_dept_service (line 124) stdout ----
[INFO] [stdout] error[E0223]: ambiguous associated type
[INFO] [stdout]  --> src/agent/mod.rs:130:15
[INFO] [stdout]   |
[INFO] [stdout] 9 | let mut agent=Agent::new{corpid:"".to_string(),agent_secret:"".to_string()};
[INFO] [stdout]   |               ^^^^^^^^^^
[INFO] [stdout]   |
[INFO] [stdout] help: if there were a trait named `Example` with associated type `new` implemented for `Agent`, you could use the fully-qualified path
[INFO] [stdout]   |
[INFO] [stdout] 9 | let mut agent=<Agent as Example>::new{corpid:"".to_string(),agent_secret:"".to_string()};
[INFO] [stdout]   |               ~~~~~~~~~~~~~~~~~~~~~~~
[INFO] [stdout] 
[INFO] [stdout] error: aborting due to 1 previous error
[INFO] [stdout] 
[INFO] [stdout] For more information about this error, try `rustc --explain E0223`.
[INFO] [stdout] Couldn't compile the test.
[INFO] [stdout] ---- src/agent/mod.rs - agent::Agent::get_user_service (line 95) stdout ----
[INFO] [stdout] error[E0223]: ambiguous associated type
[INFO] [stdout]  --> src/agent/mod.rs:101:15
[INFO] [stdout]   |
[INFO] [stdout] 9 | let mut agent=Agent::new{corpid:"".to_string(),agent_secret:"".to_string()};
[INFO] [stdout]   |               ^^^^^^^^^^
[INFO] [stdout]   |
[INFO] [stdout] help: if there were a trait named `Example` with associated type `new` implemented for `Agent`, you could use the fully-qualified path
[INFO] [stdout]   |
[INFO] [stdout] 9 | let mut agent=<Agent as Example>::new{corpid:"".to_string(),agent_secret:"".to_string()};
[INFO] [stdout]   |               ~~~~~~~~~~~~~~~~~~~~~~~
[INFO] [stdout] 
[INFO] [stdout] error: aborting due to 1 previous error
[INFO] [stdout] 
[INFO] [stdout] For more information about this error, try `rustc --explain E0223`.
[INFO] [stdout] Couldn't compile the test.
[INFO] [stdout] ---- src/agent/mod.rs - agent::Agent::get_tag_service (line 152) stdout ----
[INFO] [stdout] error[E0223]: ambiguous associated type
[INFO] [stdout]  --> src/agent/mod.rs:158:15
[INFO] [stdout]   |
[INFO] [stdout] 9 | let mut agent=Agent::new{corpid:"".to_string(),agent_secret:"".to_string()};
[INFO] [stdout]   |               ^^^^^^^^^^
[INFO] [stdout]   |
[INFO] [stdout] help: if there were a trait named `Example` with associated type `new` implemented for `Agent`, you could use the fully-qualified path
[INFO] [stdout]   |
[INFO] [stdout] 9 | let mut agent=<Agent as Example>::new{corpid:"".to_string(),agent_secret:"".to_string()};
[INFO] [stdout]   |               ~~~~~~~~~~~~~~~~~~~~~~~
[INFO] [stdout] 
[INFO] [stdout] error: aborting due to 1 previous error
[INFO] [stdout] 
[INFO] [stdout] For more information about this error, try `rustc --explain E0223`.
[INFO] [stdout] Couldn't compile the test.
[INFO] [stdout] ---- src/agent/mod.rs - agent::Agent::get_sync_service (line 181) stdout ----
[INFO] [stdout] error[E0223]: ambiguous associated type
[INFO] [stdout]  --> src/agent/mod.rs:187:15
[INFO] [stdout]   |
[INFO] [stdout] 9 | let mut agent=Agent::new{corpid:"".to_string(),agent_secret:"".to_string()};
[INFO] [stdout]   |               ^^^^^^^^^^
[INFO] [stdout]   |
[INFO] [stdout] help: if there were a trait named `Example` with associated type `new` implemented for `Agent`, you could use the fully-qualified path
[INFO] [stdout]   |
[INFO] [stdout] 9 | let mut agent=<Agent as Example>::new{corpid:"".to_string(),agent_secret:"".to_string()};
[INFO] [stdout]   |               ~~~~~~~~~~~~~~~~~~~~~~~
[INFO] [stdout] 
[INFO] [stdout] error: aborting due to 1 previous error
[INFO] [stdout] 
[INFO] [stdout] For more information about this error, try `rustc --explain E0223`.
[INFO] [stdout] Couldn't compile the test.
[INFO] [stdout] ---- src/agent/mod.rs - agent::Agent::get_customer_service (line 239) stdout ----
[INFO] [stdout] error[E0432]: unresolved import `weixin_rust::customer::CustomService`
[INFO] [stdout]  --> src/agent/mod.rs:243:5
[INFO] [stdout]   |
[INFO] [stdout] 7 | use weixin_rust::customer::CustomService;
[INFO] [stdout]   |     ^^^^^^^^^^^^^^^^^^^^^^^-------------
[INFO] [stdout]   |     |                      |
[INFO] [stdout]   |     |                      help: a similar name exists in the module: `CustomerService`
[INFO] [stdout]   |     no `CustomService` in `customer`
[INFO] [stdout] 
[INFO] [stdout] error[E0223]: ambiguous associated type
[INFO] [stdout]  --> src/agent/mod.rs:245:15
[INFO] [stdout]   |
[INFO] [stdout] 9 | let mut agent=Agent::new{corpid:"".to_string(),agent_secret:"".to_string()};
[INFO] [stdout]   |               ^^^^^^^^^^
[INFO] [stdout]   |
[INFO] [stdout] help: if there were a trait named `Example` with associated type `new` implemented for `Agent`, you could use the fully-qualified path
[INFO] [stdout]   |
[INFO] [stdout] 9 | let mut agent=<Agent as Example>::new{corpid:"".to_string(),agent_secret:"".to_string()};
[INFO] [stdout]   |               ~~~~~~~~~~~~~~~~~~~~~~~
[INFO] [stdout] 
[INFO] [stdout] error: aborting due to 2 previous errors
[INFO] [stdout] 
[INFO] [stdout] Some errors have detailed explanations: E0223, E0432.
[INFO] [stdout] For more information about an error, try `rustc --explain E0223`.
[INFO] [stdout] Couldn't compile the test.
[INFO] [stdout] ---- src/agent/mod.rs - agent::Agent::get_message_service (line 210) stdout ----
[INFO] [stdout] error[E0223]: ambiguous associated type
[INFO] [stdout]  --> src/agent/mod.rs:216:15
[INFO] [stdout]   |
[INFO] [stdout] 9 | let mut agent=Agent::new{corpid:"".to_string(),agent_secret:"".to_string()};
[INFO] [stdout]   |               ^^^^^^^^^^
[INFO] [stdout]   |
[INFO] [stdout] help: if there were a trait named `Example` with associated type `new` implemented for `Agent`, you could use the fully-qualified path
[INFO] [stdout]   |
[INFO] [stdout] 9 | let mut agent=<Agent as Example>::new{corpid:"".to_string(),agent_secret:"".to_string()};
[INFO] [stdout]   |               ~~~~~~~~~~~~~~~~~~~~~~~
[INFO] [stdout] 
[INFO] [stdout] error: aborting due to 1 previous error
[INFO] [stdout] 
[INFO] [stdout] For more information about this error, try `rustc --explain E0223`.
[INFO] [stdout] Couldn't compile the test.
[INFO] [stdout] ---- src/agent/tools.rs - agent::tools::post_json (line 32) stdout ----
[INFO] [stdout] error[E0432]: unresolved import `weixin_rust::tools`
[INFO] [stdout]  --> src/agent/tools.rs:35:6
[INFO] [stdout]   |
[INFO] [stdout] 6 |  use weixin_rust::tools;
[INFO] [stdout]   |      ^^^^^^^^^^^^^^^^^^ no `tools` in the root
[INFO] [stdout]   |
[INFO] [stdout] help: consider importing this module instead
[INFO] [stdout]   |
[INFO] [stdout] 6 |  use weixin_rust::agent::tools;
[INFO] [stdout]   |      ~~~~~~~~~~~~~~~~~~~~~~~~~
[INFO] [stdout] 
[INFO] [stdout] error: aborting due to 1 previous error
[INFO] [stdout] 
[INFO] [stdout] For more information about this error, try `rustc --explain E0432`.
[INFO] [stdout] Couldn't compile the test.
[INFO] [stdout] 
[INFO] [stdout] failures:
[INFO] [stdout]     src/agent/mod.rs - agent::Agent::get_customer_service (line 239)
[INFO] [stdout]     src/agent/mod.rs - agent::Agent::get_dept_service (line 124)
[INFO] [stdout]     src/agent/mod.rs - agent::Agent::get_media_service (line 267)
[INFO] [stdout]     src/agent/mod.rs - agent::Agent::get_message_service (line 210)
[INFO] [stdout]     src/agent/mod.rs - agent::Agent::get_sync_service (line 181)
[INFO] [stdout]     src/agent/mod.rs - agent::Agent::get_tag_service (line 152)
[INFO] [stdout]     src/agent/mod.rs - agent::Agent::get_user_service (line 95)
[INFO] [stdout]     src/agent/tools.rs - agent::tools::post_json (line 32)
[INFO] [stdout] 
[INFO] [stdout] test result: FAILED. 0 passed; 8 failed; 0 ignored; 0 measured; 0 filtered out; finished in 0.31s
[INFO] [stdout] 
[INFO] [stderr] error: doctest failed, to rerun pass `--doc`
[INFO] running `Command { std: "docker" "inspect" "73361403df60fc30679b713227824894ddd65da96831e5c2f7e7c1e0a364c06e", kill_on_drop: false }`
[INFO] running `Command { std: "docker" "rm" "-f" "73361403df60fc30679b713227824894ddd65da96831e5c2f7e7c1e0a364c06e", kill_on_drop: false }`
[INFO] [stdout] 73361403df60fc30679b713227824894ddd65da96831e5c2f7e7c1e0a364c06e
