[INFO] fetching crate webc 7.0.0-rc.2...
[INFO] testing webc-7.0.0-rc.2 against 1.83.0 for beta-1.84.0-4-retry
[INFO] extracting crate webc 7.0.0-rc.2 into /workspace/builds/worker-6-tc1/source
[INFO] validating manifest of crates.io crate webc 7.0.0-rc.2 on toolchain 1.83.0
[INFO] running `Command { std: CARGO_HOME="/workspace/cargo-home" RUSTUP_HOME="/workspace/rustup-home" "/workspace/cargo-home/bin/cargo" "+1.83.0" "metadata" "--manifest-path" "Cargo.toml" "--no-deps", kill_on_drop: false }`
[INFO] started tweaking crates.io crate webc 7.0.0-rc.2
[INFO] finished tweaking crates.io crate webc 7.0.0-rc.2
[INFO] tweaked toml for crates.io crate webc 7.0.0-rc.2 written to /workspace/builds/worker-6-tc1/source/Cargo.toml
[INFO] running `Command { std: CARGO_HOME="/workspace/cargo-home" RUSTUP_HOME="/workspace/rustup-home" "/workspace/cargo-home/bin/cargo" "+1.83.0" "generate-lockfile" "--manifest-path" "Cargo.toml", kill_on_drop: false }`
[INFO] [stderr]     Updating crates.io index
[INFO] [stderr]      Locking 265 packages to latest compatible versions
[INFO] [stderr]       Adding indexmap v1.9.3 (available: v2.7.0)
[INFO] [stderr]       Adding thiserror v1.0.69 (available: v2.0.7)
[INFO] running `Command { std: CARGO_HOME="/workspace/cargo-home" RUSTUP_HOME="/workspace/rustup-home" "/workspace/cargo-home/bin/cargo" "+1.83.0" "fetch" "--manifest-path" "Cargo.toml", kill_on_drop: false }`
[INFO] [stderr]  Downloading crates ...
[INFO] [stderr]   Downloaded generic-array v1.1.1
[INFO] [stderr]   Downloaded buffered-reader v1.3.2
[INFO] [stderr]   Downloaded sequoia-openpgp v1.22.0
[INFO] running `Command { std: "docker" "create" "-v" "/var/lib/crater-agent-workspace/builds/worker-6-tc1/target:/opt/rustwide/target:rw,Z" "-v" "/var/lib/crater-agent-workspace/builds/worker-6-tc1/source:/opt/rustwide/workdir:ro,Z" "-v" "/var/lib/crater-agent-workspace/cargo-home:/opt/rustwide/cargo-home:ro,Z" "-v" "/var/lib/crater-agent-workspace/rustup-home:/opt/rustwide/rustup-home:ro,Z" "-e" "SOURCE_DIR=/opt/rustwide/workdir" "-e" "CARGO_TARGET_DIR=/opt/rustwide/target" "-e" "CARGO_HOME=/opt/rustwide/cargo-home" "-e" "RUSTUP_HOME=/opt/rustwide/rustup-home" "-w" "/opt/rustwide/workdir" "-m" "1610612736" "--user" "0:0" "--network" "none" "ghcr.io/rust-lang/crates-build-env/linux@sha256:f3a9d4ad9d972b27faf3965f35b62e55ba32bbce8f20bc8fe909558a86702fde" "/opt/rustwide/cargo-home/bin/cargo" "+1.83.0" "metadata" "--no-deps" "--format-version=1", kill_on_drop: false }`
[INFO] [stdout] 49ce1b5d2d68a5bafc8d895024002928f3260b9c3e17459239a9685bf2b1faa0
[INFO] running `Command { std: "docker" "start" "-a" "49ce1b5d2d68a5bafc8d895024002928f3260b9c3e17459239a9685bf2b1faa0", kill_on_drop: false }`
[INFO] running `Command { std: "docker" "inspect" "49ce1b5d2d68a5bafc8d895024002928f3260b9c3e17459239a9685bf2b1faa0", kill_on_drop: false }`
[INFO] running `Command { std: "docker" "rm" "-f" "49ce1b5d2d68a5bafc8d895024002928f3260b9c3e17459239a9685bf2b1faa0", kill_on_drop: false }`
[INFO] [stdout] 49ce1b5d2d68a5bafc8d895024002928f3260b9c3e17459239a9685bf2b1faa0
[INFO] running `Command { std: "docker" "create" "-v" "/var/lib/crater-agent-workspace/builds/worker-6-tc1/target:/opt/rustwide/target:rw,Z" "-v" "/var/lib/crater-agent-workspace/builds/worker-6-tc1/source:/opt/rustwide/workdir:ro,Z" "-v" "/var/lib/crater-agent-workspace/cargo-home:/opt/rustwide/cargo-home:ro,Z" "-v" "/var/lib/crater-agent-workspace/rustup-home:/opt/rustwide/rustup-home:ro,Z" "-e" "SOURCE_DIR=/opt/rustwide/workdir" "-e" "CARGO_TARGET_DIR=/opt/rustwide/target" "-e" "CARGO_INCREMENTAL=0" "-e" "RUST_BACKTRACE=full" "-e" "RUSTFLAGS=--cap-lints=warn" "-e" "RUSTDOCFLAGS=--cap-lints=warn" "-e" "CARGO_HOME=/opt/rustwide/cargo-home" "-e" "RUSTUP_HOME=/opt/rustwide/rustup-home" "-w" "/opt/rustwide/workdir" "-m" "1610612736" "--user" "0:0" "--network" "none" "ghcr.io/rust-lang/crates-build-env/linux@sha256:f3a9d4ad9d972b27faf3965f35b62e55ba32bbce8f20bc8fe909558a86702fde" "/opt/rustwide/cargo-home/bin/cargo" "+1.83.0" "build" "--frozen" "--message-format=json", kill_on_drop: false }`
[INFO] [stdout] 0287efb3d1e9be9a2536258627b0a84fa223058652fe8165a9389a0eb7885dfa
[INFO] running `Command { std: "docker" "start" "-a" "0287efb3d1e9be9a2536258627b0a84fa223058652fe8165a9389a0eb7885dfa", kill_on_drop: false }`
[INFO] [stderr]    Compiling proc-macro2 v1.0.92
[INFO] [stderr]    Compiling unicode-ident v1.0.14
[INFO] [stderr]    Compiling stable_deref_trait v1.2.0
[INFO] [stderr]    Compiling cfg-if v1.0.0
[INFO] [stderr]    Compiling writeable v0.5.5
[INFO] [stderr]    Compiling serde v1.0.216
[INFO] [stderr]    Compiling libc v0.2.168
[INFO] [stderr]    Compiling litemap v0.7.4
[INFO] [stderr]    Compiling version_check v0.9.5
[INFO] [stderr]    Compiling typenum v1.17.0
[INFO] [stderr]    Compiling memchr v2.7.4
[INFO] [stderr]    Compiling icu_locid_transform_data v1.5.0
[INFO] [stderr]    Compiling icu_properties_data v1.5.0
[INFO] [stderr]    Compiling generic-array v0.14.7
[INFO] [stderr]    Compiling crossbeam-utils v0.8.20
[INFO] [stderr]    Compiling byteorder v1.5.0
[INFO] [stderr]    Compiling icu_normalizer_data v1.5.0
[INFO] [stderr]    Compiling write16 v1.0.0
[INFO] [stderr]    Compiling smallvec v1.13.2
[INFO] [stderr]    Compiling utf8_iter v1.0.4
[INFO] [stderr]    Compiling utf16_iter v1.0.5
[INFO] [stderr]    Compiling aho-corasick v1.1.3
[INFO] [stderr]    Compiling regex-syntax v0.8.5
[INFO] [stderr]    Compiling autocfg v1.4.0
[INFO] [stderr]    Compiling getrandom v0.2.15
[INFO] [stderr]    Compiling rand_core v0.6.4
[INFO] [stderr]    Compiling bstr v1.11.1
[INFO] [stderr]    Compiling indexmap v1.9.3
[INFO] [stderr]    Compiling crossbeam-epoch v0.9.18
[INFO] [stderr]    Compiling quote v1.0.37
[INFO] [stderr]    Compiling regex-automata v0.4.9
[INFO] [stderr]    Compiling half v2.4.1
[INFO] [stderr]    Compiling percent-encoding v2.3.1
[INFO] [stderr]    Compiling syn v2.0.90
[INFO] [stderr]    Compiling crypto-common v0.1.6
[INFO] [stderr]    Compiling block-buffer v0.10.4
[INFO] [stderr]    Compiling serde_json v1.0.133
[INFO] [stderr]    Compiling ciborium-io v0.2.2
[INFO] [stderr]    Compiling same-file v1.0.6
[INFO] [stderr]    Compiling thiserror v1.0.69
[INFO] [stderr]    Compiling log v0.4.22
[INFO] [stderr]    Compiling anyhow v1.0.94
[INFO] [stderr]    Compiling walkdir v2.5.0
[INFO] [stderr]    Compiling digest v0.10.7
[INFO] [stderr]    Compiling ciborium-ll v0.2.2
[INFO] [stderr]    Compiling form_urlencoded v1.2.1
[INFO] [stderr]    Compiling crossbeam-deque v0.8.5
[INFO] [stderr]    Compiling memmap2 v0.6.2
[INFO] [stderr]    Compiling ryu v1.0.18
[INFO] [stderr]    Compiling hashbrown v0.12.3
[INFO] [stderr]    Compiling itoa v1.0.14
[INFO] [stderr]    Compiling any_ascii v0.1.7
[INFO] [stderr]    Compiling cpufeatures v0.2.16
[INFO] [stderr]    Compiling litrs v0.4.1
[INFO] [stderr]    Compiling sha2 v0.10.8
[INFO] [stderr]    Compiling lexical-sort v0.3.1
[INFO] [stderr]    Compiling leb128 v0.2.5
[INFO] [stderr]    Compiling base64 v0.22.1
[INFO] [stderr]    Compiling once_cell v1.20.2
[INFO] [stderr]    Compiling document-features v0.2.10
[INFO] [stderr]    Compiling path-clean v1.0.1
[INFO] [stderr]    Compiling synstructure v0.13.1
[INFO] [stderr]    Compiling zerofrom-derive v0.1.5
[INFO] [stderr]    Compiling yoke-derive v0.7.5
[INFO] [stderr]    Compiling zerovec-derive v0.10.3
[INFO] [stderr]    Compiling displaydoc v0.2.5
[INFO] [stderr]    Compiling icu_provider_macros v1.5.0
[INFO] [stderr]    Compiling serde_derive v1.0.216
[INFO] [stderr]    Compiling zerocopy-derive v0.7.35
[INFO] [stderr]    Compiling globset v0.4.15
[INFO] [stderr]    Compiling thiserror-impl v1.0.69
[INFO] [stderr]    Compiling ignore v0.4.23
[INFO] [stderr]    Compiling zerocopy v0.7.35
[INFO] [stderr]    Compiling zerofrom v0.1.5
[INFO] [stderr]    Compiling yoke v0.7.5
[INFO] [stderr]    Compiling zerovec v0.10.4
[INFO] [stderr]    Compiling ppv-lite86 v0.2.20
[INFO] [stderr]    Compiling tinystr v0.7.6
[INFO] [stderr]    Compiling icu_collections v1.5.0
[INFO] [stderr]    Compiling icu_locid v1.5.0
[INFO] [stderr]    Compiling rand_chacha v0.3.1
[INFO] [stderr]    Compiling rand v0.8.5
[INFO] [stderr]    Compiling icu_provider v1.5.0
[INFO] [stderr]    Compiling icu_locid_transform v1.5.0
[INFO] [stderr]    Compiling icu_properties v1.5.1
[INFO] [stderr]    Compiling bytes v1.9.0
[INFO] [stderr]    Compiling ciborium v0.2.2
[INFO] [stderr]    Compiling shared-buffer v0.1.4
[INFO] [stderr]    Compiling icu_normalizer v1.5.0
[INFO] [stderr]    Compiling idna_adapter v1.2.0
[INFO] [stderr]    Compiling idna v1.0.3
[INFO] [stderr]    Compiling url v2.5.4
[INFO] [stderr]    Compiling webc v7.0.0-rc.2 (/opt/rustwide/workdir)
[INFO] [stderr]     Finished `dev` profile [unoptimized + debuginfo] target(s) in 1m 04s
[INFO] running `Command { std: "docker" "inspect" "0287efb3d1e9be9a2536258627b0a84fa223058652fe8165a9389a0eb7885dfa", kill_on_drop: false }`
[INFO] running `Command { std: "docker" "rm" "-f" "0287efb3d1e9be9a2536258627b0a84fa223058652fe8165a9389a0eb7885dfa", kill_on_drop: false }`
[INFO] [stdout] 0287efb3d1e9be9a2536258627b0a84fa223058652fe8165a9389a0eb7885dfa
[INFO] running `Command { std: "docker" "create" "-v" "/var/lib/crater-agent-workspace/builds/worker-6-tc1/target:/opt/rustwide/target:rw,Z" "-v" "/var/lib/crater-agent-workspace/builds/worker-6-tc1/source:/opt/rustwide/workdir:ro,Z" "-v" "/var/lib/crater-agent-workspace/cargo-home:/opt/rustwide/cargo-home:ro,Z" "-v" "/var/lib/crater-agent-workspace/rustup-home:/opt/rustwide/rustup-home:ro,Z" "-e" "SOURCE_DIR=/opt/rustwide/workdir" "-e" "CARGO_TARGET_DIR=/opt/rustwide/target" "-e" "CARGO_INCREMENTAL=0" "-e" "RUST_BACKTRACE=full" "-e" "RUSTFLAGS=--cap-lints=warn" "-e" "RUSTDOCFLAGS=--cap-lints=warn" "-e" "CARGO_HOME=/opt/rustwide/cargo-home" "-e" "RUSTUP_HOME=/opt/rustwide/rustup-home" "-w" "/opt/rustwide/workdir" "-m" "1610612736" "--user" "0:0" "--network" "none" "ghcr.io/rust-lang/crates-build-env/linux@sha256:f3a9d4ad9d972b27faf3965f35b62e55ba32bbce8f20bc8fe909558a86702fde" "/opt/rustwide/cargo-home/bin/cargo" "+1.83.0" "test" "--frozen" "--no-run" "--message-format=json", kill_on_drop: false }`
[INFO] [stdout] 930f12d11cd1cbc9b4e3e89a5a70de83c6319c9e10a0ce3548f924bf6976a4df
[INFO] running `Command { std: "docker" "start" "-a" "930f12d11cd1cbc9b4e3e89a5a70de83c6319c9e10a0ce3548f924bf6976a4df", kill_on_drop: false }`
[INFO] [stderr]    Compiling shlex v1.3.0
[INFO] [stderr]    Compiling regex-syntax v0.8.5
[INFO] [stderr]    Compiling spin v0.9.8
[INFO] [stderr]    Compiling rustls-pki-types v1.10.1
[INFO] [stderr]    Compiling untrusted v0.9.0
[INFO] [stderr]    Compiling adler2 v2.0.0
[INFO] [stderr]    Compiling rustls v0.23.20
[INFO] [stderr]    Compiling rustix v0.38.42
[INFO] [stderr]    Compiling crc32fast v1.4.2
[INFO] [stderr]    Compiling bitflags v2.6.0
[INFO] [stderr]    Compiling cc v1.2.4
[INFO] [stderr]    Compiling miniz_oxide v0.8.0
[INFO] [stderr]    Compiling linux-raw-sys v0.4.14
[INFO] [stderr]    Compiling lazy_static v1.5.0
[INFO] [stderr]    Compiling zeroize v1.8.1
[INFO] [stderr]    Compiling subtle v2.6.1
[INFO] [stderr]    Compiling console v0.15.8
[INFO] [stderr]    Compiling linked-hash-map v0.5.6
[INFO] [stderr]    Compiling webpki-roots v0.26.7
[INFO] [stderr]    Compiling yansi v1.0.1
[INFO] [stderr]    Compiling fastrand v2.3.0
[INFO] [stderr]    Compiling similar v2.6.0
[INFO] [stderr]    Compiling flate2 v1.0.35
[INFO] [stderr]    Compiling arrayvec v0.5.2
[INFO] [stderr]    Compiling diff v0.1.13
[INFO] [stderr]    Compiling hexdump v0.1.2
[INFO] [stderr]    Compiling pretty_assertions v1.4.1
[INFO] [stderr]    Compiling ring v0.17.8
[INFO] [stderr]    Compiling tempfile v3.14.0
[INFO] [stderr]    Compiling regex-automata v0.4.9
[INFO] [stderr]    Compiling globset v0.4.15
[INFO] [stderr]    Compiling regex v1.11.1
[INFO] [stderr]    Compiling insta v1.41.1
[INFO] [stderr]    Compiling ignore v0.4.23
[INFO] [stderr]    Compiling webc v7.0.0-rc.2 (/opt/rustwide/workdir)
[INFO] [stderr]    Compiling rustls-webpki v0.102.8
[INFO] [stderr]    Compiling ureq v2.12.1
[INFO] [stderr]     Finished `test` profile [unoptimized + debuginfo] target(s) in 1m 11s
[INFO] running `Command { std: "docker" "inspect" "930f12d11cd1cbc9b4e3e89a5a70de83c6319c9e10a0ce3548f924bf6976a4df", kill_on_drop: false }`
[INFO] running `Command { std: "docker" "rm" "-f" "930f12d11cd1cbc9b4e3e89a5a70de83c6319c9e10a0ce3548f924bf6976a4df", kill_on_drop: false }`
[INFO] [stdout] 930f12d11cd1cbc9b4e3e89a5a70de83c6319c9e10a0ce3548f924bf6976a4df
[INFO] running `Command { std: "docker" "create" "-v" "/var/lib/crater-agent-workspace/builds/worker-6-tc1/target:/opt/rustwide/target:rw,Z" "-v" "/var/lib/crater-agent-workspace/builds/worker-6-tc1/source:/opt/rustwide/workdir:ro,Z" "-v" "/var/lib/crater-agent-workspace/cargo-home:/opt/rustwide/cargo-home:ro,Z" "-v" "/var/lib/crater-agent-workspace/rustup-home:/opt/rustwide/rustup-home:ro,Z" "-e" "SOURCE_DIR=/opt/rustwide/workdir" "-e" "CARGO_TARGET_DIR=/opt/rustwide/target" "-e" "CARGO_INCREMENTAL=0" "-e" "RUST_BACKTRACE=full" "-e" "RUSTFLAGS=--cap-lints=warn" "-e" "RUSTDOCFLAGS=--cap-lints=warn" "-e" "CARGO_HOME=/opt/rustwide/cargo-home" "-e" "RUSTUP_HOME=/opt/rustwide/rustup-home" "-w" "/opt/rustwide/workdir" "-m" "1610612736" "--user" "0:0" "--network" "none" "ghcr.io/rust-lang/crates-build-env/linux@sha256:f3a9d4ad9d972b27faf3965f35b62e55ba32bbce8f20bc8fe909558a86702fde" "/opt/rustwide/cargo-home/bin/cargo" "+1.83.0" "test" "--frozen", kill_on_drop: false }`
[INFO] [stdout] 60120c297789c1adc1e1d6adb332cbcf900c088e2c28709e4343fb0ddbac2e08
[INFO] running `Command { std: "docker" "start" "-a" "60120c297789c1adc1e1d6adb332cbcf900c088e2c28709e4343fb0ddbac2e08", kill_on_drop: false }`
[INFO] [stderr]     Finished `test` profile [unoptimized + debuginfo] target(s) in 0.24s
[INFO] [stderr]      Running unittests src/lib.rs (/opt/rustwide/target/debug/deps/webc-3327fa5f445c5392)
[INFO] [stdout] 
[INFO] [stdout] running 66 tests
[INFO] [stdout] test path_segments::tests::convert_windows_paths ... ignored, Only works with Path's logic on Windows
[INFO] [stdout] test path_segments::tests::order_lexiconographically_by_segment ... ok
[INFO] [stdout] test metadata::tests::deserialize_extended_wai_bindings ... ok
[INFO] [stdout] test path_segments::tests::convert_std_path ... ok
[INFO] [stdout] test path_segments::tests::invalid_path_segment ... ok
[INFO] [stdout] test path_segments::tests::parse_path_segments_from_strings ... ok
[INFO] [stdout] test path_segments::tests::reject_drive_numbers ... ok
[INFO] [stdout] test readable_bytes::tests::limit_the_length ... ok
[INFO] [stdout] test readable_bytes::tests::binary ... ok
[INFO] [stdout] test readable_bytes::tests::unicode ... ok
[INFO] [stdout] test path_segments::tests::backslash_isnt_allowed ... ok
[INFO] [stdout] test v1::tests::serialize_header_entry ... ok
[INFO] [stdout] test v1::tests::test_encode_decode_file_entry ... ok
[INFO] [stdout] test v1::tests::test_encode_decode_webc ... ok
[INFO] [stdout] test path_segments::tests::the_empty_string_isnt_allowed ... ok
[INFO] [stdout] test v1::tests::test_volume ... ok
[INFO] [stdout] test v1::tests::test_serialize_deserialize_volumes ... ok
[INFO] [stdout] test v2::read::sections::tests::read_an_index_section ... ok
[INFO] [stdout] test v1::tests::test_specialsort_append_to_target ... ok
[INFO] [stdout] test metadata::tests::deserialize_extended_wit_bindings ... ok
[INFO] [stdout] test v1::tests::test_walk_volume ... ok
[INFO] [stdout] test v1::tests::webc_invalid_data ... ok
[INFO] [stdout] test v1::tests::test_insert_wrong_file ... ok
[INFO] [stdout] test v2::read::sections::tests::read_the_kitchen_sink_volume_section ... ok
[INFO] [stdout] test v2::read::volume_header::tests::directory_with_single_file ... ok
[INFO] [stdout] test v2::read::volume_header::tests::directory_with_multiple_children ... ok
[INFO] [stdout] test v2::read::volume_header::tests::parse_empty_directory ... ok
[INFO] [stdout] test v2::read::streaming::tests::section_and_file_offsets ... ok
[INFO] [stdout] test v2::read::volume_header::tests::directory_with_single_child_directory ... ok
[INFO] [stdout] test v2::read::decoder::tests::parse_a_single_section ... ok
[INFO] [stdout] test v2::tags::tests::all_tags_round_trip ... ok
[INFO] [stdout] test v2::write::volumes::tests::header_with_single_directory ... ok
[INFO] [stdout] test v2::write::volumes::tests::volume_with_single_file ... ok
[INFO] [stdout] test v2::write::volumes::tests::volume_with_nested_empty_directories ... ok
[INFO] [stdout] test v2::write::volumes::tests::write_empty_volume ... ok
[INFO] [stdout] test v2::write::volumes::tests::volume_that_just_contains_files ... ok
[INFO] [stdout] test v2::write::volumes::tests::kitchen_sink ... ok
[INFO] [stdout] test v2::write::volumes::tests::load_files_from_directory ... ok
[INFO] [stdout] test v2::write::writer::tests::the_atoms_section_is_a_kind_of_volume ... ok
[INFO] [stdout] test v2::write::writer::tests::create_simple_webc_file ... ok
[INFO] [stdout] test v1::tests::ignore_hidden_and_git_related ... ok
[INFO] [stdout] test v2::write::writer::tests::the_header_section_is_correct ... ok
[INFO] [stdout] test v2::write::writer::tests::write_a_basic_manifest_section ... ok
[INFO] [stdout] test v3::read::decoder::tests::parse_a_single_section ... ok
[INFO] [stdout] test v3::read::sections::tests::read_an_index_section ... ok
[INFO] [stdout] test v3::read::sections::tests::read_the_kitchen_sink_volume_section ... ok
[INFO] [stdout] test v3::read::volume_header::tests::directory_with_single_file ... ok
[INFO] [stdout] test v3::read::streaming::tests::section_and_file_offsets ... ok
[INFO] [stdout] test v3::write::volumes::tests::header_with_single_directory ... ok
[INFO] [stdout] test v3::tags::tests::all_tags_round_trip ... ok
[INFO] [stdout] test v3::read::volume_header::tests::parse_empty_directory ... ok
[INFO] [stdout] test v3::write::volumes::tests::kitchen_sink ... ok
[INFO] [stdout] test v3::read::volume_header::tests::directory_with_single_child_directory ... ok
[INFO] [stdout] test v3::read::volume_header::tests::directory_with_multiple_children ... ok
[INFO] [stdout] test v3::write::volumes::tests::load_files_from_directory ... ok
[INFO] [stdout] test v3::write::volumes::tests::volume_that_just_contains_files ... ok
[INFO] [stdout] test v3::write::volumes::tests::volume_with_nested_empty_directories ... ok
[INFO] [stdout] test v3::write::volumes::tests::volume_with_single_file ... ok
[INFO] [stdout] test v3::write::volumes::tests::write_empty_volume_with_non_zero_timestamps ... ok
[INFO] [stdout] test v3::write::writer::tests::the_atoms_section_is_a_kind_of_volume ... ok
[INFO] [stdout] test v3::write::writer::tests::the_header_section_is_correct ... ok
[INFO] [stdout] test v3::write::writer::tests::write_a_basic_manifest_section ... ok
[INFO] [stdout] test volume::tests::v1::v1_owned ... ok
[INFO] [stdout] test v3::write::writer::tests::create_simple_webc_file ... ok
[INFO] [stdout] test volume::tests::v3::v3 ... ok
[INFO] [stdout] test v3::write::volumes::tests::write_empty_volume ... ok
[INFO] [stdout] 
[INFO] [stdout] test result: ok. 65 passed; 0 failed; 1 ignored; 0 measured; 0 filtered out; finished in 0.04s
[INFO] [stdout] 
[INFO] [stderr]      Running tests/compatibility.rs (/opt/rustwide/target/debug/deps/compatibility-5e8aaba044616dc9)
[INFO] [stdout] 
[INFO] [stdout] running 6 tests
[INFO] [stdout] test static_web_server ... ignored, we have a breaking change in FileSystemMap
[INFO] [stdout] test website_with_static_web_server_dependency ... ignored, we have a breaking change in FileSystemMap
[INFO] [stdout] test container_unpack ... ok
[INFO] [stdout] test container_unpack_overwrite ... ok
[INFO] [stdout] test read_webc_v1 ... ok
[INFO] [stderr]      Running tests/v1.rs (/opt/rustwide/target/debug/deps/v1-ddad9c009b29f888)
[INFO] [stdout] test read_webc_v2 ... ok
[INFO] [stdout] 
[INFO] [stdout] test result: ok. 4 passed; 0 failed; 2 ignored; 0 measured; 0 filtered out; finished in 0.09s
[INFO] [stdout] 
[INFO] [stdout] 
[INFO] [stdout] running 1 test
[INFO] [stdout] test round_trip_a_known_webc_file ... ok
[INFO] [stdout] 
[INFO] [stdout] test result: ok. 1 passed; 0 failed; 0 ignored; 0 measured; 0 filtered out; finished in 0.01s
[INFO] [stdout] 
[INFO] [stderr]      Running tests/v3.rs (/opt/rustwide/target/debug/deps/v3-4379f3cdc3fb0100)
[INFO] [stdout] 
[INFO] [stdout] running 1 test
[INFO] [stdout] test round_trip_simplest_possible_webc_file ... ok
[INFO] [stdout] 
[INFO] [stdout] test result: ok. 1 passed; 0 failed; 0 ignored; 0 measured; 0 filtered out; finished in 0.01s
[INFO] [stdout] 
[INFO] [stderr]    Doc-tests webc
[INFO] [stdout] 
[INFO] [stdout] running 8 tests
[INFO] [stdout] test src/v1/mod.rs - v1::FsEntry<'a>::into_bytes (line 1369) ... ignored
[INFO] [stdout] test src/v2/write/mod.rs - v2::write (line 11) - compile ... ok
[INFO] [stdout] test src/v3/write/mod.rs - v3::write (line 11) - compile ... ok
[INFO] [stdout] test src/lib.rs - (line 36) - compile ... ok
[INFO] [stdout] test src/lib.rs - (line 7) - compile ... FAILED
[INFO] [stdout] test src/volume.rs - volume::Volume (line 17) ... FAILED
[INFO] [stdout] test src/detect.rs - detect::detect (line 28) ... ok
[INFO] [stdout] test src/detect.rs - detect::is_webc (line 11) ... ok
[INFO] [stdout] 
[INFO] [stdout] failures:
[INFO] [stdout] 
[INFO] [stdout] ---- src/lib.rs - (line 7) stdout ----
[INFO] [stdout] error[E0599]: no function or associated item named `from_bytes` found for struct `Container` in the current scope
[INFO] [stdout]   --> src/lib.rs:12:28
[INFO] [stdout]    |
[INFO] [stdout] 8  | let container = Container::from_bytes(bytes)?;
[INFO] [stdout]    |                            ^^^^^^^^^^ function or associated item not found in `Container`
[INFO] [stdout]    |
[INFO] [stdout] note: if you're trying to build a new `Container` consider using one of the following associated functions:
[INFO] [stdout]       Container::new
[INFO] [stdout]       Container::from_bytes_and_version
[INFO] [stdout]   --> /opt/rustwide/workdir/src/container.rs:24:5
[INFO] [stdout]    |
[INFO] [stdout] 24 |     pub fn new(repr: impl AbstractWebc + Send + Sync + 'static) -> Self {
[INFO] [stdout]    |     ^^^^^^^^^^^^^^^^^^^^^^^^^^^^^^^^^^^^^^^^^^^^^^^^^^^^^^^^^^^^^^^^^^^
[INFO] [stdout] ...
[INFO] [stdout] 31 |     pub fn from_bytes_and_version(bytes: Bytes, version: Version) -> Result<Self, ContainerError> {
[INFO] [stdout]    |     ^^^^^^^^^^^^^^^^^^^^^^^^^^^^^^^^^^^^^^^^^^^^^^^^^^^^^^^^^^^^^^^^^^^^^^^^^^^^^^^^^^^^^^^^^^^^^
[INFO] [stdout] 
[INFO] [stdout] error: aborting due to 1 previous error
[INFO] [stdout] 
[INFO] [stdout] For more information about this error, try `rustc --explain E0599`.
[INFO] [stdout] Couldn't compile the test.
[INFO] [stdout] ---- src/volume.rs - volume::Volume (line 17) stdout ----
[INFO] [stdout] error[E0599]: no function or associated item named `from_bytes` found for struct `Container` in the current scope
[INFO] [stdout]   --> src/volume.rs:69:12
[INFO] [stdout]    |
[INFO] [stdout] 54 | Container::from_bytes(serialized).unwrap().get_volume("my_volume").unwrap()
[INFO] [stdout]    |            ^^^^^^^^^^ function or associated item not found in `Container`
[INFO] [stdout]    |
[INFO] [stdout] note: if you're trying to build a new `Container` consider using one of the following associated functions:
[INFO] [stdout]       Container::new
[INFO] [stdout]       Container::from_bytes_and_version
[INFO] [stdout]   --> /opt/rustwide/workdir/src/container.rs:24:5
[INFO] [stdout]    |
[INFO] [stdout] 24 |     pub fn new(repr: impl AbstractWebc + Send + Sync + 'static) -> Self {
[INFO] [stdout]    |     ^^^^^^^^^^^^^^^^^^^^^^^^^^^^^^^^^^^^^^^^^^^^^^^^^^^^^^^^^^^^^^^^^^^
[INFO] [stdout] ...
[INFO] [stdout] 31 |     pub fn from_bytes_and_version(bytes: Bytes, version: Version) -> Result<Self, ContainerError> {
[INFO] [stdout]    |     ^^^^^^^^^^^^^^^^^^^^^^^^^^^^^^^^^^^^^^^^^^^^^^^^^^^^^^^^^^^^^^^^^^^^^^^^^^^^^^^^^^^^^^^^^^^^^
[INFO] [stdout] 
[INFO] [stdout] error: aborting due to 1 previous error
[INFO] [stdout] 
[INFO] [stdout] For more information about this error, try `rustc --explain E0599`.
[INFO] [stdout] Couldn't compile the test.
[INFO] [stdout] 
[INFO] [stdout] failures:
[INFO] [stdout]     src/lib.rs - (line 7)
[INFO] [stdout]     src/volume.rs - volume::Volume (line 17)
[INFO] [stdout] 
[INFO] [stdout] test result: FAILED. 5 passed; 2 failed; 1 ignored; 0 measured; 0 filtered out; finished in 3.71s
[INFO] [stdout] 
[INFO] [stderr] error: doctest failed, to rerun pass `--doc`
[INFO] running `Command { std: "docker" "inspect" "60120c297789c1adc1e1d6adb332cbcf900c088e2c28709e4343fb0ddbac2e08", kill_on_drop: false }`
[INFO] running `Command { std: "docker" "rm" "-f" "60120c297789c1adc1e1d6adb332cbcf900c088e2c28709e4343fb0ddbac2e08", kill_on_drop: false }`
[INFO] [stdout] 60120c297789c1adc1e1d6adb332cbcf900c088e2c28709e4343fb0ddbac2e08
