[INFO] fetching crate wasmcloud-actor-telnet 0.2.0...
[INFO] testing wasmcloud-actor-telnet-0.2.0 against 1.83.0 for beta-1.84.0-4-retry
[INFO] extracting crate wasmcloud-actor-telnet 0.2.0 into /workspace/builds/worker-6-tc1/source
[INFO] validating manifest of crates.io crate wasmcloud-actor-telnet 0.2.0 on toolchain 1.83.0
[INFO] running `Command { std: CARGO_HOME="/workspace/cargo-home" RUSTUP_HOME="/workspace/rustup-home" "/workspace/cargo-home/bin/cargo" "+1.83.0" "metadata" "--manifest-path" "Cargo.toml" "--no-deps", kill_on_drop: false }`
[INFO] started tweaking crates.io crate wasmcloud-actor-telnet 0.2.0
[INFO] finished tweaking crates.io crate wasmcloud-actor-telnet 0.2.0
[INFO] tweaked toml for crates.io crate wasmcloud-actor-telnet 0.2.0 written to /workspace/builds/worker-6-tc1/source/Cargo.toml
[INFO] running `Command { std: CARGO_HOME="/workspace/cargo-home" RUSTUP_HOME="/workspace/rustup-home" "/workspace/cargo-home/bin/cargo" "+1.83.0" "generate-lockfile" "--manifest-path" "Cargo.toml", kill_on_drop: false }`
[INFO] [stderr]     Updating crates.io index
[INFO] [stderr]      Locking 23 packages to latest compatible versions
[INFO] [stderr]       Adding rmp-serde v0.15.5 (available: v1.3.0)
[INFO] [stderr]       Adding wapc-guest v0.4.0 (available: v1.2.0)
[INFO] running `Command { std: CARGO_HOME="/workspace/cargo-home" RUSTUP_HOME="/workspace/rustup-home" "/workspace/cargo-home/bin/cargo" "+1.83.0" "fetch" "--manifest-path" "Cargo.toml", kill_on_drop: false }`
[INFO] [stderr]  Downloading crates ...
[INFO] [stderr]   Downloaded wasmcloud-actor-core v0.2.3
[INFO] [stderr]   Downloaded wapc-guest v0.4.0
[INFO] [stderr]   Downloaded wasmcloud-actor-core-derive v0.1.0
[INFO] running `Command { std: "docker" "create" "-v" "/var/lib/crater-agent-workspace/builds/worker-6-tc1/target:/opt/rustwide/target:rw,Z" "-v" "/var/lib/crater-agent-workspace/builds/worker-6-tc1/source:/opt/rustwide/workdir:ro,Z" "-v" "/var/lib/crater-agent-workspace/cargo-home:/opt/rustwide/cargo-home:ro,Z" "-v" "/var/lib/crater-agent-workspace/rustup-home:/opt/rustwide/rustup-home:ro,Z" "-e" "SOURCE_DIR=/opt/rustwide/workdir" "-e" "CARGO_TARGET_DIR=/opt/rustwide/target" "-e" "CARGO_HOME=/opt/rustwide/cargo-home" "-e" "RUSTUP_HOME=/opt/rustwide/rustup-home" "-w" "/opt/rustwide/workdir" "-m" "1610612736" "--user" "0:0" "--network" "none" "ghcr.io/rust-lang/crates-build-env/linux@sha256:f3a9d4ad9d972b27faf3965f35b62e55ba32bbce8f20bc8fe909558a86702fde" "/opt/rustwide/cargo-home/bin/cargo" "+1.83.0" "metadata" "--no-deps" "--format-version=1", kill_on_drop: false }`
[INFO] [stdout] 2290fe0cf9e040182a3497ef7dfe699d62049bc7b169f8fd92079bd7bc4a335b
[INFO] running `Command { std: "docker" "start" "-a" "2290fe0cf9e040182a3497ef7dfe699d62049bc7b169f8fd92079bd7bc4a335b", kill_on_drop: false }`
[INFO] running `Command { std: "docker" "inspect" "2290fe0cf9e040182a3497ef7dfe699d62049bc7b169f8fd92079bd7bc4a335b", kill_on_drop: false }`
[INFO] running `Command { std: "docker" "rm" "-f" "2290fe0cf9e040182a3497ef7dfe699d62049bc7b169f8fd92079bd7bc4a335b", kill_on_drop: false }`
[INFO] [stdout] 2290fe0cf9e040182a3497ef7dfe699d62049bc7b169f8fd92079bd7bc4a335b
[INFO] running `Command { std: "docker" "create" "-v" "/var/lib/crater-agent-workspace/builds/worker-6-tc1/target:/opt/rustwide/target:rw,Z" "-v" "/var/lib/crater-agent-workspace/builds/worker-6-tc1/source:/opt/rustwide/workdir:ro,Z" "-v" "/var/lib/crater-agent-workspace/cargo-home:/opt/rustwide/cargo-home:ro,Z" "-v" "/var/lib/crater-agent-workspace/rustup-home:/opt/rustwide/rustup-home:ro,Z" "-e" "SOURCE_DIR=/opt/rustwide/workdir" "-e" "CARGO_TARGET_DIR=/opt/rustwide/target" "-e" "CARGO_INCREMENTAL=0" "-e" "RUST_BACKTRACE=full" "-e" "RUSTFLAGS=--cap-lints=warn" "-e" "RUSTDOCFLAGS=--cap-lints=warn" "-e" "CARGO_HOME=/opt/rustwide/cargo-home" "-e" "RUSTUP_HOME=/opt/rustwide/rustup-home" "-w" "/opt/rustwide/workdir" "-m" "1610612736" "--user" "0:0" "--network" "none" "ghcr.io/rust-lang/crates-build-env/linux@sha256:f3a9d4ad9d972b27faf3965f35b62e55ba32bbce8f20bc8fe909558a86702fde" "/opt/rustwide/cargo-home/bin/cargo" "+1.83.0" "build" "--frozen" "--message-format=json", kill_on_drop: false }`
[INFO] [stdout] f43501723f887c6bc4bbbaaa1c84d508c32253ee3e390fb1d673a419a98bfe12
[INFO] running `Command { std: "docker" "start" "-a" "f43501723f887c6bc4bbbaaa1c84d508c32253ee3e390fb1d673a419a98bfe12", kill_on_drop: false }`
[INFO] [stderr]    Compiling proc-macro2 v1.0.92
[INFO] [stderr]    Compiling unicode-ident v1.0.14
[INFO] [stderr]    Compiling autocfg v1.4.0
[INFO] [stderr]    Compiling paste v1.0.15
[INFO] [stderr]    Compiling serde v1.0.216
[INFO] [stderr]    Compiling byteorder v1.5.0
[INFO] [stderr]    Compiling lazy_static v1.5.0
[INFO] [stderr]    Compiling num-traits v0.2.19
[INFO] [stderr]    Compiling quote v1.0.37
[INFO] [stderr]    Compiling syn v2.0.90
[INFO] [stderr]    Compiling rmp v0.8.14
[INFO] [stderr]    Compiling serde_derive v1.0.216
[INFO] [stderr]    Compiling rmp-serde v0.15.5
[INFO] [stderr]    Compiling wasmcloud-actor-telnet v0.2.0 (/opt/rustwide/workdir)
[INFO] [stderr]     Finished `dev` profile [unoptimized + debuginfo] target(s) in 15.93s
[INFO] running `Command { std: "docker" "inspect" "f43501723f887c6bc4bbbaaa1c84d508c32253ee3e390fb1d673a419a98bfe12", kill_on_drop: false }`
[INFO] running `Command { std: "docker" "rm" "-f" "f43501723f887c6bc4bbbaaa1c84d508c32253ee3e390fb1d673a419a98bfe12", kill_on_drop: false }`
[INFO] [stdout] f43501723f887c6bc4bbbaaa1c84d508c32253ee3e390fb1d673a419a98bfe12
[INFO] running `Command { std: "docker" "create" "-v" "/var/lib/crater-agent-workspace/builds/worker-6-tc1/target:/opt/rustwide/target:rw,Z" "-v" "/var/lib/crater-agent-workspace/builds/worker-6-tc1/source:/opt/rustwide/workdir:ro,Z" "-v" "/var/lib/crater-agent-workspace/cargo-home:/opt/rustwide/cargo-home:ro,Z" "-v" "/var/lib/crater-agent-workspace/rustup-home:/opt/rustwide/rustup-home:ro,Z" "-e" "SOURCE_DIR=/opt/rustwide/workdir" "-e" "CARGO_TARGET_DIR=/opt/rustwide/target" "-e" "CARGO_INCREMENTAL=0" "-e" "RUST_BACKTRACE=full" "-e" "RUSTFLAGS=--cap-lints=warn" "-e" "RUSTDOCFLAGS=--cap-lints=warn" "-e" "CARGO_HOME=/opt/rustwide/cargo-home" "-e" "RUSTUP_HOME=/opt/rustwide/rustup-home" "-w" "/opt/rustwide/workdir" "-m" "1610612736" "--user" "0:0" "--network" "none" "ghcr.io/rust-lang/crates-build-env/linux@sha256:f3a9d4ad9d972b27faf3965f35b62e55ba32bbce8f20bc8fe909558a86702fde" "/opt/rustwide/cargo-home/bin/cargo" "+1.83.0" "test" "--frozen" "--no-run" "--message-format=json", kill_on_drop: false }`
[INFO] [stdout] 39bd80dd2db4f5eba478fdb2442674ad4078c6473d77382c5c281f588957727a
[INFO] running `Command { std: "docker" "start" "-a" "39bd80dd2db4f5eba478fdb2442674ad4078c6473d77382c5c281f588957727a", kill_on_drop: false }`
[INFO] [stderr]    Compiling syn v1.0.109
[INFO] [stderr]    Compiling serde_json v1.0.133
[INFO] [stderr]    Compiling memchr v2.7.4
[INFO] [stderr]    Compiling ryu v1.0.18
[INFO] [stderr]    Compiling itoa v1.0.14
[INFO] [stderr]    Compiling wapc-guest v0.4.0
[INFO] [stderr]    Compiling log v0.4.22
[INFO] [stderr]    Compiling serde_bytes v0.11.15
[INFO] [stderr]    Compiling wasmcloud-actor-core-derive v0.1.0
[INFO] [stderr]    Compiling wasmcloud-actor-core v0.2.3
[INFO] [stderr]    Compiling wasmcloud-actor-telnet v0.2.0 (/opt/rustwide/workdir)
[INFO] [stderr]     Finished `test` profile [unoptimized + debuginfo] target(s) in 10.75s
[INFO] running `Command { std: "docker" "inspect" "39bd80dd2db4f5eba478fdb2442674ad4078c6473d77382c5c281f588957727a", kill_on_drop: false }`
[INFO] running `Command { std: "docker" "rm" "-f" "39bd80dd2db4f5eba478fdb2442674ad4078c6473d77382c5c281f588957727a", kill_on_drop: false }`
[INFO] [stdout] 39bd80dd2db4f5eba478fdb2442674ad4078c6473d77382c5c281f588957727a
[INFO] running `Command { std: "docker" "create" "-v" "/var/lib/crater-agent-workspace/builds/worker-6-tc1/target:/opt/rustwide/target:rw,Z" "-v" "/var/lib/crater-agent-workspace/builds/worker-6-tc1/source:/opt/rustwide/workdir:ro,Z" "-v" "/var/lib/crater-agent-workspace/cargo-home:/opt/rustwide/cargo-home:ro,Z" "-v" "/var/lib/crater-agent-workspace/rustup-home:/opt/rustwide/rustup-home:ro,Z" "-e" "SOURCE_DIR=/opt/rustwide/workdir" "-e" "CARGO_TARGET_DIR=/opt/rustwide/target" "-e" "CARGO_INCREMENTAL=0" "-e" "RUST_BACKTRACE=full" "-e" "RUSTFLAGS=--cap-lints=warn" "-e" "RUSTDOCFLAGS=--cap-lints=warn" "-e" "CARGO_HOME=/opt/rustwide/cargo-home" "-e" "RUSTUP_HOME=/opt/rustwide/rustup-home" "-w" "/opt/rustwide/workdir" "-m" "1610612736" "--user" "0:0" "--network" "none" "ghcr.io/rust-lang/crates-build-env/linux@sha256:f3a9d4ad9d972b27faf3965f35b62e55ba32bbce8f20bc8fe909558a86702fde" "/opt/rustwide/cargo-home/bin/cargo" "+1.83.0" "test" "--frozen", kill_on_drop: false }`
[INFO] [stdout] bbc141a4ff5525b6b6c400ffbb2598a3ab825702fa9ff10ed03d81e3ece6e89e
[INFO] running `Command { std: "docker" "start" "-a" "bbc141a4ff5525b6b6c400ffbb2598a3ab825702fa9ff10ed03d81e3ece6e89e", kill_on_drop: false }`
[INFO] [stderr]     Finished `test` profile [unoptimized + debuginfo] target(s) in 0.08s
[INFO] [stdout] 
[INFO] [stderr]      Running unittests src/lib.rs (/opt/rustwide/target/debug/deps/wasmcloud_actor_telnet-9c2d2c46bacaffab)
[INFO] [stdout] running 0 tests
[INFO] [stdout] 
[INFO] [stdout] test result: ok. 0 passed; 0 failed; 0 ignored; 0 measured; 0 filtered out; finished in 0.00s
[INFO] [stdout] 
[INFO] [stderr]    Doc-tests wasmcloud_actor_telnet
[INFO] [stdout] 
[INFO] [stdout] running 1 test
[INFO] [stdout] test src/lib.rs - (line 9) ... FAILED
[INFO] [stdout] 
[INFO] [stdout] failures:
[INFO] [stdout] 
[INFO] [stdout] ---- src/lib.rs - (line 9) stdout ----
[INFO] [stdout] error[E0432]: unresolved import `wapc_guest`
[INFO] [stdout]  --> src/lib.rs:13:5
[INFO] [stdout]   |
[INFO] [stdout] 6 | use wapc_guest::HandlerResult;
[INFO] [stdout]   |     ^^^^^^^^^^ use of undeclared crate or module `wapc_guest`
[INFO] [stdout] 
[INFO] [stdout] error[E0433]: failed to resolve: could not find `Handlers` in `telnet`
[INFO] [stdout]   --> src/lib.rs:17:13
[INFO] [stdout]    |
[INFO] [stdout] 10 |     telnet::Handlers::register_session_started(session_started);
[INFO] [stdout]    |             ^^^^^^^^ could not find `Handlers` in `telnet`
[INFO] [stdout]    |
[INFO] [stdout] help: consider importing one of these structs
[INFO] [stdout]    |
[INFO] [stdout] 2  + use crate::actorcore::Handlers;
[INFO] [stdout]    |
[INFO] [stdout] 2  + use wasmcloud_actor_core::Handlers;
[INFO] [stdout]    |
[INFO] [stdout] help: if you import `Handlers`, refer to it directly
[INFO] [stdout]    |
[INFO] [stdout] 10 -     telnet::Handlers::register_session_started(session_started);
[INFO] [stdout] 10 +     Handlers::register_session_started(session_started);
[INFO] [stdout]    |
[INFO] [stdout] 
[INFO] [stdout] error[E0433]: failed to resolve: could not find `Handlers` in `telnet`
[INFO] [stdout]   --> src/lib.rs:18:13
[INFO] [stdout]    |
[INFO] [stdout] 11 |     telnet::Handlers::register_receive_text(receive_text);
[INFO] [stdout]    |             ^^^^^^^^ could not find `Handlers` in `telnet`
[INFO] [stdout]    |
[INFO] [stdout] help: consider importing one of these structs
[INFO] [stdout]    |
[INFO] [stdout] 2  + use crate::actorcore::Handlers;
[INFO] [stdout]    |
[INFO] [stdout] 2  + use wasmcloud_actor_core::Handlers;
[INFO] [stdout]    |
[INFO] [stdout] help: if you import `Handlers`, refer to it directly
[INFO] [stdout]    |
[INFO] [stdout] 11 -     telnet::Handlers::register_receive_text(receive_text);
[INFO] [stdout] 11 +     Handlers::register_receive_text(receive_text);
[INFO] [stdout]    |
[INFO] [stdout] 
[INFO] [stdout] error[E0425]: cannot find function `default` in crate `telnet`
[INFO] [stdout]   --> src/lib.rs:22:20
[INFO] [stdout]    |
[INFO] [stdout] 15 |    let _ = telnet::default().send_text(session, "Welcome to the Interwebs!\n".to_string());
[INFO] [stdout]    |                    ^^^^^^^ not found in `telnet`
[INFO] [stdout] 
[INFO] [stdout] error[E0425]: cannot find function `default` in crate `telnet`
[INFO] [stdout]   --> src/lib.rs:29:20
[INFO] [stdout]    |
[INFO] [stdout] 22 |    let _ = telnet::default().send_text(session, format!("Echo: {}\n", text));
[INFO] [stdout]    |                    ^^^^^^^ not found in `telnet`
[INFO] [stdout] 
[INFO] [stdout] error[E0433]: failed to resolve: use of undeclared crate or module `wapc_guest`
[INFO] [stdout]  --> src/lib.rs:15:1
[INFO] [stdout]   |
[INFO] [stdout] 8 | #[actorcore::init]
[INFO] [stdout]   | ^^^^^^^^^^^^^^^^^^ use of undeclared crate or module `wapc_guest`
[INFO] [stdout]   |
[INFO] [stdout]   = note: this error originates in the attribute macro `actorcore::init` (in Nightly builds, run with -Z macro-backtrace for more info)
[INFO] [stdout] 
[INFO] [stdout] error: aborting due to 6 previous errors
[INFO] [stdout] 
[INFO] [stdout] Some errors have detailed explanations: E0425, E0432, E0433.
[INFO] [stdout] For more information about an error, try `rustc --explain E0425`.
[INFO] [stdout] Couldn't compile the test.
[INFO] [stdout] 
[INFO] [stdout] failures:
[INFO] [stdout]     src/lib.rs - (line 9)
[INFO] [stdout] 
[INFO] [stdout] test result: FAILED. 0 passed; 1 failed; 0 ignored; 0 measured; 0 filtered out; finished in 0.12s
[INFO] [stdout] 
[INFO] [stderr] error: doctest failed, to rerun pass `--doc`
[INFO] running `Command { std: "docker" "inspect" "bbc141a4ff5525b6b6c400ffbb2598a3ab825702fa9ff10ed03d81e3ece6e89e", kill_on_drop: false }`
[INFO] running `Command { std: "docker" "rm" "-f" "bbc141a4ff5525b6b6c400ffbb2598a3ab825702fa9ff10ed03d81e3ece6e89e", kill_on_drop: false }`
[INFO] [stdout] bbc141a4ff5525b6b6c400ffbb2598a3ab825702fa9ff10ed03d81e3ece6e89e
