[INFO] fetching crate vmc 0.4.0...
[INFO] testing vmc-0.4.0 against 1.83.0 for beta-1.84.0-4-retry
[INFO] extracting crate vmc 0.4.0 into /workspace/builds/worker-5-tc1/source
[INFO] validating manifest of crates.io crate vmc 0.4.0 on toolchain 1.83.0
[INFO] running `Command { std: CARGO_HOME="/workspace/cargo-home" RUSTUP_HOME="/workspace/rustup-home" "/workspace/cargo-home/bin/cargo" "+1.83.0" "metadata" "--manifest-path" "Cargo.toml" "--no-deps", kill_on_drop: false }`
[INFO] started tweaking crates.io crate vmc 0.4.0
[INFO] removed 0 missing examples
[INFO] finished tweaking crates.io crate vmc 0.4.0
[INFO] tweaked toml for crates.io crate vmc 0.4.0 written to /workspace/builds/worker-5-tc1/source/Cargo.toml
[INFO] crate crates.io crate vmc 0.4.0 already has a lockfile, it will not be regenerated
[INFO] running `Command { std: CARGO_HOME="/workspace/cargo-home" RUSTUP_HOME="/workspace/rustup-home" "/workspace/cargo-home/bin/cargo" "+1.83.0" "fetch" "--manifest-path" "Cargo.toml", kill_on_drop: false }`
[INFO] running `Command { std: "docker" "create" "-v" "/var/lib/crater-agent-workspace/builds/worker-5-tc1/target:/opt/rustwide/target:rw,Z" "-v" "/var/lib/crater-agent-workspace/builds/worker-5-tc1/source:/opt/rustwide/workdir:ro,Z" "-v" "/var/lib/crater-agent-workspace/cargo-home:/opt/rustwide/cargo-home:ro,Z" "-v" "/var/lib/crater-agent-workspace/rustup-home:/opt/rustwide/rustup-home:ro,Z" "-e" "SOURCE_DIR=/opt/rustwide/workdir" "-e" "CARGO_TARGET_DIR=/opt/rustwide/target" "-e" "CARGO_HOME=/opt/rustwide/cargo-home" "-e" "RUSTUP_HOME=/opt/rustwide/rustup-home" "-w" "/opt/rustwide/workdir" "-m" "1610612736" "--user" "0:0" "--network" "none" "ghcr.io/rust-lang/crates-build-env/linux@sha256:f3a9d4ad9d972b27faf3965f35b62e55ba32bbce8f20bc8fe909558a86702fde" "/opt/rustwide/cargo-home/bin/cargo" "+1.83.0" "metadata" "--no-deps" "--format-version=1", kill_on_drop: false }`
[INFO] [stdout] d26d37e0134dc4014a7af83c4e29519ac4b64300440e7bad44dc27eae6712989
[INFO] running `Command { std: "docker" "start" "-a" "d26d37e0134dc4014a7af83c4e29519ac4b64300440e7bad44dc27eae6712989", kill_on_drop: false }`
[INFO] running `Command { std: "docker" "inspect" "d26d37e0134dc4014a7af83c4e29519ac4b64300440e7bad44dc27eae6712989", kill_on_drop: false }`
[INFO] running `Command { std: "docker" "rm" "-f" "d26d37e0134dc4014a7af83c4e29519ac4b64300440e7bad44dc27eae6712989", kill_on_drop: false }`
[INFO] [stdout] d26d37e0134dc4014a7af83c4e29519ac4b64300440e7bad44dc27eae6712989
[INFO] running `Command { std: "docker" "create" "-v" "/var/lib/crater-agent-workspace/builds/worker-5-tc1/target:/opt/rustwide/target:rw,Z" "-v" "/var/lib/crater-agent-workspace/builds/worker-5-tc1/source:/opt/rustwide/workdir:ro,Z" "-v" "/var/lib/crater-agent-workspace/cargo-home:/opt/rustwide/cargo-home:ro,Z" "-v" "/var/lib/crater-agent-workspace/rustup-home:/opt/rustwide/rustup-home:ro,Z" "-e" "SOURCE_DIR=/opt/rustwide/workdir" "-e" "CARGO_TARGET_DIR=/opt/rustwide/target" "-e" "CARGO_INCREMENTAL=0" "-e" "RUST_BACKTRACE=full" "-e" "RUSTFLAGS=--cap-lints=warn" "-e" "RUSTDOCFLAGS=--cap-lints=warn" "-e" "CARGO_HOME=/opt/rustwide/cargo-home" "-e" "RUSTUP_HOME=/opt/rustwide/rustup-home" "-w" "/opt/rustwide/workdir" "-m" "1610612736" "--user" "0:0" "--network" "none" "ghcr.io/rust-lang/crates-build-env/linux@sha256:f3a9d4ad9d972b27faf3965f35b62e55ba32bbce8f20bc8fe909558a86702fde" "/opt/rustwide/cargo-home/bin/cargo" "+1.83.0" "build" "--frozen" "--message-format=json", kill_on_drop: false }`
[INFO] [stdout] 25fed73bfe661dd0aebc122c4c9037b68044a97d26b236291c6bea56b0d31df5
[INFO] running `Command { std: "docker" "start" "-a" "25fed73bfe661dd0aebc122c4c9037b68044a97d26b236291c6bea56b0d31df5", kill_on_drop: false }`
[INFO] [stderr]    Compiling proc-macro2 v1.0.89
[INFO] [stderr]    Compiling unicode-ident v1.0.11
[INFO] [stderr]    Compiling libc v0.2.147
[INFO] [stderr]    Compiling memchr v2.5.0
[INFO] [stderr]    Compiling thiserror v1.0.44
[INFO] [stderr]    Compiling minimal-lexical v0.2.1
[INFO] [stderr]    Compiling pin-project-lite v0.2.12
[INFO] [stderr]    Compiling glam v0.29.0
[INFO] [stderr]    Compiling futures-core v0.3.31
[INFO] [stderr]    Compiling nom v7.1.3
[INFO] [stderr]    Compiling quote v1.0.37
[INFO] [stderr]    Compiling syn v2.0.85
[INFO] [stderr]    Compiling mio v0.8.8
[INFO] [stderr]    Compiling socket2 v0.5.3
[INFO] [stderr]    Compiling tokio v1.30.0
[INFO] [stderr]    Compiling thiserror-impl v1.0.44
[INFO] [stderr]    Compiling vmc v0.4.0 (/opt/rustwide/workdir)
[INFO] [stderr]     Finished `dev` profile [unoptimized + debuginfo] target(s) in 14.81s
[INFO] running `Command { std: "docker" "inspect" "25fed73bfe661dd0aebc122c4c9037b68044a97d26b236291c6bea56b0d31df5", kill_on_drop: false }`
[INFO] running `Command { std: "docker" "rm" "-f" "25fed73bfe661dd0aebc122c4c9037b68044a97d26b236291c6bea56b0d31df5", kill_on_drop: false }`
[INFO] [stdout] 25fed73bfe661dd0aebc122c4c9037b68044a97d26b236291c6bea56b0d31df5
[INFO] running `Command { std: "docker" "create" "-v" "/var/lib/crater-agent-workspace/builds/worker-5-tc1/target:/opt/rustwide/target:rw,Z" "-v" "/var/lib/crater-agent-workspace/builds/worker-5-tc1/source:/opt/rustwide/workdir:ro,Z" "-v" "/var/lib/crater-agent-workspace/cargo-home:/opt/rustwide/cargo-home:ro,Z" "-v" "/var/lib/crater-agent-workspace/rustup-home:/opt/rustwide/rustup-home:ro,Z" "-e" "SOURCE_DIR=/opt/rustwide/workdir" "-e" "CARGO_TARGET_DIR=/opt/rustwide/target" "-e" "CARGO_INCREMENTAL=0" "-e" "RUST_BACKTRACE=full" "-e" "RUSTFLAGS=--cap-lints=warn" "-e" "RUSTDOCFLAGS=--cap-lints=warn" "-e" "CARGO_HOME=/opt/rustwide/cargo-home" "-e" "RUSTUP_HOME=/opt/rustwide/rustup-home" "-w" "/opt/rustwide/workdir" "-m" "1610612736" "--user" "0:0" "--network" "none" "ghcr.io/rust-lang/crates-build-env/linux@sha256:f3a9d4ad9d972b27faf3965f35b62e55ba32bbce8f20bc8fe909558a86702fde" "/opt/rustwide/cargo-home/bin/cargo" "+1.83.0" "test" "--frozen" "--no-run" "--message-format=json", kill_on_drop: false }`
[INFO] [stdout] 380d17e96b3dec7afdd9e4522e412f52388e112ddf58d2d328563a91e1a3a1fa
[INFO] running `Command { std: "docker" "start" "-a" "380d17e96b3dec7afdd9e4522e412f52388e112ddf58d2d328563a91e1a3a1fa", kill_on_drop: false }`
[INFO] [stderr]    Compiling autocfg v1.1.0
[INFO] [stderr]    Compiling paste v1.0.14
[INFO] [stderr]    Compiling serde v1.0.183
[INFO] [stderr]    Compiling byteorder v1.5.0
[INFO] [stderr]    Compiling syn v2.0.85
[INFO] [stderr]    Compiling num_cpus v1.16.0
[INFO] [stderr]    Compiling signal-hook-registry v1.4.1
[INFO] [stderr]    Compiling futures-task v0.3.31
[INFO] [stderr]    Compiling unicode-width v0.1.11
[INFO] [stderr]    Compiling pin-utils v0.1.0
[INFO] [stderr]    Compiling bytes v1.4.0
[INFO] [stderr]    Compiling lazy_static v1.4.0
[INFO] [stderr]    Compiling console v0.15.7
[INFO] [stderr]    Compiling num-traits v0.2.16
[INFO] [stderr]    Compiling slab v0.4.9
[INFO] [stderr]    Compiling approx v0.5.1
[INFO] [stderr]    Compiling rmp v0.8.12
[INFO] [stderr]    Compiling glam v0.29.0
[INFO] [stderr]    Compiling rmp-serde v1.1.2
[INFO] [stderr]    Compiling tokio-macros v2.1.0
[INFO] [stderr]    Compiling async-stream-impl v0.3.5
[INFO] [stderr]    Compiling thiserror-impl v1.0.44
[INFO] [stderr]    Compiling futures-macro v0.3.31
[INFO] [stderr]    Compiling async-stream v0.3.5
[INFO] [stderr]    Compiling tokio v1.30.0
[INFO] [stderr]    Compiling futures-util v0.3.31
[INFO] [stderr]    Compiling thiserror v1.0.44
[INFO] [stderr]    Compiling tokio-stream v0.1.14
[INFO] [stderr]    Compiling vmc v0.4.0 (/opt/rustwide/workdir)
[INFO] [stderr]    Compiling tokio-test v0.4.2
[INFO] [stderr]     Finished `test` profile [unoptimized + debuginfo] target(s) in 34.16s
[INFO] running `Command { std: "docker" "inspect" "380d17e96b3dec7afdd9e4522e412f52388e112ddf58d2d328563a91e1a3a1fa", kill_on_drop: false }`
[INFO] running `Command { std: "docker" "rm" "-f" "380d17e96b3dec7afdd9e4522e412f52388e112ddf58d2d328563a91e1a3a1fa", kill_on_drop: false }`
[INFO] [stdout] 380d17e96b3dec7afdd9e4522e412f52388e112ddf58d2d328563a91e1a3a1fa
[INFO] running `Command { std: "docker" "create" "-v" "/var/lib/crater-agent-workspace/builds/worker-5-tc1/target:/opt/rustwide/target:rw,Z" "-v" "/var/lib/crater-agent-workspace/builds/worker-5-tc1/source:/opt/rustwide/workdir:ro,Z" "-v" "/var/lib/crater-agent-workspace/cargo-home:/opt/rustwide/cargo-home:ro,Z" "-v" "/var/lib/crater-agent-workspace/rustup-home:/opt/rustwide/rustup-home:ro,Z" "-e" "SOURCE_DIR=/opt/rustwide/workdir" "-e" "CARGO_TARGET_DIR=/opt/rustwide/target" "-e" "CARGO_INCREMENTAL=0" "-e" "RUST_BACKTRACE=full" "-e" "RUSTFLAGS=--cap-lints=warn" "-e" "RUSTDOCFLAGS=--cap-lints=warn" "-e" "CARGO_HOME=/opt/rustwide/cargo-home" "-e" "RUSTUP_HOME=/opt/rustwide/rustup-home" "-w" "/opt/rustwide/workdir" "-m" "1610612736" "--user" "0:0" "--network" "none" "ghcr.io/rust-lang/crates-build-env/linux@sha256:f3a9d4ad9d972b27faf3965f35b62e55ba32bbce8f20bc8fe909558a86702fde" "/opt/rustwide/cargo-home/bin/cargo" "+1.83.0" "test" "--frozen", kill_on_drop: false }`
[INFO] [stdout] 24a00fce569bafcadc59bac91c16fc4c93abb627a90b25b012c17a78fcc5089a
[INFO] running `Command { std: "docker" "start" "-a" "24a00fce569bafcadc59bac91c16fc4c93abb627a90b25b012c17a78fcc5089a", kill_on_drop: false }`
[INFO] [stderr]     Finished `test` profile [unoptimized + debuginfo] target(s) in 0.06s
[INFO] [stderr]      Running unittests src/lib.rs (/opt/rustwide/target/debug/deps/vmc-ed3d980bbfdca6e4)
[INFO] [stdout] 
[INFO] [stderr]    Doc-tests vmc
[INFO] [stdout] running 7 tests
[INFO] [stdout] test message::tests::test_ignore_extra_args ... ok
[INFO] [stdout] test message::tests::test_parse_blend_shape ... ok
[INFO] [stdout] test message::tests::test_parse_bone_transform ... ok
[INFO] [stdout] test message::tests::test_parse_device_transform ... ok
[INFO] [stdout] test message::tests::test_parse_root_transform ... ok
[INFO] [stdout] test message::tests::test_parse_state ... ok
[INFO] [stdout] test message::tests::test_parse_time ... ok
[INFO] [stdout] 
[INFO] [stdout] test result: ok. 7 passed; 0 failed; 0 ignored; 0 measured; 0 filtered out; finished in 0.00s
[INFO] [stdout] 
[INFO] [stdout] 
[INFO] [stdout] running 12 tests
[INFO] [stdout] test src/lib.rs - marionette (line 312) - compile ... ok
[INFO] [stdout] test src/lib.rs - VMCSocket::send_to (line 141) - compile ... ok
[INFO] [stdout] test src/lib.rs - (line 11) - compile ... ok
[INFO] [stdout] test src/lib.rs - VMCSocket::connect (line 124) - compile ... ok
[INFO] [stdout] test src/lib.rs - VMCSocket::send (line 166) - compile ... ok
[INFO] [stdout] test src/lib.rs - performer (line 263) - compile ... ok
[INFO] [stdout] test src/osc/mod.rs - osc::OSCMessage::as_tuple (line 280) - compile ... ok
[INFO] [stdout] test src/lib.rs - (line 29) - compile ... FAILED
[INFO] [stdout] test src/osc/encoder.rs - osc::encoder::encode_into (line 41) ... ok
[INFO] [stdout] test src/osc/encoder.rs - osc::encoder::encode (line 9) ... ok
[INFO] [stdout] test src/osc/encoder.rs - osc::encoder::pad (line 198) ... ok
[INFO] [stdout] test src/osc/mod.rs - osc::OSCTime (line 25) ... ok
[INFO] [stdout] 
[INFO] [stdout] failures:
[INFO] [stdout] 
[INFO] [stdout] ---- src/lib.rs - (line 29) stdout ----
[INFO] [stdout] error[E0432]: unresolved import `tokio_stream`
[INFO] [stdout]  --> src/lib.rs:31:5
[INFO] [stdout]   |
[INFO] [stdout] 4 | use tokio_stream::StreamExt;
[INFO] [stdout]   |     ^^^^^^^^^^^^ use of undeclared crate or module `tokio_stream`
[INFO] [stdout]   |
[INFO] [stdout] help: there is a crate or module with a similar name
[INFO] [stdout]   |
[INFO] [stdout] 4 | use tokio_test::StreamExt;
[INFO] [stdout]   |     ~~~~~~~~~~
[INFO] [stdout] 
[INFO] [stdout] error[E0599]: no method named `next` found for struct `VMCSocket` in the current scope
[INFO] [stdout]   --> src/lib.rs:37:34
[INFO] [stdout]    |
[INFO] [stdout] 10 |     while let Some(packet) = socket.next().await {
[INFO] [stdout]    |                                     ^^^^ method not found in `VMCSocket`
[INFO] [stdout]    |
[INFO] [stdout]    = help: items from traits can only be used if the trait is in scope
[INFO] [stdout] help: the following traits which provide `next` are implemented but not in scope; perhaps you want to import one of them
[INFO] [stdout]    |
[INFO] [stdout] 2  + use futures_util::StreamExt;
[INFO] [stdout]    |
[INFO] [stdout] 2  + use std::iter::Iterator;
[INFO] [stdout]    |
[INFO] [stdout] 2  + use std::str::pattern::Searcher;
[INFO] [stdout]    |
[INFO] [stdout] 2  + use tokio_stream::StreamExt;
[INFO] [stdout]    |
[INFO] [stdout] 
[INFO] [stdout] error: aborting due to 2 previous errors
[INFO] [stdout] 
[INFO] [stdout] Some errors have detailed explanations: E0432, E0599.
[INFO] [stdout] For more information about an error, try `rustc --explain E0432`.
[INFO] [stdout] Couldn't compile the test.
[INFO] [stdout] 
[INFO] [stdout] failures:
[INFO] [stdout]     src/lib.rs - (line 29)
[INFO] [stdout] 
[INFO] [stdout] test result: FAILED. 11 passed; 1 failed; 0 ignored; 0 measured; 0 filtered out; finished in 2.41s
[INFO] [stdout] 
[INFO] [stderr] error: doctest failed, to rerun pass `--doc`
[INFO] running `Command { std: "docker" "inspect" "24a00fce569bafcadc59bac91c16fc4c93abb627a90b25b012c17a78fcc5089a", kill_on_drop: false }`
[INFO] running `Command { std: "docker" "rm" "-f" "24a00fce569bafcadc59bac91c16fc4c93abb627a90b25b012c17a78fcc5089a", kill_on_drop: false }`
[INFO] [stdout] 24a00fce569bafcadc59bac91c16fc4c93abb627a90b25b012c17a78fcc5089a
