[INFO] fetching crate vfxpreopenexr-sys 0.0.6...
[INFO] testing vfxpreopenexr-sys-0.0.6 against beta-2024-12-08 for beta-1.84.0-4-retry
[INFO] extracting crate vfxpreopenexr-sys 0.0.6 into /workspace/builds/worker-1-tc2/source
[INFO] validating manifest of crates.io crate vfxpreopenexr-sys 0.0.6 on toolchain beta-2024-12-08
[INFO] running `Command { std: CARGO_HOME="/workspace/cargo-home" RUSTUP_HOME="/workspace/rustup-home" "/workspace/cargo-home/bin/cargo" "+beta-2024-12-08" "metadata" "--manifest-path" "Cargo.toml" "--no-deps", kill_on_drop: false }`
[INFO] started tweaking crates.io crate vfxpreopenexr-sys 0.0.6
[INFO] finished tweaking crates.io crate vfxpreopenexr-sys 0.0.6
[INFO] tweaked toml for crates.io crate vfxpreopenexr-sys 0.0.6 written to /workspace/builds/worker-1-tc2/source/Cargo.toml
[INFO] running `Command { std: CARGO_HOME="/workspace/cargo-home" RUSTUP_HOME="/workspace/rustup-home" "/workspace/cargo-home/bin/cargo" "+beta-2024-12-08" "generate-lockfile" "--manifest-path" "Cargo.toml", kill_on_drop: false }`
[INFO] [stderr]     Updating crates.io index
[INFO] [stderr]      Locking 8 packages to latest compatible versions
[INFO] running `Command { std: CARGO_HOME="/workspace/cargo-home" RUSTUP_HOME="/workspace/rustup-home" "/workspace/cargo-home/bin/cargo" "+beta-2024-12-08" "fetch" "--manifest-path" "Cargo.toml", kill_on_drop: false }`
[INFO] running `Command { std: "docker" "create" "-v" "/var/lib/crater-agent-workspace/builds/worker-1-tc2/target:/opt/rustwide/target:rw,Z" "-v" "/var/lib/crater-agent-workspace/builds/worker-1-tc2/source:/opt/rustwide/workdir:ro,Z" "-v" "/var/lib/crater-agent-workspace/cargo-home:/opt/rustwide/cargo-home:ro,Z" "-v" "/var/lib/crater-agent-workspace/rustup-home:/opt/rustwide/rustup-home:ro,Z" "-e" "SOURCE_DIR=/opt/rustwide/workdir" "-e" "CARGO_TARGET_DIR=/opt/rustwide/target" "-e" "CARGO_HOME=/opt/rustwide/cargo-home" "-e" "RUSTUP_HOME=/opt/rustwide/rustup-home" "-w" "/opt/rustwide/workdir" "-m" "1610612736" "--user" "0:0" "--network" "none" "ghcr.io/rust-lang/crates-build-env/linux@sha256:f3a9d4ad9d972b27faf3965f35b62e55ba32bbce8f20bc8fe909558a86702fde" "/opt/rustwide/cargo-home/bin/cargo" "+beta-2024-12-08" "metadata" "--no-deps" "--format-version=1", kill_on_drop: false }`
[INFO] [stdout] c6da0f1c71c4366fa177fea229cf1b4be05f9ae5d6fe02c9d15e0765aaacf10d
[INFO] running `Command { std: "docker" "start" "-a" "c6da0f1c71c4366fa177fea229cf1b4be05f9ae5d6fe02c9d15e0765aaacf10d", kill_on_drop: false }`
[INFO] running `Command { std: "docker" "inspect" "c6da0f1c71c4366fa177fea229cf1b4be05f9ae5d6fe02c9d15e0765aaacf10d", kill_on_drop: false }`
[INFO] running `Command { std: "docker" "rm" "-f" "c6da0f1c71c4366fa177fea229cf1b4be05f9ae5d6fe02c9d15e0765aaacf10d", kill_on_drop: false }`
[INFO] [stdout] c6da0f1c71c4366fa177fea229cf1b4be05f9ae5d6fe02c9d15e0765aaacf10d
[INFO] running `Command { std: "docker" "create" "-v" "/var/lib/crater-agent-workspace/builds/worker-1-tc2/target:/opt/rustwide/target:rw,Z" "-v" "/var/lib/crater-agent-workspace/builds/worker-1-tc2/source:/opt/rustwide/workdir:ro,Z" "-v" "/var/lib/crater-agent-workspace/cargo-home:/opt/rustwide/cargo-home:ro,Z" "-v" "/var/lib/crater-agent-workspace/rustup-home:/opt/rustwide/rustup-home:ro,Z" "-e" "SOURCE_DIR=/opt/rustwide/workdir" "-e" "CARGO_TARGET_DIR=/opt/rustwide/target" "-e" "CARGO_INCREMENTAL=0" "-e" "RUST_BACKTRACE=full" "-e" "RUSTFLAGS=--cap-lints=warn" "-e" "RUSTDOCFLAGS=--cap-lints=warn" "-e" "CARGO_HOME=/opt/rustwide/cargo-home" "-e" "RUSTUP_HOME=/opt/rustwide/rustup-home" "-w" "/opt/rustwide/workdir" "-m" "1610612736" "--user" "0:0" "--network" "none" "ghcr.io/rust-lang/crates-build-env/linux@sha256:f3a9d4ad9d972b27faf3965f35b62e55ba32bbce8f20bc8fe909558a86702fde" "/opt/rustwide/cargo-home/bin/cargo" "+beta-2024-12-08" "build" "--frozen" "--message-format=json", kill_on_drop: false }`
[INFO] [stdout] 2a2c3a5ff26964100c4ec1b827403bec7651cf7f8cab0e62063db22a22b30cc6
[INFO] running `Command { std: "docker" "start" "-a" "2a2c3a5ff26964100c4ec1b827403bec7651cf7f8cab0e62063db22a22b30cc6", kill_on_drop: false }`
[INFO] [stderr]    Compiling memchr v2.7.4
[INFO] [stderr]    Compiling shlex v1.3.0
[INFO] [stderr]    Compiling regex-syntax v0.8.5
[INFO] [stderr]    Compiling cc v1.2.4
[INFO] [stderr]    Compiling aho-corasick v1.1.3
[INFO] [stderr]    Compiling cmake v0.1.52
[INFO] [stderr]    Compiling regex-automata v0.4.9
[INFO] [stderr]    Compiling regex v1.11.1
[INFO] [stderr]    Compiling vfxpreopenexr-sys v0.0.6 (/opt/rustwide/workdir)
[INFO] [stderr] error: failed to run custom build command for `vfxpreopenexr-sys v0.0.6 (/opt/rustwide/workdir)`
[INFO] [stderr] note: To improve backtraces for build dependencies, set the CARGO_PROFILE_DEV_BUILD_OVERRIDE_DEBUG=true environment variable to enable debug information generation.
[INFO] [stderr] 
[INFO] [stderr] Caused by:
[INFO] [stderr]   process didn't exit successfully: `/opt/rustwide/target/debug/build/vfxpreopenexr-sys-7e888947eecded8b/build-script-build` (exit status: 101)
[INFO] [stderr]   --- stdout
[INFO] [stderr]   CMAKE_TOOLCHAIN_FILE_x86_64-unknown-linux-gnu = None
[INFO] [stderr]   CMAKE_TOOLCHAIN_FILE_x86_64_unknown_linux_gnu = None
[INFO] [stderr]   HOST_CMAKE_TOOLCHAIN_FILE = None
[INFO] [stderr]   CMAKE_TOOLCHAIN_FILE = None
[INFO] [stderr]   CMAKE_GENERATOR_x86_64-unknown-linux-gnu = None
[INFO] [stderr]   CMAKE_GENERATOR_x86_64_unknown_linux_gnu = None
[INFO] [stderr]   HOST_CMAKE_GENERATOR = None
[INFO] [stderr]   CMAKE_GENERATOR = None
[INFO] [stderr]   CMAKE_PREFIX_PATH_x86_64-unknown-linux-gnu = None
[INFO] [stderr]   CMAKE_PREFIX_PATH_x86_64_unknown_linux_gnu = None
[INFO] [stderr]   HOST_CMAKE_PREFIX_PATH = None
[INFO] [stderr]   CMAKE_PREFIX_PATH = None
[INFO] [stderr]   CMAKE_x86_64-unknown-linux-gnu = None
[INFO] [stderr]   CMAKE_x86_64_unknown_linux_gnu = None
[INFO] [stderr]   HOST_CMAKE = None
[INFO] [stderr]   CMAKE = None
[INFO] [stderr]   running: cd "/opt/rustwide/target/debug/build/vfxpreopenexr-sys-8c96c39d9a09242f/out/build" && CMAKE_PREFIX_PATH="" LC_ALL="C" "cmake" "/opt/rustwide/workdir/thirdparty/Imath" "-DIMATH_IS_SUBPROJECT=ON" "-DBUILD_TESTING=OFF" "-DBUILD_SHARED_LIBS=ON" "-DCMAKE_INSTALL_PREFIX=/opt/rustwide/target/debug/build/vfxpreopenexr-sys-8c96c39d9a09242f/out" "-DCMAKE_C_FLAGS= -ffunction-sections -fdata-sections -fPIC -m64" "-DCMAKE_C_COMPILER=/usr/bin/cc" "-DCMAKE_CXX_FLAGS= -ffunction-sections -fdata-sections -fPIC -m64" "-DCMAKE_CXX_COMPILER=/usr/bin/c++" "-DCMAKE_ASM_FLAGS= -ffunction-sections -fdata-sections -fPIC -m64" "-DCMAKE_ASM_COMPILER=/usr/bin/cc" "-DCMAKE_BUILD_TYPE=Release"
[INFO] [stderr]   -- The C compiler identification is GNU 11.4.0
[INFO] [stderr]   -- The CXX compiler identification is GNU 11.4.0
[INFO] [stderr]   -- Detecting C compiler ABI info
[INFO] [stderr]   -- Detecting C compiler ABI info - done
[INFO] [stderr]   -- Check for working C compiler: /usr/bin/cc - skipped
[INFO] [stderr]   -- Detecting C compile features
[INFO] [stderr]   -- Detecting C compile features - done
[INFO] [stderr]   -- Detecting CXX compiler ABI info
[INFO] [stderr]   -- Detecting CXX compiler ABI info - done
[INFO] [stderr]   -- Check for working CXX compiler: /usr/bin/c++ - skipped
[INFO] [stderr]   -- Detecting CXX compile features
[INFO] [stderr]   -- Detecting CXX compile features - done
[INFO] [stderr]   -- Looking for pthread.h
[INFO] [stderr]   -- Looking for pthread.h - found
[INFO] [stderr]   -- Performing Test CMAKE_HAVE_LIBC_PTHREAD
[INFO] [stderr]   -- Performing Test CMAKE_HAVE_LIBC_PTHREAD - Success
[INFO] [stderr]   -- Found Threads: TRUE  
[INFO] [stderr]   -- Configure Imath 3.0.4, library API version: 28.0.1
[INFO] [stderr]   -- Configuring done
[INFO] [stderr]   -- Generating done
[INFO] [stderr]   -- Build files have been written to: /opt/rustwide/target/debug/build/vfxpreopenexr-sys-8c96c39d9a09242f/out/build
[INFO] [stderr]   running: cd "/opt/rustwide/target/debug/build/vfxpreopenexr-sys-8c96c39d9a09242f/out/build" && LC_ALL="C" MAKEFLAGS="-j --jobserver-fds=8,9 --jobserver-auth=8,9" "cmake" "--build" "/opt/rustwide/target/debug/build/vfxpreopenexr-sys-8c96c39d9a09242f/out/build" "--target" "install" "--config" "Release"
[INFO] [stderr]   [ 16%] Building CXX object src/Imath/CMakeFiles/Imath.dir/ImathColorAlgo.cpp.o
[INFO] [stderr]   [ 33%] Building CXX object src/Imath/CMakeFiles/Imath.dir/ImathRandom.cpp.o
[INFO] [stderr]   [ 50%] Building CXX object src/Imath/CMakeFiles/Imath.dir/ImathFun.cpp.o
[INFO] [stderr]   [ 66%] Building CXX object src/Imath/CMakeFiles/Imath.dir/half.cpp.o
[INFO] [stderr]   [ 83%] Building CXX object src/Imath/CMakeFiles/Imath.dir/ImathMatrixAlgo.cpp.o
[INFO] [stderr]   [100%] Linking CXX shared library libImath-3_0.so
[INFO] [stderr]   [100%] Built target Imath
[INFO] [stderr]   Install the project...
[INFO] [stderr]   -- Install configuration: "Release"
[INFO] [stderr]   -- Installing: /opt/rustwide/target/debug/build/vfxpreopenexr-sys-8c96c39d9a09242f/out/include/Imath/ImathConfig.h
[INFO] [stderr]   -- Installing: /opt/rustwide/target/debug/build/vfxpreopenexr-sys-8c96c39d9a09242f/out/lib/pkgconfig/Imath.pc
[INFO] [stderr]   -- Installing: /opt/rustwide/target/debug/build/vfxpreopenexr-sys-8c96c39d9a09242f/out/lib/cmake/Imath/ImathConfig.cmake
[INFO] [stderr]   -- Installing: /opt/rustwide/target/debug/build/vfxpreopenexr-sys-8c96c39d9a09242f/out/lib/cmake/Imath/ImathConfigVersion.cmake
[INFO] [stderr]   -- Installing: /opt/rustwide/target/debug/build/vfxpreopenexr-sys-8c96c39d9a09242f/out/lib/cmake/Imath/ImathTargets.cmake
[INFO] [stderr]   -- Installing: /opt/rustwide/target/debug/build/vfxpreopenexr-sys-8c96c39d9a09242f/out/lib/cmake/Imath/ImathTargets-release.cmake
[INFO] [stderr]   -- Installing: /opt/rustwide/target/debug/build/vfxpreopenexr-sys-8c96c39d9a09242f/out/lib/libImath-3_0.so.28.0.1
[INFO] [stderr]   -- Installing: /opt/rustwide/target/debug/build/vfxpreopenexr-sys-8c96c39d9a09242f/out/lib/libImath-3_0.so.28
[INFO] [stderr]   -- Set runtime path of "/opt/rustwide/target/debug/build/vfxpreopenexr-sys-8c96c39d9a09242f/out/lib/libImath-3_0.so.28.0.1" to "$ORIGIN/../lib:/opt/rustwide/target/debug/build/vfxpreopenexr-sys-8c96c39d9a09242f/out/lib"
[INFO] [stderr]   -- Installing: /opt/rustwide/target/debug/build/vfxpreopenexr-sys-8c96c39d9a09242f/out/lib/libImath-3_0.so
[INFO] [stderr]   -- Installing: /opt/rustwide/target/debug/build/vfxpreopenexr-sys-8c96c39d9a09242f/out/include/Imath/ImathBoxAlgo.h
[INFO] [stderr]   -- Installing: /opt/rustwide/target/debug/build/vfxpreopenexr-sys-8c96c39d9a09242f/out/include/Imath/ImathBox.h
[INFO] [stderr]   -- Installing: /opt/rustwide/target/debug/build/vfxpreopenexr-sys-8c96c39d9a09242f/out/include/Imath/ImathColorAlgo.h
[INFO] [stderr]   -- Installing: /opt/rustwide/target/debug/build/vfxpreopenexr-sys-8c96c39d9a09242f/out/include/Imath/ImathColor.h
[INFO] [stderr]   -- Installing: /opt/rustwide/target/debug/build/vfxpreopenexr-sys-8c96c39d9a09242f/out/include/Imath/ImathEuler.h
[INFO] [stderr]   -- Installing: /opt/rustwide/target/debug/build/vfxpreopenexr-sys-8c96c39d9a09242f/out/include/Imath/ImathExport.h
[INFO] [stderr]   -- Installing: /opt/rustwide/target/debug/build/vfxpreopenexr-sys-8c96c39d9a09242f/out/include/Imath/ImathForward.h
[INFO] [stderr]   -- Installing: /opt/rustwide/target/debug/build/vfxpreopenexr-sys-8c96c39d9a09242f/out/include/Imath/ImathFrame.h
[INFO] [stderr]   -- Installing: /opt/rustwide/target/debug/build/vfxpreopenexr-sys-8c96c39d9a09242f/out/include/Imath/ImathFrustum.h
[INFO] [stderr]   -- Installing: /opt/rustwide/target/debug/build/vfxpreopenexr-sys-8c96c39d9a09242f/out/include/Imath/ImathFrustumTest.h
[INFO] [stderr]   -- Installing: /opt/rustwide/target/debug/build/vfxpreopenexr-sys-8c96c39d9a09242f/out/include/Imath/ImathFun.h
[INFO] [stderr]   -- Installing: /opt/rustwide/target/debug/build/vfxpreopenexr-sys-8c96c39d9a09242f/out/include/Imath/ImathGL.h
[INFO] [stderr]   -- Installing: /opt/rustwide/target/debug/build/vfxpreopenexr-sys-8c96c39d9a09242f/out/include/Imath/ImathGLU.h
[INFO] [stderr]   -- Installing: /opt/rustwide/target/debug/build/vfxpreopenexr-sys-8c96c39d9a09242f/out/include/Imath/ImathInt64.h
[INFO] [stderr]   -- Installing: /opt/rustwide/target/debug/build/vfxpreopenexr-sys-8c96c39d9a09242f/out/include/Imath/ImathInterval.h
[INFO] [stderr]   -- Installing: /opt/rustwide/target/debug/build/vfxpreopenexr-sys-8c96c39d9a09242f/out/include/Imath/ImathLineAlgo.h
[INFO] [stderr]   -- Installing: /opt/rustwide/target/debug/build/vfxpreopenexr-sys-8c96c39d9a09242f/out/include/Imath/ImathLine.h
[INFO] [stderr]   -- Installing: /opt/rustwide/target/debug/build/vfxpreopenexr-sys-8c96c39d9a09242f/out/include/Imath/ImathMath.h
[INFO] [stderr]   -- Installing: /opt/rustwide/target/debug/build/vfxpreopenexr-sys-8c96c39d9a09242f/out/include/Imath/ImathMatrixAlgo.h
[INFO] [stderr]   -- Installing: /opt/rustwide/target/debug/build/vfxpreopenexr-sys-8c96c39d9a09242f/out/include/Imath/ImathMatrix.h
[INFO] [stderr]   -- Installing: /opt/rustwide/target/debug/build/vfxpreopenexr-sys-8c96c39d9a09242f/out/include/Imath/ImathNamespace.h
[INFO] [stderr]   -- Installing: /opt/rustwide/target/debug/build/vfxpreopenexr-sys-8c96c39d9a09242f/out/include/Imath/ImathPlane.h
[INFO] [stderr]   -- Installing: /opt/rustwide/target/debug/build/vfxpreopenexr-sys-8c96c39d9a09242f/out/include/Imath/ImathPlatform.h
[INFO] [stderr]   -- Installing: /opt/rustwide/target/debug/build/vfxpreopenexr-sys-8c96c39d9a09242f/out/include/Imath/ImathQuat.h
[INFO] [stderr]   -- Installing: /opt/rustwide/target/debug/build/vfxpreopenexr-sys-8c96c39d9a09242f/out/include/Imath/ImathRandom.h
[INFO] [stderr]   -- Installing: /opt/rustwide/target/debug/build/vfxpreopenexr-sys-8c96c39d9a09242f/out/include/Imath/ImathRoots.h
[INFO] [stderr]   -- Installing: /opt/rustwide/target/debug/build/vfxpreopenexr-sys-8c96c39d9a09242f/out/include/Imath/ImathShear.h
[INFO] [stderr]   -- Installing: /opt/rustwide/target/debug/build/vfxpreopenexr-sys-8c96c39d9a09242f/out/include/Imath/ImathSphere.h
[INFO] [stderr]   -- Installing: /opt/rustwide/target/debug/build/vfxpreopenexr-sys-8c96c39d9a09242f/out/include/Imath/ImathTypeTraits.h
[INFO] [stderr]   -- Installing: /opt/rustwide/target/debug/build/vfxpreopenexr-sys-8c96c39d9a09242f/out/include/Imath/ImathVecAlgo.h
[INFO] [stderr]   -- Installing: /opt/rustwide/target/debug/build/vfxpreopenexr-sys-8c96c39d9a09242f/out/include/Imath/ImathVec.h
[INFO] [stderr]   -- Installing: /opt/rustwide/target/debug/build/vfxpreopenexr-sys-8c96c39d9a09242f/out/include/Imath/half.h
[INFO] [stderr]   -- Installing: /opt/rustwide/target/debug/build/vfxpreopenexr-sys-8c96c39d9a09242f/out/include/Imath/halfFunction.h
[INFO] [stderr]   -- Installing: /opt/rustwide/target/debug/build/vfxpreopenexr-sys-8c96c39d9a09242f/out/include/Imath/halfLimits.h
[INFO] [stderr]   cargo:root=/opt/rustwide/target/debug/build/vfxpreopenexr-sys-8c96c39d9a09242f/out
[INFO] [stderr]   CMAKE_TOOLCHAIN_FILE_x86_64-unknown-linux-gnu = None
[INFO] [stderr]   CMAKE_TOOLCHAIN_FILE_x86_64_unknown_linux_gnu = None
[INFO] [stderr]   HOST_CMAKE_TOOLCHAIN_FILE = None
[INFO] [stderr]   CMAKE_TOOLCHAIN_FILE = None
[INFO] [stderr]   CMAKE_GENERATOR_x86_64-unknown-linux-gnu = None
[INFO] [stderr]   CMAKE_GENERATOR_x86_64_unknown_linux_gnu = None
[INFO] [stderr]   HOST_CMAKE_GENERATOR = None
[INFO] [stderr]   CMAKE_GENERATOR = None
[INFO] [stderr]   detected home dir change, cleaning out entire build directory
[INFO] [stderr]   CMAKE_PREFIX_PATH_x86_64-unknown-linux-gnu = None
[INFO] [stderr]   CMAKE_PREFIX_PATH_x86_64_unknown_linux_gnu = None
[INFO] [stderr]   HOST_CMAKE_PREFIX_PATH = None
[INFO] [stderr]   CMAKE_PREFIX_PATH = None
[INFO] [stderr]   CMAKE_x86_64-unknown-linux-gnu = None
[INFO] [stderr]   CMAKE_x86_64_unknown_linux_gnu = None
[INFO] [stderr]   HOST_CMAKE = None
[INFO] [stderr]   CMAKE = None
[INFO] [stderr]   running: cd "/opt/rustwide/target/debug/build/vfxpreopenexr-sys-8c96c39d9a09242f/out/build" && CMAKE_PREFIX_PATH="" LC_ALL="C" "cmake" "/opt/rustwide/workdir/thirdparty/openexr" "-DCMAKE_PREFIX_PATH=/opt/rustwide/target/debug/build/vfxpreopenexr-sys-8c96c39d9a09242f/out" "-DOPENEXR_IS_SUBPROJECT=ON" "-DBUILD_TESTING=OFF" "-DOPENEXR_INSTALL_EXAMPLES=OFF" "-DBUILD_SHARED_LIBS=ON" "-DCMAKE_INSTALL_PREFIX=/opt/rustwide/target/debug/build/vfxpreopenexr-sys-8c96c39d9a09242f/out" "-DCMAKE_C_FLAGS= -ffunction-sections -fdata-sections -fPIC -m64" "-DCMAKE_C_COMPILER=/usr/bin/cc" "-DCMAKE_CXX_FLAGS= -ffunction-sections -fdata-sections -fPIC -m64" "-DCMAKE_CXX_COMPILER=/usr/bin/c++" "-DCMAKE_ASM_FLAGS= -ffunction-sections -fdata-sections -fPIC -m64" "-DCMAKE_ASM_COMPILER=/usr/bin/cc" "-DCMAKE_BUILD_TYPE=Release"
[INFO] [stderr]   -- The C compiler identification is GNU 11.4.0
[INFO] [stderr]   -- The CXX compiler identification is GNU 11.4.0
[INFO] [stderr]   -- Detecting C compiler ABI info
[INFO] [stderr]   -- Detecting C compiler ABI info - done
[INFO] [stderr]   -- Check for working C compiler: /usr/bin/cc - skipped
[INFO] [stderr]   -- Detecting C compile features
[INFO] [stderr]   -- Detecting C compile features - done
[INFO] [stderr]   -- Detecting CXX compiler ABI info
[INFO] [stderr]   -- Detecting CXX compiler ABI info - done
[INFO] [stderr]   -- Check for working CXX compiler: /usr/bin/c++ - skipped
[INFO] [stderr]   -- Detecting CXX compile features
[INFO] [stderr]   -- Detecting CXX compile features - done
[INFO] [stderr]   -- Looking for pthread.h
[INFO] [stderr]   -- Looking for pthread.h - found
[INFO] [stderr]   -- Performing Test CMAKE_HAVE_LIBC_PTHREAD
[INFO] [stderr]   -- Performing Test CMAKE_HAVE_LIBC_PTHREAD - Success
[INFO] [stderr]   -- Found Threads: TRUE  
[INFO] [stderr]   -- Using Imath from /opt/rustwide/target/debug/build/vfxpreopenexr-sys-8c96c39d9a09242f/out/lib/cmake/Imath
[INFO] [stderr]   -- Performing Test OPENEXR_IMF_HAVE_SYSCONF_NPROCESSORS_ONLN
[INFO] [stderr]   -- Performing Test OPENEXR_IMF_HAVE_SYSCONF_NPROCESSORS_ONLN - Success
[INFO] [stderr]   -- Performing Test OPENEXR_IMF_HAVE_GCC_INLINE_ASM_AVX
[INFO] [stderr]   -- Performing Test OPENEXR_IMF_HAVE_GCC_INLINE_ASM_AVX - Success
[INFO] [stderr]   -- Looking for include file ucontext.h
[INFO] [stderr]   -- Looking for include file ucontext.h - found
[INFO] [stderr]   -- Performing Test IEX_HAVE_CONTROL_REGISTER_SUPPORT
[INFO] [stderr]   -- Performing Test IEX_HAVE_CONTROL_REGISTER_SUPPORT - Success
[INFO] [stderr]   -- Looking for include file semaphore.h
[INFO] [stderr]   -- Looking for include file semaphore.h - found
[INFO] [stderr]   -- Looking for sem_init in pthread
[INFO] [stderr]   -- Looking for sem_init in pthread - found
[INFO] [stderr]   -- Configure OpenEXR 3.0.4, library API version: 28.1.0
[INFO] [stderr]   -- Configuring done
[INFO] [stderr]   -- Generating done
[INFO] [stderr]   -- Build files have been written to: /opt/rustwide/target/debug/build/vfxpreopenexr-sys-8c96c39d9a09242f/out/build
[INFO] [stderr]   running: cd "/opt/rustwide/target/debug/build/vfxpreopenexr-sys-8c96c39d9a09242f/out/build" && LC_ALL="C" MAKEFLAGS="-j --jobserver-fds=8,9 --jobserver-auth=8,9" "cmake" "--build" "/opt/rustwide/target/debug/build/vfxpreopenexr-sys-8c96c39d9a09242f/out/build" "--target" "install" "--config" "Release"
[INFO] [stderr]   [  0%] Building CXX object src/lib/Iex/CMakeFiles/Iex.dir/IexMathFpu.cpp.o
[INFO] [stderr]   [  0%] Building CXX object src/lib/Iex/CMakeFiles/Iex.dir/IexBaseExc.cpp.o
[INFO] [stderr]   [  1%] Building CXX object src/lib/Iex/CMakeFiles/Iex.dir/IexMathFloatExc.cpp.o
[INFO] [stderr]   [  2%] Building CXX object src/lib/Iex/CMakeFiles/Iex.dir/IexThrowErrnoExc.cpp.o
[INFO] [stderr]   [  3%] Linking CXX shared library libIex-3_0.so
[INFO] [stderr]   [  3%] Built target Iex
[INFO] [stderr]   [  4%] Building CXX object src/lib/IlmThread/CMakeFiles/IlmThread.dir/IlmThread.cpp.o
[INFO] [stderr]   [  5%] Building CXX object src/lib/IlmThread/CMakeFiles/IlmThread.dir/IlmThreadSemaphore.cpp.o
[INFO] [stderr]   [  6%] Building CXX object src/lib/IlmThread/CMakeFiles/IlmThread.dir/IlmThreadPool.cpp.o
[INFO] [stderr]   [  6%] Building CXX object src/lib/IlmThread/CMakeFiles/IlmThread.dir/IlmThreadSemaphoreOSX.cpp.o
[INFO] [stderr]   [  7%] Building CXX object src/lib/IlmThread/CMakeFiles/IlmThread.dir/IlmThreadSemaphoreWin32.cpp.o
[INFO] [stderr]   [  7%] Building CXX object src/lib/IlmThread/CMakeFiles/IlmThread.dir/IlmThreadSemaphorePosix.cpp.o
[INFO] [stderr]   [  8%] Building CXX object src/lib/IlmThread/CMakeFiles/IlmThread.dir/IlmThreadSemaphorePosixCompat.cpp.o
[INFO] [stderr]   [  8%] Linking CXX shared library libIlmThread-3_0.so
[INFO] [stderr]   [  8%] Built target IlmThread
[INFO] [stderr]   [  9%] Building CXX object src/lib/OpenEXR/CMakeFiles/OpenEXR.dir/ImfAttribute.cpp.o
[INFO] [stderr]   [  9%] Building CXX object src/lib/OpenEXR/CMakeFiles/OpenEXR.dir/ImfCRgbaFile.cpp.o
[INFO] [stderr]   [ 10%] Building CXX object src/lib/OpenEXR/CMakeFiles/OpenEXR.dir/ImfChannelListAttribute.cpp.o
[INFO] [stderr]   [ 11%] Building CXX object src/lib/OpenEXR/CMakeFiles/OpenEXR.dir/ImfChannelList.cpp.o
[INFO] [stderr]   [ 11%] Building CXX object src/lib/OpenEXR/CMakeFiles/OpenEXR.dir/ImfFloatAttribute.cpp.o
[INFO] [stderr]   [ 12%] Building CXX object src/lib/OpenEXR/CMakeFiles/OpenEXR.dir/ImfFrameBuffer.cpp.o
[INFO] [stderr]   [ 13%] Building CXX object src/lib/OpenEXR/CMakeFiles/OpenEXR.dir/ImfInputFile.cpp.o
[INFO] [stderr]   [ 14%] Building CXX object src/lib/OpenEXR/CMakeFiles/OpenEXR.dir/ImfBoxAttribute.cpp.o
[INFO] [stderr]   [ 14%] Building CXX object src/lib/OpenEXR/CMakeFiles/OpenEXR.dir/ImfIO.cpp.o
[INFO] [stderr]   [ 15%] Building CXX object src/lib/OpenEXR/CMakeFiles/OpenEXR.dir/ImfIntAttribute.cpp.o
[INFO] [stderr]   [ 16%] Building CXX object src/lib/OpenEXR/CMakeFiles/OpenEXR.dir/ImfRgbaFile.cpp.o
[INFO] [stderr]   [ 16%] Building CXX object src/lib/OpenEXR/CMakeFiles/OpenEXR.dir/ImfOutputFile.cpp.o
[INFO] [stderr]   [ 17%] Building CXX object src/lib/OpenEXR/CMakeFiles/OpenEXR.dir/ImfHeader.cpp.o
[INFO] [stderr]   [ 19%] Building CXX object src/lib/OpenEXR/CMakeFiles/OpenEXR.dir/ImfMatrixAttribute.cpp.o
[INFO] [stderr]   [ 18%] Building CXX object src/lib/OpenEXR/CMakeFiles/OpenEXR.dir/ImfOpaqueAttribute.cpp.o
[INFO] [stderr]   [ 19%] Building CXX object src/lib/OpenEXR/CMakeFiles/OpenEXR.dir/ImfLineOrderAttribute.cpp.o
[INFO] [stderr]   [ 20%] Building CXX object src/lib/OpenEXR/CMakeFiles/OpenEXR.dir/ImfStringAttribute.cpp.o
[INFO] [stderr]   [ 20%] Building CXX object src/lib/OpenEXR/CMakeFiles/OpenEXR.dir/ImfVecAttribute.cpp.o
[INFO] [stderr]   [ 21%] Building CXX object src/lib/OpenEXR/CMakeFiles/OpenEXR.dir/ImfHuf.cpp.o
[INFO] [stderr]   [ 22%] Building CXX object src/lib/OpenEXR/CMakeFiles/OpenEXR.dir/ImfThreading.cpp.o
[INFO] [stderr]   [ 22%] Building CXX object src/lib/OpenEXR/CMakeFiles/OpenEXR.dir/ImfWav.cpp.o
[INFO] [stderr]   [ 23%] Building CXX object src/lib/OpenEXR/CMakeFiles/OpenEXR.dir/ImfLut.cpp.o
[INFO] [stderr]   [ 24%] Building CXX object src/lib/OpenEXR/CMakeFiles/OpenEXR.dir/ImfCompressor.cpp.o
[INFO] [stderr]   [ 24%] Building CXX object src/lib/OpenEXR/CMakeFiles/OpenEXR.dir/ImfRleCompressor.cpp.o
[INFO] [stderr]   [ 25%] Building CXX object src/lib/OpenEXR/CMakeFiles/OpenEXR.dir/ImfZipCompressor.cpp.o
[INFO] [stderr]   [ 26%] Building CXX object src/lib/OpenEXR/CMakeFiles/OpenEXR.dir/ImfPizCompressor.cpp.o
[INFO] [stderr]   [ 26%] Building CXX object src/lib/OpenEXR/CMakeFiles/OpenEXR.dir/ImfB44Compressor.cpp.o
[INFO] [stderr]   [ 27%] Building CXX object src/lib/OpenEXR/CMakeFiles/OpenEXR.dir/ImfDwaCompressor.cpp.o
[INFO] [stderr]   [ 28%] Building CXX object src/lib/OpenEXR/CMakeFiles/OpenEXR.dir/ImfMisc.cpp.o
[INFO] [stderr]   [ 28%] Building CXX object src/lib/OpenEXR/CMakeFiles/OpenEXR.dir/ImfCompressionAttribute.cpp.o
[INFO] [stderr]   [ 29%] Building CXX object src/lib/OpenEXR/CMakeFiles/OpenEXR.dir/ImfDoubleAttribute.cpp.o
[INFO] [stderr]   [ 30%] Building CXX object src/lib/OpenEXR/CMakeFiles/OpenEXR.dir/ImfConvert.cpp.o
[INFO] [stderr]   [ 30%] Building CXX object src/lib/OpenEXR/CMakeFiles/OpenEXR.dir/ImfPreviewImage.cpp.o
[INFO] [stderr]   [ 31%] Building CXX object src/lib/OpenEXR/CMakeFiles/OpenEXR.dir/ImfPreviewImageAttribute.cpp.o
[INFO] [stderr]   [ 32%] Building CXX object src/lib/OpenEXR/CMakeFiles/OpenEXR.dir/ImfVersion.cpp.o
[INFO] [stderr]   [ 32%] Building CXX object src/lib/OpenEXR/CMakeFiles/OpenEXR.dir/ImfChromaticities.cpp.o
[INFO] [stderr]   [ 33%] Building CXX object src/lib/OpenEXR/CMakeFiles/OpenEXR.dir/ImfChromaticitiesAttribute.cpp.o
[INFO] [stderr]   [ 34%] Building CXX object src/lib/OpenEXR/CMakeFiles/OpenEXR.dir/ImfKeyCode.cpp.o
[INFO] [stderr]   [ 35%] Building CXX object src/lib/OpenEXR/CMakeFiles/OpenEXR.dir/ImfTimeCodeAttribute.cpp.o
[INFO] [stderr]   [ 36%] Building CXX object src/lib/OpenEXR/CMakeFiles/OpenEXR.dir/ImfTimeCode.cpp.o
[INFO] [stderr]   [ 36%] Building CXX object src/lib/OpenEXR/CMakeFiles/OpenEXR.dir/ImfKeyCodeAttribute.cpp.o
[INFO] [stderr]   [ 36%] Building CXX object src/lib/OpenEXR/CMakeFiles/OpenEXR.dir/ImfRational.cpp.o
[INFO] [stderr]   [ 37%] Building CXX object src/lib/OpenEXR/CMakeFiles/OpenEXR.dir/ImfRationalAttribute.cpp.o
[INFO] [stderr]   [ 38%] Building CXX object src/lib/OpenEXR/CMakeFiles/OpenEXR.dir/ImfFramesPerSecond.cpp.o
[INFO] [stderr]   [ 38%] Building CXX object src/lib/OpenEXR/CMakeFiles/OpenEXR.dir/ImfStandardAttributes.cpp.o
[INFO] [stderr]   [ 39%] Building CXX object src/lib/OpenEXR/CMakeFiles/OpenEXR.dir/ImfStdIO.cpp.o
[INFO] [stderr]   [ 40%] Building CXX object src/lib/OpenEXR/CMakeFiles/OpenEXR.dir/ImfEnvmap.cpp.o
[INFO] [stderr]   [ 40%] Building CXX object src/lib/OpenEXR/CMakeFiles/OpenEXR.dir/ImfEnvmapAttribute.cpp.o
[INFO] [stderr]   [ 41%] Building CXX object src/lib/OpenEXR/CMakeFiles/OpenEXR.dir/ImfScanLineInputFile.cpp.o
[INFO] [stderr]   [ 42%] Building CXX object src/lib/OpenEXR/CMakeFiles/OpenEXR.dir/ImfTiledInputFile.cpp.o
[INFO] [stderr]   [ 42%] Building CXX object src/lib/OpenEXR/CMakeFiles/OpenEXR.dir/ImfTiledMisc.cpp.o
[INFO] [stderr]   [ 43%] Building CXX object src/lib/OpenEXR/CMakeFiles/OpenEXR.dir/ImfTiledOutputFile.cpp.o
[INFO] [stderr]   [ 44%] Building CXX object src/lib/OpenEXR/CMakeFiles/OpenEXR.dir/ImfTiledRgbaFile.cpp.o
[INFO] [stderr]   [ 44%] Building CXX object src/lib/OpenEXR/CMakeFiles/OpenEXR.dir/ImfTileDescriptionAttribute.cpp.o
[INFO] [stderr]   [ 45%] Building CXX object src/lib/OpenEXR/CMakeFiles/OpenEXR.dir/ImfTileOffsets.cpp.o
[INFO] [stderr]   [ 46%] Building CXX object src/lib/OpenEXR/CMakeFiles/OpenEXR.dir/ImfRgbaYca.cpp.o
[INFO] [stderr]   [ 46%] Building CXX object src/lib/OpenEXR/CMakeFiles/OpenEXR.dir/ImfPxr24Compressor.cpp.o
[INFO] [stderr]   [ 47%] Building CXX object src/lib/OpenEXR/CMakeFiles/OpenEXR.dir/ImfTestFile.cpp.o
[INFO] [stderr]   [ 48%] Building CXX object src/lib/OpenEXR/CMakeFiles/OpenEXR.dir/ImfStringVectorAttribute.cpp.o
[INFO] [stderr]   [ 48%] Building CXX object src/lib/OpenEXR/CMakeFiles/OpenEXR.dir/ImfMultiView.cpp.o
[INFO] [stderr]   [ 49%] Building CXX object src/lib/OpenEXR/CMakeFiles/OpenEXR.dir/ImfAcesFile.cpp.o
[INFO] [stderr]   [ 50%] Building CXX object src/lib/OpenEXR/CMakeFiles/OpenEXR.dir/ImfMultiPartOutputFile.cpp.o
[INFO] [stderr]   [ 50%] Building CXX object src/lib/OpenEXR/CMakeFiles/OpenEXR.dir/ImfGenericOutputFile.cpp.o
[INFO] [stderr]   [ 51%] Building CXX object src/lib/OpenEXR/CMakeFiles/OpenEXR.dir/ImfOutputPartData.cpp.o
[INFO] [stderr]   [ 52%] Building CXX object src/lib/OpenEXR/CMakeFiles/OpenEXR.dir/ImfMultiPartInputFile.cpp.o
[INFO] [stderr]   [ 52%] Building CXX object src/lib/OpenEXR/CMakeFiles/OpenEXR.dir/ImfGenericInputFile.cpp.o
[INFO] [stderr] 
[INFO] [stderr]   --- stderr
[INFO] [stderr]   CMake Warning:
[INFO] [stderr]     Manually-specified variables were not used by the project:
[INFO] [stderr] 
[INFO] [stderr]       CMAKE_ASM_COMPILER
[INFO] [stderr]       CMAKE_ASM_FLAGS
[INFO] [stderr] 
[INFO] [stderr] 
[INFO] [stderr]   -- Creating symlink in /opt/rustwide/target/debug/build/vfxpreopenexr-sys-8c96c39d9a09242f/out/lib libImath.so -> libImath-3_0.so
[INFO] [stderr]   CMake Warning:
[INFO] [stderr]     Manually-specified variables were not used by the project:
[INFO] [stderr] 
[INFO] [stderr]       CMAKE_ASM_COMPILER
[INFO] [stderr]       CMAKE_ASM_FLAGS
[INFO] [stderr] 
[INFO] [stderr] 
[INFO] [stderr]   c++: fatal error: Killed signal terminated program cc1plus
[INFO] [stderr]   compilation terminated.
[INFO] [stderr]   gmake[2]: *** [src/lib/OpenEXR/CMakeFiles/OpenEXR.dir/build.make:454: src/lib/OpenEXR/CMakeFiles/OpenEXR.dir/ImfDwaCompressor.cpp.o] Error 1
[INFO] [stderr]   gmake[2]: *** Waiting for unfinished jobs....
[INFO] [stderr]   gmake[1]: *** [CMakeFiles/Makefile2:415: src/lib/OpenEXR/CMakeFiles/OpenEXR.dir/all] Error 2
[INFO] [stderr]   gmake: *** [Makefile:136: all] Error 2
[INFO] [stderr]   thread 'main' panicked at /opt/rustwide/cargo-home/registry/src/index.crates.io-6f17d22bba15001f/cmake-0.1.52/src/lib.rs:1115:5:
[INFO] [stderr] 
[INFO] [stderr]   command did not execute successfully, got: exit status: 2
[INFO] [stderr] 
[INFO] [stderr]   build script failed, must exit now
[INFO] [stderr]   stack backtrace:
[INFO] [stderr]      0:     0x62858005a41a - std::backtrace_rs::backtrace::libunwind::trace::h8810477743020387
[INFO] [stderr]                                  at /rustc/202008a1b8de96d2e5b6bc02d379db03a877d34d/library/std/src/../../backtrace/src/backtrace/libunwind.rs:116:5
[INFO] [stderr]      1:     0x62858005a41a - std::backtrace_rs::backtrace::trace_unsynchronized::h3aa55355dd6c54a6
[INFO] [stderr]                                  at /rustc/202008a1b8de96d2e5b6bc02d379db03a877d34d/library/std/src/../../backtrace/src/backtrace/mod.rs:66:5
[INFO] [stderr]      2:     0x62858005a41a - std::sys::backtrace::_print_fmt::h8588b0f62410823f
[INFO] [stderr]                                  at /rustc/202008a1b8de96d2e5b6bc02d379db03a877d34d/library/std/src/sys/backtrace.rs:66:9
[INFO] [stderr]      3:     0x62858005a41a - <std::sys::backtrace::BacktraceLock::print::DisplayBacktrace as core::fmt::Display>::fmt::h98c26ac25ffe89bb
[INFO] [stderr]                                  at /rustc/202008a1b8de96d2e5b6bc02d379db03a877d34d/library/std/src/sys/backtrace.rs:39:26
[INFO] [stderr]      4:     0x62858007d9b3 - core::fmt::rt::Argument::fmt::hf95377f4aebd453b
[INFO] [stderr]                                  at /rustc/202008a1b8de96d2e5b6bc02d379db03a877d34d/library/core/src/fmt/rt.rs:177:76
[INFO] [stderr]      5:     0x62858007d9b3 - core::fmt::write::h0dd5f6e2238c7982
[INFO] [stderr]                                  at /rustc/202008a1b8de96d2e5b6bc02d379db03a877d34d/library/core/src/fmt/mod.rs:1189:21
[INFO] [stderr]      6:     0x6285800572e3 - std::io::Write::write_fmt::hc00bff0a88e08857
[INFO] [stderr]                                  at /rustc/202008a1b8de96d2e5b6bc02d379db03a877d34d/library/std/src/io/mod.rs:1884:15
[INFO] [stderr]      7:     0x62858005a262 - std::sys::backtrace::BacktraceLock::print::h5c19c1c038ee186d
[INFO] [stderr]                                  at /rustc/202008a1b8de96d2e5b6bc02d379db03a877d34d/library/std/src/sys/backtrace.rs:42:9
[INFO] [stderr]      8:     0x62858005b45c - std::panicking::default_hook::{{closure}}::h77172f079a1fcb13
[INFO] [stderr]                                  at /rustc/202008a1b8de96d2e5b6bc02d379db03a877d34d/library/std/src/panicking.rs:268:22
[INFO] [stderr]      9:     0x62858005b2a2 - std::panicking::default_hook::he5f8e3b203ccddba
[INFO] [stderr]                                  at /rustc/202008a1b8de96d2e5b6bc02d379db03a877d34d/library/std/src/panicking.rs:295:9
[INFO] [stderr]     10:     0x62858005ba37 - std::panicking::rust_panic_with_hook::h53863d4e9018df39
[INFO] [stderr]                                  at /rustc/202008a1b8de96d2e5b6bc02d379db03a877d34d/library/std/src/panicking.rs:801:13
[INFO] [stderr]     11:     0x62858005b8ca - std::panicking::begin_panic_handler::{{closure}}::h67280e6fa0757873
[INFO] [stderr]                                  at /rustc/202008a1b8de96d2e5b6bc02d379db03a877d34d/library/std/src/panicking.rs:674:13
[INFO] [stderr]     12:     0x62858005a8f9 - std::sys::backtrace::__rust_end_short_backtrace::h1dac3f54d6fbbeb2
[INFO] [stderr]                                  at /rustc/202008a1b8de96d2e5b6bc02d379db03a877d34d/library/std/src/sys/backtrace.rs:170:18
[INFO] [stderr]     13:     0x62858005b55c - rust_begin_unwind
[INFO] [stderr]                                  at /rustc/202008a1b8de96d2e5b6bc02d379db03a877d34d/library/std/src/panicking.rs:665:5
[INFO] [stderr]     14:     0x62857fd95c30 - core::panicking::panic_fmt::h6792bd1b2bf01041
[INFO] [stderr]                                  at /rustc/202008a1b8de96d2e5b6bc02d379db03a877d34d/library/core/src/panicking.rs:76:14
[INFO] [stderr]     15:     0x62857fdaca72 - cmake::fail::h9bc902a4fff2c207
[INFO] [stderr]     16:     0x62857fdac20d - cmake::run::hbb152cc0abf63adc
[INFO] [stderr]     17:     0x62857fda8ae3 - cmake::Config::build::h0660c8ee33c36c41
[INFO] [stderr]     18:     0x62857fd9e5b5 - build_script_build::build_openexr::hfc8cf6651a4c85e3
[INFO] [stderr]     19:     0x62857fd9fc03 - build_script_build::main::h453bf759121c952b
[INFO] [stderr]     20:     0x62857fd984a3 - core::ops::function::FnOnce::call_once::h496755a88b30c495
[INFO] [stderr]     21:     0x62857fd9cd96 - std::sys::backtrace::__rust_begin_short_backtrace::h9a3b73d61dcbeb84
[INFO] [stderr]     22:     0x62857fd9cd79 - std::rt::lang_start::{{closure}}::h3a55ee20cf25b9d1
[INFO] [stderr]     23:     0x628580053167 - core::ops::function::impls::<impl core::ops::function::FnOnce<A> for &F>::call_once::hba2470d01d3f5e41
[INFO] [stderr]                                  at /rustc/202008a1b8de96d2e5b6bc02d379db03a877d34d/library/core/src/ops/function.rs:284:13
[INFO] [stderr]     24:     0x628580053167 - std::panicking::try::do_call::hc063fb73159aab72
[INFO] [stderr]                                  at /rustc/202008a1b8de96d2e5b6bc02d379db03a877d34d/library/std/src/panicking.rs:557:40
[INFO] [stderr]     25:     0x628580053167 - std::panicking::try::h2767c6d245d3a3bb
[INFO] [stderr]                                  at /rustc/202008a1b8de96d2e5b6bc02d379db03a877d34d/library/std/src/panicking.rs:520:19
[INFO] [stderr]     26:     0x628580053167 - std::panic::catch_unwind::h061c6ef75790da63
[INFO] [stderr]                                  at /rustc/202008a1b8de96d2e5b6bc02d379db03a877d34d/library/std/src/panic.rs:358:14
[INFO] [stderr]     27:     0x628580053167 - std::rt::lang_start_internal::{{closure}}::h5c5e35b11a4b8c4e
[INFO] [stderr]                                  at /rustc/202008a1b8de96d2e5b6bc02d379db03a877d34d/library/std/src/rt.rs:174:48
[INFO] [stderr]     28:     0x628580053167 - std::panicking::try::do_call::h705e99690a8109cc
[INFO] [stderr]                                  at /rustc/202008a1b8de96d2e5b6bc02d379db03a877d34d/library/std/src/panicking.rs:557:40
[INFO] [stderr]     29:     0x628580053167 - std::panicking::try::he5f4452754ed9a34
[INFO] [stderr]                                  at /rustc/202008a1b8de96d2e5b6bc02d379db03a877d34d/library/std/src/panicking.rs:520:19
[INFO] [stderr]     30:     0x628580053167 - std::panic::catch_unwind::h5db61b3bcbe883e5
[INFO] [stderr]                                  at /rustc/202008a1b8de96d2e5b6bc02d379db03a877d34d/library/std/src/panic.rs:358:14
[INFO] [stderr]     31:     0x628580053167 - std::rt::lang_start_internal::h81da9b59bab665c6
[INFO] [stderr]                                  at /rustc/202008a1b8de96d2e5b6bc02d379db03a877d34d/library/std/src/rt.rs:174:20
[INFO] [stderr]     32:     0x62857fd9cd57 - std::rt::lang_start::h37f4246dded13adb
[INFO] [stderr]     33:     0x62857fda0ff5 - main
[INFO] [stderr]     34:     0x732c5db15d90 - <unknown>
[INFO] [stderr]     35:     0x732c5db15e40 - __libc_start_main
[INFO] [stderr]     36:     0x62857fd96415 - _start
[INFO] [stderr]     37:                0x0 - <unknown>
[INFO] running `Command { std: "docker" "inspect" "2a2c3a5ff26964100c4ec1b827403bec7651cf7f8cab0e62063db22a22b30cc6", kill_on_drop: false }`
[INFO] running `Command { std: "docker" "rm" "-f" "2a2c3a5ff26964100c4ec1b827403bec7651cf7f8cab0e62063db22a22b30cc6", kill_on_drop: false }`
[INFO] [stdout] 2a2c3a5ff26964100c4ec1b827403bec7651cf7f8cab0e62063db22a22b30cc6
