[INFO] fetching crate vax-floating 0.2.0...
[INFO] testing vax-floating-0.2.0 against 1.83.0 for beta-1.84.0-4-retry
[INFO] extracting crate vax-floating 0.2.0 into /workspace/builds/worker-4-tc1/source
[INFO] validating manifest of crates.io crate vax-floating 0.2.0 on toolchain 1.83.0
[INFO] running `Command { std: CARGO_HOME="/workspace/cargo-home" RUSTUP_HOME="/workspace/rustup-home" "/workspace/cargo-home/bin/cargo" "+1.83.0" "metadata" "--manifest-path" "Cargo.toml" "--no-deps", kill_on_drop: false }`
[INFO] started tweaking crates.io crate vax-floating 0.2.0
[INFO] finished tweaking crates.io crate vax-floating 0.2.0
[INFO] tweaked toml for crates.io crate vax-floating 0.2.0 written to /workspace/builds/worker-4-tc1/source/Cargo.toml
[INFO] running `Command { std: CARGO_HOME="/workspace/cargo-home" RUSTUP_HOME="/workspace/rustup-home" "/workspace/cargo-home/bin/cargo" "+1.83.0" "generate-lockfile" "--manifest-path" "Cargo.toml", kill_on_drop: false }`
[INFO] [stderr]     Updating crates.io index
[INFO] [stderr]      Locking 106 packages to latest compatible versions
[INFO] running `Command { std: CARGO_HOME="/workspace/cargo-home" RUSTUP_HOME="/workspace/rustup-home" "/workspace/cargo-home/bin/cargo" "+1.83.0" "fetch" "--manifest-path" "Cargo.toml", kill_on_drop: false }`
[INFO] running `Command { std: "docker" "create" "-v" "/var/lib/crater-agent-workspace/builds/worker-4-tc1/target:/opt/rustwide/target:rw,Z" "-v" "/var/lib/crater-agent-workspace/builds/worker-4-tc1/source:/opt/rustwide/workdir:ro,Z" "-v" "/var/lib/crater-agent-workspace/cargo-home:/opt/rustwide/cargo-home:ro,Z" "-v" "/var/lib/crater-agent-workspace/rustup-home:/opt/rustwide/rustup-home:ro,Z" "-e" "SOURCE_DIR=/opt/rustwide/workdir" "-e" "CARGO_TARGET_DIR=/opt/rustwide/target" "-e" "CARGO_HOME=/opt/rustwide/cargo-home" "-e" "RUSTUP_HOME=/opt/rustwide/rustup-home" "-w" "/opt/rustwide/workdir" "-m" "1610612736" "--user" "0:0" "--network" "none" "ghcr.io/rust-lang/crates-build-env/linux@sha256:f3a9d4ad9d972b27faf3965f35b62e55ba32bbce8f20bc8fe909558a86702fde" "/opt/rustwide/cargo-home/bin/cargo" "+1.83.0" "metadata" "--no-deps" "--format-version=1", kill_on_drop: false }`
[INFO] [stdout] c1cd0507bf03ccd988c932f4ad8f174901c9e210ea85e7e0b51d0e5af5a65e27
[INFO] running `Command { std: "docker" "start" "-a" "c1cd0507bf03ccd988c932f4ad8f174901c9e210ea85e7e0b51d0e5af5a65e27", kill_on_drop: false }`
[INFO] running `Command { std: "docker" "inspect" "c1cd0507bf03ccd988c932f4ad8f174901c9e210ea85e7e0b51d0e5af5a65e27", kill_on_drop: false }`
[INFO] running `Command { std: "docker" "rm" "-f" "c1cd0507bf03ccd988c932f4ad8f174901c9e210ea85e7e0b51d0e5af5a65e27", kill_on_drop: false }`
[INFO] [stdout] c1cd0507bf03ccd988c932f4ad8f174901c9e210ea85e7e0b51d0e5af5a65e27
[INFO] running `Command { std: "docker" "create" "-v" "/var/lib/crater-agent-workspace/builds/worker-4-tc1/target:/opt/rustwide/target:rw,Z" "-v" "/var/lib/crater-agent-workspace/builds/worker-4-tc1/source:/opt/rustwide/workdir:ro,Z" "-v" "/var/lib/crater-agent-workspace/cargo-home:/opt/rustwide/cargo-home:ro,Z" "-v" "/var/lib/crater-agent-workspace/rustup-home:/opt/rustwide/rustup-home:ro,Z" "-e" "SOURCE_DIR=/opt/rustwide/workdir" "-e" "CARGO_TARGET_DIR=/opt/rustwide/target" "-e" "CARGO_INCREMENTAL=0" "-e" "RUST_BACKTRACE=full" "-e" "RUSTFLAGS=--cap-lints=warn" "-e" "RUSTDOCFLAGS=--cap-lints=warn" "-e" "CARGO_HOME=/opt/rustwide/cargo-home" "-e" "RUSTUP_HOME=/opt/rustwide/rustup-home" "-w" "/opt/rustwide/workdir" "-m" "1610612736" "--user" "0:0" "--network" "none" "ghcr.io/rust-lang/crates-build-env/linux@sha256:f3a9d4ad9d972b27faf3965f35b62e55ba32bbce8f20bc8fe909558a86702fde" "/opt/rustwide/cargo-home/bin/cargo" "+1.83.0" "build" "--frozen" "--message-format=json", kill_on_drop: false }`
[INFO] [stdout] 00f8ba16bfafbc836626b8910c92d00593931532895a049b3eaef45cd1c9440c
[INFO] running `Command { std: "docker" "start" "-a" "00f8ba16bfafbc836626b8910c92d00593931532895a049b3eaef45cd1c9440c", kill_on_drop: false }`
[INFO] [stderr]    Compiling forward_ref v1.0.0
[INFO] [stderr]    Compiling vax-floating v0.2.0 (/opt/rustwide/workdir)
[INFO] [stderr]     Finished `dev` profile [unoptimized + debuginfo] target(s) in 1.31s
[INFO] running `Command { std: "docker" "inspect" "00f8ba16bfafbc836626b8910c92d00593931532895a049b3eaef45cd1c9440c", kill_on_drop: false }`
[INFO] running `Command { std: "docker" "rm" "-f" "00f8ba16bfafbc836626b8910c92d00593931532895a049b3eaef45cd1c9440c", kill_on_drop: false }`
[INFO] [stdout] 00f8ba16bfafbc836626b8910c92d00593931532895a049b3eaef45cd1c9440c
[INFO] running `Command { std: "docker" "create" "-v" "/var/lib/crater-agent-workspace/builds/worker-4-tc1/target:/opt/rustwide/target:rw,Z" "-v" "/var/lib/crater-agent-workspace/builds/worker-4-tc1/source:/opt/rustwide/workdir:ro,Z" "-v" "/var/lib/crater-agent-workspace/cargo-home:/opt/rustwide/cargo-home:ro,Z" "-v" "/var/lib/crater-agent-workspace/rustup-home:/opt/rustwide/rustup-home:ro,Z" "-e" "SOURCE_DIR=/opt/rustwide/workdir" "-e" "CARGO_TARGET_DIR=/opt/rustwide/target" "-e" "CARGO_INCREMENTAL=0" "-e" "RUST_BACKTRACE=full" "-e" "RUSTFLAGS=--cap-lints=warn" "-e" "RUSTDOCFLAGS=--cap-lints=warn" "-e" "CARGO_HOME=/opt/rustwide/cargo-home" "-e" "RUSTUP_HOME=/opt/rustwide/rustup-home" "-w" "/opt/rustwide/workdir" "-m" "1610612736" "--user" "0:0" "--network" "none" "ghcr.io/rust-lang/crates-build-env/linux@sha256:f3a9d4ad9d972b27faf3965f35b62e55ba32bbce8f20bc8fe909558a86702fde" "/opt/rustwide/cargo-home/bin/cargo" "+1.83.0" "test" "--frozen" "--no-run" "--message-format=json", kill_on_drop: false }`
[INFO] [stdout] d605d5168a0fc85bac286ec6be14a390b5de6cb0ef958c577a46d13376e387c9
[INFO] running `Command { std: "docker" "start" "-a" "d605d5168a0fc85bac286ec6be14a390b5de6cb0ef958c577a46d13376e387c9", kill_on_drop: false }`
[INFO] [stderr]    Compiling proc-macro2 v1.0.92
[INFO] [stderr]    Compiling unicode-ident v1.0.14
[INFO] [stderr]    Compiling cfg-if v1.0.0
[INFO] [stderr]    Compiling libc v0.2.168
[INFO] [stderr]    Compiling crossbeam-utils v0.8.20
[INFO] [stderr]    Compiling libm v0.2.11
[INFO] [stderr]    Compiling autocfg v1.4.0
[INFO] [stderr]    Compiling serde v1.0.216
[INFO] [stderr]    Compiling rustix v0.38.42
[INFO] [stderr]    Compiling byteorder v1.5.0
[INFO] [stderr]    Compiling utf8parse v0.2.2
[INFO] [stderr]    Compiling anstyle-parse v0.2.6
[INFO] [stderr]    Compiling once_cell v1.20.2
[INFO] [stderr]    Compiling num-traits v0.2.19
[INFO] [stderr]    Compiling colorchoice v1.0.3
[INFO] [stderr]    Compiling regex-syntax v0.8.5
[INFO] [stderr]    Compiling is_terminal_polyfill v1.70.1
[INFO] [stderr]    Compiling crossbeam-epoch v0.9.18
[INFO] [stderr]    Compiling anstyle v1.0.10
[INFO] [stderr]    Compiling linux-raw-sys v0.4.14
[INFO] [stderr]    Compiling bitflags v2.6.0
[INFO] [stderr]    Compiling either v1.13.0
[INFO] [stderr]    Compiling serde_json v1.0.133
[INFO] [stderr]    Compiling rayon-core v1.12.1
[INFO] [stderr]    Compiling anstyle-query v1.1.2
[INFO] [stderr]    Compiling anstream v0.6.18
[INFO] [stderr]    Compiling crossbeam-deque v0.8.5
[INFO] [stderr]    Compiling quote v1.0.37
[INFO] [stderr]    Compiling half v2.4.1
[INFO] [stderr]    Compiling syn v2.0.90
[INFO] [stderr]    Compiling fastrand v2.3.0
[INFO] [stderr]    Compiling itoa v1.0.14
[INFO] [stderr]    Compiling getrandom v0.2.15
[INFO] [stderr]    Compiling strsim v0.11.1
[INFO] [stderr]    Compiling ryu v1.0.18
[INFO] [stderr]    Compiling rand_core v0.6.4
[INFO] [stderr]    Compiling clap_lex v0.7.4
[INFO] [stderr]    Compiling heck v0.5.0
[INFO] [stderr]    Compiling ciborium-io v0.2.2
[INFO] [stderr]    Compiling memchr v2.7.4
[INFO] [stderr]    Compiling plotters-backend v0.3.7
[INFO] [stderr]    Compiling ciborium-ll v0.2.2
[INFO] [stderr]    Compiling clap_builder v4.5.23
[INFO] [stderr]    Compiling plotters-svg v0.3.7
[INFO] [stderr]    Compiling wait-timeout v0.2.0
[INFO] [stderr]    Compiling regex-automata v0.4.9
[INFO] [stderr]    Compiling itertools v0.10.5
[INFO] [stderr]    Compiling cast v0.3.0
[INFO] [stderr]    Compiling tempfile v3.14.0
[INFO] [stderr]    Compiling fnv v1.0.7
[INFO] [stderr]    Compiling quick-error v1.2.3
[INFO] [stderr]    Compiling same-file v1.0.6
[INFO] [stderr]    Compiling bit-vec v0.6.3
[INFO] [stderr]    Compiling walkdir v2.5.0
[INFO] [stderr]    Compiling bit-set v0.5.3
[INFO] [stderr]    Compiling rusty-fork v0.3.0
[INFO] [stderr]    Compiling rayon v1.10.0
[INFO] [stderr]    Compiling criterion-plot v0.5.0
[INFO] [stderr]    Compiling plotters v0.3.7
[INFO] [stderr]    Compiling rand_xorshift v0.3.0
[INFO] [stderr]    Compiling is-terminal v0.4.13
[INFO] [stderr]    Compiling anes v0.1.6
[INFO] [stderr]    Compiling lazy_static v1.5.0
[INFO] [stderr]    Compiling regex v1.11.1
[INFO] [stderr]    Compiling oorandom v11.1.4
[INFO] [stderr]    Compiling unarray v0.1.4
[INFO] [stderr]    Compiling serde_derive v1.0.216
[INFO] [stderr]    Compiling zerocopy-derive v0.7.35
[INFO] [stderr]    Compiling clap_derive v4.5.18
[INFO] [stderr]    Compiling zerocopy v0.7.35
[INFO] [stderr]    Compiling ppv-lite86 v0.2.20
[INFO] [stderr]    Compiling clap v4.5.23
[INFO] [stderr]    Compiling rand_chacha v0.3.1
[INFO] [stderr]    Compiling rand v0.8.5
[INFO] [stderr]    Compiling proptest v1.5.0
[INFO] [stderr]    Compiling ciborium v0.2.2
[INFO] [stderr]    Compiling tinytemplate v1.2.1
[INFO] [stderr]    Compiling criterion v0.5.1
[INFO] [stderr]    Compiling vax-floating v0.2.0 (/opt/rustwide/workdir)
[INFO] [stderr]     Finished `test` profile [unoptimized + debuginfo] target(s) in 1m 11s
[INFO] running `Command { std: "docker" "inspect" "d605d5168a0fc85bac286ec6be14a390b5de6cb0ef958c577a46d13376e387c9", kill_on_drop: false }`
[INFO] running `Command { std: "docker" "rm" "-f" "d605d5168a0fc85bac286ec6be14a390b5de6cb0ef958c577a46d13376e387c9", kill_on_drop: false }`
[INFO] [stdout] d605d5168a0fc85bac286ec6be14a390b5de6cb0ef958c577a46d13376e387c9
[INFO] running `Command { std: "docker" "create" "-v" "/var/lib/crater-agent-workspace/builds/worker-4-tc1/target:/opt/rustwide/target:rw,Z" "-v" "/var/lib/crater-agent-workspace/builds/worker-4-tc1/source:/opt/rustwide/workdir:ro,Z" "-v" "/var/lib/crater-agent-workspace/cargo-home:/opt/rustwide/cargo-home:ro,Z" "-v" "/var/lib/crater-agent-workspace/rustup-home:/opt/rustwide/rustup-home:ro,Z" "-e" "SOURCE_DIR=/opt/rustwide/workdir" "-e" "CARGO_TARGET_DIR=/opt/rustwide/target" "-e" "CARGO_INCREMENTAL=0" "-e" "RUST_BACKTRACE=full" "-e" "RUSTFLAGS=--cap-lints=warn" "-e" "RUSTDOCFLAGS=--cap-lints=warn" "-e" "CARGO_HOME=/opt/rustwide/cargo-home" "-e" "RUSTUP_HOME=/opt/rustwide/rustup-home" "-w" "/opt/rustwide/workdir" "-m" "1610612736" "--user" "0:0" "--network" "none" "ghcr.io/rust-lang/crates-build-env/linux@sha256:f3a9d4ad9d972b27faf3965f35b62e55ba32bbce8f20bc8fe909558a86702fde" "/opt/rustwide/cargo-home/bin/cargo" "+1.83.0" "test" "--frozen", kill_on_drop: false }`
[INFO] [stdout] afac1b5ac17175b31cf71f5e03f0d391bc5e857787110c8003de9b8347aa6bdb
[INFO] running `Command { std: "docker" "start" "-a" "afac1b5ac17175b31cf71f5e03f0d391bc5e857787110c8003de9b8347aa6bdb", kill_on_drop: false }`
[INFO] [stderr]     Finished `test` profile [unoptimized + debuginfo] target(s) in 0.11s
[INFO] [stderr]      Running unittests src/lib.rs (/opt/rustwide/target/debug/deps/vax_floating-75bdccf326bee08f)
[INFO] [stdout] 
[INFO] [stdout] running 103 tests
[INFO] [stdout] test arithmetic::tests::sign_tests ... ok
[INFO] [stdout] test arithmetic::tests::convert_f_floating ... ok
[INFO] [stdout] test arithmetic::tests::test_ordering_u32 ... ok
[INFO] [stdout] test arithmetic::tests::test_ordering_u64 ... ok
[INFO] [stdout] test arithmetic::tests::add_sub_f64_tests ... ok
[INFO] [stdout] test arithmetic::tests::test_ordering_u128 ... ok
[INFO] [stdout] test arithmetic::tests::mul_div_f32_tests ... ok
[INFO] [stdout] test arithmetic::tests::to_from_rust_fp_tests ... ok
[INFO] [stdout] test arithmetic::tests::verify_calculated_consts ... ok
[INFO] [stdout] test arithmetic::tests::convert_g_floating ... ok
[INFO] [stdout] test arithmetic::tests::add_sub_f32_tests ... ok
[INFO] [stdout] test arithmetic::tests::to_from_f32_tests ... ok
[INFO] [stdout] test arithmetic::tests::to_from_f64_tests ... ok
[INFO] [stdout] test arithmetic::tests::convert_d_floating ... ok
[INFO] [stdout] test arithmetic::tests::convert_h_floating ... ok
[INFO] [stdout] test proptest::tests::d_floating::range_ascii ... ok
[INFO] [stdout] test proptest::tests::d_floating::distribution ... ok
[INFO] [stdout] test proptest::tests::d_floating::range_positive ... ok
[INFO] [stdout] test proptest::tests::d_floating::range_inclusive_ascii ... ok
[INFO] [stdout] test proptest::tests::d_floating::range_positive_ascii ... ok
[INFO] [stdout] test proptest::tests::d_floating::arbitrary ... ok
[INFO] [stdout] test proptest::tests::d_floating::range_inclusive ... ok
[INFO] [stdout] test proptest::tests::d_floating::range ... ok
[INFO] [stdout] test proptest::tests::d_floating::range_to_ascii ... ok
[INFO] [stdout] test proptest::tests::d_floating::range_to ... ok
[INFO] [stdout] test proptest::tests::d_floating::range_from ... ok
[INFO] [stdout] test proptest::tests::d_floating::range_to_inclusive ... ok
[INFO] [stdout] test proptest::tests::d_floating::range_from_ascii ... ok
[INFO] [stdout] test proptest::tests::f_floating::arbitrary ... ok
[INFO] [stdout] test proptest::tests::d_floating::range_to_inclusive_ascii ... ok
[INFO] [stdout] test proptest::tests::f_floating::range ... ok
[INFO] [stdout] test proptest::tests::f_floating::range_from_ascii ... ok
[INFO] [stdout] test proptest::tests::f_floating::range_from ... ok
[INFO] [stdout] test proptest::tests::f_floating::range_inclusive ... ok
[INFO] [stdout] test proptest::tests::f_floating::range_ascii ... ok
[INFO] [stdout] test proptest::tests::f_floating::distribution ... ok
[INFO] [stdout] test proptest::tests::f_floating::range_positive ... ok
[INFO] [stdout] test proptest::tests::f_floating::range_inclusive_ascii ... ok
[INFO] [stdout] test proptest::tests::f_floating::range_to ... ok
[INFO] [stdout] test proptest::tests::f_floating::range_positive_ascii ... ok
[INFO] [stdout] test proptest::tests::f_floating::range_to_ascii ... ok
[INFO] [stdout] test proptest::tests::f_floating::range_to_inclusive_ascii ... ok
[INFO] [stdout] test proptest::tests::g_floating::range_ascii ... ok
[INFO] [stdout] test proptest::tests::f_floating::range_to_inclusive ... ok
[INFO] [stdout] test proptest::tests::g_floating::range_inclusive ... ok
[INFO] [stdout] test proptest::tests::g_floating::range ... ok
[INFO] [stdout] test proptest::tests::g_floating::range_from_ascii ... ok
[INFO] [stdout] test proptest::tests::g_floating::range_from ... ok
[INFO] [stdout] test proptest::tests::g_floating::distribution ... ok
[INFO] [stdout] test proptest::tests::g_floating::arbitrary ... ok
[INFO] [stdout] test proptest::tests::g_floating::range_positive ... ok
[INFO] [stdout] test proptest::tests::g_floating::range_to_ascii ... ok
[INFO] [stdout] test proptest::tests::g_floating::range_inclusive_ascii ... ok
[INFO] [stdout] test proptest::tests::g_floating::range_positive_ascii ... ok
[INFO] [stdout] test proptest::tests::g_floating::range_to_inclusive ... ok
[INFO] [stdout] test proptest::tests::g_floating::range_to_inclusive_ascii ... ok
[INFO] [stdout] test proptest::tests::g_floating::range_to ... ok
[INFO] [stdout] test proptest::tests::h_floating::range_ascii ... ok
[INFO] [stdout] test proptest::tests::h_floating::arbitrary ... ok
[INFO] [stdout] test proptest::tests::h_floating::range_from ... ok
[INFO] [stdout] test proptest::tests::h_floating::range_inclusive_ascii ... ok
[INFO] [stdout] test proptest::tests::h_floating::range_positive ... ok
[INFO] [stdout] test proptest::tests::h_floating::range_inclusive ... ok
[INFO] [stdout] test proptest::tests::h_floating::range_from_ascii ... ok
[INFO] [stdout] test proptest::tests::h_floating::range ... ok
[INFO] [stdout] test proptest::tests::h_floating::range_positive_ascii ... ok
[INFO] [stdout] test tests::alternate_ilog10 ... ok
[INFO] [stdout] test proptest::tests::vax_floating_layout_verify ... ok
[INFO] [stdout] test tests::convert_to_f_floating ... ok
[INFO] [stdout] test tests::convert_to_d_floating ... ok
[INFO] [stdout] test proptest::tests::h_floating::range_to ... ok
[INFO] [stdout] test proptest::tests::h_floating::range_to_ascii ... ok
[INFO] [stdout] test proptest::tests::h_floating::range_to_inclusive ... ok
[INFO] [stdout] test proptest::tests::h_floating::range_to_inclusive_ascii ... ok
[INFO] [stdout] test tests::convert_to_h_floating ... ok
[INFO] [stdout] test tests::convert_to_g_floating ... ok
[INFO] [stdout] test tests::d_floating_pi_test ... ok
[INFO] [stdout] test tests::display_f_floating ... ok
[INFO] [stdout] test tests::display_d_floating_precision ... ok
[INFO] [stdout] test tests::display_f_floating_precision ... ok
[INFO] [stdout] test tests::f_floating_pi_test ... ok
[INFO] [stdout] test tests::g_floating_pi_test ... ok
[INFO] [stdout] test tests::display_d_floating ... ok
[INFO] [stdout] test tests::minor_display_bug_1 ... ignored
[INFO] [stdout] test tests::display_g_floating ... ok
[INFO] [stdout] test tests::h_floating_pi_test ... ok
[INFO] [stdout] test tests::test_d_floating_ordering ... ok
[INFO] [stdout] test tests::test_f_floating_hash_eq ... ok
[INFO] [stdout] test tests::test_d_floating_hash_eq ... ok
[INFO] [stdout] test tests::test_f_floating_ordering ... ok
[INFO] [stdout] test tests::test_g_floating_ordering ... ok
[INFO] [stdout] test tests::swap_words ... ok
[INFO] [stdout] test tests::test_h_floating_ordering ... ok
[INFO] [stdout] test tests::to_from_f32 ... ok
[INFO] [stdout] test tests::display_g_floating_extra ... ok
[INFO] [stdout] test tests::verify_float_defaults ... ok
[INFO] [stdout] test tests::test_h_floating_hash_eq ... ok
[INFO] [stdout] test proptest::tests::h_floating::distribution ... ok
[INFO] [stdout] test tests::vax_reserved_and_results ... ok
[INFO] [stdout] test tests::test_g_floating_hash_eq ... ok
[INFO] [stdout] test tests::display_g_floating_precision ... ok
[INFO] [stdout] test tests::display_h_floating ... ok
[INFO] [stdout] test tests::display_h_floating_precision ... ok
[INFO] [stdout] 
[INFO] [stdout] test result: ok. 102 passed; 0 failed; 1 ignored; 0 measured; 0 filtered out; finished in 2.50s
[INFO] [stdout] 
[INFO] [stderr]    Doc-tests vax_floating
[INFO] [stdout] 
[INFO] [stdout] running 501 tests
[INFO] [stdout] test src/arithmetic.rs - arithmetic::Sign::is_positive (line 215) - compile fail ... ok
[INFO] [stdout] test src/arithmetic.rs - arithmetic::Sign::is_negative (line 244) - compile fail ... ok
[INFO] [stdout] test src/arithmetic.rs - arithmetic::Sign::negate (line 153) - compile fail ... ok
[INFO] [stdout] test src/arithmetic.rs - arithmetic::Sign::is_negative (line 233) ... ok
[INFO] [stdout] test src/arithmetic.rs - arithmetic::Sign::xor (line 182) - compile fail ... ok
[INFO] [stdout] test src/arithmetic.rs - arithmetic::Sign::is_positive (line 204) ... ok
[INFO] [stdout] test src/arithmetic.rs - arithmetic::Sign::as_str (line 124) ... ok
[INFO] [stdout] test src/arithmetic.rs - arithmetic::Sign::negate (line 145) ... ok
[INFO] [stdout] test src/../README.md - (line 27) ... ok
[INFO] [stdout] test src/../README.md - (line 135) ... ok
[INFO] [stdout] test src/arithmetic.rs - arithmetic::Sign::from_byte (line 264) ... ok
[INFO] [stdout] test src/arithmetic.rs - arithmetic::VaxFloatingPoint<T>::exponent (line 347) ... ok
[INFO] [stdout] test src/arithmetic.rs - arithmetic::Sign::xor (line 172) ... ok
[INFO] [stdout] test src/arithmetic.rs - arithmetic::VaxFloatingPoint<T>::fault (line 374) ... ok
[INFO] [stdout] test src/arithmetic.rs - arithmetic::VaxFloatingPoint<T>::fraction (line 360) ... ok
[INFO] [stdout] test src/arithmetic.rs - arithmetic::VaxFloatingPoint<T>::is_error (line 390) ... ok
[INFO] [stdout] test src/arithmetic.rs - arithmetic::VaxFloatingPoint<T>::shift_left_unsigned (line 465) ... ok
[INFO] [stdout] test src/arithmetic.rs - arithmetic::VaxFloatingPoint<u128>::from_ascii (line 1434) - compile fail ... ok
[INFO] [stdout] test src/arithmetic.rs - arithmetic::VaxFloatingPoint<T>::shift_left (line 404) ... ok
[INFO] [stdout] test src/arithmetic.rs - arithmetic::VaxFloatingPoint<T>::shift_right_unsigned (line 496) ... ok
[INFO] [stdout] test src/arithmetic.rs - arithmetic::VaxFloatingPoint<u128>::add_to (line 987) ... ok
[INFO] [stdout] test src/arithmetic.rs - arithmetic::VaxFloatingPoint<T>::shift_right (line 435) ... ok
[INFO] [stdout] test src/arithmetic.rs - arithmetic::VaxFloatingPoint<u128>::from_f32 (line 1782) - compile fail ... ok
[INFO] [stdout] test src/arithmetic.rs - arithmetic::VaxFloatingPoint<T>::sign (line 332) ... ok
[INFO] [stdout] test src/arithmetic.rs - arithmetic::VaxFloatingPoint<u128>::from_f64 (line 1782) - compile fail ... ok
[INFO] [stdout] test src/arithmetic.rs - arithmetic::VaxFloatingPoint<u128>::from_i128 (line 2091) - compile fail ... ok
[INFO] [stdout] test src/arithmetic.rs - arithmetic::VaxFloatingPoint<u128>::divide_by (line 1110) ... ok
[INFO] [stdout] test src/arithmetic.rs - arithmetic::VaxFloatingPoint<u128>::from_i16 (line 2091) - compile fail ... ok
[INFO] [stdout] test src/arithmetic.rs - arithmetic::VaxFloatingPoint<u128>::from_ascii (line 1394) ... ok
[INFO] [stdout] test src/arithmetic.rs - arithmetic::VaxFloatingPoint<u128>::from_f64 (line 1772) ... ok
[INFO] [stdout] test src/arithmetic.rs - arithmetic::VaxFloatingPoint<u128>::from_i128 (line 2081) ... ok
[INFO] [stdout] test src/arithmetic.rs - arithmetic::VaxFloatingPoint<u128>::from_i64 (line 2091) - compile fail ... ok
[INFO] [stdout] test src/arithmetic.rs - arithmetic::VaxFloatingPoint<u128>::from_i8 (line 2091) - compile fail ... ok
[INFO] [stdout] test src/arithmetic.rs - arithmetic::VaxFloatingPoint<u128>::from_i32 (line 2091) - compile fail ... ok
[INFO] [stdout] test src/arithmetic.rs - arithmetic::VaxFloatingPoint<u128>::from_f32 (line 1772) ... ok
[INFO] [stdout] test src/arithmetic.rs - arithmetic::VaxFloatingPoint<u128>::from_isize (line 2091) - compile fail ... ok
[INFO] [stdout] test src/arithmetic.rs - arithmetic::VaxFloatingPoint<u128>::from_i64 (line 2081) ... ok
[INFO] [stdout] test src/arithmetic.rs - arithmetic::VaxFloatingPoint<u128>::from_fault (line 866) ... ok
[INFO] [stdout] test src/arithmetic.rs - arithmetic::VaxFloatingPoint<u128>::from_u128 (line 2056) - compile fail ... ok
[INFO] [stdout] test src/arithmetic.rs - arithmetic::VaxFloatingPoint<u128>::from_i16 (line 2081) ... ok
[INFO] [stdout] test src/arithmetic.rs - arithmetic::VaxFloatingPoint<u128>::from_u16 (line 2056) - compile fail ... ok
[INFO] [stdout] test src/arithmetic.rs - arithmetic::VaxFloatingPoint<u128>::from_i32 (line 2081) ... ok
[INFO] [stdout] test src/arithmetic.rs - arithmetic::VaxFloatingPoint<u128>::from_i8 (line 2081) ... ok
[INFO] [stdout] test src/arithmetic.rs - arithmetic::VaxFloatingPoint<u128>::from_u32 (line 2056) - compile fail ... ok
[INFO] [stdout] test src/arithmetic.rs - arithmetic::VaxFloatingPoint<u128>::from_u64 (line 2056) - compile fail ... ok
[INFO] [stdout] test src/arithmetic.rs - arithmetic::VaxFloatingPoint<u128>::from_u8 (line 2056) - compile fail ... ok
[INFO] [stdout] test src/arithmetic.rs - arithmetic::VaxFloatingPoint<u128>::from_usize (line 2056) - compile fail ... ok
[INFO] [stdout] test src/arithmetic.rs - arithmetic::VaxFloatingPoint<u128>::from_u128 (line 2046) ... ok
[INFO] [stdout] test src/arithmetic.rs - arithmetic::VaxFloatingPoint<u128>::from_isize (line 2081) ... ok
[INFO] [stdout] test src/arithmetic.rs - arithmetic::VaxFloatingPoint<u128>::from_u64 (line 2046) ... ok
[INFO] [stdout] test src/arithmetic.rs - arithmetic::VaxFloatingPoint<u128>::from_u16 (line 2046) ... ok
[INFO] [stdout] test src/arithmetic.rs - arithmetic::VaxFloatingPoint<u128>::from_vfp_128 (line 740) - compile fail ... ok
[INFO] [stdout] test src/arithmetic.rs - arithmetic::VaxFloatingPoint<u128>::from_vfp_64 (line 671) - compile fail ... ok
[INFO] [stdout] test src/arithmetic.rs - arithmetic::VaxFloatingPoint<u128>::from_usize (line 2046) ... ok
[INFO] [stdout] test src/arithmetic.rs - arithmetic::VaxFloatingPoint<u128>::from_vfp_32 (line 671) - compile fail ... ok
[INFO] [stdout] test src/arithmetic.rs - arithmetic::VaxFloatingPoint<u128>::from_u8 (line 2046) ... ok
[INFO] [stdout] test src/arithmetic.rs - arithmetic::VaxFloatingPoint<u128>::from_u32 (line 2046) ... ok
[INFO] [stdout] test src/arithmetic.rs - arithmetic::VaxFloatingPoint<u128>::from_vfp_32 (line 659) ... ok
[INFO] [stdout] test src/arithmetic.rs - arithmetic::VaxFloatingPoint<u128>::multiply_by (line 1064) ... ok
[INFO] [stdout] test src/arithmetic.rs - arithmetic::VaxFloatingPoint<u128>::from_vfp_64 (line 659) ... ok
[INFO] [stdout] test src/arithmetic.rs - arithmetic::VaxFloatingPoint<u128>::new (line 841) ... ok
[INFO] [stdout] test src/arithmetic.rs - arithmetic::VaxFloatingPoint<u128>::from_vfp_128 (line 728) ... ok
[INFO] [stdout] test src/arithmetic.rs - arithmetic::VaxFloatingPoint<u128>::is_zero (line 899) ... ok
[INFO] [stdout] test src/arithmetic.rs - arithmetic::VaxFloatingPoint<u128>::negate (line 945) ... ok
[INFO] [stdout] test src/arithmetic.rs - arithmetic::VaxFloatingPoint<u128>::to_f32 (line 1843) ... ok
[INFO] [stdout] test src/arithmetic.rs - arithmetic::VaxFloatingPoint<u128>::to_vfp_32 (line 700) ... ok
[INFO] [stdout] test src/arithmetic.rs - arithmetic::VaxFloatingPoint<u128>::to_f64 (line 1843) ... ok
[INFO] [stdout] test src/arithmetic.rs - arithmetic::VaxFloatingPoint<u128>::to_vfp_64 (line 700) ... ok
[INFO] [stdout] test src/arithmetic.rs - arithmetic::VaxFloatingPoint<u128>::to_vfp_128 (line 764) ... ok
[INFO] [stdout] test src/arithmetic.rs - arithmetic::VaxFloatingPoint<u32>::from_ascii (line 1434) - compile fail ... ok
[INFO] [stdout] test src/arithmetic.rs - arithmetic::VaxFloatingPoint<u32>::from_f32 (line 1782) - compile fail ... ok
[INFO] [stdout] test src/arithmetic.rs - arithmetic::VaxFloatingPoint<u32>::from_i128 (line 2092) - compile fail ... ok
[INFO] [stdout] test src/arithmetic.rs - arithmetic::VaxFloatingPoint<u32>::add_to (line 987) ... ok
[INFO] [stdout] test src/arithmetic.rs - arithmetic::VaxFloatingPoint<u32>::from_i16 (line 2091) - compile fail ... ok
[INFO] [stdout] test src/arithmetic.rs - arithmetic::VaxFloatingPoint<u32>::from_ascii (line 1394) ... ok
[INFO] [stdout] test src/arithmetic.rs - arithmetic::VaxFloatingPoint<u32>::from_i32 (line 2091) - compile fail ... ok
[INFO] [stdout] test src/arithmetic.rs - arithmetic::VaxFloatingPoint<u32>::divide_by (line 1110) ... ok
[INFO] [stdout] test src/arithmetic.rs - arithmetic::VaxFloatingPoint<u32>::from_i64 (line 2092) - compile fail ... ok
[INFO] [stdout] test src/arithmetic.rs - arithmetic::VaxFloatingPoint<u32>::from_i128 (line 2082) ... ok
[INFO] [stdout] test src/arithmetic.rs - arithmetic::VaxFloatingPoint<u32>::from_fault (line 866) ... ok
[INFO] [stdout] test src/arithmetic.rs - arithmetic::VaxFloatingPoint<u32>::from_i16 (line 2081) ... ok
[INFO] [stdout] test src/arithmetic.rs - arithmetic::VaxFloatingPoint<u32>::from_f32 (line 1772) ... ok
[INFO] [stdout] test src/arithmetic.rs - arithmetic::VaxFloatingPoint<u32>::from_i8 (line 2091) - compile fail ... ok
[INFO] [stdout] test src/arithmetic.rs - arithmetic::VaxFloatingPoint<u32>::from_isize (line 2092) - compile fail ... ok
[INFO] [stdout] test src/arithmetic.rs - arithmetic::VaxFloatingPoint<u32>::from_u128 (line 2057) - compile fail ... ok
[INFO] [stdout] test src/arithmetic.rs - arithmetic::VaxFloatingPoint<u32>::from_i64 (line 2082) ... ok
[INFO] [stdout] test src/arithmetic.rs - arithmetic::VaxFloatingPoint<u32>::from_u16 (line 2056) - compile fail ... ok
[INFO] [stdout] test src/arithmetic.rs - arithmetic::VaxFloatingPoint<u32>::from_i32 (line 2081) ... ok
[INFO] [stdout] test src/arithmetic.rs - arithmetic::VaxFloatingPoint<u32>::from_u32 (line 2056) - compile fail ... ok
[INFO] [stdout] test src/arithmetic.rs - arithmetic::VaxFloatingPoint<u32>::from_u64 (line 2057) - compile fail ... ok
[INFO] [stdout] test src/arithmetic.rs - arithmetic::VaxFloatingPoint<u32>::from_i8 (line 2081) ... ok
[INFO] [stdout] test src/arithmetic.rs - arithmetic::VaxFloatingPoint<u32>::from_u128 (line 2047) ... ok
[INFO] [stdout] test src/arithmetic.rs - arithmetic::VaxFloatingPoint<u32>::from_u8 (line 2056) - compile fail ... ok
[INFO] [stdout] test src/arithmetic.rs - arithmetic::VaxFloatingPoint<u32>::from_isize (line 2082) ... ok
[INFO] [stdout] test src/arithmetic.rs - arithmetic::VaxFloatingPoint<u32>::from_u16 (line 2046) ... ok
[INFO] [stdout] test src/arithmetic.rs - arithmetic::VaxFloatingPoint<u32>::from_usize (line 2057) - compile fail ... ok
[INFO] [stdout] test src/arithmetic.rs - arithmetic::VaxFloatingPoint<u32>::from_u32 (line 2046) ... ok
[INFO] [stdout] test src/arithmetic.rs - arithmetic::VaxFloatingPoint<u32>::from_vfp_32 (line 740) - compile fail ... ok
[INFO] [stdout] test src/arithmetic.rs - arithmetic::VaxFloatingPoint<u32>::from_u64 (line 2047) ... ok
[INFO] [stdout] test src/arithmetic.rs - arithmetic::VaxFloatingPoint<u32>::from_vfp_128 (line 602) - compile fail ... ok
[INFO] [stdout] test src/arithmetic.rs - arithmetic::VaxFloatingPoint<u32>::from_u8 (line 2046) ... ok
[INFO] [stdout] test src/arithmetic.rs - arithmetic::VaxFloatingPoint<u32>::from_vfp_64 (line 602) - compile fail ... ok
[INFO] [stdout] test src/arithmetic.rs - arithmetic::VaxFloatingPoint<u32>::from_vfp_128 (line 590) ... ok
[INFO] [stdout] test src/arithmetic.rs - arithmetic::VaxFloatingPoint<u32>::from_usize (line 2047) ... ok
[INFO] [stdout] test src/arithmetic.rs - arithmetic::VaxFloatingPoint<u32>::from_vfp_32 (line 728) ... ok
[INFO] [stdout] test src/arithmetic.rs - arithmetic::VaxFloatingPoint<u32>::is_zero (line 899) ... ok
[INFO] [stdout] test src/arithmetic.rs - arithmetic::VaxFloatingPoint<u32>::from_vfp_64 (line 590) ... ok
[INFO] [stdout] test src/arithmetic.rs - arithmetic::VaxFloatingPoint<u32>::multiply_by (line 1064) ... ok
[INFO] [stdout] test src/arithmetic.rs - arithmetic::VaxFloatingPoint<u32>::new (line 841) ... ok
[INFO] [stdout] test src/arithmetic.rs - arithmetic::VaxFloatingPoint<u32>::negate (line 945) ... ok
[INFO] [stdout] test src/arithmetic.rs - arithmetic::VaxFloatingPoint<u64>::from_ascii (line 1434) - compile fail ... ok
[INFO] [stdout] test src/arithmetic.rs - arithmetic::VaxFloatingPoint<u32>::to_f32 (line 1843) ... ok
[INFO] [stdout] test src/arithmetic.rs - arithmetic::VaxFloatingPoint<u32>::to_vfp_128 (line 631) ... ok
[INFO] [stdout] test src/arithmetic.rs - arithmetic::VaxFloatingPoint<u64>::from_f32 (line 1782) - compile fail ... ok
[INFO] [stdout] test src/arithmetic.rs - arithmetic::VaxFloatingPoint<u32>::to_vfp_32 (line 764) ... ok
[INFO] [stdout] test src/arithmetic.rs - arithmetic::VaxFloatingPoint<u64>::add_to (line 987) ... ok
[INFO] [stdout] test src/arithmetic.rs - arithmetic::VaxFloatingPoint<u64>::from_f64 (line 1782) - compile fail ... ok
[INFO] [stdout] test src/arithmetic.rs - arithmetic::VaxFloatingPoint<u64>::from_i128 (line 2092) - compile fail ... ok
[INFO] [stdout] test src/arithmetic.rs - arithmetic::VaxFloatingPoint<u64>::from_f32 (line 1772) ... ok
[INFO] [stdout] test src/arithmetic.rs - arithmetic::VaxFloatingPoint<u64>::from_i16 (line 2091) - compile fail ... ok
[INFO] [stdout] test src/arithmetic.rs - arithmetic::VaxFloatingPoint<u64>::from_fault (line 866) ... ok
[INFO] [stdout] test src/arithmetic.rs - arithmetic::VaxFloatingPoint<u64>::from_ascii (line 1394) ... ok
[INFO] [stdout] test src/arithmetic.rs - arithmetic::VaxFloatingPoint<u64>::from_f64 (line 1772) ... ok
[INFO] [stdout] test src/arithmetic.rs - arithmetic::VaxFloatingPoint<u32>::to_vfp_64 (line 631) ... ok
[INFO] [stdout] test src/arithmetic.rs - arithmetic::VaxFloatingPoint<u64>::from_i32 (line 2091) - compile fail ... ok
[INFO] [stdout] test src/arithmetic.rs - arithmetic::VaxFloatingPoint<u64>::from_i64 (line 2091) - compile fail ... ok
[INFO] [stdout] test src/arithmetic.rs - arithmetic::VaxFloatingPoint<u64>::from_i8 (line 2091) - compile fail ... ok
[INFO] [stdout] test src/arithmetic.rs - arithmetic::VaxFloatingPoint<u64>::divide_by (line 1110) ... ok
[INFO] [stdout] test src/arithmetic.rs - arithmetic::VaxFloatingPoint<u64>::from_isize (line 2091) - compile fail ... ok
[INFO] [stdout] test src/arithmetic.rs - arithmetic::VaxFloatingPoint<u64>::from_i32 (line 2081) ... ok
[INFO] [stdout] test src/arithmetic.rs - arithmetic::VaxFloatingPoint<u64>::from_u128 (line 2057) - compile fail ... ok
[INFO] [stdout] test src/arithmetic.rs - arithmetic::VaxFloatingPoint<u64>::from_i16 (line 2081) ... ok
[INFO] [stdout] test src/arithmetic.rs - arithmetic::VaxFloatingPoint<u64>::from_i128 (line 2082) ... ok
[INFO] [stdout] test src/arithmetic.rs - arithmetic::VaxFloatingPoint<u64>::from_i8 (line 2081) ... ok
[INFO] [stdout] test src/arithmetic.rs - arithmetic::VaxFloatingPoint<u64>::from_u16 (line 2056) - compile fail ... ok
[INFO] [stdout] test src/arithmetic.rs - arithmetic::VaxFloatingPoint<u64>::from_u32 (line 2056) - compile fail ... ok
[INFO] [stdout] test src/arithmetic.rs - arithmetic::VaxFloatingPoint<u64>::from_u64 (line 2056) - compile fail ... ok
[INFO] [stdout] test src/arithmetic.rs - arithmetic::VaxFloatingPoint<u64>::from_isize (line 2081) ... ok
[INFO] [stdout] test src/arithmetic.rs - arithmetic::VaxFloatingPoint<u64>::from_i64 (line 2081) ... ok
[INFO] [stdout] test src/arithmetic.rs - arithmetic::VaxFloatingPoint<u64>::from_usize (line 2056) - compile fail ... ok
[INFO] [stdout] test src/arithmetic.rs - arithmetic::VaxFloatingPoint<u64>::from_u8 (line 2056) - compile fail ... ok
[INFO] [stdout] test src/arithmetic.rs - arithmetic::VaxFloatingPoint<u64>::from_u128 (line 2047) ... ok
[INFO] [stdout] test src/arithmetic.rs - arithmetic::VaxFloatingPoint<u64>::from_u16 (line 2046) ... ok
[INFO] [stdout] test src/arithmetic.rs - arithmetic::VaxFloatingPoint<u64>::from_vfp_128 (line 602) - compile fail ... ok
[INFO] [stdout] test src/arithmetic.rs - arithmetic::VaxFloatingPoint<u64>::from_u64 (line 2046) ... ok
[INFO] [stdout] test src/arithmetic.rs - arithmetic::VaxFloatingPoint<u64>::from_vfp_64 (line 740) - compile fail ... ok
[INFO] [stdout] test src/arithmetic.rs - arithmetic::VaxFloatingPoint<u64>::from_vfp_32 (line 671) - compile fail ... ok
[INFO] [stdout] test src/arithmetic.rs - arithmetic::VaxFloatingPoint<u64>::from_u32 (line 2046) ... ok
[INFO] [stdout] test src/arithmetic.rs - arithmetic::VaxFloatingPoint<u64>::from_u8 (line 2046) ... ok
[INFO] [stdout] test src/arithmetic.rs - arithmetic::VaxFloatingPoint<u64>::from_usize (line 2046) ... ok
[INFO] [stdout] test src/arithmetic.rs - arithmetic::VaxFloatingPoint<u64>::from_vfp_128 (line 590) ... ok
[INFO] [stdout] test src/arithmetic.rs - arithmetic::VaxFloatingPoint<u64>::from_vfp_32 (line 659) ... ok
[INFO] [stdout] test src/arithmetic.rs - arithmetic::VaxFloatingPoint<u64>::is_zero (line 899) ... ok
[INFO] [stdout] test src/arithmetic.rs - arithmetic::VaxFloatingPoint<u64>::multiply_by (line 1064) ... ok
[INFO] [stdout] test src/arithmetic.rs - arithmetic::VaxFloatingPoint<u64>::new (line 841) ... ok
[INFO] [stdout] test src/arithmetic.rs - arithmetic::VaxFloatingPoint<u64>::from_vfp_64 (line 728) ... ok
[INFO] [stdout] test src/arithmetic.rs - arithmetic::VaxFloatingPoint<u64>::to_f32 (line 1843) ... ok
[INFO] [stdout] test src/arithmetic.rs - arithmetic::VaxFloatingPoint<u64>::to_f64 (line 1843) ... ok
[INFO] [stdout] test src/arithmetic.rs - arithmetic::VaxFloatingPoint<u64>::to_vfp_128 (line 631) ... ok
[INFO] [stdout] test src/arithmetic.rs - arithmetic::VaxFloatingPoint<u64>::to_vfp_32 (line 700) ... ok
[INFO] [stdout] test src/arithmetic.rs - arithmetic::VaxFloatingPoint<u64>::negate (line 945) ... ok
[INFO] [stdout] test src/arithmetic.rs - arithmetic::VaxFloatingPoint<u64>::to_vfp_64 (line 764) ... ok
[INFO] [stdout] test src/error.rs - error (line 31) ... ok
[INFO] [stdout] test src/lib.rs - DFloating::divide_by (line 1197) - compile fail ... ok
[INFO] [stdout] test src/lib.rs - DFloating::add_to (line 1116) - compile fail ... ok
[INFO] [stdout] test src/error.rs - error::Error (line 35) ... ok
[INFO] [stdout] test src/lib.rs - DFloating::from_ascii (line 1323) - compile fail ... ok
[INFO] [stdout] test src/lib.rs - DFloating::add_to (line 1105) ... ok
[INFO] [stdout] test src/error.rs - error (line 41) ... FAILED
[INFO] [stdout] test src/lib.rs - DFloating::from_ascii (line 1316) - compile fail ... ok
[INFO] [stdout] test src/lib.rs - DFloating::from_bits (line 804) ... FAILED
[INFO] [stdout] test src/lib.rs - DFloating::from_be_bytes (line 882) ... FAILED
[INFO] [stdout] test src/lib.rs - DFloating::divide_by (line 1186) ... FAILED
[INFO] [stdout] test src/lib.rs - DFloating::from_d_floating (line 288) - compile fail ... ok
[INFO] [stdout] test src/lib.rs - DFloating::from_f32 (line 152) - compile fail ... ok
[INFO] [stdout] test src/lib.rs - DFloating::from_f64 (line 152) - compile fail ... ok
[INFO] [stdout] test src/lib.rs - DFloating::from_f_floating (line 288) - compile fail ... ok
[INFO] [stdout] test src/lib.rs - DFloating::from_f32 (line 142) ... FAILED
[INFO] [stdout] test src/lib.rs - DFloating::abs (line 1045) ... ok
[INFO] [stdout] test src/lib.rs - DFloating::from_g_floating (line 288) - compile fail ... ok
[INFO] [stdout] test src/lib.rs - DFloating::from_ascii (line 1308) ... ok
[INFO] [stdout] test src/lib.rs - DFloating::from_h_floating (line 288) - compile fail ... ok
[INFO] [stdout] test src/lib.rs - DFloating::from_i128 (line 495) - compile fail ... ok
[INFO] [stdout] test src/lib.rs - DFloating::from_h_floating (line 276) ... ok
[INFO] [stdout] test src/lib.rs - DFloating::from_f64 (line 142) ... ok
[INFO] [stdout] test src/lib.rs - DFloating::from_f_floating (line 276) ... ok
[INFO] [stdout] test src/lib.rs - DFloating::from_fp (line 1261) ... ok
[INFO] [stdout] test src/lib.rs - DFloating::from_d_floating (line 276) ... ok
[INFO] [stdout] test src/lib.rs - DFloating::from_i32 (line 494) - compile fail ... ok
[INFO] [stdout] test src/lib.rs - DFloating::from_i16 (line 494) - compile fail ... ok
[INFO] [stdout] test src/lib.rs - DFloating::from_i128 (line 485) ... ok
[INFO] [stdout] test src/lib.rs - DFloating::from_g_floating (line 276) ... ok
[INFO] [stdout] test src/lib.rs - DFloating::from_i64 (line 495) - compile fail ... ok
[INFO] [stdout] test src/lib.rs - DFloating::from_i8 (line 494) - compile fail ... ok
[INFO] [stdout] test src/lib.rs - DFloating::from_isize (line 495) - compile fail ... ok
[INFO] [stdout] test src/lib.rs - DFloating::from_i16 (line 484) ... ok
[INFO] [stdout] test src/lib.rs - DFloating::from_i64 (line 485) ... ok
[INFO] [stdout] test src/lib.rs - DFloating::from_u128 (line 495) - compile fail ... ok
[INFO] [stdout] test src/lib.rs - DFloating::from_swapped (line 935) ... ok
[INFO] [stdout] test src/lib.rs - DFloating::from_i32 (line 484) ... ok
[INFO] [stdout] test src/lib.rs - DFloating::from_i8 (line 484) ... ok
[INFO] [stdout] test src/lib.rs - DFloating::from_ne_bytes (line 897) ... ok
[INFO] [stdout] test src/lib.rs - DFloating::from_u32 (line 494) - compile fail ... ok
[INFO] [stdout] test src/lib.rs - DFloating::from_u16 (line 494) - compile fail ... ok
[INFO] [stdout] test src/lib.rs - DFloating::from_u16 (line 484) ... ok
[INFO] [stdout] test src/lib.rs - DFloating::from_u64 (line 495) - compile fail ... ok
[INFO] [stdout] test src/lib.rs - DFloating::from_isize (line 485) ... ok
[INFO] [stdout] test src/lib.rs - DFloating::from_le_bytes (line 867) ... ok
[INFO] [stdout] test src/lib.rs - DFloating::from_u128 (line 485) ... ok
[INFO] [stdout] test src/lib.rs - DFloating::from_u8 (line 494) - compile fail ... ok
[INFO] [stdout] test src/lib.rs - DFloating::from_usize (line 495) - compile fail ... ok
[INFO] [stdout] test src/lib.rs - DFloating::from_u8 (line 484) ... ok
[INFO] [stdout] test src/lib.rs - DFloating::multiply_by (line 1170) - compile fail ... ok
[INFO] [stdout] test src/lib.rs - DFloating::from_u32 (line 484) ... ok
[INFO] [stdout] test src/lib.rs - DFloating::from_u64 (line 485) ... ok
[INFO] [stdout] test src/lib.rs - DFloating::multiply_by (line 1159) ... ok
[INFO] [stdout] test src/lib.rs - DFloating::from_usize (line 485) ... ok
[INFO] [stdout] test src/lib.rs - DFloating::subtract_by (line 1143) - compile fail ... ok
[INFO] [stdout] test src/lib.rs - DFloating::is_zero (line 990) ... ok
[INFO] [stdout] test src/lib.rs - DFloating::is_negative (line 1007) ... ok
[INFO] [stdout] test src/lib.rs - DFloating::is_reserved (line 1026) ... ok
[INFO] [stdout] test src/lib.rs - DFloating::negate (line 1063) ... ok
[INFO] [stdout] test src/lib.rs - DFloating::to_be_bytes (line 834) ... ok
[INFO] [stdout] test src/lib.rs - DFloating::sign (line 1082) ... ok
[INFO] [stdout] test src/lib.rs - DFloating::signum (line 964) ... ok
[INFO] [stdout] test src/lib.rs - DFloating::subtract_by (line 1132) ... ok
[INFO] [stdout] test src/lib.rs - DFloating::to_d_floating (line 321) - compile fail ... ok
[INFO] [stdout] test src/lib.rs - DFloating::to_f32 (line 180) - compile fail ... ok
[INFO] [stdout] test src/lib.rs - DFloating::to_d_floating (line 309) ... ok
[INFO] [stdout] test src/lib.rs - DFloating::to_f32 (line 169) ... ok
[INFO] [stdout] test src/lib.rs - DFloating::to_f64 (line 180) - compile fail ... ok
[INFO] [stdout] test src/lib.rs - DFloating::to_bits (line 787) ... ok
[INFO] [stdout] test src/lib.rs - DFloating::to_f_floating (line 321) - compile fail ... ok
[INFO] [stdout] test src/lib.rs - DFloating::to_g_floating (line 321) - compile fail ... ok
[INFO] [stdout] test src/lib.rs - DFloating::to_h_floating (line 321) - compile fail ... ok
[INFO] [stdout] test src/lib.rs - DFloating::to_f64 (line 169) ... ok
[INFO] [stdout] test src/lib.rs - DFloating::to_swapped (line 918) ... ok
[INFO] [stdout] test src/lib.rs - DFloating::to_f_floating (line 309) ... ok
[INFO] [stdout] test src/lib.rs - DFloating::to_le_bytes (line 821) ... ok
[INFO] [stdout] test src/lib.rs - DFloating::unwrap (line 1465) - compile fail ... ok
[INFO] [stdout] test src/lib.rs - DFloating::unwrap (line 1477) - compile fail ... ok
[INFO] [stdout] test src/lib.rs - DFloating::to_fp (line 1219) ... ok
[INFO] [stdout] test src/lib.rs - DFloating::to_g_floating (line 309) ... ok
[INFO] [stdout] test src/lib.rs - DFloating::to_h_floating (line 309) ... ok
[INFO] [stdout] test src/lib.rs - DFloating::unwrap (line 1459) ... ok
[INFO] [stdout] test src/lib.rs - DFloating::unwrap_or_else (line 1558) ... ok
[INFO] [stdout] test src/lib.rs - DFloating::to_ne_bytes (line 847) ... ok
[INFO] [stdout] test src/lib.rs - DFloating::unwrap (line 1470) ... ok
[INFO] [stdout] test src/lib.rs - FFloating::add_to (line 1116) - compile fail ... ok
[INFO] [stdout] test src/lib.rs - FFloating::divide_by (line 1197) - compile fail ... ok
[INFO] [stdout] test src/lib.rs - FFloating::from_ascii (line 1316) - compile fail ... ok
[INFO] [stdout] test src/lib.rs - FFloating::add_to (line 1105) ... ok
[INFO] [stdout] test src/lib.rs - FFloating::from_ascii (line 1323) - compile fail ... ok
[INFO] [stdout] test src/lib.rs - FFloating::abs (line 1045) ... ok
[INFO] [stdout] test src/lib.rs - FFloating::from_d_floating (line 288) - compile fail ... ok
[INFO] [stdout] test src/lib.rs - FFloating::from_ascii (line 1308) ... ok
[INFO] [stdout] test src/lib.rs - DFloating::unwrap_or (line 1531) ... ok
[INFO] [stdout] test src/lib.rs - FFloating::from_f32 (line 152) - compile fail ... ok
[INFO] [stdout] test src/lib.rs - FFloating::from_be_bytes (line 882) ... ok
[INFO] [stdout] test src/lib.rs - FFloating::from_d_floating (line 276) ... ok
[INFO] [stdout] test src/lib.rs - FFloating::divide_by (line 1186) ... ok
[INFO] [stdout] test src/lib.rs - DFloating::unwrap_or_default (line 1505) ... ok
[INFO] [stdout] test src/lib.rs - FFloating::from_bits (line 804) ... ok
[INFO] [stdout] test src/lib.rs - FFloating::from_f_floating (line 288) - compile fail ... ok
[INFO] [stdout] test src/lib.rs - FFloating::from_h_floating (line 288) - compile fail ... ok
[INFO] [stdout] test src/lib.rs - FFloating::from_g_floating (line 288) - compile fail ... ok
[INFO] [stdout] test src/lib.rs - FFloating::from_g_floating (line 276) ... ok
[INFO] [stdout] test src/lib.rs - FFloating::from_i128 (line 495) - compile fail ... ok
[INFO] [stdout] test src/lib.rs - FFloating::from_f_floating (line 276) ... ok
[INFO] [stdout] test src/lib.rs - FFloating::from_f32 (line 142) ... ok
[INFO] [stdout] test src/lib.rs - FFloating::from_i16 (line 494) - compile fail ... ok
[INFO] [stdout] test src/lib.rs - FFloating::from_i64 (line 495) - compile fail ... ok
[INFO] [stdout] test src/lib.rs - FFloating::from_i32 (line 495) - compile fail ... ok
[INFO] [stdout] test src/lib.rs - FFloating::from_fp (line 1261) ... ok
[INFO] [stdout] test src/lib.rs - FFloating::from_i128 (line 485) ... ok
[INFO] [stdout] test src/lib.rs - FFloating::from_i8 (line 494) - compile fail ... ok
[INFO] [stdout] test src/lib.rs - FFloating::from_h_floating (line 276) ... ok
[INFO] [stdout] test src/lib.rs - FFloating::from_i32 (line 485) ... ok
[INFO] [stdout] test src/lib.rs - FFloating::from_isize (line 495) - compile fail ... ok
[INFO] [stdout] test src/lib.rs - FFloating::from_i16 (line 484) ... ok
[INFO] [stdout] test src/lib.rs - FFloating::from_u128 (line 495) - compile fail ... ok
[INFO] [stdout] test src/lib.rs - FFloating::from_le_bytes (line 867) ... ok
[INFO] [stdout] test src/lib.rs - FFloating::from_i64 (line 485) ... ok
[INFO] [stdout] test src/lib.rs - FFloating::from_i8 (line 484) ... ok
[INFO] [stdout] test src/lib.rs - FFloating::from_u16 (line 494) - compile fail ... ok
[INFO] [stdout] test src/lib.rs - FFloating::from_u32 (line 495) - compile fail ... ok
[INFO] [stdout] test src/lib.rs - FFloating::from_swapped (line 935) ... ok
[INFO] [stdout] test src/lib.rs - FFloating::from_ne_bytes (line 897) ... ok
[INFO] [stdout] test src/lib.rs - FFloating::from_u64 (line 495) - compile fail ... ok
[INFO] [stdout] test src/lib.rs - FFloating::from_isize (line 485) ... ok
[INFO] [stdout] test src/lib.rs - FFloating::from_u128 (line 485) ... ok
[INFO] [stdout] test src/lib.rs - FFloating::from_u8 (line 494) - compile fail ... ok
[INFO] [stdout] test src/lib.rs - FFloating::from_usize (line 495) - compile fail ... ok
[INFO] [stdout] test src/lib.rs - FFloating::from_u16 (line 484) ... ok
[INFO] [stdout] test src/lib.rs - FFloating::from_u32 (line 485) ... ok
[INFO] [stdout] test src/lib.rs - FFloating::from_u64 (line 485) ... ok
[INFO] [stdout] test src/lib.rs - FFloating::from_u8 (line 484) ... ok
[INFO] [stdout] test src/lib.rs - FFloating::from_usize (line 485) ... ok
[INFO] [stdout] test src/lib.rs - FFloating::multiply_by (line 1170) - compile fail ... ok
[INFO] [stdout] test src/lib.rs - FFloating::is_negative (line 1007) ... ok
[INFO] [stdout] test src/lib.rs - FFloating::is_zero (line 990) ... ok
[INFO] [stdout] test src/lib.rs - FFloating::subtract_by (line 1143) - compile fail ... ok
[INFO] [stdout] test src/lib.rs - FFloating::is_reserved (line 1026) ... ok
[INFO] [stdout] test src/lib.rs - FFloating::signum (line 964) ... ok
[INFO] [stdout] test src/lib.rs - FFloating::multiply_by (line 1159) ... ok
[INFO] [stdout] test src/lib.rs - FFloating::sign (line 1082) ... ok
[INFO] [stdout] test src/lib.rs - FFloating::to_f32 (line 180) - compile fail ... ok
[INFO] [stdout] test src/lib.rs - FFloating::to_d_floating (line 321) - compile fail ... ok
[INFO] [stdout] test src/lib.rs - FFloating::negate (line 1063) ... ok
[INFO] [stdout] test src/lib.rs - FFloating::to_f_floating (line 321) - compile fail ... ok
[INFO] [stdout] test src/lib.rs - FFloating::to_bits (line 787) ... ok
[INFO] [stdout] test src/lib.rs - FFloating::to_d_floating (line 309) ... ok
[INFO] [stdout] test src/lib.rs - FFloating::to_be_bytes (line 834) ... ok
[INFO] [stdout] test src/lib.rs - FFloating::subtract_by (line 1132) ... ok
[INFO] [stdout] test src/lib.rs - FFloating::to_g_floating (line 321) - compile fail ... ok
[INFO] [stdout] test src/lib.rs - FFloating::to_h_floating (line 321) - compile fail ... ok
[INFO] [stdout] test src/lib.rs - FFloating::to_fp (line 1219) ... ok
[INFO] [stdout] test src/lib.rs - FFloating::to_g_floating (line 309) ... ok
[INFO] [stdout] test src/lib.rs - FFloating::to_f_floating (line 309) ... ok
[INFO] [stdout] test src/lib.rs - FFloating::to_f32 (line 169) ... ok
[INFO] [stdout] test src/lib.rs - FFloating::unwrap (line 1465) - compile fail ... ok
[INFO] [stdout] test src/lib.rs - FFloating::unwrap (line 1477) - compile fail ... ok
[INFO] [stdout] test src/lib.rs - FFloating::to_ne_bytes (line 847) ... ok
[INFO] [stdout] test src/lib.rs - FFloating::to_h_floating (line 309) ... ok
[INFO] [stdout] test src/lib.rs - FFloating::to_swapped (line 918) ... ok
[INFO] [stdout] test src/lib.rs - FFloating::unwrap_or (line 1531) ... ok
[INFO] [stdout] test src/lib.rs - GFloating::abs (line 1045) ... ok
[INFO] [stdout] test src/lib.rs - FFloating::unwrap_or_default (line 1505) ... ok
[INFO] [stdout] test src/lib.rs - FFloating::to_le_bytes (line 821) ... ok
[INFO] [stdout] test src/lib.rs - FFloating::unwrap_or_else (line 1558) ... ok
[INFO] [stdout] test src/lib.rs - FFloating::unwrap (line 1470) ... ok
[INFO] [stdout] test src/lib.rs - GFloating::add_to (line 1116) - compile fail ... ok
[INFO] [stdout] test src/lib.rs - GFloating::divide_by (line 1197) - compile fail ... ok
[INFO] [stdout] test src/lib.rs - GFloating::from_ascii (line 1316) - compile fail ... ok
[INFO] [stdout] test src/lib.rs - FFloating::unwrap (line 1459) ... ok
[INFO] [stdout] test src/lib.rs - GFloating::from_ascii (line 1323) - compile fail ... ok
[INFO] [stdout] test src/lib.rs - GFloating::from_d_floating (line 288) - compile fail ... ok
[INFO] [stdout] test src/lib.rs - GFloating::from_ascii (line 1308) ... ok
[INFO] [stdout] test src/lib.rs - GFloating::from_f32 (line 142) ... ok
[INFO] [stdout] test src/lib.rs - GFloating::from_f32 (line 152) - compile fail ... ok
[INFO] [stdout] test src/lib.rs - GFloating::divide_by (line 1186) ... ok
[INFO] [stdout] test src/lib.rs - GFloating::from_f64 (line 152) - compile fail ... ok
[INFO] [stdout] test src/lib.rs - GFloating::from_f_floating (line 288) - compile fail ... ok
[INFO] [stdout] test src/lib.rs - GFloating::add_to (line 1105) ... ok
[INFO] [stdout] test src/lib.rs - GFloating::from_be_bytes (line 882) ... ok
[INFO] [stdout] test src/lib.rs - GFloating::from_g_floating (line 288) - compile fail ... ok
[INFO] [stdout] test src/lib.rs - GFloating::from_h_floating (line 288) - compile fail ... ok
[INFO] [stdout] test src/lib.rs - GFloating::from_d_floating (line 276) ... ok
[INFO] [stdout] test src/lib.rs - GFloating::from_fp (line 1261) ... ok
[INFO] [stdout] test src/lib.rs - GFloating::from_bits (line 804) ... ok
[INFO] [stdout] test src/lib.rs - GFloating::from_h_floating (line 276) ... ok
[INFO] [stdout] test src/lib.rs - GFloating::from_i16 (line 494) - compile fail ... ok
[INFO] [stdout] test src/lib.rs - GFloating::from_i128 (line 495) - compile fail ... ok
[INFO] [stdout] test src/lib.rs - GFloating::from_i32 (line 494) - compile fail ... ok
[INFO] [stdout] test src/lib.rs - GFloating::from_i64 (line 495) - compile fail ... ok
[INFO] [stdout] test src/lib.rs - GFloating::from_f64 (line 142) ... ok
[INFO] [stdout] test src/lib.rs - GFloating::from_i128 (line 485) ... ok
[INFO] [stdout] test src/lib.rs - GFloating::from_g_floating (line 276) ... ok
[INFO] [stdout] test src/lib.rs - GFloating::from_isize (line 495) - compile fail ... ok
[INFO] [stdout] test src/lib.rs - GFloating::from_f_floating (line 276) ... ok
[INFO] [stdout] test src/lib.rs - GFloating::from_i8 (line 494) - compile fail ... ok
[INFO] [stdout] test src/lib.rs - GFloating::from_i16 (line 484) ... ok
[INFO] [stdout] test src/lib.rs - GFloating::from_isize (line 485) ... ok
[INFO] [stdout] test src/lib.rs - GFloating::from_i64 (line 485) ... ok
[INFO] [stdout] test src/lib.rs - GFloating::from_i32 (line 484) ... ok
[INFO] [stdout] test src/lib.rs - GFloating::from_u128 (line 495) - compile fail ... ok
[INFO] [stdout] test src/lib.rs - GFloating::from_u16 (line 494) - compile fail ... ok
[INFO] [stdout] test src/lib.rs - GFloating::from_le_bytes (line 867) ... ok
[INFO] [stdout] test src/lib.rs - GFloating::from_u128 (line 485) ... ok
[INFO] [stdout] test src/lib.rs - GFloating::from_u32 (line 494) - compile fail ... ok
[INFO] [stdout] test src/lib.rs - GFloating::from_ne_bytes (line 897) ... ok
[INFO] [stdout] test src/lib.rs - GFloating::from_u8 (line 494) - compile fail ... ok
[INFO] [stdout] test src/lib.rs - GFloating::from_u64 (line 495) - compile fail ... ok
[INFO] [stdout] test src/lib.rs - GFloating::from_u16 (line 484) ... ok
[INFO] [stdout] test src/lib.rs - GFloating::from_swapped (line 935) ... ok
[INFO] [stdout] test src/lib.rs - GFloating::from_usize (line 495) - compile fail ... ok
[INFO] [stdout] test src/lib.rs - GFloating::from_i8 (line 484) ... ok
[INFO] [stdout] test src/lib.rs - GFloating::from_usize (line 485) ... ok
[INFO] [stdout] test src/lib.rs - GFloating::from_u32 (line 484) ... ok
[INFO] [stdout] test src/lib.rs - GFloating::multiply_by (line 1170) - compile fail ... ok
[INFO] [stdout] test src/lib.rs - GFloating::negate (line 1063) ... ok
[INFO] [stdout] test src/lib.rs - GFloating::is_negative (line 1007) ... ok
[INFO] [stdout] test src/lib.rs - GFloating::from_u8 (line 484) ... ok
[INFO] [stdout] test src/lib.rs - GFloating::is_zero (line 990) ... ok
[INFO] [stdout] test src/lib.rs - GFloating::from_u64 (line 485) ... ok
[INFO] [stdout] test src/lib.rs - GFloating::multiply_by (line 1159) ... ok
[INFO] [stdout] test src/lib.rs - GFloating::is_reserved (line 1026) ... ok
[INFO] [stdout] test src/lib.rs - GFloating::subtract_by (line 1143) - compile fail ... ok
[INFO] [stdout] test src/lib.rs - GFloating::sign (line 1082) ... ok
[INFO] [stdout] test src/lib.rs - GFloating::to_d_floating (line 321) - compile fail ... ok
[INFO] [stdout] test src/lib.rs - GFloating::to_f32 (line 180) - compile fail ... ok
[INFO] [stdout] test src/lib.rs - GFloating::signum (line 964) ... ok
[INFO] [stdout] test src/lib.rs - GFloating::to_f64 (line 180) - compile fail ... ok
[INFO] [stdout] test src/lib.rs - GFloating::subtract_by (line 1132) ... ok
[INFO] [stdout] test src/lib.rs - GFloating::to_be_bytes (line 834) ... ok
[INFO] [stdout] test src/lib.rs - GFloating::to_f32 (line 169) ... ok
[INFO] [stdout] test src/lib.rs - GFloating::to_f_floating (line 321) - compile fail ... ok
[INFO] [stdout] test src/lib.rs - GFloating::to_d_floating (line 309) ... ok
[INFO] [stdout] test src/lib.rs - GFloating::to_g_floating (line 321) - compile fail ... ok
[INFO] [stdout] test src/lib.rs - GFloating::to_f_floating (line 309) ... ok
[INFO] [stdout] test src/lib.rs - GFloating::to_h_floating (line 321) - compile fail ... ok
[INFO] [stdout] test src/lib.rs - GFloating::to_bits (line 787) ... ok
[INFO] [stdout] test src/lib.rs - GFloating::to_g_floating (line 309) ... ok
[INFO] [stdout] test src/lib.rs - GFloating::to_h_floating (line 309) ... ok
[INFO] [stdout] test src/lib.rs - GFloating::to_le_bytes (line 821) ... ok
[INFO] [stdout] test src/lib.rs - GFloating::to_f64 (line 169) ... ok
[INFO] [stdout] test src/lib.rs - GFloating::unwrap (line 1477) - compile fail ... ok
[INFO] [stdout] test src/lib.rs - GFloating::unwrap (line 1465) - compile fail ... ok
[INFO] [stdout] test src/lib.rs - GFloating::to_swapped (line 918) ... ok
[INFO] [stdout] test src/lib.rs - GFloating::to_fp (line 1219) ... ok
[INFO] [stdout] test src/lib.rs - GFloating::to_ne_bytes (line 847) ... ok
[INFO] [stdout] test src/lib.rs - GFloating::unwrap_or (line 1531) ... ok
[INFO] [stdout] test src/lib.rs - GFloating::unwrap_or_default (line 1505) ... ok
[INFO] [stdout] test src/lib.rs - HFloating::add_to (line 1116) - compile fail ... ok
[INFO] [stdout] test src/lib.rs - GFloating::unwrap (line 1459) ... ok
[INFO] [stdout] test src/lib.rs - HFloating::from_ascii (line 1316) - compile fail ... ok
[INFO] [stdout] test src/lib.rs - HFloating::divide_by (line 1197) - compile fail ... ok
[INFO] [stdout] test src/lib.rs - GFloating::unwrap_or_else (line 1558) ... ok
[INFO] [stdout] test src/lib.rs - GFloating::unwrap (line 1470) ... ok
[INFO] [stdout] test src/lib.rs - HFloating::from_ascii (line 1323) - compile fail ... ok
[INFO] [stdout] test src/lib.rs - HFloating::abs (line 1045) ... ok
[INFO] [stdout] test src/lib.rs - HFloating::add_to (line 1105) ... ok
[INFO] [stdout] test src/lib.rs - HFloating::from_f32 (line 152) - compile fail ... ok
[INFO] [stdout] test src/lib.rs - HFloating::from_d_floating (line 288) - compile fail ... ok
[INFO] [stdout] test src/lib.rs - HFloating::divide_by (line 1186) ... ok
[INFO] [stdout] test src/lib.rs - HFloating::from_f64 (line 152) - compile fail ... ok
[INFO] [stdout] test src/lib.rs - HFloating::from_ascii (line 1308) ... ok
[INFO] [stdout] test src/lib.rs - HFloating::from_f_floating (line 288) - compile fail ... ok
[INFO] [stdout] test src/lib.rs - HFloating::from_be_bytes (line 882) ... ok
[INFO] [stdout] test src/lib.rs - HFloating::from_f32 (line 142) ... ok
[INFO] [stdout] test src/lib.rs - HFloating::from_g_floating (line 288) - compile fail ... ok
[INFO] [stdout] test src/lib.rs - HFloating::from_h_floating (line 288) - compile fail ... ok
[INFO] [stdout] test src/lib.rs - HFloating::from_f_floating (line 276) ... ok
[INFO] [stdout] test src/lib.rs - HFloating::from_bits (line 804) ... ok
[INFO] [stdout] test src/lib.rs - HFloating::from_d_floating (line 276) ... ok
[INFO] [stdout] test src/lib.rs - HFloating::from_f64 (line 142) ... ok
[INFO] [stdout] test src/lib.rs - HFloating::from_i128 (line 495) - compile fail ... ok
[INFO] [stdout] test src/lib.rs - HFloating::from_h_floating (line 276) ... ok
[INFO] [stdout] test src/lib.rs - HFloating::from_i16 (line 494) - compile fail ... ok
[INFO] [stdout] test src/lib.rs - HFloating::from_fp (line 1261) ... ok
[INFO] [stdout] test src/lib.rs - HFloating::from_g_floating (line 276) ... ok
[INFO] [stdout] test src/lib.rs - HFloating::from_i32 (line 494) - compile fail ... ok
[INFO] [stdout] test src/lib.rs - HFloating::from_i64 (line 494) - compile fail ... ok
[INFO] [stdout] test src/lib.rs - HFloating::from_i8 (line 494) - compile fail ... ok
[INFO] [stdout] test src/lib.rs - HFloating::from_i128 (line 485) ... ok
[INFO] [stdout] test src/lib.rs - HFloating::from_isize (line 494) - compile fail ... ok
[INFO] [stdout] test src/lib.rs - HFloating::from_i64 (line 484) ... ok
[INFO] [stdout] test src/lib.rs - HFloating::from_i16 (line 484) ... ok
[INFO] [stdout] test src/lib.rs - HFloating::from_i32 (line 484) ... ok
[INFO] [stdout] test src/lib.rs - HFloating::from_u128 (line 495) - compile fail ... ok
[INFO] [stdout] test src/lib.rs - HFloating::from_i8 (line 484) ... ok
[INFO] [stdout] test src/lib.rs - HFloating::from_ne_bytes (line 897) ... ok
[INFO] [stdout] test src/lib.rs - HFloating::from_u16 (line 494) - compile fail ... ok
[INFO] [stdout] test src/lib.rs - HFloating::from_isize (line 484) ... ok
[INFO] [stdout] test src/lib.rs - HFloating::from_u32 (line 494) - compile fail ... ok
[INFO] [stdout] test src/lib.rs - HFloating::from_le_bytes (line 867) ... ok
[INFO] [stdout] test src/lib.rs - HFloating::from_swapped (line 935) ... ok
[INFO] [stdout] test src/lib.rs - HFloating::from_u64 (line 494) - compile fail ... ok
[INFO] [stdout] test src/lib.rs - HFloating::from_u8 (line 494) - compile fail ... ok
[INFO] [stdout] test src/lib.rs - HFloating::from_u128 (line 485) ... ok
[INFO] [stdout] test src/lib.rs - HFloating::from_usize (line 494) - compile fail ... ok
[INFO] [stdout] test src/lib.rs - HFloating::from_u32 (line 484) ... ok
[INFO] [stdout] test src/lib.rs - HFloating::from_u8 (line 484) ... ok
[INFO] [stdout] test src/lib.rs - HFloating::multiply_by (line 1170) - compile fail ... ok
[INFO] [stdout] test src/lib.rs - HFloating::from_u16 (line 484) ... ok
[INFO] [stdout] test src/lib.rs - HFloating::from_u64 (line 484) ... ok
[INFO] [stdout] test src/lib.rs - HFloating::is_reserved (line 1026) ... ok
[INFO] [stdout] test src/lib.rs - HFloating::is_negative (line 1007) ... ok
[INFO] [stdout] test src/lib.rs - HFloating::from_usize (line 484) ... ok
[INFO] [stdout] test src/lib.rs - HFloating::subtract_by (line 1143) - compile fail ... ok
[INFO] [stdout] test src/lib.rs - HFloating::multiply_by (line 1159) ... ok
[INFO] [stdout] test src/lib.rs - HFloating::is_zero (line 990) ... ok
[INFO] [stdout] test src/lib.rs - HFloating::to_d_floating (line 321) - compile fail ... ok
[INFO] [stdout] test src/lib.rs - HFloating::subtract_by (line 1132) ... ok
[INFO] [stdout] test src/lib.rs - HFloating::negate (line 1063) ... ok
[INFO] [stdout] test src/lib.rs - HFloating::sign (line 1082) ... ok
[INFO] [stdout] test src/lib.rs - HFloating::signum (line 964) ... ok
[INFO] [stdout] test src/lib.rs - HFloating::to_bits (line 787) ... ok
[INFO] [stdout] test src/lib.rs - HFloating::to_be_bytes (line 834) ... ok
[INFO] [stdout] test src/lib.rs - HFloating::to_f_floating (line 321) - compile fail ... ok
[INFO] [stdout] test src/lib.rs - HFloating::to_d_floating (line 309) ... ok
[INFO] [stdout] test src/lib.rs - HFloating::to_f64 (line 180) - compile fail ... ok
[INFO] [stdout] test src/lib.rs - HFloating::to_f32 (line 180) - compile fail ... ok
[INFO] [stdout] test src/lib.rs - HFloating::to_h_floating (line 321) - compile fail ... ok
[INFO] [stdout] test src/lib.rs - HFloating::to_g_floating (line 321) - compile fail ... ok
[INFO] [stdout] test src/lib.rs - HFloating::to_fp (line 1219) ... ok
[INFO] [stdout] test src/lib.rs - HFloating::to_f64 (line 169) ... ok
[INFO] [stdout] test src/lib.rs - HFloating::to_f32 (line 169) ... ok
[INFO] [stdout] test src/lib.rs - HFloating::to_g_floating (line 309) ... ok
[INFO] [stdout] test src/lib.rs - HFloating::unwrap (line 1465) - compile fail ... ok
[INFO] [stdout] test src/lib.rs - HFloating::to_ne_bytes (line 847) ... ok
[INFO] [stdout] test src/lib.rs - HFloating::to_f_floating (line 309) ... ok
[INFO] [stdout] test src/lib.rs - HFloating::unwrap (line 1477) - compile fail ... ok
[INFO] [stdout] test src/lib.rs - HFloating::to_le_bytes (line 821) ... ok
[INFO] [stdout] test src/lib.rs - HFloating::unwrap (line 1459) ... ok
[INFO] [stdout] test src/lib.rs - HFloating::to_swapped (line 918) ... ok
[INFO] [stdout] test src/lib.rs - HFloating::to_h_floating (line 309) ... ok
[INFO] [stdout] test src/lib.rs - HFloating::unwrap (line 1470) ... ok
[INFO] [stdout] test src/lib.rs - HFloating::unwrap_or_default (line 1505) ... ok
[INFO] [stdout] test src/lib.rs - HFloating::unwrap_or_else (line 1558) ... ok
[INFO] [stdout] test src/lib.rs - HFloating::unwrap_or (line 1531) ... ok
[INFO] [stdout] 
[INFO] [stdout] failures:
[INFO] [stdout] 
[INFO] [stdout] ---- src/error.rs - error (line 41) stdout ----
[INFO] [stdout] error: linking with `cc` failed: exit status: 1
[INFO] [stdout]   |
[INFO] [stdout]   = note: LC_ALL="C" PATH="/opt/rustwide/rustup-home/toolchains/1.83.0-x86_64-unknown-linux-gnu/lib/rustlib/x86_64-unknown-linux-gnu/bin:/opt/rustwide/cargo-home/bin:/usr/local/sbin:/usr/local/bin:/usr/sbin:/usr/bin:/sbin:/bin" VSLANG="1033" "cc" "-m64" "/tmp/rustcnxq4Hk/symbols.o" "/tmp/rustdoctestJCXSij/rust_out.rust_out.cb03291d53e4e161-cgu.0.rcgu.o" "/tmp/rustdoctestJCXSij/rust_out.1s7umcihpz0t7nkz1uc2ifee9.rcgu.o" "-Wl,--as-needed" "-Wl,-Bstatic" "/opt/rustwide/target/debug/deps/libvax_floating-577692c3e8f09b82.rlib" "/opt/rustwide/target/debug/deps/libforward_ref-561a5aafceabf380.rlib" "/opt/rustwide/rustup-home/toolchains/1.83.0-x86_64-unknown-linux-gnu/lib/rustlib/x86_64-unknown-linux-gnu/lib/libstd-ca74a2d9c5166d9f.rlib" "/opt/rustwide/rustup-home/toolchains/1.83.0-x86_64-unknown-linux-gnu/lib/rustlib/x86_64-unknown-linux-gnu/lib/libpanic_unwind-e31ab23316ed5080.rlib" "/opt/rustwide/rustup-home/toolchains/1.83.0-x86_64-unknown-linux-gnu/lib/rustlib/x86_64-unknown-linux-gnu/lib/libobject-27dc4aa955912662.rlib" "/opt/rustwide/rustup-home/toolchains/1.83.0-x86_64-unknown-linux-gnu/lib/rustlib/x86_64-unknown-linux-gnu/lib/libmemchr-bd0d6cccce077b99.rlib" "/opt/rustwide/rustup-home/toolchains/1.83.0-x86_64-unknown-linux-gnu/lib/rustlib/x86_64-unknown-linux-gnu/lib/libaddr2line-8d001680935b5e3c.rlib" "/opt/rustwide/rustup-home/toolchains/1.83.0-x86_64-unknown-linux-gnu/lib/rustlib/x86_64-unknown-linux-gnu/lib/libgimli-ba8ce71964f984f4.rlib" "/opt/rustwide/rustup-home/toolchains/1.83.0-x86_64-unknown-linux-gnu/lib/rustlib/x86_64-unknown-linux-gnu/lib/librustc_demangle-99a73526abcec14b.rlib" "/opt/rustwide/rustup-home/toolchains/1.83.0-x86_64-unknown-linux-gnu/lib/rustlib/x86_64-unknown-linux-gnu/lib/libstd_detect-63ac0d22cff92579.rlib" "/opt/rustwide/rustup-home/toolchains/1.83.0-x86_64-unknown-linux-gnu/lib/rustlib/x86_64-unknown-linux-gnu/lib/libhashbrown-9057355c92c922d5.rlib" "/opt/rustwide/rustup-home/toolchains/1.83.0-x86_64-unknown-linux-gnu/lib/rustlib/x86_64-unknown-linux-gnu/lib/librustc_std_workspace_alloc-358be9bc1f6bab04.rlib" "/opt/rustwide/rustup-home/toolchains/1.83.0-x86_64-unknown-linux-gnu/lib/rustlib/x86_64-unknown-linux-gnu/lib/libminiz_oxide-aca15549d5bff974.rlib" "/opt/rustwide/rustup-home/toolchains/1.83.0-x86_64-unknown-linux-gnu/lib/rustlib/x86_64-unknown-linux-gnu/lib/libadler-8251d2cef7072448.rlib" "/opt/rustwide/rustup-home/toolchains/1.83.0-x86_64-unknown-linux-gnu/lib/rustlib/x86_64-unknown-linux-gnu/lib/libunwind-7d50b86011c66411.rlib" "/opt/rustwide/rustup-home/toolchains/1.83.0-x86_64-unknown-linux-gnu/lib/rustlib/x86_64-unknown-linux-gnu/lib/libcfg_if-51ea098fce5006bf.rlib" "/opt/rustwide/rustup-home/toolchains/1.83.0-x86_64-unknown-linux-gnu/lib/rustlib/x86_64-unknown-linux-gnu/lib/liblibc-5a14e0d0b712e731.rlib" "/opt/rustwide/rustup-home/toolchains/1.83.0-x86_64-unknown-linux-gnu/lib/rustlib/x86_64-unknown-linux-gnu/lib/liballoc-8b83dbf3a7b8f999.rlib" "/opt/rustwide/rustup-home/toolchains/1.83.0-x86_64-unknown-linux-gnu/lib/rustlib/x86_64-unknown-linux-gnu/lib/librustc_std_workspace_core-c6fd227bdc7b39ff.rlib" "/opt/rustwide/rustup-home/toolchains/1.83.0-x86_64-unknown-linux-gnu/lib/rustlib/x86_64-unknown-linux-gnu/lib/libcore-959d3389fa3da8a5.rlib" "/opt/rustwide/rustup-home/toolchains/1.83.0-x86_64-unknown-linux-gnu/lib/rustlib/x86_64-unknown-linux-gnu/lib/libcompiler_builtins-abe05db089cc2c62.rlib" "-Wl,-Bdynamic" "-lgcc_s" "-lutil" "-lrt" "-lpthread" "-lm" "-ldl" "-lc" "-Wl,--eh-frame-hdr" "-Wl,-z,noexecstack" "-L" "/opt/rustwide/rustup-home/toolchains/1.83.0-x86_64-unknown-linux-gnu/lib/rustlib/x86_64-unknown-linux-gnu/lib" "-o" "/tmp/rustdoctestJCXSij/rust_out" "-Wl,--gc-sections" "-pie" "-Wl,-z,relro,-z,now" "-nodefaultlibs"
[INFO] [stdout]   = note: /usr/bin/ld: final link failed: No space left on device
[INFO] [stdout]           collect2: error: ld returned 1 exit status
[INFO] [stdout]           
[INFO] [stdout] 
[INFO] [stdout] error: aborting due to 1 previous error
[INFO] [stdout] 
[INFO] [stdout] Couldn't compile the test.
[INFO] [stdout] ---- src/lib.rs - DFloating::from_bits (line 804) stdout ----
[INFO] [stdout] rustc-LLVM ERROR: IO failure on output stream: No space left on device
[INFO] [stdout] Couldn't compile the test.
[INFO] [stdout] ---- src/lib.rs - DFloating::from_be_bytes (line 882) stdout ----
[INFO] [stdout] error: couldn't create a temp dir: No space left on device (os error 28) at path "/tmp/rustdoctest3M93JL/rmetayqRbdh"
[INFO] [stdout] 
[INFO] [stdout] error: aborting due to 1 previous error
[INFO] [stdout] 
[INFO] [stdout] Couldn't compile the test.
[INFO] [stdout] ---- src/lib.rs - DFloating::divide_by (line 1186) stdout ----
[INFO] [stdout] error: linking with `cc` failed: exit status: 1
[INFO] [stdout]   |
[INFO] [stdout]   = note: LC_ALL="C" PATH="/opt/rustwide/rustup-home/toolchains/1.83.0-x86_64-unknown-linux-gnu/lib/rustlib/x86_64-unknown-linux-gnu/bin:/opt/rustwide/cargo-home/bin:/usr/local/sbin:/usr/local/bin:/usr/sbin:/usr/bin:/sbin:/bin" VSLANG="1033" "cc" "-m64" "/tmp/rustcN2GGst/symbols.o" "/tmp/rustdoctestlhPiQW/rust_out.rust_out.cb03291d53e4e161-cgu.0.rcgu.o" "/tmp/rustdoctestlhPiQW/rust_out.1s7umcihpz0t7nkz1uc2ifee9.rcgu.o" "-Wl,--as-needed" "-Wl,-Bstatic" "/opt/rustwide/target/debug/deps/libvax_floating-577692c3e8f09b82.rlib" "/opt/rustwide/target/debug/deps/libforward_ref-561a5aafceabf380.rlib" "/opt/rustwide/rustup-home/toolchains/1.83.0-x86_64-unknown-linux-gnu/lib/rustlib/x86_64-unknown-linux-gnu/lib/libstd-ca74a2d9c5166d9f.rlib" "/opt/rustwide/rustup-home/toolchains/1.83.0-x86_64-unknown-linux-gnu/lib/rustlib/x86_64-unknown-linux-gnu/lib/libpanic_unwind-e31ab23316ed5080.rlib" "/opt/rustwide/rustup-home/toolchains/1.83.0-x86_64-unknown-linux-gnu/lib/rustlib/x86_64-unknown-linux-gnu/lib/libobject-27dc4aa955912662.rlib" "/opt/rustwide/rustup-home/toolchains/1.83.0-x86_64-unknown-linux-gnu/lib/rustlib/x86_64-unknown-linux-gnu/lib/libmemchr-bd0d6cccce077b99.rlib" "/opt/rustwide/rustup-home/toolchains/1.83.0-x86_64-unknown-linux-gnu/lib/rustlib/x86_64-unknown-linux-gnu/lib/libaddr2line-8d001680935b5e3c.rlib" "/opt/rustwide/rustup-home/toolchains/1.83.0-x86_64-unknown-linux-gnu/lib/rustlib/x86_64-unknown-linux-gnu/lib/libgimli-ba8ce71964f984f4.rlib" "/opt/rustwide/rustup-home/toolchains/1.83.0-x86_64-unknown-linux-gnu/lib/rustlib/x86_64-unknown-linux-gnu/lib/librustc_demangle-99a73526abcec14b.rlib" "/opt/rustwide/rustup-home/toolchains/1.83.0-x86_64-unknown-linux-gnu/lib/rustlib/x86_64-unknown-linux-gnu/lib/libstd_detect-63ac0d22cff92579.rlib" "/opt/rustwide/rustup-home/toolchains/1.83.0-x86_64-unknown-linux-gnu/lib/rustlib/x86_64-unknown-linux-gnu/lib/libhashbrown-9057355c92c922d5.rlib" "/opt/rustwide/rustup-home/toolchains/1.83.0-x86_64-unknown-linux-gnu/lib/rustlib/x86_64-unknown-linux-gnu/lib/librustc_std_workspace_alloc-358be9bc1f6bab04.rlib" "/opt/rustwide/rustup-home/toolchains/1.83.0-x86_64-unknown-linux-gnu/lib/rustlib/x86_64-unknown-linux-gnu/lib/libminiz_oxide-aca15549d5bff974.rlib" "/opt/rustwide/rustup-home/toolchains/1.83.0-x86_64-unknown-linux-gnu/lib/rustlib/x86_64-unknown-linux-gnu/lib/libadler-8251d2cef7072448.rlib" "/opt/rustwide/rustup-home/toolchains/1.83.0-x86_64-unknown-linux-gnu/lib/rustlib/x86_64-unknown-linux-gnu/lib/libunwind-7d50b86011c66411.rlib" "/opt/rustwide/rustup-home/toolchains/1.83.0-x86_64-unknown-linux-gnu/lib/rustlib/x86_64-unknown-linux-gnu/lib/libcfg_if-51ea098fce5006bf.rlib" "/opt/rustwide/rustup-home/toolchains/1.83.0-x86_64-unknown-linux-gnu/lib/rustlib/x86_64-unknown-linux-gnu/lib/liblibc-5a14e0d0b712e731.rlib" "/opt/rustwide/rustup-home/toolchains/1.83.0-x86_64-unknown-linux-gnu/lib/rustlib/x86_64-unknown-linux-gnu/lib/liballoc-8b83dbf3a7b8f999.rlib" "/opt/rustwide/rustup-home/toolchains/1.83.0-x86_64-unknown-linux-gnu/lib/rustlib/x86_64-unknown-linux-gnu/lib/librustc_std_workspace_core-c6fd227bdc7b39ff.rlib" "/opt/rustwide/rustup-home/toolchains/1.83.0-x86_64-unknown-linux-gnu/lib/rustlib/x86_64-unknown-linux-gnu/lib/libcore-959d3389fa3da8a5.rlib" "/opt/rustwide/rustup-home/toolchains/1.83.0-x86_64-unknown-linux-gnu/lib/rustlib/x86_64-unknown-linux-gnu/lib/libcompiler_builtins-abe05db089cc2c62.rlib" "-Wl,-Bdynamic" "-lgcc_s" "-lutil" "-lrt" "-lpthread" "-lm" "-ldl" "-lc" "-Wl,--eh-frame-hdr" "-Wl,-z,noexecstack" "-L" "/opt/rustwide/rustup-home/toolchains/1.83.0-x86_64-unknown-linux-gnu/lib/rustlib/x86_64-unknown-linux-gnu/lib" "-o" "/tmp/rustdoctestlhPiQW/rust_out" "-Wl,--gc-sections" "-pie" "-Wl,-z,relro,-z,now" "-nodefaultlibs"
[INFO] [stdout]   = note: /usr/bin/ld: final link failed: No space left on device
[INFO] [stdout]           collect2: error: ld returned 1 exit status
[INFO] [stdout]           
[INFO] [stdout] 
[INFO] [stdout] error: aborting due to 1 previous error
[INFO] [stdout] 
[INFO] [stdout] Couldn't compile the test.
[INFO] [stdout] ---- src/lib.rs - DFloating::from_f32 (line 142) stdout ----
[INFO] [stdout] error: linking with `cc` failed: exit status: 1
[INFO] [stdout]   |
[INFO] [stdout]   = note: LC_ALL="C" PATH="/opt/rustwide/rustup-home/toolchains/1.83.0-x86_64-unknown-linux-gnu/lib/rustlib/x86_64-unknown-linux-gnu/bin:/opt/rustwide/cargo-home/bin:/usr/local/sbin:/usr/local/bin:/usr/sbin:/usr/bin:/sbin:/bin" VSLANG="1033" "cc" "-m64" "/tmp/rustcilSOVN/symbols.o" "/tmp/rustdoctestEeuthz/rust_out.rust_out.cb03291d53e4e161-cgu.0.rcgu.o" "/tmp/rustdoctestEeuthz/rust_out.1s7umcihpz0t7nkz1uc2ifee9.rcgu.o" "-Wl,--as-needed" "-Wl,-Bstatic" "/opt/rustwide/target/debug/deps/libvax_floating-577692c3e8f09b82.rlib" "/opt/rustwide/target/debug/deps/libforward_ref-561a5aafceabf380.rlib" "/opt/rustwide/rustup-home/toolchains/1.83.0-x86_64-unknown-linux-gnu/lib/rustlib/x86_64-unknown-linux-gnu/lib/libstd-ca74a2d9c5166d9f.rlib" "/opt/rustwide/rustup-home/toolchains/1.83.0-x86_64-unknown-linux-gnu/lib/rustlib/x86_64-unknown-linux-gnu/lib/libpanic_unwind-e31ab23316ed5080.rlib" "/opt/rustwide/rustup-home/toolchains/1.83.0-x86_64-unknown-linux-gnu/lib/rustlib/x86_64-unknown-linux-gnu/lib/libobject-27dc4aa955912662.rlib" "/opt/rustwide/rustup-home/toolchains/1.83.0-x86_64-unknown-linux-gnu/lib/rustlib/x86_64-unknown-linux-gnu/lib/libmemchr-bd0d6cccce077b99.rlib" "/opt/rustwide/rustup-home/toolchains/1.83.0-x86_64-unknown-linux-gnu/lib/rustlib/x86_64-unknown-linux-gnu/lib/libaddr2line-8d001680935b5e3c.rlib" "/opt/rustwide/rustup-home/toolchains/1.83.0-x86_64-unknown-linux-gnu/lib/rustlib/x86_64-unknown-linux-gnu/lib/libgimli-ba8ce71964f984f4.rlib" "/opt/rustwide/rustup-home/toolchains/1.83.0-x86_64-unknown-linux-gnu/lib/rustlib/x86_64-unknown-linux-gnu/lib/librustc_demangle-99a73526abcec14b.rlib" "/opt/rustwide/rustup-home/toolchains/1.83.0-x86_64-unknown-linux-gnu/lib/rustlib/x86_64-unknown-linux-gnu/lib/libstd_detect-63ac0d22cff92579.rlib" "/opt/rustwide/rustup-home/toolchains/1.83.0-x86_64-unknown-linux-gnu/lib/rustlib/x86_64-unknown-linux-gnu/lib/libhashbrown-9057355c92c922d5.rlib" "/opt/rustwide/rustup-home/toolchains/1.83.0-x86_64-unknown-linux-gnu/lib/rustlib/x86_64-unknown-linux-gnu/lib/librustc_std_workspace_alloc-358be9bc1f6bab04.rlib" "/opt/rustwide/rustup-home/toolchains/1.83.0-x86_64-unknown-linux-gnu/lib/rustlib/x86_64-unknown-linux-gnu/lib/libminiz_oxide-aca15549d5bff974.rlib" "/opt/rustwide/rustup-home/toolchains/1.83.0-x86_64-unknown-linux-gnu/lib/rustlib/x86_64-unknown-linux-gnu/lib/libadler-8251d2cef7072448.rlib" "/opt/rustwide/rustup-home/toolchains/1.83.0-x86_64-unknown-linux-gnu/lib/rustlib/x86_64-unknown-linux-gnu/lib/libunwind-7d50b86011c66411.rlib" "/opt/rustwide/rustup-home/toolchains/1.83.0-x86_64-unknown-linux-gnu/lib/rustlib/x86_64-unknown-linux-gnu/lib/libcfg_if-51ea098fce5006bf.rlib" "/opt/rustwide/rustup-home/toolchains/1.83.0-x86_64-unknown-linux-gnu/lib/rustlib/x86_64-unknown-linux-gnu/lib/liblibc-5a14e0d0b712e731.rlib" "/opt/rustwide/rustup-home/toolchains/1.83.0-x86_64-unknown-linux-gnu/lib/rustlib/x86_64-unknown-linux-gnu/lib/liballoc-8b83dbf3a7b8f999.rlib" "/opt/rustwide/rustup-home/toolchains/1.83.0-x86_64-unknown-linux-gnu/lib/rustlib/x86_64-unknown-linux-gnu/lib/librustc_std_workspace_core-c6fd227bdc7b39ff.rlib" "/opt/rustwide/rustup-home/toolchains/1.83.0-x86_64-unknown-linux-gnu/lib/rustlib/x86_64-unknown-linux-gnu/lib/libcore-959d3389fa3da8a5.rlib" "/opt/rustwide/rustup-home/toolchains/1.83.0-x86_64-unknown-linux-gnu/lib/rustlib/x86_64-unknown-linux-gnu/lib/libcompiler_builtins-abe05db089cc2c62.rlib" "-Wl,-Bdynamic" "-lgcc_s" "-lutil" "-lrt" "-lpthread" "-lm" "-ldl" "-lc" "-Wl,--eh-frame-hdr" "-Wl,-z,noexecstack" "-L" "/opt/rustwide/rustup-home/toolchains/1.83.0-x86_64-unknown-linux-gnu/lib/rustlib/x86_64-unknown-linux-gnu/lib" "-o" "/tmp/rustdoctestEeuthz/rust_out" "-Wl,--gc-sections" "-pie" "-Wl,-z,relro,-z,now" "-nodefaultlibs"
[INFO] [stdout]   = note: /usr/bin/ld: final link failed: No space left on device
[INFO] [stdout]           collect2: error: ld returned 1 exit status
[INFO] [stdout]           
[INFO] [stdout] 
[INFO] [stdout] error: aborting due to 1 previous error
[INFO] [stdout] 
[INFO] [stdout] Couldn't compile the test.
[INFO] [stdout] 
[INFO] [stdout] failures:
[INFO] [stdout]     src/error.rs - error (line 41)
[INFO] [stdout]     src/lib.rs - DFloating::divide_by (line 1186)
[INFO] [stdout]     src/lib.rs - DFloating::from_be_bytes (line 882)
[INFO] [stdout]     src/lib.rs - DFloating::from_bits (line 804)
[INFO] [stdout]     src/lib.rs - DFloating::from_f32 (line 142)
[INFO] [stdout] 
[INFO] [stdout] test result: FAILED. 496 passed; 5 failed; 0 ignored; 0 measured; 0 filtered out; finished in 53.62s
[INFO] [stdout] 
[INFO] [stderr] error: doctest failed, to rerun pass `--doc`
[INFO] running `Command { std: "docker" "inspect" "afac1b5ac17175b31cf71f5e03f0d391bc5e857787110c8003de9b8347aa6bdb", kill_on_drop: false }`
[INFO] running `Command { std: "docker" "rm" "-f" "afac1b5ac17175b31cf71f5e03f0d391bc5e857787110c8003de9b8347aa6bdb", kill_on_drop: false }`
[INFO] [stdout] afac1b5ac17175b31cf71f5e03f0d391bc5e857787110c8003de9b8347aa6bdb
