[INFO] fetching crate tyractorsaur 0.3.0...
[INFO] testing tyractorsaur-0.3.0 against 1.83.0 for beta-1.84.0-4-retry
[INFO] extracting crate tyractorsaur 0.3.0 into /workspace/builds/worker-7-tc1/source
[INFO] validating manifest of crates.io crate tyractorsaur 0.3.0 on toolchain 1.83.0
[INFO] running `Command { std: CARGO_HOME="/workspace/cargo-home" RUSTUP_HOME="/workspace/rustup-home" "/workspace/cargo-home/bin/cargo" "+1.83.0" "metadata" "--manifest-path" "Cargo.toml" "--no-deps", kill_on_drop: false }`
[INFO] started tweaking crates.io crate tyractorsaur 0.3.0
[INFO] finished tweaking crates.io crate tyractorsaur 0.3.0
[INFO] tweaked toml for crates.io crate tyractorsaur 0.3.0 written to /workspace/builds/worker-7-tc1/source/Cargo.toml
[INFO] crate crates.io crate tyractorsaur 0.3.0 already has a lockfile, it will not be regenerated
[INFO] running `Command { std: CARGO_HOME="/workspace/cargo-home" RUSTUP_HOME="/workspace/rustup-home" "/workspace/cargo-home/bin/cargo" "+1.83.0" "fetch" "--manifest-path" "Cargo.toml", kill_on_drop: false }`
[INFO] running `Command { std: "docker" "create" "-v" "/var/lib/crater-agent-workspace/builds/worker-7-tc1/target:/opt/rustwide/target:rw,Z" "-v" "/var/lib/crater-agent-workspace/builds/worker-7-tc1/source:/opt/rustwide/workdir:ro,Z" "-v" "/var/lib/crater-agent-workspace/cargo-home:/opt/rustwide/cargo-home:ro,Z" "-v" "/var/lib/crater-agent-workspace/rustup-home:/opt/rustwide/rustup-home:ro,Z" "-e" "SOURCE_DIR=/opt/rustwide/workdir" "-e" "CARGO_TARGET_DIR=/opt/rustwide/target" "-e" "CARGO_HOME=/opt/rustwide/cargo-home" "-e" "RUSTUP_HOME=/opt/rustwide/rustup-home" "-w" "/opt/rustwide/workdir" "-m" "1610612736" "--user" "0:0" "--network" "none" "ghcr.io/rust-lang/crates-build-env/linux@sha256:f3a9d4ad9d972b27faf3965f35b62e55ba32bbce8f20bc8fe909558a86702fde" "/opt/rustwide/cargo-home/bin/cargo" "+1.83.0" "metadata" "--no-deps" "--format-version=1", kill_on_drop: false }`
[INFO] [stdout] 0ff03dd8250b6d60756960500bdcbb91b2d554995c6ddaf29b26c7d95ae01602
[INFO] running `Command { std: "docker" "start" "-a" "0ff03dd8250b6d60756960500bdcbb91b2d554995c6ddaf29b26c7d95ae01602", kill_on_drop: false }`
[INFO] running `Command { std: "docker" "inspect" "0ff03dd8250b6d60756960500bdcbb91b2d554995c6ddaf29b26c7d95ae01602", kill_on_drop: false }`
[INFO] running `Command { std: "docker" "rm" "-f" "0ff03dd8250b6d60756960500bdcbb91b2d554995c6ddaf29b26c7d95ae01602", kill_on_drop: false }`
[INFO] [stdout] 0ff03dd8250b6d60756960500bdcbb91b2d554995c6ddaf29b26c7d95ae01602
[INFO] running `Command { std: "docker" "create" "-v" "/var/lib/crater-agent-workspace/builds/worker-7-tc1/target:/opt/rustwide/target:rw,Z" "-v" "/var/lib/crater-agent-workspace/builds/worker-7-tc1/source:/opt/rustwide/workdir:ro,Z" "-v" "/var/lib/crater-agent-workspace/cargo-home:/opt/rustwide/cargo-home:ro,Z" "-v" "/var/lib/crater-agent-workspace/rustup-home:/opt/rustwide/rustup-home:ro,Z" "-e" "SOURCE_DIR=/opt/rustwide/workdir" "-e" "CARGO_TARGET_DIR=/opt/rustwide/target" "-e" "CARGO_INCREMENTAL=0" "-e" "RUST_BACKTRACE=full" "-e" "RUSTFLAGS=--cap-lints=warn" "-e" "RUSTDOCFLAGS=--cap-lints=warn" "-e" "CARGO_HOME=/opt/rustwide/cargo-home" "-e" "RUSTUP_HOME=/opt/rustwide/rustup-home" "-w" "/opt/rustwide/workdir" "-m" "1610612736" "--user" "0:0" "--network" "none" "ghcr.io/rust-lang/crates-build-env/linux@sha256:f3a9d4ad9d972b27faf3965f35b62e55ba32bbce8f20bc8fe909558a86702fde" "/opt/rustwide/cargo-home/bin/cargo" "+1.83.0" "build" "--frozen" "--message-format=json", kill_on_drop: false }`
[INFO] [stdout] 2bdd6e2db4d812400836f209b2e00c8e3153382c7e9567e9bc4a2625aadeaaed
[INFO] running `Command { std: "docker" "start" "-a" "2bdd6e2db4d812400836f209b2e00c8e3153382c7e9567e9bc4a2625aadeaaed", kill_on_drop: false }`
[INFO] [stderr]    Compiling proc-macro2 v1.0.29
[INFO] [stderr]    Compiling unicode-xid v0.2.2
[INFO] [stderr]    Compiling syn v1.0.80
[INFO] [stderr]    Compiling memchr v2.4.1
[INFO] [stderr]    Compiling ryu v1.0.5
[INFO] [stderr]    Compiling serde_derive v1.0.130
[INFO] [stderr]    Compiling libc v0.2.103
[INFO] [stderr]    Compiling cfg-if v1.0.0
[INFO] [stderr]    Compiling autocfg v1.0.1
[INFO] [stderr]    Compiling serde v1.0.130
[INFO] [stderr]    Compiling lazy_static v1.4.0
[INFO] [stderr]    Compiling version_check v0.9.3
[INFO] [stderr]    Compiling lexical-core v0.7.6
[INFO] [stderr]    Compiling aho-corasick v0.7.18
[INFO] [stderr]    Compiling num-traits v0.2.14
[INFO] [stderr]    Compiling bitflags v1.3.2
[INFO] [stderr]    Compiling serde_json v1.0.68
[INFO] [stderr]    Compiling regex-syntax v0.6.25
[INFO] [stderr]    Compiling static_assertions v1.1.0
[INFO] [stderr]    Compiling arrayvec v0.5.2
[INFO] [stderr]    Compiling crossbeam-utils v0.8.5
[INFO] [stderr]    Compiling nom v5.1.2
[INFO] [stderr]    Compiling num_cpus v1.13.0
[INFO] [stderr]    Compiling quote v1.0.10
[INFO] [stderr]    Compiling itoa v0.4.8
[INFO] [stderr]    Compiling serde v0.8.23
[INFO] [stderr]    Compiling linked-hash-map v0.5.4
[INFO] [stderr]    Compiling yaml-rust v0.4.5
[INFO] [stderr]    Compiling num-traits v0.1.43
[INFO] [stderr]    Compiling match_cfg v0.1.0
[INFO] [stderr]    Compiling rust-ini v0.13.0
[INFO] [stderr]    Compiling hostname v0.3.1
[INFO] [stderr]    Compiling regex v1.5.4
[INFO] [stderr]    Compiling crossbeam-channel v0.5.1
[INFO] [stderr]    Compiling dashmap v4.0.2
[INFO] [stderr]    Compiling threadpool v1.8.1
[INFO] [stderr]    Compiling serde-hjson v0.9.1
[INFO] [stderr]    Compiling toml v0.5.8
[INFO] [stderr]    Compiling config v0.11.0
[INFO] [stderr]    Compiling tyractorsaur v0.3.0 (/opt/rustwide/workdir)
[INFO] [stderr]     Finished `dev` profile [unoptimized + debuginfo] target(s) in 35.30s
[INFO] [stderr] warning: the following packages contain code that will be rejected by a future version of Rust: nom v5.1.2
[INFO] [stderr] note: to see what the problems were, use the option `--future-incompat-report`, or run `cargo report future-incompatibilities --id 1`
[INFO] running `Command { std: "docker" "inspect" "2bdd6e2db4d812400836f209b2e00c8e3153382c7e9567e9bc4a2625aadeaaed", kill_on_drop: false }`
[INFO] running `Command { std: "docker" "rm" "-f" "2bdd6e2db4d812400836f209b2e00c8e3153382c7e9567e9bc4a2625aadeaaed", kill_on_drop: false }`
[INFO] [stdout] 2bdd6e2db4d812400836f209b2e00c8e3153382c7e9567e9bc4a2625aadeaaed
[INFO] running `Command { std: "docker" "create" "-v" "/var/lib/crater-agent-workspace/builds/worker-7-tc1/target:/opt/rustwide/target:rw,Z" "-v" "/var/lib/crater-agent-workspace/builds/worker-7-tc1/source:/opt/rustwide/workdir:ro,Z" "-v" "/var/lib/crater-agent-workspace/cargo-home:/opt/rustwide/cargo-home:ro,Z" "-v" "/var/lib/crater-agent-workspace/rustup-home:/opt/rustwide/rustup-home:ro,Z" "-e" "SOURCE_DIR=/opt/rustwide/workdir" "-e" "CARGO_TARGET_DIR=/opt/rustwide/target" "-e" "CARGO_INCREMENTAL=0" "-e" "RUST_BACKTRACE=full" "-e" "RUSTFLAGS=--cap-lints=warn" "-e" "RUSTDOCFLAGS=--cap-lints=warn" "-e" "CARGO_HOME=/opt/rustwide/cargo-home" "-e" "RUSTUP_HOME=/opt/rustwide/rustup-home" "-w" "/opt/rustwide/workdir" "-m" "1610612736" "--user" "0:0" "--network" "none" "ghcr.io/rust-lang/crates-build-env/linux@sha256:f3a9d4ad9d972b27faf3965f35b62e55ba32bbce8f20bc8fe909558a86702fde" "/opt/rustwide/cargo-home/bin/cargo" "+1.83.0" "test" "--frozen" "--no-run" "--message-format=json", kill_on_drop: false }`
[INFO] [stdout] 408d8634df62569828e89331012d902440a4061a77e507894f90c6337c4ad1ac
[INFO] running `Command { std: "docker" "start" "-a" "408d8634df62569828e89331012d902440a4061a77e507894f90c6337c4ad1ac", kill_on_drop: false }`
[INFO] [stderr]    Compiling tyractorsaur v0.3.0 (/opt/rustwide/workdir)
[INFO] [stdout] warning: struct `MessageUnsupported` is never constructed
[INFO] [stdout]   --> examples/actor.rs:19:8
[INFO] [stdout]    |
[INFO] [stdout] 19 | struct MessageUnsupported {}
[INFO] [stdout]    |        ^^^^^^^^^^^^^^^^^^
[INFO] [stdout]    |
[INFO] [stdout]    = note: `#[warn(dead_code)]` on by default
[INFO] [stdout] 
[INFO] [stdout] 
[INFO] [stdout] warning: field `text` is never read
[INFO] [stdout]   --> examples/error.rs:16:5
[INFO] [stdout]    |
[INFO] [stdout] 15 | struct ErrActor {
[INFO] [stdout]    |        -------- field in this struct
[INFO] [stdout] 16 |     text: String,
[INFO] [stdout]    |     ^^^^
[INFO] [stdout]    |
[INFO] [stdout]    = note: `ErrActor` has a derived impl for the trait `Clone`, but this is intentionally ignored during dead code analysis
[INFO] [stdout]    = note: `#[warn(dead_code)]` on by default
[INFO] [stdout] 
[INFO] [stdout] 
[INFO] [stdout] warning: field `text` is never read
[INFO] [stdout]   --> examples/sleep.rs:10:5
[INFO] [stdout]    |
[INFO] [stdout] 9  | struct SleepMsg {
[INFO] [stdout]    |        -------- field in this struct
[INFO] [stdout] 10 |     text: String,
[INFO] [stdout]    |     ^^^^
[INFO] [stdout]    |
[INFO] [stdout]    = note: `SleepMsg` has a derived impl for the trait `Clone`, but this is intentionally ignored during dead code analysis
[INFO] [stdout]    = note: `#[warn(dead_code)]` on by default
[INFO] [stdout] 
[INFO] [stdout] 
[INFO] [stdout] warning: field `text` is never read
[INFO] [stdout]   --> examples/sleep.rs:17:5
[INFO] [stdout]    |
[INFO] [stdout] 16 | struct SleepActor {
[INFO] [stdout]    |        ---------- field in this struct
[INFO] [stdout] 17 |     text: String,
[INFO] [stdout]    |     ^^^^
[INFO] [stdout]    |
[INFO] [stdout]    = note: `SleepActor` has a derived impl for the trait `Clone`, but this is intentionally ignored during dead code analysis
[INFO] [stdout] 
[INFO] [stdout] 
[INFO] [stderr]     Finished `test` profile [unoptimized + debuginfo] target(s) in 8.88s
[INFO] [stderr] warning: the following packages contain code that will be rejected by a future version of Rust: nom v5.1.2
[INFO] [stderr] note: to see what the problems were, use the option `--future-incompat-report`, or run `cargo report future-incompatibilities --id 1`
[INFO] running `Command { std: "docker" "inspect" "408d8634df62569828e89331012d902440a4061a77e507894f90c6337c4ad1ac", kill_on_drop: false }`
[INFO] running `Command { std: "docker" "rm" "-f" "408d8634df62569828e89331012d902440a4061a77e507894f90c6337c4ad1ac", kill_on_drop: false }`
[INFO] [stdout] 408d8634df62569828e89331012d902440a4061a77e507894f90c6337c4ad1ac
[INFO] running `Command { std: "docker" "create" "-v" "/var/lib/crater-agent-workspace/builds/worker-7-tc1/target:/opt/rustwide/target:rw,Z" "-v" "/var/lib/crater-agent-workspace/builds/worker-7-tc1/source:/opt/rustwide/workdir:ro,Z" "-v" "/var/lib/crater-agent-workspace/cargo-home:/opt/rustwide/cargo-home:ro,Z" "-v" "/var/lib/crater-agent-workspace/rustup-home:/opt/rustwide/rustup-home:ro,Z" "-e" "SOURCE_DIR=/opt/rustwide/workdir" "-e" "CARGO_TARGET_DIR=/opt/rustwide/target" "-e" "CARGO_INCREMENTAL=0" "-e" "RUST_BACKTRACE=full" "-e" "RUSTFLAGS=--cap-lints=warn" "-e" "RUSTDOCFLAGS=--cap-lints=warn" "-e" "CARGO_HOME=/opt/rustwide/cargo-home" "-e" "RUSTUP_HOME=/opt/rustwide/rustup-home" "-w" "/opt/rustwide/workdir" "-m" "1610612736" "--user" "0:0" "--network" "none" "ghcr.io/rust-lang/crates-build-env/linux@sha256:f3a9d4ad9d972b27faf3965f35b62e55ba32bbce8f20bc8fe909558a86702fde" "/opt/rustwide/cargo-home/bin/cargo" "+1.83.0" "test" "--frozen", kill_on_drop: false }`
[INFO] [stdout] 633fd4ab043f0d89589a73fe712e40ba566015ce18b634df02ea42d02b825dbd
[INFO] running `Command { std: "docker" "start" "-a" "633fd4ab043f0d89589a73fe712e40ba566015ce18b634df02ea42d02b825dbd", kill_on_drop: false }`
[INFO] [stderr] warning: field `text` is never read
[INFO] [stderr]   --> examples/error.rs:16:5
[INFO] [stderr]    |
[INFO] [stderr] 15 | struct ErrActor {
[INFO] [stderr]    |        -------- field in this struct
[INFO] [stderr] 16 |     text: String,
[INFO] [stderr]    |     ^^^^
[INFO] [stderr]    |
[INFO] [stderr]    = note: `ErrActor` has a derived impl for the trait `Clone`, but this is intentionally ignored during dead code analysis
[INFO] [stderr]    = note: `#[warn(dead_code)]` on by default
[INFO] [stderr] 
[INFO] [stderr] warning: struct `MessageUnsupported` is never constructed
[INFO] [stderr]   --> examples/actor.rs:19:8
[INFO] [stderr]    |
[INFO] [stderr] 19 | struct MessageUnsupported {}
[INFO] [stderr]    |        ^^^^^^^^^^^^^^^^^^
[INFO] [stderr]    |
[INFO] [stderr]    = note: `#[warn(dead_code)]` on by default
[INFO] [stderr] 
[INFO] [stderr] warning: field `text` is never read
[INFO] [stderr]   --> examples/sleep.rs:10:5
[INFO] [stderr]    |
[INFO] [stderr] 9  | struct SleepMsg {
[INFO] [stderr]    |        -------- field in this struct
[INFO] [stderr] 10 |     text: String,
[INFO] [stderr]    |     ^^^^
[INFO] [stderr]    |
[INFO] [stderr]    = note: `SleepMsg` has a derived impl for the trait `Clone`, but this is intentionally ignored during dead code analysis
[INFO] [stderr]    = note: `#[warn(dead_code)]` on by default
[INFO] [stderr] 
[INFO] [stderr] warning: field `text` is never read
[INFO] [stderr]   --> examples/sleep.rs:17:5
[INFO] [stderr]    |
[INFO] [stderr] 16 | struct SleepActor {
[INFO] [stderr]    |        ---------- field in this struct
[INFO] [stderr] 17 |     text: String,
[INFO] [stderr]    |     ^^^^
[INFO] [stderr]    |
[INFO] [stderr]    = note: `SleepActor` has a derived impl for the trait `Clone`, but this is intentionally ignored during dead code analysis
[INFO] [stderr] 
[INFO] [stderr] warning: `tyractorsaur` (example "error") generated 1 warning
[INFO] [stderr] warning: `tyractorsaur` (example "actor") generated 1 warning
[INFO] [stderr] warning: `tyractorsaur` (example "sleep") generated 2 warnings
[INFO] [stderr]     Finished `test` profile [unoptimized + debuginfo] target(s) in 0.13s
[INFO] [stderr] warning: the following packages contain code that will be rejected by a future version of Rust: nom v5.1.2
[INFO] [stderr] note: to see what the problems were, use the option `--future-incompat-report`, or run `cargo report future-incompatibilities --id 1`
[INFO] [stderr]      Running unittests src/lib.rs (/opt/rustwide/target/debug/deps/tyractorsaur-6a529179856b1b39)
[INFO] [stdout] 
[INFO] [stdout] running 0 tests
[INFO] [stdout] 
[INFO] [stdout] test result: ok. 0 passed; 0 failed; 0 ignored; 0 measured; 0 filtered out; finished in 0.00s
[INFO] [stdout] 
[INFO] [stderr]    Doc-tests tyractorsaur
[INFO] [stdout] 
[INFO] [stdout] running 17 tests
[INFO] [stdout] test src/actor/handler.rs - actor::handler::Handler (line 13) ... ok
[INFO] [stdout] test src/message/actor_message.rs - message::actor_message::ActorMessage (line 7) ... ok
[INFO] [stdout] test src/actor/actor_factory.rs - actor::actor_factory::ActorFactory (line 14) ... ok
[INFO] [stdout] test src/actor/actor.rs - actor::actor::Actor (line 20) ... ok
[INFO] [stdout] test src/config/pool_config.rs - config::pool_config::ThreadPoolConfig::new (line 20) ... ok
[INFO] [stdout] test src/config/tyractorsaur_config.rs - config::tyractorsaur_config::TyractorsaurConfig::new (line 28) ... ok
[INFO] [stdout] test src/system/actor_system.rs - system::actor_system::ActorSystem::add_pool_with_config (line 96) ... ok
[INFO] [stdout] test src/routers/round_robin_router.rs - routers::round_robin_router::RoundRobinRouterFactory (line 27) ... ok
[INFO] [stdout] test src/system/actor_system.rs - system::actor_system::ActorSystem::await_shutdown (line 220) ... ok
[INFO] [stdout] test src/system/actor_system.rs - system::actor_system::ActorSystem::add_pool (line 72) ... ok
[INFO] [stdout] test src/system/actor_system.rs - system::actor_system::ActorSystem::builder (line 155) ... ok
[INFO] [stdout] test src/system/actor_system.rs - system::actor_system::ActorSystem::new (line 31) ... FAILED
[INFO] [stdout] test src/system/actor_system.rs - system::actor_system::ActorSystem::get_name (line 262) ... FAILED
[INFO] [stdout] test src/lib.rs - (line 13) ... ok
[INFO] [stdout] test src/system/actor_system.rs - system::actor_system::ActorSystem::get_config (line 243) ... ok
[INFO] [stdout] test src/system/actor_system.rs - system::actor_system::ActorSystem::stop (line 196) ... ok
[INFO] [stdout] test src/system/actor_system.rs - system::actor_system::ActorSystem::send_to_address (line 119) ... ok
[INFO] [stdout] 
[INFO] [stdout] failures:
[INFO] [stdout] 
[INFO] [stdout] ---- src/system/actor_system.rs - system::actor_system::ActorSystem::new (line 31) stdout ----
[INFO] [stdout] error: linking with `cc` failed: exit status: 1
[INFO] [stdout]   |
[INFO] [stdout]   = note: LC_ALL="C" PATH="/opt/rustwide/rustup-home/toolchains/1.83.0-x86_64-unknown-linux-gnu/lib/rustlib/x86_64-unknown-linux-gnu/bin:/opt/rustwide/cargo-home/bin:/usr/local/sbin:/usr/local/bin:/usr/sbin:/usr/bin:/sbin:/bin" VSLANG="1033" "cc" "-m64" "/tmp/rustcHGow4E/symbols.o" "/tmp/rustdoctestwP1uzf/rust_out.rust_out.cb03291d53e4e161-cgu.0.rcgu.o" "/tmp/rustdoctestwP1uzf/rust_out.1s7umcihpz0t7nkz1uc2ifee9.rcgu.o" "-Wl,--as-needed" "-Wl,-Bstatic" "/opt/rustwide/target/debug/deps/libtyractorsaur-2774995d08024bbb.rlib" "/opt/rustwide/target/debug/deps/libhostname-d58e9041b106bc06.rlib" "/opt/rustwide/target/debug/deps/libmatch_cfg-6ae29509d142da62.rlib" "/opt/rustwide/target/debug/deps/libthreadpool-fae2f9b2e579cf0b.rlib" "/opt/rustwide/target/debug/deps/libconfig-e4560fe2470e6807.rlib" "/opt/rustwide/target/debug/deps/libini-e95403d1cf1422e3.rlib" "/opt/rustwide/target/debug/deps/libserde_hjson-67d974a07b2efd7e.rlib" "/opt/rustwide/target/debug/deps/libserde-70507137fdfcc11b.rlib" "/opt/rustwide/target/debug/deps/libregex-7f86058860998400.rlib" "/opt/rustwide/target/debug/deps/libaho_corasick-dc193ddb9495132f.rlib" "/opt/rustwide/target/debug/deps/libregex_syntax-022b2e065d6cc601.rlib" "/opt/rustwide/target/debug/deps/libnum_traits-6479eed6227edf91.rlib" "/opt/rustwide/target/debug/deps/libnum_traits-6470a17cd65ed2db.rlib" "/opt/rustwide/target/debug/deps/libyaml_rust-cf23566de867ea22.rlib" "/opt/rustwide/target/debug/deps/liblinked_hash_map-ca08a888c175b6c0.rlib" "/opt/rustwide/target/debug/deps/libserde_json-0fdf7d0bd39840f2.rlib" "/opt/rustwide/target/debug/deps/libitoa-4121a32bb1685d6e.rlib" "/opt/rustwide/target/debug/deps/libtoml-1e32c9ed60d421b3.rlib" "/opt/rustwide/target/debug/deps/libnom-5bc392b3ce650263.rlib" "/opt/rustwide/target/debug/deps/liblexical_core-52846cb984aafb8c.rlib" "/opt/rustwide/target/debug/deps/libbitflags-d3511f9afe014f87.rlib" "/opt/rustwide/target/debug/deps/libryu-15c29cc1d0ea5bec.rlib" "/opt/rustwide/target/debug/deps/libstatic_assertions-3e50e277f96a204d.rlib" "/opt/rustwide/target/debug/deps/libarrayvec-eb6e30e2f9368706.rlib" "/opt/rustwide/target/debug/deps/libmemchr-b040efe57a1c2e1c.rlib" "/opt/rustwide/target/debug/deps/libserde-f006313447974f52.rlib" "/opt/rustwide/target/debug/deps/libdashmap-12f95a959ec84130.rlib" "/opt/rustwide/target/debug/deps/libnum_cpus-2c904403ec64d077.rlib" "/opt/rustwide/target/debug/deps/liblibc-1814b495fd3b431e.rlib" "/opt/rustwide/target/debug/deps/libcrossbeam_channel-c76ad3b6b1078d3a.rlib" "/opt/rustwide/target/debug/deps/libcrossbeam_utils-c5e595a8ae1cd5a6.rlib" "/opt/rustwide/target/debug/deps/liblazy_static-8c0bb59ebbb3df6c.rlib" "/opt/rustwide/target/debug/deps/libcfg_if-8217498f8667ada9.rlib" "/opt/rustwide/rustup-home/toolchains/1.83.0-x86_64-unknown-linux-gnu/lib/rustlib/x86_64-unknown-linux-gnu/lib/libstd-ca74a2d9c5166d9f.rlib" "/opt/rustwide/rustup-home/toolchains/1.83.0-x86_64-unknown-linux-gnu/lib/rustlib/x86_64-unknown-linux-gnu/lib/libpanic_unwind-e31ab23316ed5080.rlib" "/opt/rustwide/rustup-home/toolchains/1.83.0-x86_64-unknown-linux-gnu/lib/rustlib/x86_64-unknown-linux-gnu/lib/libobject-27dc4aa955912662.rlib" "/opt/rustwide/rustup-home/toolchains/1.83.0-x86_64-unknown-linux-gnu/lib/rustlib/x86_64-unknown-linux-gnu/lib/libmemchr-bd0d6cccce077b99.rlib" "/opt/rustwide/rustup-home/toolchains/1.83.0-x86_64-unknown-linux-gnu/lib/rustlib/x86_64-unknown-linux-gnu/lib/libaddr2line-8d001680935b5e3c.rlib" "/opt/rustwide/rustup-home/toolchains/1.83.0-x86_64-unknown-linux-gnu/lib/rustlib/x86_64-unknown-linux-gnu/lib/libgimli-ba8ce71964f984f4.rlib" "/opt/rustwide/rustup-home/toolchains/1.83.0-x86_64-unknown-linux-gnu/lib/rustlib/x86_64-unknown-linux-gnu/lib/librustc_demangle-99a73526abcec14b.rlib" "/opt/rustwide/rustup-home/toolchains/1.83.0-x86_64-unknown-linux-gnu/lib/rustlib/x86_64-unknown-linux-gnu/lib/libstd_detect-63ac0d22cff92579.rlib" "/opt/rustwide/rustup-home/toolchains/1.83.0-x86_64-unknown-linux-gnu/lib/rustlib/x86_64-unknown-linux-gnu/lib/libhashbrown-9057355c92c922d5.rlib" "/opt/rustwide/rustup-home/toolchains/1.83.0-x86_64-unknown-linux-gnu/lib/rustlib/x86_64-unknown-linux-gnu/lib/librustc_std_workspace_alloc-358be9bc1f6bab04.rlib" "/opt/rustwide/rustup-home/toolchains/1.83.0-x86_64-unknown-linux-gnu/lib/rustlib/x86_64-unknown-linux-gnu/lib/libminiz_oxide-aca15549d5bff974.rlib" "/opt/rustwide/rustup-home/toolchains/1.83.0-x86_64-unknown-linux-gnu/lib/rustlib/x86_64-unknown-linux-gnu/lib/libadler-8251d2cef7072448.rlib" "/opt/rustwide/rustup-home/toolchains/1.83.0-x86_64-unknown-linux-gnu/lib/rustlib/x86_64-unknown-linux-gnu/lib/libunwind-7d50b86011c66411.rlib" "/opt/rustwide/rustup-home/toolchains/1.83.0-x86_64-unknown-linux-gnu/lib/rustlib/x86_64-unknown-linux-gnu/lib/libcfg_if-51ea098fce5006bf.rlib" "/opt/rustwide/rustup-home/toolchains/1.83.0-x86_64-unknown-linux-gnu/lib/rustlib/x86_64-unknown-linux-gnu/lib/liblibc-5a14e0d0b712e731.rlib" "/opt/rustwide/rustup-home/toolchains/1.83.0-x86_64-unknown-linux-gnu/lib/rustlib/x86_64-unknown-linux-gnu/lib/liballoc-8b83dbf3a7b8f999.rlib" "/opt/rustwide/rustup-home/toolchains/1.83.0-x86_64-unknown-linux-gnu/lib/rustlib/x86_64-unknown-linux-gnu/lib/librustc_std_workspace_core-c6fd227bdc7b39ff.rlib" "/opt/rustwide/rustup-home/toolchains/1.83.0-x86_64-unknown-linux-gnu/lib/rustlib/x86_64-unknown-linux-gnu/lib/libcore-959d3389fa3da8a5.rlib" "/opt/rustwide/rustup-home/toolchains/1.83.0-x86_64-unknown-linux-gnu/lib/rustlib/x86_64-unknown-linux-gnu/lib/libcompiler_builtins-abe05db089cc2c62.rlib" "-Wl,-Bdynamic" "-lgcc_s" "-lutil" "-lrt" "-lpthread" "-lm" "-ldl" "-lc" "-Wl,--eh-frame-hdr" "-Wl,-z,noexecstack" "-L" "/opt/rustwide/rustup-home/toolchains/1.83.0-x86_64-unknown-linux-gnu/lib/rustlib/x86_64-unknown-linux-gnu/lib" "-o" "/tmp/rustdoctestwP1uzf/rust_out" "-Wl,--gc-sections" "-pie" "-Wl,-z,relro,-z,now" "-nodefaultlibs"
[INFO] [stdout]   = note: /usr/bin/ld: final link failed: No space left on device
[INFO] [stdout]           collect2: error: ld returned 1 exit status
[INFO] [stdout]           
[INFO] [stdout] 
[INFO] [stdout] error: aborting due to 1 previous error
[INFO] [stdout] 
[INFO] [stdout] Couldn't compile the test.
[INFO] [stdout] ---- src/system/actor_system.rs - system::actor_system::ActorSystem::get_name (line 262) stdout ----
[INFO] [stdout] error: linking with `cc` failed: exit status: 1
[INFO] [stdout]   |
[INFO] [stdout]   = note: LC_ALL="C" PATH="/opt/rustwide/rustup-home/toolchains/1.83.0-x86_64-unknown-linux-gnu/lib/rustlib/x86_64-unknown-linux-gnu/bin:/opt/rustwide/cargo-home/bin:/usr/local/sbin:/usr/local/bin:/usr/sbin:/usr/bin:/sbin:/bin" VSLANG="1033" "cc" "-m64" "/tmp/rustcHJpW9Q/symbols.o" "/tmp/rustdoctestZptqdg/rust_out.rust_out.cb03291d53e4e161-cgu.0.rcgu.o" "/tmp/rustdoctestZptqdg/rust_out.1s7umcihpz0t7nkz1uc2ifee9.rcgu.o" "-Wl,--as-needed" "-Wl,-Bstatic" "/opt/rustwide/target/debug/deps/libtyractorsaur-2774995d08024bbb.rlib" "/opt/rustwide/target/debug/deps/libhostname-d58e9041b106bc06.rlib" "/opt/rustwide/target/debug/deps/libmatch_cfg-6ae29509d142da62.rlib" "/opt/rustwide/target/debug/deps/libthreadpool-fae2f9b2e579cf0b.rlib" "/opt/rustwide/target/debug/deps/libconfig-e4560fe2470e6807.rlib" "/opt/rustwide/target/debug/deps/libini-e95403d1cf1422e3.rlib" "/opt/rustwide/target/debug/deps/libserde_hjson-67d974a07b2efd7e.rlib" "/opt/rustwide/target/debug/deps/libserde-70507137fdfcc11b.rlib" "/opt/rustwide/target/debug/deps/libregex-7f86058860998400.rlib" "/opt/rustwide/target/debug/deps/libaho_corasick-dc193ddb9495132f.rlib" "/opt/rustwide/target/debug/deps/libregex_syntax-022b2e065d6cc601.rlib" "/opt/rustwide/target/debug/deps/libnum_traits-6479eed6227edf91.rlib" "/opt/rustwide/target/debug/deps/libnum_traits-6470a17cd65ed2db.rlib" "/opt/rustwide/target/debug/deps/libyaml_rust-cf23566de867ea22.rlib" "/opt/rustwide/target/debug/deps/liblinked_hash_map-ca08a888c175b6c0.rlib" "/opt/rustwide/target/debug/deps/libserde_json-0fdf7d0bd39840f2.rlib" "/opt/rustwide/target/debug/deps/libitoa-4121a32bb1685d6e.rlib" "/opt/rustwide/target/debug/deps/libtoml-1e32c9ed60d421b3.rlib" "/opt/rustwide/target/debug/deps/libnom-5bc392b3ce650263.rlib" "/opt/rustwide/target/debug/deps/liblexical_core-52846cb984aafb8c.rlib" "/opt/rustwide/target/debug/deps/libbitflags-d3511f9afe014f87.rlib" "/opt/rustwide/target/debug/deps/libryu-15c29cc1d0ea5bec.rlib" "/opt/rustwide/target/debug/deps/libstatic_assertions-3e50e277f96a204d.rlib" "/opt/rustwide/target/debug/deps/libarrayvec-eb6e30e2f9368706.rlib" "/opt/rustwide/target/debug/deps/libmemchr-b040efe57a1c2e1c.rlib" "/opt/rustwide/target/debug/deps/libserde-f006313447974f52.rlib" "/opt/rustwide/target/debug/deps/libdashmap-12f95a959ec84130.rlib" "/opt/rustwide/target/debug/deps/libnum_cpus-2c904403ec64d077.rlib" "/opt/rustwide/target/debug/deps/liblibc-1814b495fd3b431e.rlib" "/opt/rustwide/target/debug/deps/libcrossbeam_channel-c76ad3b6b1078d3a.rlib" "/opt/rustwide/target/debug/deps/libcrossbeam_utils-c5e595a8ae1cd5a6.rlib" "/opt/rustwide/target/debug/deps/liblazy_static-8c0bb59ebbb3df6c.rlib" "/opt/rustwide/target/debug/deps/libcfg_if-8217498f8667ada9.rlib" "/opt/rustwide/rustup-home/toolchains/1.83.0-x86_64-unknown-linux-gnu/lib/rustlib/x86_64-unknown-linux-gnu/lib/libstd-ca74a2d9c5166d9f.rlib" "/opt/rustwide/rustup-home/toolchains/1.83.0-x86_64-unknown-linux-gnu/lib/rustlib/x86_64-unknown-linux-gnu/lib/libpanic_unwind-e31ab23316ed5080.rlib" "/opt/rustwide/rustup-home/toolchains/1.83.0-x86_64-unknown-linux-gnu/lib/rustlib/x86_64-unknown-linux-gnu/lib/libobject-27dc4aa955912662.rlib" "/opt/rustwide/rustup-home/toolchains/1.83.0-x86_64-unknown-linux-gnu/lib/rustlib/x86_64-unknown-linux-gnu/lib/libmemchr-bd0d6cccce077b99.rlib" "/opt/rustwide/rustup-home/toolchains/1.83.0-x86_64-unknown-linux-gnu/lib/rustlib/x86_64-unknown-linux-gnu/lib/libaddr2line-8d001680935b5e3c.rlib" "/opt/rustwide/rustup-home/toolchains/1.83.0-x86_64-unknown-linux-gnu/lib/rustlib/x86_64-unknown-linux-gnu/lib/libgimli-ba8ce71964f984f4.rlib" "/opt/rustwide/rustup-home/toolchains/1.83.0-x86_64-unknown-linux-gnu/lib/rustlib/x86_64-unknown-linux-gnu/lib/librustc_demangle-99a73526abcec14b.rlib" "/opt/rustwide/rustup-home/toolchains/1.83.0-x86_64-unknown-linux-gnu/lib/rustlib/x86_64-unknown-linux-gnu/lib/libstd_detect-63ac0d22cff92579.rlib" "/opt/rustwide/rustup-home/toolchains/1.83.0-x86_64-unknown-linux-gnu/lib/rustlib/x86_64-unknown-linux-gnu/lib/libhashbrown-9057355c92c922d5.rlib" "/opt/rustwide/rustup-home/toolchains/1.83.0-x86_64-unknown-linux-gnu/lib/rustlib/x86_64-unknown-linux-gnu/lib/librustc_std_workspace_alloc-358be9bc1f6bab04.rlib" "/opt/rustwide/rustup-home/toolchains/1.83.0-x86_64-unknown-linux-gnu/lib/rustlib/x86_64-unknown-linux-gnu/lib/libminiz_oxide-aca15549d5bff974.rlib" "/opt/rustwide/rustup-home/toolchains/1.83.0-x86_64-unknown-linux-gnu/lib/rustlib/x86_64-unknown-linux-gnu/lib/libadler-8251d2cef7072448.rlib" "/opt/rustwide/rustup-home/toolchains/1.83.0-x86_64-unknown-linux-gnu/lib/rustlib/x86_64-unknown-linux-gnu/lib/libunwind-7d50b86011c66411.rlib" "/opt/rustwide/rustup-home/toolchains/1.83.0-x86_64-unknown-linux-gnu/lib/rustlib/x86_64-unknown-linux-gnu/lib/libcfg_if-51ea098fce5006bf.rlib" "/opt/rustwide/rustup-home/toolchains/1.83.0-x86_64-unknown-linux-gnu/lib/rustlib/x86_64-unknown-linux-gnu/lib/liblibc-5a14e0d0b712e731.rlib" "/opt/rustwide/rustup-home/toolchains/1.83.0-x86_64-unknown-linux-gnu/lib/rustlib/x86_64-unknown-linux-gnu/lib/liballoc-8b83dbf3a7b8f999.rlib" "/opt/rustwide/rustup-home/toolchains/1.83.0-x86_64-unknown-linux-gnu/lib/rustlib/x86_64-unknown-linux-gnu/lib/librustc_std_workspace_core-c6fd227bdc7b39ff.rlib" "/opt/rustwide/rustup-home/toolchains/1.83.0-x86_64-unknown-linux-gnu/lib/rustlib/x86_64-unknown-linux-gnu/lib/libcore-959d3389fa3da8a5.rlib" "/opt/rustwide/rustup-home/toolchains/1.83.0-x86_64-unknown-linux-gnu/lib/rustlib/x86_64-unknown-linux-gnu/lib/libcompiler_builtins-abe05db089cc2c62.rlib" "-Wl,-Bdynamic" "-lgcc_s" "-lutil" "-lrt" "-lpthread" "-lm" "-ldl" "-lc" "-Wl,--eh-frame-hdr" "-Wl,-z,noexecstack" "-L" "/opt/rustwide/rustup-home/toolchains/1.83.0-x86_64-unknown-linux-gnu/lib/rustlib/x86_64-unknown-linux-gnu/lib" "-o" "/tmp/rustdoctestZptqdg/rust_out" "-Wl,--gc-sections" "-pie" "-Wl,-z,relro,-z,now" "-nodefaultlibs"
[INFO] [stdout]   = note: /usr/bin/ld: final link failed: No space left on device
[INFO] [stdout]           collect2: error: ld returned 1 exit status
[INFO] [stdout]           
[INFO] [stdout] 
[INFO] [stdout] error: aborting due to 1 previous error
[INFO] [stdout] 
[INFO] [stdout] Couldn't compile the test.
[INFO] [stdout] 
[INFO] [stdout] failures:
[INFO] [stdout]     src/system/actor_system.rs - system::actor_system::ActorSystem::get_name (line 262)
[INFO] [stdout]     src/system/actor_system.rs - system::actor_system::ActorSystem::new (line 31)
[INFO] [stdout] 
[INFO] [stdout] test result: FAILED. 15 passed; 2 failed; 0 ignored; 0 measured; 0 filtered out; finished in 13.72s
[INFO] [stdout] 
[INFO] [stderr] error: doctest failed, to rerun pass `--doc`
[INFO] running `Command { std: "docker" "inspect" "633fd4ab043f0d89589a73fe712e40ba566015ce18b634df02ea42d02b825dbd", kill_on_drop: false }`
[INFO] running `Command { std: "docker" "rm" "-f" "633fd4ab043f0d89589a73fe712e40ba566015ce18b634df02ea42d02b825dbd", kill_on_drop: false }`
[INFO] [stdout] 633fd4ab043f0d89589a73fe712e40ba566015ce18b634df02ea42d02b825dbd
