[INFO] fetching crate twilight-gateway 0.16.0-rc.1...
[INFO] testing twilight-gateway-0.16.0-rc.1 against 1.83.0 for beta-1.84.0-4-retry
[INFO] extracting crate twilight-gateway 0.16.0-rc.1 into /workspace/builds/worker-4-tc1/source
[INFO] validating manifest of crates.io crate twilight-gateway 0.16.0-rc.1 on toolchain 1.83.0
[INFO] running `Command { std: CARGO_HOME="/workspace/cargo-home" RUSTUP_HOME="/workspace/rustup-home" "/workspace/cargo-home/bin/cargo" "+1.83.0" "metadata" "--manifest-path" "Cargo.toml" "--no-deps", kill_on_drop: false }`
[INFO] started tweaking crates.io crate twilight-gateway 0.16.0-rc.1
[INFO] finished tweaking crates.io crate twilight-gateway 0.16.0-rc.1
[INFO] tweaked toml for crates.io crate twilight-gateway 0.16.0-rc.1 written to /workspace/builds/worker-4-tc1/source/Cargo.toml
[INFO] running `Command { std: CARGO_HOME="/workspace/cargo-home" RUSTUP_HOME="/workspace/rustup-home" "/workspace/cargo-home/bin/cargo" "+1.83.0" "generate-lockfile" "--manifest-path" "Cargo.toml", kill_on_drop: false }`
[INFO] [stderr]     Blocking waiting for file lock on package cache
[INFO] [stderr]     Updating crates.io index
[INFO] [stderr]     Blocking waiting for file lock on package cache
[INFO] [stderr]      Locking 163 packages to latest compatible versions
[INFO] [stderr]       Adding simd-json v0.13.11 (available: v0.14.3)
[INFO] [stderr]       Adding tokio-websockets v0.5.0 (available: v0.10.1)
[INFO] running `Command { std: CARGO_HOME="/workspace/cargo-home" RUSTUP_HOME="/workspace/rustup-home" "/workspace/cargo-home/bin/cargo" "+1.83.0" "fetch" "--manifest-path" "Cargo.toml", kill_on_drop: false }`
[INFO] [stderr]     Blocking waiting for file lock on package cache
[INFO] [stderr]     Blocking waiting for file lock on package cache
[INFO] [stderr]  Downloading crates ...
[INFO] [stderr]   Downloaded twilight-gateway-queue v0.16.0-rc.1
[INFO] [stderr]   Downloaded tokio-websockets v0.5.0
[INFO] running `Command { std: "docker" "create" "-v" "/var/lib/crater-agent-workspace/builds/worker-4-tc1/target:/opt/rustwide/target:rw,Z" "-v" "/var/lib/crater-agent-workspace/builds/worker-4-tc1/source:/opt/rustwide/workdir:ro,Z" "-v" "/var/lib/crater-agent-workspace/cargo-home:/opt/rustwide/cargo-home:ro,Z" "-v" "/var/lib/crater-agent-workspace/rustup-home:/opt/rustwide/rustup-home:ro,Z" "-e" "SOURCE_DIR=/opt/rustwide/workdir" "-e" "CARGO_TARGET_DIR=/opt/rustwide/target" "-e" "CARGO_HOME=/opt/rustwide/cargo-home" "-e" "RUSTUP_HOME=/opt/rustwide/rustup-home" "-w" "/opt/rustwide/workdir" "-m" "1610612736" "--user" "0:0" "--network" "none" "ghcr.io/rust-lang/crates-build-env/linux@sha256:f3a9d4ad9d972b27faf3965f35b62e55ba32bbce8f20bc8fe909558a86702fde" "/opt/rustwide/cargo-home/bin/cargo" "+1.83.0" "metadata" "--no-deps" "--format-version=1", kill_on_drop: false }`
[INFO] [stdout] 754ea51c50a14dd8d24b2ebc212082762b0513dd5afb2e08e4c2c385c872a032
[INFO] running `Command { std: "docker" "start" "-a" "754ea51c50a14dd8d24b2ebc212082762b0513dd5afb2e08e4c2c385c872a032", kill_on_drop: false }`
[INFO] running `Command { std: "docker" "inspect" "754ea51c50a14dd8d24b2ebc212082762b0513dd5afb2e08e4c2c385c872a032", kill_on_drop: false }`
[INFO] running `Command { std: "docker" "rm" "-f" "754ea51c50a14dd8d24b2ebc212082762b0513dd5afb2e08e4c2c385c872a032", kill_on_drop: false }`
[INFO] [stdout] 754ea51c50a14dd8d24b2ebc212082762b0513dd5afb2e08e4c2c385c872a032
[INFO] running `Command { std: "docker" "create" "-v" "/var/lib/crater-agent-workspace/builds/worker-4-tc1/target:/opt/rustwide/target:rw,Z" "-v" "/var/lib/crater-agent-workspace/builds/worker-4-tc1/source:/opt/rustwide/workdir:ro,Z" "-v" "/var/lib/crater-agent-workspace/cargo-home:/opt/rustwide/cargo-home:ro,Z" "-v" "/var/lib/crater-agent-workspace/rustup-home:/opt/rustwide/rustup-home:ro,Z" "-e" "SOURCE_DIR=/opt/rustwide/workdir" "-e" "CARGO_TARGET_DIR=/opt/rustwide/target" "-e" "CARGO_INCREMENTAL=0" "-e" "RUST_BACKTRACE=full" "-e" "RUSTFLAGS=--cap-lints=warn" "-e" "RUSTDOCFLAGS=--cap-lints=warn" "-e" "CARGO_HOME=/opt/rustwide/cargo-home" "-e" "RUSTUP_HOME=/opt/rustwide/rustup-home" "-w" "/opt/rustwide/workdir" "-m" "1610612736" "--user" "0:0" "--network" "none" "ghcr.io/rust-lang/crates-build-env/linux@sha256:f3a9d4ad9d972b27faf3965f35b62e55ba32bbce8f20bc8fe909558a86702fde" "/opt/rustwide/cargo-home/bin/cargo" "+1.83.0" "build" "--frozen" "--message-format=json", kill_on_drop: false }`
[INFO] [stdout] bcf550045aa469eb7510c96b37c9457ffa4001a6884b09f8ac0b4f16b81fd911
[INFO] running `Command { std: "docker" "start" "-a" "bcf550045aa469eb7510c96b37c9457ffa4001a6884b09f8ac0b4f16b81fd911", kill_on_drop: false }`
[INFO] [stderr]    Compiling proc-macro2 v1.0.92
[INFO] [stderr]    Compiling unicode-ident v1.0.14
[INFO] [stderr]    Compiling libc v0.2.168
[INFO] [stderr]    Compiling autocfg v1.4.0
[INFO] [stderr]    Compiling bytes v1.9.0
[INFO] [stderr]    Compiling shlex v1.3.0
[INFO] [stderr]    Compiling pin-project-lite v0.2.15
[INFO] [stderr]    Compiling futures-core v0.3.31
[INFO] [stderr]    Compiling itoa v1.0.14
[INFO] [stderr]    Compiling once_cell v1.20.2
[INFO] [stderr]    Compiling fnv v1.0.7
[INFO] [stderr]    Compiling cfg-if v1.0.0
[INFO] [stderr]    Compiling serde v1.0.216
[INFO] [stderr]    Compiling futures-sink v0.3.31
[INFO] [stderr]    Compiling httparse v1.9.5
[INFO] [stderr]    Compiling rustls-pki-types v1.10.1
[INFO] [stderr]    Compiling spin v0.9.8
[INFO] [stderr]    Compiling futures-task v0.3.31
[INFO] [stderr]    Compiling pin-utils v0.1.0
[INFO] [stderr]    Compiling untrusted v0.9.0
[INFO] [stderr]    Compiling cc v1.2.4
[INFO] [stderr]    Compiling hashbrown v0.15.2
[INFO] [stderr]    Compiling powerfmt v0.2.0
[INFO] [stderr]    Compiling equivalent v1.0.1
[INFO] [stderr]    Compiling futures-util v0.3.31
[INFO] [stderr]    Compiling vcpkg v0.2.15
[INFO] [stderr]    Compiling tracing-core v0.1.33
[INFO] [stderr]    Compiling pkg-config v0.3.31
[INFO] [stderr]    Compiling atomic-waker v1.1.2
[INFO] [stderr]    Compiling num-conv v0.1.0
[INFO] [stderr]    Compiling deranged v0.3.11
[INFO] [stderr]    Compiling http v1.2.0
[INFO] [stderr]    Compiling rustls v0.22.4
[INFO] [stderr]    Compiling time-core v0.1.2
[INFO] [stderr]    Compiling num-traits v0.2.19
[INFO] [stderr]    Compiling slab v0.4.9
[INFO] [stderr]    Compiling indexmap v2.7.0
[INFO] [stderr]    Compiling try-lock v0.2.5
[INFO] [stderr]    Compiling want v0.3.1
[INFO] [stderr]    Compiling futures-channel v0.3.31
[INFO] [stderr]    Compiling smallvec v1.13.2
[INFO] [stderr]    Compiling zeroize v1.8.1
[INFO] [stderr]    Compiling bitflags v2.6.0
[INFO] [stderr]    Compiling subtle v2.6.1
[INFO] [stderr]    Compiling serde_json v1.0.133
[INFO] [stderr]    Compiling rustls-pemfile v2.2.0
[INFO] [stderr]    Compiling ryu v1.0.18
[INFO] [stderr]    Compiling memchr v2.7.4
[INFO] [stderr]    Compiling quote v1.0.37
[INFO] [stderr]    Compiling time v0.3.37
[INFO] [stderr]    Compiling fastrand v2.3.0
[INFO] [stderr]    Compiling openssl-probe v0.1.5
[INFO] [stderr]    Compiling tower-service v0.3.3
[INFO] [stderr]    Compiling crc32fast v1.4.2
[INFO] [stderr]    Compiling percent-encoding v2.3.1
[INFO] [stderr]    Compiling simdutf8 v0.1.5
[INFO] [stderr]    Compiling sha1_smol v1.0.1
[INFO] [stderr]    Compiling base64 v0.21.7
[INFO] [stderr]    Compiling socket2 v0.5.8
[INFO] [stderr]    Compiling syn v2.0.90
[INFO] [stderr]    Compiling mio v1.0.3
[INFO] [stderr]    Compiling getrandom v0.2.15
[INFO] [stderr]    Compiling rustls-native-certs v0.7.3
[INFO] [stderr]    Compiling http-body v1.0.1
[INFO] [stderr]    Compiling ring v0.17.8
[INFO] [stderr]    Compiling libz-sys v1.1.20
[INFO] [stderr]    Compiling http-body-util v0.1.2
[INFO] [stderr]    Compiling ordered-float v2.10.1
[INFO] [stderr]    Compiling flate2 v1.0.35
[INFO] [stderr]    Compiling tokio-macros v2.4.0
[INFO] [stderr]    Compiling tracing-attributes v0.1.28
[INFO] [stderr]    Compiling serde_derive v1.0.216
[INFO] [stderr]    Compiling serde_repr v0.1.19
[INFO] [stderr]    Compiling tokio v1.42.0
[INFO] [stderr]    Compiling rustls-webpki v0.102.8
[INFO] [stderr]    Compiling tracing v0.1.41
[INFO] [stderr]    Compiling tokio-util v0.7.13
[INFO] [stderr]    Compiling tokio-rustls v0.25.0
[INFO] [stderr]    Compiling twilight-http-ratelimiting v0.16.0-rc.1
[INFO] [stderr]    Compiling twilight-gateway-queue v0.16.0-rc.1
[INFO] [stderr]    Compiling h2 v0.4.7
[INFO] [stderr]    Compiling tokio-websockets v0.5.0
[INFO] [stderr]    Compiling serde-value v0.7.0
[INFO] [stderr]    Compiling twilight-model v0.16.0-rc.1
[INFO] [stderr]    Compiling hyper v1.5.1
[INFO] [stderr]    Compiling hyper-util v0.1.10
[INFO] [stderr]    Compiling twilight-validate v0.16.0-rc.1
[INFO] [stderr]    Compiling twilight-http v0.16.0-rc.1
[INFO] [stderr]    Compiling twilight-gateway v0.16.0-rc.1 (/opt/rustwide/workdir)
[INFO] [stderr]     Finished `dev` profile [unoptimized + debuginfo] target(s) in 40.69s
[INFO] running `Command { std: "docker" "inspect" "bcf550045aa469eb7510c96b37c9457ffa4001a6884b09f8ac0b4f16b81fd911", kill_on_drop: false }`
[INFO] running `Command { std: "docker" "rm" "-f" "bcf550045aa469eb7510c96b37c9457ffa4001a6884b09f8ac0b4f16b81fd911", kill_on_drop: false }`
[INFO] [stdout] bcf550045aa469eb7510c96b37c9457ffa4001a6884b09f8ac0b4f16b81fd911
[INFO] running `Command { std: "docker" "create" "-v" "/var/lib/crater-agent-workspace/builds/worker-4-tc1/target:/opt/rustwide/target:rw,Z" "-v" "/var/lib/crater-agent-workspace/builds/worker-4-tc1/source:/opt/rustwide/workdir:ro,Z" "-v" "/var/lib/crater-agent-workspace/cargo-home:/opt/rustwide/cargo-home:ro,Z" "-v" "/var/lib/crater-agent-workspace/rustup-home:/opt/rustwide/rustup-home:ro,Z" "-e" "SOURCE_DIR=/opt/rustwide/workdir" "-e" "CARGO_TARGET_DIR=/opt/rustwide/target" "-e" "CARGO_INCREMENTAL=0" "-e" "RUST_BACKTRACE=full" "-e" "RUSTFLAGS=--cap-lints=warn" "-e" "RUSTDOCFLAGS=--cap-lints=warn" "-e" "CARGO_HOME=/opt/rustwide/cargo-home" "-e" "RUSTUP_HOME=/opt/rustwide/rustup-home" "-w" "/opt/rustwide/workdir" "-m" "1610612736" "--user" "0:0" "--network" "none" "ghcr.io/rust-lang/crates-build-env/linux@sha256:f3a9d4ad9d972b27faf3965f35b62e55ba32bbce8f20bc8fe909558a86702fde" "/opt/rustwide/cargo-home/bin/cargo" "+1.83.0" "test" "--frozen" "--no-run" "--message-format=json", kill_on_drop: false }`
[INFO] [stdout] 9a265bd602c93ffcf1353213bacc650ca259dde878299c07ead96054cba67582
[INFO] running `Command { std: "docker" "start" "-a" "9a265bd602c93ffcf1353213bacc650ca259dde878299c07ead96054cba67582", kill_on_drop: false }`
[INFO] [stderr]    Compiling tracing-core v0.1.33
[INFO] [stderr]    Compiling tokio v1.42.0
[INFO] [stderr]    Compiling log v0.4.22
[INFO] [stderr]    Compiling lazy_static v1.5.0
[INFO] [stderr]    Compiling anyhow v1.0.94
[INFO] [stderr]    Compiling thread_local v1.1.8
[INFO] [stderr]    Compiling serde_test v1.0.177
[INFO] [stderr]    Compiling static_assertions v1.1.0
[INFO] [stderr]    Compiling sharded-slab v0.1.7
[INFO] [stderr]    Compiling tracing v0.1.41
[INFO] [stderr]    Compiling tracing-log v0.2.0
[INFO] [stderr]    Compiling tracing-subscriber v0.3.19
[INFO] [stderr]    Compiling tokio-util v0.7.13
[INFO] [stderr]    Compiling twilight-http-ratelimiting v0.16.0-rc.1
[INFO] [stderr]    Compiling tokio-rustls v0.25.0
[INFO] [stderr]    Compiling twilight-gateway-queue v0.16.0-rc.1
[INFO] [stderr]    Compiling tokio-stream v0.1.17
[INFO] [stderr]    Compiling h2 v0.4.7
[INFO] [stderr]    Compiling tokio-websockets v0.5.0
[INFO] [stderr]    Compiling hyper v1.5.1
[INFO] [stderr]    Compiling hyper-util v0.1.10
[INFO] [stderr]    Compiling twilight-http v0.16.0-rc.1
[INFO] [stderr]    Compiling twilight-gateway v0.16.0-rc.1 (/opt/rustwide/workdir)
[INFO] [stderr]     Finished `test` profile [unoptimized + debuginfo] target(s) in 20.83s
[INFO] running `Command { std: "docker" "inspect" "9a265bd602c93ffcf1353213bacc650ca259dde878299c07ead96054cba67582", kill_on_drop: false }`
[INFO] running `Command { std: "docker" "rm" "-f" "9a265bd602c93ffcf1353213bacc650ca259dde878299c07ead96054cba67582", kill_on_drop: false }`
[INFO] [stdout] 9a265bd602c93ffcf1353213bacc650ca259dde878299c07ead96054cba67582
[INFO] running `Command { std: "docker" "create" "-v" "/var/lib/crater-agent-workspace/builds/worker-4-tc1/target:/opt/rustwide/target:rw,Z" "-v" "/var/lib/crater-agent-workspace/builds/worker-4-tc1/source:/opt/rustwide/workdir:ro,Z" "-v" "/var/lib/crater-agent-workspace/cargo-home:/opt/rustwide/cargo-home:ro,Z" "-v" "/var/lib/crater-agent-workspace/rustup-home:/opt/rustwide/rustup-home:ro,Z" "-e" "SOURCE_DIR=/opt/rustwide/workdir" "-e" "CARGO_TARGET_DIR=/opt/rustwide/target" "-e" "CARGO_INCREMENTAL=0" "-e" "RUST_BACKTRACE=full" "-e" "RUSTFLAGS=--cap-lints=warn" "-e" "RUSTDOCFLAGS=--cap-lints=warn" "-e" "CARGO_HOME=/opt/rustwide/cargo-home" "-e" "RUSTUP_HOME=/opt/rustwide/rustup-home" "-w" "/opt/rustwide/workdir" "-m" "1610612736" "--user" "0:0" "--network" "none" "ghcr.io/rust-lang/crates-build-env/linux@sha256:f3a9d4ad9d972b27faf3965f35b62e55ba32bbce8f20bc8fe909558a86702fde" "/opt/rustwide/cargo-home/bin/cargo" "+1.83.0" "test" "--frozen", kill_on_drop: false }`
[INFO] [stdout] b1a4c15aeb1518ee9803be1dfc7daea3f85ce4dcc8eccb350319ac03ca0e7449
[INFO] running `Command { std: "docker" "start" "-a" "b1a4c15aeb1518ee9803be1dfc7daea3f85ce4dcc8eccb350319ac03ca0e7449", kill_on_drop: false }`
[INFO] [stderr]     Finished `test` profile [unoptimized + debuginfo] target(s) in 0.12s
[INFO] [stderr]      Running unittests src/lib.rs (/opt/rustwide/target/debug/deps/twilight_gateway-b70840a1d24b8062)
[INFO] [stdout] 
[INFO] [stdout] running 23 tests
[INFO] [stdout] test inflater::tests::decompress_single_segment ... ok
[INFO] [stdout] test inflater::tests::decompress_split_message ... ok
[INFO] [stdout] test ratelimiter::tests::constant_capacity ... ok
[INFO] [stdout] test inflater::tests::invalid_is_none ... ok
[INFO] [stdout] test latency::tests::public_api ... ok
[INFO] [stdout] test session::tests::serde ... ok
[INFO] [stdout] test inflater::tests::reset ... ok
[INFO] [stdout] test latency::tests::recent ... ok
[INFO] [stdout] test error::tests::receive_message_error_display ... ok
[INFO] [stdout] test ratelimiter::tests::spurious_poll ... ok
[INFO] [stdout] test ratelimiter::tests::full_reset ... ok
[INFO] [stdout] test ratelimiter::tests::nonreserved_commands ... ok
[INFO] [stdout] test ratelimiter::tests::half_reset ... ok
[INFO] [stdout] test latency::tests::record_period ... ok
[INFO] [stdout] test session::tests::set_sequence ... ok
[INFO] [stdout] test session::tests::session ... ok
[INFO] [stdout] test latency::tests::record_completed_period - should panic ... ok
[INFO] [stdout] test latency::tests::record_not_begun_period - should panic ... ok
[INFO] [stdout] test config::tests::config_debug ... ok
[INFO] [stdout] test config::tests::large_threshold_minimum - should panic ... ok
[INFO] [stdout] test config::tests::large_threshold_maximum - should panic ... ok
[INFO] [stdout] test config::tests::config_prefixes_bot_to_token ... ok
[INFO] [stdout] test config::tests::large_threshold ... ok
[INFO] [stdout] 
[INFO] [stdout] test result: ok. 23 passed; 0 failed; 0 ignored; 0 measured; 0 filtered out; finished in 0.32s
[INFO] [stdout] 
[INFO] [stderr]    Doc-tests twilight_gateway
[INFO] [stdout] 
[INFO] [stdout] running 10 tests
[INFO] [stdout] test src/stream.rs - stream::StreamExt::next_event (line 24) ... ignored
[INFO] [stdout] test src/config.rs - config::ConfigBuilder<Q>::identify_properties (line 193) - compile ... ok
[INFO] [stdout] test src/lib.rs - create_iterator (line 116) - compile ... ok
[INFO] [stdout] test src/config.rs - config::ConfigBuilder<Q>::presence (line 261) - compile ... ok
[INFO] [stdout] test src/shard.rs - shard::Shard<Q>::sender (line 468) - compile ... ok
[INFO] [stdout] test src/shard.rs - shard::Shard<Q>::close (line 434) - compile ... ok
[INFO] [stdout] test src/stream.rs - stream::StreamExt::next_event (line 42) - compile ... ok
[INFO] [stdout] test src/shard.rs - shard::Shard (line 222) - compile ... ok
[INFO] [stdout] test src/../README.md - (line 39) - compile ... FAILED
[INFO] [stdout] test src/inflater.rs - inflater::Inflater (line 94) ... ok
[INFO] [stdout] 
[INFO] [stdout] failures:
[INFO] [stdout] 
[INFO] [stdout] ---- src/../README.md - (line 39) stdout ----
[INFO] [stdout] error[E0432]: unresolved import `tokio::signal`
[INFO] [stdout]    --> src/../README.md:45:5
[INFO] [stdout]     |
[INFO] [stdout] 8   | use tokio::signal;
[INFO] [stdout]     |     ^^^^^^^^^^^^^ no `signal` in the root
[INFO] [stdout]     |
[INFO] [stdout] note: found an item that was configured out
[INFO] [stdout]    --> /opt/rustwide/cargo-home/registry/src/index.crates.io-6f17d22bba15001f/tokio-1.42.0/src/lib.rs:533:13
[INFO] [stdout]     |
[INFO] [stdout] 533 |     pub mod signal;
[INFO] [stdout]     |             ^^^^^^
[INFO] [stdout] note: the item is gated behind the `signal` feature
[INFO] [stdout]    --> /opt/rustwide/cargo-home/registry/src/index.crates.io-6f17d22bba15001f/tokio-1.42.0/src/lib.rs:532:1
[INFO] [stdout]     |
[INFO] [stdout] 532 | / cfg_signal! {
[INFO] [stdout] 533 | |     pub mod signal;
[INFO] [stdout] 534 | | }
[INFO] [stdout]     | |_^
[INFO] [stdout] note: found an item that was configured out
[INFO] [stdout]    --> /opt/rustwide/cargo-home/registry/src/index.crates.io-6f17d22bba15001f/tokio-1.42.0/src/lib.rs:540:20
[INFO] [stdout]     |
[INFO] [stdout] 540 |     pub(crate) mod signal;
[INFO] [stdout]     |                    ^^^^^^
[INFO] [stdout] note: the item is gated here
[INFO] [stdout]    --> /opt/rustwide/cargo-home/registry/src/index.crates.io-6f17d22bba15001f/tokio-1.42.0/src/lib.rs:536:1
[INFO] [stdout]     |
[INFO] [stdout] 536 | / cfg_signal_internal! {
[INFO] [stdout] 537 | |     #[cfg(not(feature = "signal"))]
[INFO] [stdout] 538 | |     #[allow(dead_code)]
[INFO] [stdout] 539 | |     #[allow(unreachable_pub)]
[INFO] [stdout] 540 | |     pub(crate) mod signal;
[INFO] [stdout] 541 | | }
[INFO] [stdout]     | |_^
[INFO] [stdout]     = note: this error originates in the macro `cfg_signal` which comes from the expansion of the macro `cfg_signal_internal` (in Nightly builds, run with -Z macro-backtrace for more info)
[INFO] [stdout] 
[INFO] [stdout] error: aborting due to 1 previous error
[INFO] [stdout] 
[INFO] [stdout] For more information about this error, try `rustc --explain E0432`.
[INFO] [stdout] Couldn't compile the test.
[INFO] [stdout] 
[INFO] [stdout] failures:
[INFO] [stdout]     src/../README.md - (line 39)
[INFO] [stdout] 
[INFO] [stdout] test result: FAILED. 8 passed; 1 failed; 1 ignored; 0 measured; 0 filtered out; finished in 3.57s
[INFO] [stdout] 
[INFO] [stderr] error: doctest failed, to rerun pass `--doc`
[INFO] running `Command { std: "docker" "inspect" "b1a4c15aeb1518ee9803be1dfc7daea3f85ce4dcc8eccb350319ac03ca0e7449", kill_on_drop: false }`
[INFO] running `Command { std: "docker" "rm" "-f" "b1a4c15aeb1518ee9803be1dfc7daea3f85ce4dcc8eccb350319ac03ca0e7449", kill_on_drop: false }`
[INFO] [stdout] b1a4c15aeb1518ee9803be1dfc7daea3f85ce4dcc8eccb350319ac03ca0e7449
