[INFO] fetching crate turbojpeg-sys 1.0.1...
[INFO] testing turbojpeg-sys-1.0.1 against beta-2024-12-08 for beta-1.84.0-4-retry
[INFO] extracting crate turbojpeg-sys 1.0.1 into /workspace/builds/worker-1-tc2/source
[INFO] validating manifest of crates.io crate turbojpeg-sys 1.0.1 on toolchain beta-2024-12-08
[INFO] running `Command { std: CARGO_HOME="/workspace/cargo-home" RUSTUP_HOME="/workspace/rustup-home" "/workspace/cargo-home/bin/cargo" "+beta-2024-12-08" "metadata" "--manifest-path" "Cargo.toml" "--no-deps", kill_on_drop: false }`
[INFO] started tweaking crates.io crate turbojpeg-sys 1.0.1
[INFO] finished tweaking crates.io crate turbojpeg-sys 1.0.1
[INFO] tweaked toml for crates.io crate turbojpeg-sys 1.0.1 written to /workspace/builds/worker-1-tc2/source/Cargo.toml
[INFO] running `Command { std: CARGO_HOME="/workspace/cargo-home" RUSTUP_HOME="/workspace/rustup-home" "/workspace/cargo-home/bin/cargo" "+beta-2024-12-08" "generate-lockfile" "--manifest-path" "Cargo.toml", kill_on_drop: false }`
[INFO] [stderr]     Updating crates.io index
[INFO] [stderr]      Locking 55 packages to latest compatible versions
[INFO] [stderr]       Adding bindgen v0.57.0 (available: v0.71.1)
[INFO] running `Command { std: CARGO_HOME="/workspace/cargo-home" RUSTUP_HOME="/workspace/rustup-home" "/workspace/cargo-home/bin/cargo" "+beta-2024-12-08" "fetch" "--manifest-path" "Cargo.toml", kill_on_drop: false }`
[INFO] running `Command { std: "docker" "create" "-v" "/var/lib/crater-agent-workspace/builds/worker-1-tc2/target:/opt/rustwide/target:rw,Z" "-v" "/var/lib/crater-agent-workspace/builds/worker-1-tc2/source:/opt/rustwide/workdir:ro,Z" "-v" "/var/lib/crater-agent-workspace/cargo-home:/opt/rustwide/cargo-home:ro,Z" "-v" "/var/lib/crater-agent-workspace/rustup-home:/opt/rustwide/rustup-home:ro,Z" "-e" "SOURCE_DIR=/opt/rustwide/workdir" "-e" "CARGO_TARGET_DIR=/opt/rustwide/target" "-e" "CARGO_HOME=/opt/rustwide/cargo-home" "-e" "RUSTUP_HOME=/opt/rustwide/rustup-home" "-w" "/opt/rustwide/workdir" "-m" "1610612736" "--user" "0:0" "--network" "none" "ghcr.io/rust-lang/crates-build-env/linux@sha256:f3a9d4ad9d972b27faf3965f35b62e55ba32bbce8f20bc8fe909558a86702fde" "/opt/rustwide/cargo-home/bin/cargo" "+beta-2024-12-08" "metadata" "--no-deps" "--format-version=1", kill_on_drop: false }`
[INFO] [stdout] 4bfc51cc8048be7789393f8ffc201e90e5215478e0390ea761812a9d8c3c1462
[INFO] running `Command { std: "docker" "start" "-a" "4bfc51cc8048be7789393f8ffc201e90e5215478e0390ea761812a9d8c3c1462", kill_on_drop: false }`
[INFO] running `Command { std: "docker" "inspect" "4bfc51cc8048be7789393f8ffc201e90e5215478e0390ea761812a9d8c3c1462", kill_on_drop: false }`
[INFO] running `Command { std: "docker" "rm" "-f" "4bfc51cc8048be7789393f8ffc201e90e5215478e0390ea761812a9d8c3c1462", kill_on_drop: false }`
[INFO] [stdout] 4bfc51cc8048be7789393f8ffc201e90e5215478e0390ea761812a9d8c3c1462
[INFO] running `Command { std: "docker" "create" "-v" "/var/lib/crater-agent-workspace/builds/worker-1-tc2/target:/opt/rustwide/target:rw,Z" "-v" "/var/lib/crater-agent-workspace/builds/worker-1-tc2/source:/opt/rustwide/workdir:ro,Z" "-v" "/var/lib/crater-agent-workspace/cargo-home:/opt/rustwide/cargo-home:ro,Z" "-v" "/var/lib/crater-agent-workspace/rustup-home:/opt/rustwide/rustup-home:ro,Z" "-e" "SOURCE_DIR=/opt/rustwide/workdir" "-e" "CARGO_TARGET_DIR=/opt/rustwide/target" "-e" "CARGO_INCREMENTAL=0" "-e" "RUST_BACKTRACE=full" "-e" "RUSTFLAGS=--cap-lints=warn" "-e" "RUSTDOCFLAGS=--cap-lints=warn" "-e" "CARGO_HOME=/opt/rustwide/cargo-home" "-e" "RUSTUP_HOME=/opt/rustwide/rustup-home" "-w" "/opt/rustwide/workdir" "-m" "1610612736" "--user" "0:0" "--network" "none" "ghcr.io/rust-lang/crates-build-env/linux@sha256:f3a9d4ad9d972b27faf3965f35b62e55ba32bbce8f20bc8fe909558a86702fde" "/opt/rustwide/cargo-home/bin/cargo" "+beta-2024-12-08" "build" "--frozen" "--message-format=json", kill_on_drop: false }`
[INFO] [stdout] 5634805d7b1233c4af353d9bd480fb2f1b2950533256adb1162d70b724217d8e
[INFO] running `Command { std: "docker" "start" "-a" "5634805d7b1233c4af353d9bd480fb2f1b2950533256adb1162d70b724217d8e", kill_on_drop: false }`
[INFO] [stderr]    Compiling anyhow v1.0.94
[INFO] [stderr]    Compiling shlex v1.3.0
[INFO] [stderr]    Compiling pkg-config v0.3.31
[INFO] [stderr]    Compiling libc v0.2.168
[INFO] [stderr]    Compiling cc v1.2.4
[INFO] [stderr]    Compiling cmake v0.1.52
[INFO] [stderr]    Compiling turbojpeg-sys v1.0.1 (/opt/rustwide/workdir)
[INFO] [stderr] error: failed to run custom build command for `turbojpeg-sys v1.0.1 (/opt/rustwide/workdir)`
[INFO] [stderr] note: To improve backtraces for build dependencies, set the CARGO_PROFILE_DEV_BUILD_OVERRIDE_DEBUG=true environment variable to enable debug information generation.
[INFO] [stderr] 
[INFO] [stderr] Caused by:
[INFO] [stderr]   process didn't exit successfully: `/opt/rustwide/target/debug/build/turbojpeg-sys-4e27720e8a4dddfc/build-script-build` (exit status: 101)
[INFO] [stderr]   --- stdout
[INFO] [stderr]   cargo:rerun-if-changed=build.rs
[INFO] [stderr]   cargo:rerun-if-env-changed=X86_64_UNKNOWN_LINUX_GNU_TURBOJPEG_STATIC
[INFO] [stderr]   X86_64_UNKNOWN_LINUX_GNU_TURBOJPEG_STATIC unset
[INFO] [stderr]   cargo:rerun-if-env-changed=TURBOJPEG_STATIC
[INFO] [stderr]   TURBOJPEG_STATIC unset
[INFO] [stderr]   cargo:rerun-if-env-changed=X86_64_UNKNOWN_LINUX_GNU_TURBOJPEG_DYNAMIC
[INFO] [stderr]   X86_64_UNKNOWN_LINUX_GNU_TURBOJPEG_DYNAMIC unset
[INFO] [stderr]   cargo:rerun-if-env-changed=TURBOJPEG_DYNAMIC
[INFO] [stderr]   TURBOJPEG_DYNAMIC unset
[INFO] [stderr]   cargo:rerun-if-env-changed=X86_64_UNKNOWN_LINUX_GNU_TURBOJPEG_SHARED
[INFO] [stderr]   X86_64_UNKNOWN_LINUX_GNU_TURBOJPEG_SHARED unset
[INFO] [stderr]   cargo:rerun-if-env-changed=TURBOJPEG_SHARED
[INFO] [stderr]   TURBOJPEG_SHARED unset
[INFO] [stderr]   cargo:rerun-if-env-changed=X86_64_UNKNOWN_LINUX_GNU_TURBOJPEG_SOURCE
[INFO] [stderr]   X86_64_UNKNOWN_LINUX_GNU_TURBOJPEG_SOURCE unset
[INFO] [stderr]   cargo:rerun-if-env-changed=TURBOJPEG_SOURCE
[INFO] [stderr]   TURBOJPEG_SOURCE unset
[INFO] [stderr]   Building turbojpeg from source
[INFO] [stderr]   CMAKE_TOOLCHAIN_FILE_x86_64-unknown-linux-gnu = None
[INFO] [stderr]   CMAKE_TOOLCHAIN_FILE_x86_64_unknown_linux_gnu = None
[INFO] [stderr]   HOST_CMAKE_TOOLCHAIN_FILE = None
[INFO] [stderr]   CMAKE_TOOLCHAIN_FILE = None
[INFO] [stderr]   CMAKE_GENERATOR_x86_64-unknown-linux-gnu = None
[INFO] [stderr]   CMAKE_GENERATOR_x86_64_unknown_linux_gnu = None
[INFO] [stderr]   HOST_CMAKE_GENERATOR = None
[INFO] [stderr]   CMAKE_GENERATOR = None
[INFO] [stderr]   CMAKE_PREFIX_PATH_x86_64-unknown-linux-gnu = None
[INFO] [stderr]   CMAKE_PREFIX_PATH_x86_64_unknown_linux_gnu = None
[INFO] [stderr]   HOST_CMAKE_PREFIX_PATH = None
[INFO] [stderr]   CMAKE_PREFIX_PATH = None
[INFO] [stderr]   CMAKE_x86_64-unknown-linux-gnu = None
[INFO] [stderr]   CMAKE_x86_64_unknown_linux_gnu = None
[INFO] [stderr]   HOST_CMAKE = None
[INFO] [stderr]   CMAKE = None
[INFO] [stderr]   running: cd "/opt/rustwide/target/debug/build/turbojpeg-sys-eb78ac7ec0b47aae/out/build" && CMAKE_PREFIX_PATH="" LC_ALL="C" "cmake" "/opt/rustwide/workdir/libjpeg-turbo" "-DCMAKE_INSTALL_DEFAULT_LIBDIR=lib" "-DCMAKE_INSTALL_PREFIX=/opt/rustwide/target/debug/build/turbojpeg-sys-eb78ac7ec0b47aae/out" "-DCMAKE_C_FLAGS= -ffunction-sections -fdata-sections -fPIC -m64" "-DCMAKE_C_COMPILER=/usr/bin/cc" "-DCMAKE_CXX_FLAGS= -ffunction-sections -fdata-sections -fPIC -m64" "-DCMAKE_CXX_COMPILER=/usr/bin/c++" "-DCMAKE_ASM_FLAGS= -ffunction-sections -fdata-sections -fPIC -m64" "-DCMAKE_ASM_COMPILER=/usr/bin/cc" "-DCMAKE_BUILD_TYPE=Debug" "-DENABLE_SHARED=0" "-DENABLE_STATIC=1" "-DREQUIRE_SIMD=ON"
[INFO] [stderr]   -- The C compiler identification is GNU 11.4.0
[INFO] [stderr]   -- Detecting C compiler ABI info
[INFO] [stderr]   -- Detecting C compiler ABI info - done
[INFO] [stderr]   -- Check for working C compiler: /usr/bin/cc - skipped
[INFO] [stderr]   -- Detecting C compile features
[INFO] [stderr]   -- Detecting C compile features - done
[INFO] [stderr]   -- CMAKE_BUILD_TYPE = Debug
[INFO] [stderr]   -- VERSION = 3.0.1, BUILD = 20241215
[INFO] [stderr]   -- 64-bit build (x86_64)
[INFO] [stderr]   -- CMAKE_INSTALL_PREFIX = /opt/rustwide/target/debug/build/turbojpeg-sys-eb78ac7ec0b47aae/out
[INFO] [stderr]   -- CMAKE_INSTALL_BINDIR = bin (/opt/rustwide/target/debug/build/turbojpeg-sys-eb78ac7ec0b47aae/out/bin)
[INFO] [stderr]   -- CMAKE_INSTALL_DATAROOTDIR = share (/opt/rustwide/target/debug/build/turbojpeg-sys-eb78ac7ec0b47aae/out/share)
[INFO] [stderr]   -- CMAKE_INSTALL_DOCDIR = share/doc/libjpeg-turbo (/opt/rustwide/target/debug/build/turbojpeg-sys-eb78ac7ec0b47aae/out/share/doc/libjpeg-turbo)
[INFO] [stderr]   -- CMAKE_INSTALL_INCLUDEDIR = include (/opt/rustwide/target/debug/build/turbojpeg-sys-eb78ac7ec0b47aae/out/include)
[INFO] [stderr]   -- CMAKE_INSTALL_LIBDIR = lib (/opt/rustwide/target/debug/build/turbojpeg-sys-eb78ac7ec0b47aae/out/lib)
[INFO] [stderr]   -- CMAKE_INSTALL_MANDIR = share/man (/opt/rustwide/target/debug/build/turbojpeg-sys-eb78ac7ec0b47aae/out/share/man)
[INFO] [stderr]   -- Shared libraries disabled (ENABLE_SHARED = 0)
[INFO] [stderr]   -- Static libraries enabled (ENABLE_STATIC = 1)
[INFO] [stderr]   -- Arithmetic decoding support enabled (WITH_ARITH_DEC = 1)
[INFO] [stderr]   -- Arithmetic encoding support enabled (WITH_ARITH_ENC = 1)
[INFO] [stderr]   -- TurboJPEG API library enabled (WITH_TURBOJPEG = 1)
[INFO] [stderr]   -- TurboJPEG Java wrapper disabled (WITH_JAVA = 0)
[INFO] [stderr]   -- Emulating libjpeg API/ABI v6.2 (WITH_JPEG7 = 0, WITH_JPEG8 = 0)
[INFO] [stderr]   -- libjpeg API shared library version = 62.4.0
[INFO] [stderr]   -- Compiler flags =  -ffunction-sections -fdata-sections -fPIC -m64 -g
[INFO] [stderr]   -- Linker flags =  
[INFO] [stderr]   -- Looking for sys/types.h
[INFO] [stderr]   -- Looking for sys/types.h - found
[INFO] [stderr]   -- Looking for stdint.h
[INFO] [stderr]   -- Looking for stdint.h - found
[INFO] [stderr]   -- Looking for stddef.h
[INFO] [stderr]   -- Looking for stddef.h - found
[INFO] [stderr]   -- Check size of size_t
[INFO] [stderr]   -- Check size of size_t - done
[INFO] [stderr]   -- Check size of unsigned long
[INFO] [stderr]   -- Check size of unsigned long - done
[INFO] [stderr]   -- Performing Test HAVE_BUILTIN_CTZL
[INFO] [stderr]   -- Performing Test HAVE_BUILTIN_CTZL - Success
[INFO] [stderr]   -- Performing Test RIGHT_SHIFT_IS_UNSIGNED
[INFO] [stderr]   -- Performing Test RIGHT_SHIFT_IS_UNSIGNED - Failed
[INFO] [stderr]   -- Performing Test INLINE_WORKS
[INFO] [stderr]   -- Performing Test INLINE_WORKS - Success
[INFO] [stderr]   -- INLINE = __inline__ __attribute__((always_inline)) (FORCE_INLINE = 1)
[INFO] [stderr]   -- Performing Test HAVE_THREAD_LOCAL
[INFO] [stderr]   -- Performing Test HAVE_THREAD_LOCAL - Success
[INFO] [stderr]   -- THREAD_LOCAL = __thread
[INFO] [stderr]   -- Performing Test HAVE_VERSION_SCRIPT
[INFO] [stderr]   -- Performing Test HAVE_VERSION_SCRIPT - Success
[INFO] [stderr]   -- Linker supports GNU-style version scripts
[INFO] [stderr]   -- CMAKE_EXECUTABLE_SUFFIX = 
[INFO] [stderr]   -- The ASM_NASM compiler identification is NASM
[INFO] [stderr]   -- Found assembler: /usr/bin/nasm
[INFO] [stderr]   -- CMAKE_ASM_NASM_COMPILER = /usr/bin/nasm
[INFO] [stderr]   -- CMAKE_ASM_NASM_OBJECT_FORMAT = elf64
[INFO] [stderr]   -- CMAKE_ASM_NASM_FLAGS =  -DELF -D__x86_64__ -g
[INFO] [stderr]   -- SIMD extensions: x86_64 (WITH_SIMD = 1)
[INFO] [stderr]   -- FLOATTEST8 = sse
[INFO] [stderr]   -- FLOATTEST12 = no-fp-contract
[INFO] [stderr]   -- RPM architecture = x86_64, DEB architecture = amd64
[INFO] [stderr]   -- Configuring done
[INFO] [stderr]   -- Generating done
[INFO] [stderr]   -- Build files have been written to: /opt/rustwide/target/debug/build/turbojpeg-sys-eb78ac7ec0b47aae/out/build
[INFO] [stderr]   running: cd "/opt/rustwide/target/debug/build/turbojpeg-sys-eb78ac7ec0b47aae/out/build" && LC_ALL="C" MAKEFLAGS="-j --jobserver-fds=8,9 --jobserver-auth=8,9" "cmake" "--build" "/opt/rustwide/target/debug/build/turbojpeg-sys-eb78ac7ec0b47aae/out/build" "--target" "install" "--config" "Debug"
[INFO] [stderr]   [  0%] Building C object CMakeFiles/jpeg12-static.dir/jcapistd.c.o
[INFO] [stderr]   [  1%] Building ASM_NASM object simd/CMakeFiles/simd.dir/x86_64/jsimdcpu.asm.o
[INFO] [stderr]   [  0%] Building C object CMakeFiles/turbojpeg12-static.dir/rdppm.c.o
[INFO] [stderr]   [  1%] Building C object CMakeFiles/turbojpeg16-static.dir/rdppm.c.o
[INFO] [stderr]   [  1%] Building C object CMakeFiles/jpeg16-static.dir/jcapistd.c.o
[INFO] [stderr]   [  1%] Building C object CMakeFiles/cjpeg16-static.dir/rdgif.c.o
[INFO] [stderr]   [  1%] Building C object CMakeFiles/cjpeg12-static.dir/rdgif.c.o
[INFO] [stderr]   [  1%] Building C object CMakeFiles/djpeg12-static.dir/rdcolmap.c.o
[INFO] [stderr]   [  1%] Building ASM_NASM object simd/CMakeFiles/simd.dir/x86_64/jfdctflt-sse.asm.o
[INFO] [stderr]   [  2%] Building ASM_NASM object simd/CMakeFiles/simd.dir/x86_64/jccolor-sse2.asm.o
[INFO] [stderr]   [  3%] Building C object CMakeFiles/djpeg12-static.dir/wrgif.c.o
[INFO] [stderr]   [  3%] Building C object CMakeFiles/jpeg12-static.dir/jccolor.c.o
[INFO] [stderr]   [  4%] Building C object CMakeFiles/jpeg16-static.dir/jccolor.c.o
[INFO] [stderr]   [  5%] Building C object CMakeFiles/cjpeg12-static.dir/rdppm.c.o
[INFO] [stderr]   [  5%] Building C object CMakeFiles/cjpeg16-static.dir/rdppm.c.o
[INFO] [stderr]   [  5%] Building ASM_NASM object simd/CMakeFiles/simd.dir/x86_64/jcgray-sse2.asm.o
[INFO] [stderr]   [  5%] Building C object CMakeFiles/djpeg12-static.dir/wrppm.c.o
[INFO] [stderr]   [  5%] Built target cjpeg16-static
[INFO] [stderr]   [  6%] Building C object CMakeFiles/turbojpeg16-static.dir/wrppm.c.o
[INFO] [stderr]   [  6%] Building C object CMakeFiles/jpeg16-static.dir/jcdiffct.c.o
[INFO] [stderr]   [  6%] Building ASM_NASM object simd/CMakeFiles/simd.dir/x86_64/jchuff-sse2.asm.o
[INFO] [stderr]   [  7%] Building ASM_NASM object simd/CMakeFiles/simd.dir/x86_64/jcphuff-sse2.asm.o
[INFO] [stderr]   [  8%] Building C object CMakeFiles/jpeg12-static.dir/jcdiffct.c.o
[INFO] [stderr]   [  9%] Building C object CMakeFiles/turbojpeg12-static.dir/wrppm.c.o
[INFO] [stderr]   [  9%] Building ASM_NASM object simd/CMakeFiles/simd.dir/x86_64/jcsample-sse2.asm.o
[INFO] [stderr]   [  9%] Built target djpeg12-static
[INFO] [stderr]   [  9%] Built target turbojpeg16-static
[INFO] [stderr]   [ 10%] Building ASM_NASM object simd/CMakeFiles/simd.dir/x86_64/jdcolor-sse2.asm.o
[INFO] [stderr]   [ 10%] Building C object CMakeFiles/jpeg16-static.dir/jclossls.c.o
[INFO] [stderr]   [ 11%] Building C object CMakeFiles/jpeg16-static.dir/jcmainct.c.o
[INFO] [stderr]   [ 12%] Building C object CMakeFiles/djpeg16-static.dir/wrppm.c.o
[INFO] [stderr]   [ 12%] Building C object CMakeFiles/rdjpgcom.dir/rdjpgcom.c.o
[INFO] [stderr]   [ 12%] Building C object CMakeFiles/jpeg12-static.dir/jclossls.c.o
[INFO] [stderr]   [ 12%] Built target cjpeg12-static
[INFO] [stderr]   [ 12%] Building ASM_NASM object simd/CMakeFiles/simd.dir/x86_64/jdmerge-sse2.asm.o
[INFO] [stderr]   [ 12%] Building C object CMakeFiles/wrjpgcom.dir/wrjpgcom.c.o
[INFO] [stderr]   [ 12%] Building ASM_NASM object simd/CMakeFiles/simd.dir/x86_64/jdsample-sse2.asm.o
[INFO] [stderr]   [ 12%] Built target turbojpeg12-static
[INFO] [stderr]   [ 12%] Building C object CMakeFiles/jpeg16-static.dir/jcprepct.c.o
[INFO] [stderr]   [ 12%] Linking C executable rdjpgcom
[INFO] [stderr]   [ 12%] Built target djpeg16-static
[INFO] [stderr]   [ 13%] Building ASM_NASM object simd/CMakeFiles/simd.dir/x86_64/jfdctfst-sse2.asm.o
[INFO] [stderr]   [ 13%] Building ASM_NASM object simd/CMakeFiles/simd.dir/x86_64/jfdctint-sse2.asm.o
[INFO] [stderr]   [ 13%] Building C object CMakeFiles/strtest.dir/strtest.c.o
[INFO] [stderr]   [ 14%] Building C object CMakeFiles/jpeg12-static.dir/jcmainct.c.o
[INFO] [stderr]   [ 15%] Building C object CMakeFiles/jpeg16-static.dir/jcsample.c.o
[INFO] [stderr]   [ 15%] Building C object CMakeFiles/jpeg16-static.dir/jdapistd.c.o
[INFO] [stderr]   [ 16%] Building ASM_NASM object simd/CMakeFiles/simd.dir/x86_64/jidctflt-sse2.asm.o
[INFO] [stderr]   [ 17%] Linking C executable wrjpgcom
[INFO] [stderr]   [ 17%] Built target rdjpgcom
[INFO] [stderr]   [ 17%] Building ASM_NASM object simd/CMakeFiles/simd.dir/x86_64/jidctfst-sse2.asm.o
[INFO] [stderr]   [ 17%] Building C object CMakeFiles/jpeg16-static.dir/jdcolor.c.o
[INFO] [stderr]   [ 17%] Building C object CMakeFiles/jpeg12-static.dir/jcprepct.c.o
[INFO] [stderr]   [ 18%] Building C object CMakeFiles/jpeg16-static.dir/jddiffct.c.o
[INFO] [stderr]   [ 18%] Linking C executable strtest
[INFO] [stderr]   [ 18%] Building ASM_NASM object simd/CMakeFiles/simd.dir/x86_64/jidctint-sse2.asm.o
[INFO] [stderr]   [ 18%] Built target wrjpgcom
[INFO] [stderr]   [ 18%] Building C object CMakeFiles/jpeg16-static.dir/jdlossls.c.o
[INFO] [stderr]   [ 18%] Building C object md5/CMakeFiles/md5cmp.dir/md5cmp.c.o
[INFO] [stderr]   [ 19%] Building C object md5/CMakeFiles/md5cmp.dir/md5.c.o
[INFO] [stderr]   [ 20%] Building ASM_NASM object simd/CMakeFiles/simd.dir/x86_64/jidctred-sse2.asm.o
[INFO] [stderr]   [ 20%] Built target strtest
[INFO] [stderr]   [ 20%] Building C object CMakeFiles/jpeg12-static.dir/jcsample.c.o
[INFO] [stderr]   [ 20%] Building C object md5/CMakeFiles/md5cmp.dir/md5hl.c.o
[INFO] [stderr]   [ 21%] Building C object CMakeFiles/jpeg12-static.dir/jdapistd.c.o
[INFO] [stderr]   [ 21%] Building ASM_NASM object simd/CMakeFiles/simd.dir/x86_64/jquantf-sse2.asm.o
[INFO] [stderr]   [ 22%] Building C object CMakeFiles/jpeg16-static.dir/jdmainct.c.o
[INFO] [stderr]   [ 22%] Building C object CMakeFiles/jpeg12-static.dir/jdcolor.c.o
[INFO] [stderr]   [ 23%] Building ASM_NASM object simd/CMakeFiles/simd.dir/x86_64/jquanti-sse2.asm.o
[INFO] [stderr]   [ 24%] Building C object CMakeFiles/jpeg12-static.dir/jddiffct.c.o
[INFO] [stderr]   [ 24%] Building ASM_NASM object simd/CMakeFiles/simd.dir/x86_64/jccolor-avx2.asm.o
[INFO] [stderr]   [ 25%] Linking C executable md5cmp
[INFO] [stderr]   [ 25%] Building C object CMakeFiles/jpeg12-static.dir/jdlossls.c.o
[INFO] [stderr]   [ 26%] Building C object CMakeFiles/jpeg12-static.dir/jdmainct.c.o
[INFO] [stderr]   [ 26%] Building C object CMakeFiles/jpeg16-static.dir/jdsample.c.o
[INFO] [stderr]   [ 27%] Building C object CMakeFiles/jpeg12-static.dir/jdpostct.c.o
[INFO] [stderr]   [ 27%] Building C object CMakeFiles/jpeg16-static.dir/jdpostct.c.o
[INFO] [stderr]   [ 27%] Building ASM_NASM object simd/CMakeFiles/simd.dir/x86_64/jcgray-avx2.asm.o
[INFO] [stderr]   [ 27%] Built target md5cmp
[INFO] [stderr]   [ 28%] Building ASM_NASM object simd/CMakeFiles/simd.dir/x86_64/jcsample-avx2.asm.o
[INFO] [stderr]   [ 28%] Building C object CMakeFiles/jpeg12-static.dir/jdsample.c.o
[INFO] [stderr]   [ 28%] Building C object CMakeFiles/jpeg16-static.dir/jutils.c.o
[INFO] [stderr]   [ 28%] Building ASM_NASM object simd/CMakeFiles/simd.dir/x86_64/jdcolor-avx2.asm.o
[INFO] [stderr]   [ 29%] Building C object CMakeFiles/jpeg12-static.dir/jutils.c.o
[INFO] [stderr]   [ 29%] Building C object CMakeFiles/jpeg12-static.dir/jccoefct.c.o
[INFO] [stderr]   [ 30%] Building ASM_NASM object simd/CMakeFiles/simd.dir/x86_64/jdmerge-avx2.asm.o
[INFO] [stderr]   [ 30%] Building C object CMakeFiles/jpeg12-static.dir/jcdctmgr.c.o
[INFO] [stderr]   [ 30%] Built target jpeg16-static
[INFO] [stderr]   [ 31%] Building C object CMakeFiles/jpeg12-static.dir/jdcoefct.c.o
[INFO] [stderr]   [ 31%] Building C object CMakeFiles/jpeg12-static.dir/jddctmgr.c.o
[INFO] [stderr]   [ 32%] Building C object CMakeFiles/jpeg12-static.dir/jdmerge.c.o
[INFO] [stderr]   [ 32%] Building C object CMakeFiles/jpeg12-static.dir/jfdctfst.c.o
[INFO] [stderr]   [ 32%] Building C object CMakeFiles/jpeg12-static.dir/jfdctint.c.o
[INFO] [stderr]   [ 32%] Building ASM_NASM object simd/CMakeFiles/simd.dir/x86_64/jdsample-avx2.asm.o
[INFO] [stderr]   [ 32%] Building ASM_NASM object simd/CMakeFiles/simd.dir/x86_64/jfdctint-avx2.asm.o
[INFO] [stderr]   [ 33%] Building C object CMakeFiles/jpeg12-static.dir/jidctflt.c.o
[INFO] [stderr]   [ 34%] Building ASM_NASM object simd/CMakeFiles/simd.dir/x86_64/jidctint-avx2.asm.o
[INFO] [stderr]   [ 34%] Building ASM_NASM object simd/CMakeFiles/simd.dir/x86_64/jquanti-avx2.asm.o
[INFO] [stderr]   [ 35%] Building C object simd/CMakeFiles/simd.dir/x86_64/jsimd.c.o
[INFO] [stderr]   [ 35%] Building C object CMakeFiles/jpeg12-static.dir/jidctred.c.o
[INFO] [stderr]   [ 36%] Building C object CMakeFiles/jpeg12-static.dir/jidctint.c.o
[INFO] [stderr]   [ 36%] Building C object CMakeFiles/jpeg12-static.dir/jidctfst.c.o
[INFO] [stderr]   [ 36%] Building C object CMakeFiles/jpeg12-static.dir/jquant1.c.o
[INFO] [stderr]   [ 37%] Building C object CMakeFiles/jpeg12-static.dir/jquant2.c.o
[INFO] [stderr]   [ 37%] Built target simd
[INFO] [stderr]   [ 37%] Built target jpeg12-static
[INFO] [stderr]   [ 38%] Building C object CMakeFiles/turbojpeg-static.dir/jcdiffct.c.o
[INFO] [stderr]   [ 38%] Building C object CMakeFiles/turbojpeg-static.dir/jccolor.c.o
[INFO] [stderr]   [ 38%] Building C object CMakeFiles/turbojpeg-static.dir/jcapistd.c.o
[INFO] [stderr]   [ 39%] Building C object CMakeFiles/turbojpeg-static.dir/jcmainct.c.o
[INFO] [stderr]   [ 38%] Building C object CMakeFiles/turbojpeg-static.dir/jclossls.c.o
[INFO] [stderr]   [ 40%] Building C object CMakeFiles/jpeg-static.dir/jcapistd.c.o
[INFO] [stderr]   [ 40%] Building C object CMakeFiles/turbojpeg-static.dir/jcprepct.c.o
[INFO] [stderr]   [ 40%] Building C object CMakeFiles/jpeg-static.dir/jccolor.c.o
[INFO] [stderr]   [ 40%] Building C object CMakeFiles/turbojpeg-static.dir/jcsample.c.o
[INFO] [stderr]   [ 41%] Building C object CMakeFiles/turbojpeg-static.dir/jdapistd.c.o
[INFO] [stderr]   [ 42%] Building C object CMakeFiles/jpeg-static.dir/jcdiffct.c.o
[INFO] [stderr]   [ 42%] Building C object CMakeFiles/jpeg-static.dir/jclossls.c.o
[INFO] [stderr]   [ 42%] Building C object CMakeFiles/jpeg-static.dir/jcmainct.c.o
[INFO] [stderr]   [ 43%] Building C object CMakeFiles/jpeg-static.dir/jcprepct.c.o
[INFO] [stderr]   [ 43%] Building C object CMakeFiles/jpeg-static.dir/jcsample.c.o
[INFO] [stderr]   [ 43%] Building C object CMakeFiles/turbojpeg-static.dir/jdcolor.c.o
[INFO] [stderr]   [ 44%] Building C object CMakeFiles/jpeg-static.dir/jdcolor.c.o
[INFO] [stderr]   [ 44%] Building C object CMakeFiles/jpeg-static.dir/jdapistd.c.o
[INFO] [stderr]   [ 44%] Building C object CMakeFiles/jpeg-static.dir/jddiffct.c.o
[INFO] [stderr]   [ 44%] Building C object CMakeFiles/turbojpeg-static.dir/jdlossls.c.o
[INFO] [stderr]   [ 45%] Building C object CMakeFiles/turbojpeg-static.dir/jddiffct.c.o
[INFO] [stderr]   [ 45%] Building C object CMakeFiles/turbojpeg-static.dir/jdmainct.c.o
[INFO] [stderr]   [ 46%] Building C object CMakeFiles/jpeg-static.dir/jdlossls.c.o
[INFO] [stderr]   [ 46%] Building C object CMakeFiles/jpeg-static.dir/jdmainct.c.o
[INFO] [stderr]   [ 47%] Building C object CMakeFiles/turbojpeg-static.dir/jdpostct.c.o
[INFO] [stderr]   [ 47%] Building C object CMakeFiles/turbojpeg-static.dir/jdsample.c.o
[INFO] [stderr]   [ 48%] Building C object CMakeFiles/turbojpeg-static.dir/jutils.c.o
[INFO] [stderr]   [ 49%] Building C object CMakeFiles/jpeg-static.dir/jdpostct.c.o
[INFO] [stderr]   [ 49%] Building C object CMakeFiles/jpeg-static.dir/jdsample.c.o
[INFO] [stderr]   [ 49%] Building C object CMakeFiles/turbojpeg-static.dir/jccoefct.c.o
[INFO] [stderr]   [ 50%] Building C object CMakeFiles/turbojpeg-static.dir/jdcoefct.c.o
[INFO] [stderr]   [ 50%] Building C object CMakeFiles/jpeg-static.dir/jutils.c.o
[INFO] [stderr]   [ 50%] Building C object CMakeFiles/turbojpeg-static.dir/jcdctmgr.c.o
[INFO] [stderr]   [ 51%] Building C object CMakeFiles/jpeg-static.dir/jccoefct.c.o
[INFO] [stderr]   [ 51%] Building C object CMakeFiles/turbojpeg-static.dir/jddctmgr.c.o
[INFO] [stderr]   [ 52%] Building C object CMakeFiles/turbojpeg-static.dir/jdmerge.c.o
[INFO] [stderr]   [ 52%] Building C object CMakeFiles/turbojpeg-static.dir/jfdctfst.c.o
[INFO] [stderr]   [ 52%] Building C object CMakeFiles/jpeg-static.dir/jcdctmgr.c.o
[INFO] [stderr]   [ 52%] Building C object CMakeFiles/turbojpeg-static.dir/jfdctint.c.o
[INFO] [stderr]   [ 53%] Building C object CMakeFiles/turbojpeg-static.dir/jidctflt.c.o
[INFO] [stderr]   [ 54%] Building C object CMakeFiles/jpeg-static.dir/jdcoefct.c.o
[INFO] [stderr]   [ 54%] Building C object CMakeFiles/jpeg-static.dir/jddctmgr.c.o
[INFO] [stderr]   [ 54%] Building C object CMakeFiles/turbojpeg-static.dir/jidctfst.c.o
[INFO] [stderr]   [ 55%] Building C object CMakeFiles/turbojpeg-static.dir/jidctint.c.o
[INFO] [stderr]   [ 55%] Building C object CMakeFiles/jpeg-static.dir/jdmerge.c.o
[INFO] [stderr]   [ 55%] Building C object CMakeFiles/turbojpeg-static.dir/jidctred.c.o
[INFO] [stderr] 
[INFO] [stderr]   --- stderr
[INFO] [stderr]   CMake Warning:
[INFO] [stderr]     Manually-specified variables were not used by the project:
[INFO] [stderr] 
[INFO] [stderr]       CMAKE_ASM_COMPILER
[INFO] [stderr]       CMAKE_ASM_FLAGS
[INFO] [stderr]       CMAKE_CXX_COMPILER
[INFO] [stderr]       CMAKE_CXX_FLAGS
[INFO] [stderr] 
[INFO] [stderr] 
[INFO] [stderr]   /tmp/ccvKlJUN.s: Assembler messages:
[INFO] [stderr]   /tmp/ccvKlJUN.s: Fatal error: can't write 68 bytes to section .rodata.rgb_red of CMakeFiles/turbojpeg-static.dir/jfdctint.c.o: 'No space left on device'
[INFO] [stderr]   /tmp/ccvKlJUN.s: Fatal error: CMakeFiles/turbojpeg-static.dir/jfdctint.c.o: No space left on device
[INFO] [stderr]   gmake[2]: *** [CMakeFiles/turbojpeg-static.dir/build.make:370: CMakeFiles/turbojpeg-static.dir/jfdctint.c.o] Error 1
[INFO] [stderr]   gmake[2]: *** Waiting for unfinished jobs....
[INFO] [stderr]   /tmp/ccpUlVx2.s: Assembler messages:
[INFO] [stderr]   /tmp/ccpUlVx2.s: Fatal error: can't write 68 bytes to section .rodata.rgb_red of CMakeFiles/jpeg-static.dir/jcdctmgr.c.o: 'No space left on device'
[INFO] [stderr]   /tmp/ccpUlVx2.s: Fatal error: CMakeFiles/jpeg-static.dir/jcdctmgr.c.o: No space left on device
[INFO] [stderr]   gmake[2]: *** [CMakeFiles/jpeg-static.dir/build.make:300: CMakeFiles/jpeg-static.dir/jcdctmgr.c.o] Error 1
[INFO] [stderr]   gmake[2]: *** Waiting for unfinished jobs....
[INFO] [stderr]   /opt/rustwide/workdir/libjpeg-turbo/jidctfst.c:369:1: fatal error: error writing to /tmp/ccKwI2Km.s: No space left on device
[INFO] [stderr]     369 | }
[INFO] [stderr]         | ^
[INFO] [stderr]   compilation terminated.
[INFO] [stderr]   gmake[2]: *** [CMakeFiles/turbojpeg-static.dir/build.make:398: CMakeFiles/turbojpeg-static.dir/jidctfst.c.o] Error 1
[INFO] [stderr]   /opt/rustwide/workdir/libjpeg-turbo/jidctint.c:2624:1: fatal error: error writing to /tmp/cc7rlcI3.s: No space left on device
[INFO] [stderr]    2624 | }
[INFO] [stderr]         | ^
[INFO] [stderr]   compilation terminated.
[INFO] [stderr]   gmake[2]: *** [CMakeFiles/turbojpeg-static.dir/build.make:412: CMakeFiles/turbojpeg-static.dir/jidctint.c.o] Error 1
[INFO] [stderr]   /opt/rustwide/workdir/libjpeg-turbo/jdmerge.c:592:1: fatal error: error writing to /tmp/ccH8Cc20.s: No space left on device
[INFO] [stderr]     592 | }
[INFO] [stderr]         | ^
[INFO] [stderr]   compilation terminated.
[INFO] [stderr]   /opt/rustwide/workdir/libjpeg-turbo/jdmerge.c:592:1: fatal error: error writing to /tmp/cci3Cojm.s: No space left on device
[INFO] [stderr]     592 | }
[INFO] [stderr]         | ^
[INFO] [stderr]   gmake[2]: *** [CMakeFiles/turbojpeg-static.dir/build.make:342: CMakeFiles/turbojpeg-static.dir/jdmerge.c.o] Error 1
[INFO] [stderr]   gmake[1]: *** [CMakeFiles/Makefile2:302: CMakeFiles/turbojpeg-static.dir/all] Error 2
[INFO] [stderr]   gmake[1]: *** Waiting for unfinished jobs....
[INFO] [stderr]   compilation terminated.
[INFO] [stderr]   gmake[2]: *** [CMakeFiles/jpeg-static.dir/build.make:342: CMakeFiles/jpeg-static.dir/jdmerge.c.o] Error 1
[INFO] [stderr]   gmake[1]: *** [CMakeFiles/Makefile2:220: CMakeFiles/jpeg-static.dir/all] Error 2
[INFO] [stderr]   gmake: *** [Makefile:146: all] Error 2
[INFO] [stderr]   thread 'main' panicked at /opt/rustwide/cargo-home/registry/src/index.crates.io-6f17d22bba15001f/cmake-0.1.52/src/lib.rs:1115:5:
[INFO] [stderr] 
[INFO] [stderr]   command did not execute successfully, got: exit status: 2
[INFO] [stderr] 
[INFO] [stderr]   build script failed, must exit now
[INFO] [stderr]   stack backtrace:
[INFO] [stderr]      0:     0x5c5acbfd6eea - std::backtrace_rs::backtrace::libunwind::trace::h8810477743020387
[INFO] [stderr]                                  at /rustc/202008a1b8de96d2e5b6bc02d379db03a877d34d/library/std/src/../../backtrace/src/backtrace/libunwind.rs:116:5
[INFO] [stderr]      1:     0x5c5acbfd6eea - std::backtrace_rs::backtrace::trace_unsynchronized::h3aa55355dd6c54a6
[INFO] [stderr]                                  at /rustc/202008a1b8de96d2e5b6bc02d379db03a877d34d/library/std/src/../../backtrace/src/backtrace/mod.rs:66:5
[INFO] [stderr]      2:     0x5c5acbfd6eea - std::sys::backtrace::_print_fmt::h8588b0f62410823f
[INFO] [stderr]                                  at /rustc/202008a1b8de96d2e5b6bc02d379db03a877d34d/library/std/src/sys/backtrace.rs:66:9
[INFO] [stderr]      3:     0x5c5acbfd6eea - <std::sys::backtrace::BacktraceLock::print::DisplayBacktrace as core::fmt::Display>::fmt::h98c26ac25ffe89bb
[INFO] [stderr]                                  at /rustc/202008a1b8de96d2e5b6bc02d379db03a877d34d/library/std/src/sys/backtrace.rs:39:26
[INFO] [stderr]      4:     0x5c5acbffa073 - core::fmt::rt::Argument::fmt::hf95377f4aebd453b
[INFO] [stderr]                                  at /rustc/202008a1b8de96d2e5b6bc02d379db03a877d34d/library/core/src/fmt/rt.rs:177:76
[INFO] [stderr]      5:     0x5c5acbffa073 - core::fmt::write::h0dd5f6e2238c7982
[INFO] [stderr]                                  at /rustc/202008a1b8de96d2e5b6bc02d379db03a877d34d/library/core/src/fmt/mod.rs:1189:21
[INFO] [stderr]      6:     0x5c5acbfd39f3 - std::io::Write::write_fmt::hc00bff0a88e08857
[INFO] [stderr]                                  at /rustc/202008a1b8de96d2e5b6bc02d379db03a877d34d/library/std/src/io/mod.rs:1884:15
[INFO] [stderr]      7:     0x5c5acbfd6d32 - std::sys::backtrace::BacktraceLock::print::h5c19c1c038ee186d
[INFO] [stderr]                                  at /rustc/202008a1b8de96d2e5b6bc02d379db03a877d34d/library/std/src/sys/backtrace.rs:42:9
[INFO] [stderr]      8:     0x5c5acbfd7f2c - std::panicking::default_hook::{{closure}}::h77172f079a1fcb13
[INFO] [stderr]                                  at /rustc/202008a1b8de96d2e5b6bc02d379db03a877d34d/library/std/src/panicking.rs:268:22
[INFO] [stderr]      9:     0x5c5acbfd7d72 - std::panicking::default_hook::he5f8e3b203ccddba
[INFO] [stderr]                                  at /rustc/202008a1b8de96d2e5b6bc02d379db03a877d34d/library/std/src/panicking.rs:295:9
[INFO] [stderr]     10:     0x5c5acbfd8507 - std::panicking::rust_panic_with_hook::h53863d4e9018df39
[INFO] [stderr]                                  at /rustc/202008a1b8de96d2e5b6bc02d379db03a877d34d/library/std/src/panicking.rs:801:13
[INFO] [stderr]     11:     0x5c5acbfd839a - std::panicking::begin_panic_handler::{{closure}}::h67280e6fa0757873
[INFO] [stderr]                                  at /rustc/202008a1b8de96d2e5b6bc02d379db03a877d34d/library/std/src/panicking.rs:674:13
[INFO] [stderr]     12:     0x5c5acbfd73c9 - std::sys::backtrace::__rust_end_short_backtrace::h1dac3f54d6fbbeb2
[INFO] [stderr]                                  at /rustc/202008a1b8de96d2e5b6bc02d379db03a877d34d/library/std/src/sys/backtrace.rs:170:18
[INFO] [stderr]     13:     0x5c5acbfd802c - rust_begin_unwind
[INFO] [stderr]                                  at /rustc/202008a1b8de96d2e5b6bc02d379db03a877d34d/library/std/src/panicking.rs:665:5
[INFO] [stderr]     14:     0x5c5acbf06560 - core::panicking::panic_fmt::h6792bd1b2bf01041
[INFO] [stderr]                                  at /rustc/202008a1b8de96d2e5b6bc02d379db03a877d34d/library/core/src/panicking.rs:76:14
[INFO] [stderr]     15:     0x5c5acbf1f542 - cmake::fail::h9bc902a4fff2c207
[INFO] [stderr]     16:     0x5c5acbf1ecdd - cmake::run::hbb152cc0abf63adc
[INFO] [stderr]     17:     0x5c5acbf1b5b3 - cmake::Config::build::h0660c8ee33c36c41
[INFO] [stderr]     18:     0x5c5acbf0c550 - build_script_build::build_vendor::he7a3e5b9c23f19a1
[INFO] [stderr]     19:     0x5c5acbf0b004 - build_script_build::build_or_find_library::h1be719ac22eca5e3
[INFO] [stderr]     20:     0x5c5acbf0aabe - build_script_build::main::h1eec9b32f7425fc0
[INFO] [stderr]     21:     0x5c5acbf070a3 - core::ops::function::FnOnce::call_once::hecb326623ee4fd6f
[INFO] [stderr]     22:     0x5c5acbf06e16 - std::sys::backtrace::__rust_begin_short_backtrace::hb5ad5c7c9e2aa8e3
[INFO] [stderr]     23:     0x5c5acbf0e9a9 - std::rt::lang_start::{{closure}}::h2857d3bcad2e7532
[INFO] [stderr]     24:     0x5c5acbfcf177 - core::ops::function::impls::<impl core::ops::function::FnOnce<A> for &F>::call_once::hba2470d01d3f5e41
[INFO] [stderr]                                  at /rustc/202008a1b8de96d2e5b6bc02d379db03a877d34d/library/core/src/ops/function.rs:284:13
[INFO] [stderr]     25:     0x5c5acbfcf177 - std::panicking::try::do_call::hc063fb73159aab72
[INFO] [stderr]                                  at /rustc/202008a1b8de96d2e5b6bc02d379db03a877d34d/library/std/src/panicking.rs:557:40
[INFO] [stderr]     26:     0x5c5acbfcf177 - std::panicking::try::h2767c6d245d3a3bb
[INFO] [stderr]                                  at /rustc/202008a1b8de96d2e5b6bc02d379db03a877d34d/library/std/src/panicking.rs:520:19
[INFO] [stderr]     27:     0x5c5acbfcf177 - std::panic::catch_unwind::h061c6ef75790da63
[INFO] [stderr]                                  at /rustc/202008a1b8de96d2e5b6bc02d379db03a877d34d/library/std/src/panic.rs:358:14
[INFO] [stderr]     28:     0x5c5acbfcf177 - std::rt::lang_start_internal::{{closure}}::h5c5e35b11a4b8c4e
[INFO] [stderr]                                  at /rustc/202008a1b8de96d2e5b6bc02d379db03a877d34d/library/std/src/rt.rs:174:48
[INFO] [stderr]     29:     0x5c5acbfcf177 - std::panicking::try::do_call::h705e99690a8109cc
[INFO] [stderr]                                  at /rustc/202008a1b8de96d2e5b6bc02d379db03a877d34d/library/std/src/panicking.rs:557:40
[INFO] [stderr]     30:     0x5c5acbfcf177 - std::panicking::try::he5f4452754ed9a34
[INFO] [stderr]                                  at /rustc/202008a1b8de96d2e5b6bc02d379db03a877d34d/library/std/src/panicking.rs:520:19
[INFO] [stderr]     31:     0x5c5acbfcf177 - std::panic::catch_unwind::h5db61b3bcbe883e5
[INFO] [stderr]                                  at /rustc/202008a1b8de96d2e5b6bc02d379db03a877d34d/library/std/src/panic.rs:358:14
[INFO] [stderr]     32:     0x5c5acbfcf177 - std::rt::lang_start_internal::h81da9b59bab665c6
[INFO] [stderr]                                  at /rustc/202008a1b8de96d2e5b6bc02d379db03a877d34d/library/std/src/rt.rs:174:20
[INFO] [stderr]     33:     0x5c5acbf0e987 - std::rt::lang_start::h160f8adc70644761
[INFO] [stderr]     34:     0x5c5acbf0e4f5 - main
[INFO] [stderr]     35:     0x7ddfed3a4d90 - <unknown>
[INFO] [stderr]     36:     0x7ddfed3a4e40 - __libc_start_main
[INFO] [stderr]     37:     0x5c5acbf06c55 - _start
[INFO] [stderr]     38:                0x0 - <unknown>
[INFO] running `Command { std: "docker" "inspect" "5634805d7b1233c4af353d9bd480fb2f1b2950533256adb1162d70b724217d8e", kill_on_drop: false }`
[INFO] running `Command { std: "docker" "rm" "-f" "5634805d7b1233c4af353d9bd480fb2f1b2950533256adb1162d70b724217d8e", kill_on_drop: false }`
[INFO] [stdout] 5634805d7b1233c4af353d9bd480fb2f1b2950533256adb1162d70b724217d8e
