[INFO] fetching crate toql_rocket 0.3.0...
[INFO] testing toql_rocket-0.3.0 against 1.83.0 for beta-1.84.0-4-retry
[INFO] extracting crate toql_rocket 0.3.0 into /workspace/builds/worker-2-tc1/source
[INFO] validating manifest of crates.io crate toql_rocket 0.3.0 on toolchain 1.83.0
[INFO] running `Command { std: CARGO_HOME="/workspace/cargo-home" RUSTUP_HOME="/workspace/rustup-home" "/workspace/cargo-home/bin/cargo" "+1.83.0" "metadata" "--manifest-path" "Cargo.toml" "--no-deps", kill_on_drop: false }`
[INFO] started tweaking crates.io crate toql_rocket 0.3.0
[INFO] finished tweaking crates.io crate toql_rocket 0.3.0
[INFO] tweaked toml for crates.io crate toql_rocket 0.3.0 written to /workspace/builds/worker-2-tc1/source/Cargo.toml
[INFO] running `Command { std: CARGO_HOME="/workspace/cargo-home" RUSTUP_HOME="/workspace/rustup-home" "/workspace/cargo-home/bin/cargo" "+1.83.0" "generate-lockfile" "--manifest-path" "Cargo.toml", kill_on_drop: false }`
[INFO] [stderr]     Updating crates.io index
[INFO] [stderr]      Locking 237 packages to latest compatible versions
[INFO] [stderr]       Adding toql v0.3.0 (available: v0.4.2)
[INFO] running `Command { std: CARGO_HOME="/workspace/cargo-home" RUSTUP_HOME="/workspace/rustup-home" "/workspace/cargo-home/bin/cargo" "+1.83.0" "fetch" "--manifest-path" "Cargo.toml", kill_on_drop: false }`
[INFO] [stderr]  Downloading crates ...
[INFO] [stderr]   Downloaded toql_sql_expr_parser v0.3.0
[INFO] [stderr]   Downloaded toql_paths_macro v0.3.0
[INFO] [stderr]   Downloaded toql_query_parser v0.3.1
[INFO] [stderr]   Downloaded toql_role_expr_parser v0.3.0
[INFO] [stderr]   Downloaded toql_sql_expr_macro v0.3.0
[INFO] [stderr]   Downloaded toql_role_expr_macro v0.3.0
[INFO] [stderr]   Downloaded toql_field_list_parser v0.3.0
[INFO] [stderr]   Downloaded toql_query_macro v0.3.0
[INFO] [stderr]   Downloaded toql_fields_macro v0.3.0
[INFO] [stderr]   Downloaded toql_core v0.3.0
[INFO] [stderr]   Downloaded toql_derive v0.3.0
[INFO] [stderr]   Downloaded toql v0.3.0
[INFO] running `Command { std: "docker" "create" "-v" "/var/lib/crater-agent-workspace/builds/worker-2-tc1/target:/opt/rustwide/target:rw,Z" "-v" "/var/lib/crater-agent-workspace/builds/worker-2-tc1/source:/opt/rustwide/workdir:ro,Z" "-v" "/var/lib/crater-agent-workspace/cargo-home:/opt/rustwide/cargo-home:ro,Z" "-v" "/var/lib/crater-agent-workspace/rustup-home:/opt/rustwide/rustup-home:ro,Z" "-e" "SOURCE_DIR=/opt/rustwide/workdir" "-e" "CARGO_TARGET_DIR=/opt/rustwide/target" "-e" "CARGO_HOME=/opt/rustwide/cargo-home" "-e" "RUSTUP_HOME=/opt/rustwide/rustup-home" "-w" "/opt/rustwide/workdir" "-m" "1610612736" "--user" "0:0" "--network" "none" "ghcr.io/rust-lang/crates-build-env/linux@sha256:f3a9d4ad9d972b27faf3965f35b62e55ba32bbce8f20bc8fe909558a86702fde" "/opt/rustwide/cargo-home/bin/cargo" "+1.83.0" "metadata" "--no-deps" "--format-version=1", kill_on_drop: false }`
[INFO] [stdout] d999408db7bb364e1837a5c61169280816a43e6164ddbc4a9ba4d9c7fb8fe19d
[INFO] running `Command { std: "docker" "start" "-a" "d999408db7bb364e1837a5c61169280816a43e6164ddbc4a9ba4d9c7fb8fe19d", kill_on_drop: false }`
[INFO] running `Command { std: "docker" "inspect" "d999408db7bb364e1837a5c61169280816a43e6164ddbc4a9ba4d9c7fb8fe19d", kill_on_drop: false }`
[INFO] running `Command { std: "docker" "rm" "-f" "d999408db7bb364e1837a5c61169280816a43e6164ddbc4a9ba4d9c7fb8fe19d", kill_on_drop: false }`
[INFO] [stdout] d999408db7bb364e1837a5c61169280816a43e6164ddbc4a9ba4d9c7fb8fe19d
[INFO] running `Command { std: "docker" "create" "-v" "/var/lib/crater-agent-workspace/builds/worker-2-tc1/target:/opt/rustwide/target:rw,Z" "-v" "/var/lib/crater-agent-workspace/builds/worker-2-tc1/source:/opt/rustwide/workdir:ro,Z" "-v" "/var/lib/crater-agent-workspace/cargo-home:/opt/rustwide/cargo-home:ro,Z" "-v" "/var/lib/crater-agent-workspace/rustup-home:/opt/rustwide/rustup-home:ro,Z" "-e" "SOURCE_DIR=/opt/rustwide/workdir" "-e" "CARGO_TARGET_DIR=/opt/rustwide/target" "-e" "CARGO_INCREMENTAL=0" "-e" "RUST_BACKTRACE=full" "-e" "RUSTFLAGS=--cap-lints=warn" "-e" "RUSTDOCFLAGS=--cap-lints=warn" "-e" "CARGO_HOME=/opt/rustwide/cargo-home" "-e" "RUSTUP_HOME=/opt/rustwide/rustup-home" "-w" "/opt/rustwide/workdir" "-m" "1610612736" "--user" "0:0" "--network" "none" "ghcr.io/rust-lang/crates-build-env/linux@sha256:f3a9d4ad9d972b27faf3965f35b62e55ba32bbce8f20bc8fe909558a86702fde" "/opt/rustwide/cargo-home/bin/cargo" "+1.83.0" "build" "--frozen" "--message-format=json", kill_on_drop: false }`
[INFO] [stdout] b375fd5322e737af49b7b7398e981a7342c31336e623998cdd4b31d394704edb
[INFO] running `Command { std: "docker" "start" "-a" "b375fd5322e737af49b7b7398e981a7342c31336e623998cdd4b31d394704edb", kill_on_drop: false }`
[INFO] [stderr]    Compiling proc-macro2 v1.0.92
[INFO] [stderr]    Compiling unicode-ident v1.0.14
[INFO] [stderr]    Compiling libc v0.2.168
[INFO] [stderr]    Compiling version_check v0.9.5
[INFO] [stderr]    Compiling memchr v2.7.4
[INFO] [stderr]    Compiling once_cell v1.20.2
[INFO] [stderr]    Compiling autocfg v1.4.0
[INFO] [stderr]    Compiling pin-project-lite v0.2.15
[INFO] [stderr]    Compiling fnv v1.0.7
[INFO] [stderr]    Compiling thiserror v2.0.7
[INFO] [stderr]    Compiling log v0.4.22
[INFO] [stderr]    Compiling cfg-if v1.0.0
[INFO] [stderr]    Compiling ucd-trie v0.1.7
[INFO] [stderr]    Compiling serde v1.0.216
[INFO] [stderr]    Compiling proc-macro2 v0.4.30
[INFO] [stderr]    Compiling tracing-core v0.1.33
[INFO] [stderr]    Compiling unicode-xid v0.1.0
[INFO] [stderr]    Compiling syn v0.15.44
[INFO] [stderr]    Compiling bytes v1.9.0
[INFO] [stderr]    Compiling futures-core v0.3.31
[INFO] [stderr]    Compiling aho-corasick v1.1.3
[INFO] [stderr]    Compiling proc-macro2-diagnostics v0.10.1
[INFO] [stderr]    Compiling itoa v1.0.14
[INFO] [stderr]    Compiling quote v1.0.37
[INFO] [stderr]    Compiling regex-syntax v0.8.5
[INFO] [stderr]    Compiling quote v0.6.13
[INFO] [stderr]    Compiling syn v2.0.90
[INFO] [stderr]    Compiling slab v0.4.9
[INFO] [stderr]    Compiling strsim v0.7.0
[INFO] [stderr]    Compiling futures-sink v0.3.31
[INFO] [stderr]    Compiling ident_case v1.0.1
[INFO] [stderr]    Compiling equivalent v1.0.1
[INFO] [stderr]    Compiling hashbrown v0.15.2
[INFO] [stderr]    Compiling unicode-segmentation v1.12.0
[INFO] [stderr]    Compiling quick-error v1.2.3
[INFO] [stderr]    Compiling humantime v1.3.0
[INFO] [stderr]    Compiling futures-channel v0.3.31
[INFO] [stderr]    Compiling heck v0.3.3
[INFO] [stderr]    Compiling termcolor v1.4.1
[INFO] [stderr]    Compiling futures-task v0.3.31
[INFO] [stderr]    Compiling pin-utils v0.1.0
[INFO] [stderr]    Compiling futures-io v0.3.31
[INFO] [stderr]    Compiling futures-util v0.3.31
[INFO] [stderr]    Compiling httparse v1.9.5
[INFO] [stderr]    Compiling is-terminal v0.4.13
[INFO] [stderr]    Compiling yansi v1.0.1
[INFO] [stderr]    Compiling signal-hook-registry v1.4.2
[INFO] [stderr]    Compiling getrandom v0.2.15
[INFO] [stderr]    Compiling mio v1.0.3
[INFO] [stderr]    Compiling socket2 v0.5.8
[INFO] [stderr]    Compiling atty v0.2.14
[INFO] [stderr]    Compiling bitflags v2.6.0
[INFO] [stderr]    Compiling http v0.2.12
[INFO] [stderr]    Compiling regex-automata v0.4.9
[INFO] [stderr]    Compiling uncased v0.9.10
[INFO] [stderr]    Compiling ahash v0.7.8
[INFO] [stderr]    Compiling powerfmt v0.2.0
[INFO] [stderr]    Compiling num-conv v0.1.0
[INFO] [stderr]    Compiling time-core v0.1.2
[INFO] [stderr]    Compiling deranged v0.3.11
[INFO] [stderr]    Compiling time-macros v0.2.19
[INFO] [stderr]    Compiling darling_core v0.9.0
[INFO] [stderr]    Compiling num-traits v0.2.19
[INFO] [stderr]    Compiling cookie v0.18.1
[INFO] [stderr]    Compiling byteorder v1.5.0
[INFO] [stderr]    Compiling ref-cast v1.0.23
[INFO] [stderr]    Compiling smallvec v1.13.2
[INFO] [stderr]    Compiling inlinable_string v0.1.15
[INFO] [stderr]    Compiling try-lock v0.2.5
[INFO] [stderr]    Compiling thiserror v1.0.69
[INFO] [stderr]    Compiling want v0.3.1
[INFO] [stderr]    Compiling time v0.3.37
[INFO] [stderr]    Compiling http-body v0.4.6
[INFO] [stderr]    Compiling devise_core v0.4.2
[INFO] [stderr]    Compiling lock_api v0.4.12
[INFO] [stderr]    Compiling parking_lot_core v0.9.10
[INFO] [stderr]    Compiling rustix v0.38.42
[INFO] [stderr]    Compiling winnow v0.6.20
[INFO] [stderr]    Compiling regex v1.11.1
[INFO] [stderr]    Compiling percent-encoding v2.3.1
[INFO] [stderr]    Compiling env_logger v0.6.2
[INFO] [stderr]    Compiling httpdate v1.0.3
[INFO] [stderr]    Compiling tower-service v0.3.3
[INFO] [stderr]    Compiling hashbrown v0.11.2
[INFO] [stderr]    Compiling darling_macro v0.9.0
[INFO] [stderr]    Compiling futures v0.3.31
[INFO] [stderr]    Compiling rand_core v0.6.4
[INFO] [stderr]    Compiling stable-pattern v0.1.0
[INFO] [stderr]    Compiling darling v0.9.0
[INFO] [stderr]    Compiling multer v3.1.0
[INFO] [stderr]    Compiling thiserror-impl v2.0.7
[INFO] [stderr]    Compiling serde_derive v1.0.216
[INFO] [stderr]    Compiling tracing-attributes v0.1.28
[INFO] [stderr]    Compiling tokio-macros v2.4.0
[INFO] [stderr]    Compiling pear_codegen v0.2.9
[INFO] [stderr]    Compiling zerocopy-derive v0.7.35
[INFO] [stderr]    Compiling ref-cast-impl v1.0.23
[INFO] [stderr]    Compiling tokio v1.42.0
[INFO] [stderr]    Compiling pear v0.2.9
[INFO] [stderr]    Compiling pest v2.7.15
[INFO] [stderr]    Compiling thiserror-impl v1.0.69
[INFO] [stderr]    Compiling devise_codegen v0.4.2
[INFO] [stderr]    Compiling async-trait v0.1.83
[INFO] [stderr]    Compiling zerocopy v0.7.35
[INFO] [stderr]    Compiling tracing v0.1.41
[INFO] [stderr]    Compiling figment v0.10.19
[INFO] [stderr]    Compiling either v1.13.0
[INFO] [stderr]    Compiling state v0.6.0
[INFO] [stderr]    Compiling linux-raw-sys v0.4.14
[INFO] [stderr]    Compiling ppv-lite86 v0.2.20
[INFO] [stderr]    Compiling iana-time-zone v0.1.61
[INFO] [stderr]    Compiling scopeguard v1.2.0
[INFO] [stderr]    Compiling rand_chacha v0.3.1
[INFO] [stderr]    Compiling chrono v0.4.39
[INFO] [stderr]    Compiling pest_meta v2.7.15
[INFO] [stderr]    Compiling devise v0.4.2
[INFO] [stderr]    Compiling async-stream-impl v0.3.6
[INFO] [stderr]    Compiling lru v0.6.6
[INFO] [stderr]    Compiling pest_generator v2.7.15
[INFO] [stderr]    Compiling enquote v1.1.0
[INFO] [stderr]    Compiling http v1.2.0
[INFO] [stderr]    Compiling rocket v0.5.1
[INFO] [stderr]    Compiling encoding_rs v0.8.35
[INFO] [stderr]    Compiling glob v0.3.1
[INFO] [stderr]    Compiling unicode-xid v0.2.6
[INFO] [stderr]    Compiling fastrand v2.3.0
[INFO] [stderr]    Compiling pest_derive v2.7.15
[INFO] [stderr]    Compiling spin v0.9.8
[INFO] [stderr]    Compiling mime v0.3.17
[INFO] [stderr]    Compiling lazy_static v1.5.0
[INFO] [stderr]    Compiling tempfile v3.14.0
[INFO] [stderr]    Compiling async-stream v0.3.6
[INFO] [stderr]    Compiling parking_lot v0.12.3
[INFO] [stderr]    Compiling rand v0.8.5
[INFO] [stderr]    Compiling toql_derive v0.3.0
[INFO] [stderr]    Compiling num_cpus v1.16.0
[INFO] [stderr]    Compiling toql_role_expr_parser v0.3.0
[INFO] [stderr]    Compiling toql_sql_expr_parser v0.3.0
[INFO] [stderr]    Compiling indexmap v2.7.0
[INFO] [stderr]    Compiling serde_spanned v0.6.8
[INFO] [stderr]    Compiling tokio-util v0.7.13
[INFO] [stderr]    Compiling toml_datetime v0.6.8
[INFO] [stderr]    Compiling toql_field_list_parser v0.3.0
[INFO] [stderr]    Compiling toql_query_parser v0.3.1
[INFO] [stderr]    Compiling toql_sql_expr_macro v0.3.0
[INFO] [stderr]    Compiling toql_core v0.3.0
[INFO] [stderr]    Compiling toql_fields_macro v0.3.0
[INFO] [stderr]    Compiling toql_paths_macro v0.3.0
[INFO] [stderr]    Compiling h2 v0.3.26
[INFO] [stderr]    Compiling toml_edit v0.22.22
[INFO] [stderr]    Compiling toql_query_macro v0.3.0
[INFO] [stderr]    Compiling toql_role_expr_macro v0.3.0
[INFO] [stderr]    Compiling tokio-stream v0.1.17
[INFO] [stderr]    Compiling ubyte v0.10.4
[INFO] [stderr]    Compiling binascii v0.1.4
[INFO] [stderr]    Compiling atomic v0.5.3
[INFO] [stderr]    Compiling hyper v0.14.31
[INFO] [stderr]    Compiling toml v0.8.19
[INFO] [stderr]    Compiling rocket_http v0.5.1
[INFO] [stderr]    Compiling toql v0.3.0
[INFO] [stderr]    Compiling rocket_codegen v0.5.1
[INFO] [stderr]    Compiling toql_rocket v0.3.0 (/opt/rustwide/workdir)
[INFO] [stdout] warning: unexpected `cfg` condition value: `mysql`
[INFO] [stdout]   --> src/lib.rs:49:7
[INFO] [stdout]    |
[INFO] [stdout] 49 | #[cfg(feature = "mysql")]
[INFO] [stdout]    |       ^^^^^^^^^^^^^^^^^ help: remove the condition
[INFO] [stdout]    |
[INFO] [stdout]    = note: no expected values for `feature`
[INFO] [stdout]    = help: consider adding `mysql` as a feature in `Cargo.toml`
[INFO] [stdout]    = note: see <https://doc.rust-lang.org/nightly/rustc/check-cfg/cargo-specifics.html> for more information about checking conditional configuration
[INFO] [stdout]    = note: `#[warn(unexpected_cfgs)]` on by default
[INFO] [stdout] 
[INFO] [stdout] 
[INFO] [stderr]     Finished `dev` profile [unoptimized + debuginfo] target(s) in 2m 31s
[INFO] running `Command { std: "docker" "inspect" "b375fd5322e737af49b7b7398e981a7342c31336e623998cdd4b31d394704edb", kill_on_drop: false }`
[INFO] running `Command { std: "docker" "rm" "-f" "b375fd5322e737af49b7b7398e981a7342c31336e623998cdd4b31d394704edb", kill_on_drop: false }`
[INFO] [stdout] b375fd5322e737af49b7b7398e981a7342c31336e623998cdd4b31d394704edb
[INFO] running `Command { std: "docker" "create" "-v" "/var/lib/crater-agent-workspace/builds/worker-2-tc1/target:/opt/rustwide/target:rw,Z" "-v" "/var/lib/crater-agent-workspace/builds/worker-2-tc1/source:/opt/rustwide/workdir:ro,Z" "-v" "/var/lib/crater-agent-workspace/cargo-home:/opt/rustwide/cargo-home:ro,Z" "-v" "/var/lib/crater-agent-workspace/rustup-home:/opt/rustwide/rustup-home:ro,Z" "-e" "SOURCE_DIR=/opt/rustwide/workdir" "-e" "CARGO_TARGET_DIR=/opt/rustwide/target" "-e" "CARGO_INCREMENTAL=0" "-e" "RUST_BACKTRACE=full" "-e" "RUSTFLAGS=--cap-lints=warn" "-e" "RUSTDOCFLAGS=--cap-lints=warn" "-e" "CARGO_HOME=/opt/rustwide/cargo-home" "-e" "RUSTUP_HOME=/opt/rustwide/rustup-home" "-w" "/opt/rustwide/workdir" "-m" "1610612736" "--user" "0:0" "--network" "none" "ghcr.io/rust-lang/crates-build-env/linux@sha256:f3a9d4ad9d972b27faf3965f35b62e55ba32bbce8f20bc8fe909558a86702fde" "/opt/rustwide/cargo-home/bin/cargo" "+1.83.0" "test" "--frozen" "--no-run" "--message-format=json", kill_on_drop: false }`
[INFO] [stdout] ab0bb4c9640ec55c56753142af532b2670b0a5e264cd602b517724796babcabe
[INFO] running `Command { std: "docker" "start" "-a" "ab0bb4c9640ec55c56753142af532b2670b0a5e264cd602b517724796babcabe", kill_on_drop: false }`
[INFO] [stdout] warning: unexpected `cfg` condition value: `mysql`
[INFO] [stdout]   --> src/lib.rs:49:7
[INFO] [stdout]    |
[INFO] [stdout] 49 | #[cfg(feature = "mysql")]
[INFO] [stdout]    |       ^^^^^^^^^^^^^^^^^ help: remove the condition
[INFO] [stdout]    |
[INFO] [stdout]    = note: no expected values for `feature`
[INFO] [stdout]    = help: consider adding `mysql` as a feature in `Cargo.toml`
[INFO] [stdout]    = note: see <https://doc.rust-lang.org/nightly/rustc/check-cfg/cargo-specifics.html> for more information about checking conditional configuration
[INFO] [stdout]    = note: `#[warn(unexpected_cfgs)]` on by default
[INFO] [stdout] 
[INFO] [stdout] 
[INFO] [stderr]    Compiling toql_rocket v0.3.0 (/opt/rustwide/workdir)
[INFO] [stdout] warning: unexpected `cfg` condition value: `mysql`
[INFO] [stdout]   --> src/lib.rs:49:7
[INFO] [stdout]    |
[INFO] [stdout] 49 | #[cfg(feature = "mysql")]
[INFO] [stdout]    |       ^^^^^^^^^^^^^^^^^ help: remove the condition
[INFO] [stdout]    |
[INFO] [stdout]    = note: no expected values for `feature`
[INFO] [stdout]    = help: consider adding `mysql` as a feature in `Cargo.toml`
[INFO] [stdout]    = note: see <https://doc.rust-lang.org/nightly/rustc/check-cfg/cargo-specifics.html> for more information about checking conditional configuration
[INFO] [stdout]    = note: `#[warn(unexpected_cfgs)]` on by default
[INFO] [stdout] 
[INFO] [stdout] 
[INFO] [stderr]     Finished `test` profile [unoptimized + debuginfo] target(s) in 1.90s
[INFO] running `Command { std: "docker" "inspect" "ab0bb4c9640ec55c56753142af532b2670b0a5e264cd602b517724796babcabe", kill_on_drop: false }`
[INFO] running `Command { std: "docker" "rm" "-f" "ab0bb4c9640ec55c56753142af532b2670b0a5e264cd602b517724796babcabe", kill_on_drop: false }`
[INFO] [stdout] ab0bb4c9640ec55c56753142af532b2670b0a5e264cd602b517724796babcabe
[INFO] running `Command { std: "docker" "create" "-v" "/var/lib/crater-agent-workspace/builds/worker-2-tc1/target:/opt/rustwide/target:rw,Z" "-v" "/var/lib/crater-agent-workspace/builds/worker-2-tc1/source:/opt/rustwide/workdir:ro,Z" "-v" "/var/lib/crater-agent-workspace/cargo-home:/opt/rustwide/cargo-home:ro,Z" "-v" "/var/lib/crater-agent-workspace/rustup-home:/opt/rustwide/rustup-home:ro,Z" "-e" "SOURCE_DIR=/opt/rustwide/workdir" "-e" "CARGO_TARGET_DIR=/opt/rustwide/target" "-e" "CARGO_INCREMENTAL=0" "-e" "RUST_BACKTRACE=full" "-e" "RUSTFLAGS=--cap-lints=warn" "-e" "RUSTDOCFLAGS=--cap-lints=warn" "-e" "CARGO_HOME=/opt/rustwide/cargo-home" "-e" "RUSTUP_HOME=/opt/rustwide/rustup-home" "-w" "/opt/rustwide/workdir" "-m" "1610612736" "--user" "0:0" "--network" "none" "ghcr.io/rust-lang/crates-build-env/linux@sha256:f3a9d4ad9d972b27faf3965f35b62e55ba32bbce8f20bc8fe909558a86702fde" "/opt/rustwide/cargo-home/bin/cargo" "+1.83.0" "test" "--frozen", kill_on_drop: false }`
[INFO] [stdout] c2fc7126b8c52b2c0eb518bea4248c161244b883b4638092e62f59eb34c3c6e4
[INFO] running `Command { std: "docker" "start" "-a" "c2fc7126b8c52b2c0eb518bea4248c161244b883b4638092e62f59eb34c3c6e4", kill_on_drop: false }`
[INFO] [stderr] warning: unexpected `cfg` condition value: `mysql`
[INFO] [stderr]   --> src/lib.rs:49:7
[INFO] [stderr]    |
[INFO] [stderr] 49 | #[cfg(feature = "mysql")]
[INFO] [stderr]    |       ^^^^^^^^^^^^^^^^^ help: remove the condition
[INFO] [stderr]    |
[INFO] [stderr]    = note: no expected values for `feature`
[INFO] [stderr]    = help: consider adding `mysql` as a feature in `Cargo.toml`
[INFO] [stderr]    = note: see <https://doc.rust-lang.org/nightly/rustc/check-cfg/cargo-specifics.html> for more information about checking conditional configuration
[INFO] [stderr]    = note: `#[warn(unexpected_cfgs)]` on by default
[INFO] [stderr] 
[INFO] [stderr] warning: `toql_rocket` (lib) generated 1 warning
[INFO] [stderr] warning: `toql_rocket` (lib test) generated 1 warning (1 duplicate)
[INFO] [stderr]     Finished `test` profile [unoptimized + debuginfo] target(s) in 0.25s
[INFO] [stderr]      Running unittests src/lib.rs (/opt/rustwide/target/debug/deps/toql_rocket-14f5d51f77124bc9)
[INFO] [stdout] 
[INFO] [stdout] running 0 tests
[INFO] [stderr]    Doc-tests toql_rocket
[INFO] [stdout] 
[INFO] [stdout] test result: ok. 0 passed; 0 failed; 0 ignored; 0 measured; 0 filtered out; finished in 0.00s
[INFO] [stdout] 
[INFO] [stdout] 
[INFO] [stdout] running 1 test
[INFO] [stdout] test src/lib.rs - (line 18) ... FAILED
[INFO] [stdout] 
[INFO] [stdout] failures:
[INFO] [stdout] 
[INFO] [stdout] ---- src/lib.rs - (line 18) stdout ----
[INFO] [stdout] error[E0432]: unresolved import `toql_rocket::prelude::ToqlQUery`
[INFO] [stdout]  --> src/lib.rs:20:28
[INFO] [stdout]   |
[INFO] [stdout] 5 | use toql_rocket::prelude::{ToqlQUery, Counted};
[INFO] [stdout]   |                            ^^^^^^^^^
[INFO] [stdout]   |                            |
[INFO] [stdout]   |                            no `ToqlQUery` in `prelude`
[INFO] [stdout]   |                            help: a similar name exists in the module (notice the capitalization): `ToqlQuery`
[INFO] [stdout] 
[INFO] [stdout] error: cannot find attribute `get` in this scope
[INFO] [stdout]  --> src/lib.rs:21:3
[INFO] [stdout]   |
[INFO] [stdout] 6 | #[get("/?<toql_query..>")]
[INFO] [stdout]   |   ^^^
[INFO] [stdout]   |
[INFO] [stdout] help: consider importing this attribute macro
[INFO] [stdout]   |
[INFO] [stdout] 2 + use rocket::get;
[INFO] [stdout]   |
[INFO] [stdout] 
[INFO] [stdout] error[E0412]: cannot find type `State` in this scope
[INFO] [stdout]  --> src/lib.rs:23:13
[INFO] [stdout]   |
[INFO] [stdout] 8 |     cache: &State<Cache>,
[INFO] [stdout]   |             ^^^^^ not found in this scope
[INFO] [stdout]   |
[INFO] [stdout] help: consider importing this struct
[INFO] [stdout]   |
[INFO] [stdout] 2 + use rocket::State;
[INFO] [stdout]   |
[INFO] [stdout] 
[INFO] [stdout] error[E0412]: cannot find type `Cache` in this scope
[INFO] [stdout]  --> src/lib.rs:23:19
[INFO] [stdout]   |
[INFO] [stdout] 8 |     cache: &State<Cache>,
[INFO] [stdout]   |                   ^^^^^ not found in this scope
[INFO] [stdout]   |
[INFO] [stdout] help: consider importing this struct
[INFO] [stdout]   |
[INFO] [stdout] 2 + use toql::cache::Cache;
[INFO] [stdout]   |
[INFO] [stdout] 
[INFO] [stdout] error[E0412]: cannot find type `Connection` in this scope
[INFO] [stdout]  --> src/lib.rs:24:15
[INFO] [stdout]   |
[INFO] [stdout] 9 |     mut conn: Connection<TodoDb>,
[INFO] [stdout]   |               ^^^^^^^^^^ not found in this scope
[INFO] [stdout]   |
[INFO] [stdout] help: consider importing this struct
[INFO] [stdout]   |
[INFO] [stdout] 2 + use rocket::http::hyper::server::conn::Connection;
[INFO] [stdout]   |
[INFO] [stdout] 
[INFO] [stdout] error[E0412]: cannot find type `TodoDb` in this scope
[INFO] [stdout]  --> src/lib.rs:24:26
[INFO] [stdout]   |
[INFO] [stdout] 9 |     mut conn: Connection<TodoDb>,
[INFO] [stdout]   |                          ^^^^^^ not found in this scope
[INFO] [stdout]   |
[INFO] [stdout] help: you might be missing a type parameter
[INFO] [stdout]   |
[INFO] [stdout] 7 | pub async fn query<TodoDb>(
[INFO] [stdout]   |                   ++++++++
[INFO] [stdout] 
[INFO] [stdout] error[E0412]: cannot find type `ToqlQuery` in this scope
[INFO] [stdout]   --> src/lib.rs:25:17
[INFO] [stdout]    |
[INFO] [stdout] 10 |     toql_query: ToqlQuery,  //<!-- Get URL parameters with default values
[INFO] [stdout]    |                 ^^^^^^^^^ not found in this scope
[INFO] [stdout]    |
[INFO] [stdout] help: consider importing this struct
[INFO] [stdout]    |
[INFO] [stdout] 2  + use toql_rocket::prelude::ToqlQuery;
[INFO] [stdout]    |
[INFO] [stdout] 
[INFO] [stdout] error[E0412]: cannot find type `Json` in this scope
[INFO] [stdout]   --> src/lib.rs:26:21
[INFO] [stdout]    |
[INFO] [stdout] 11 | ) -> Result<Counted<Json<Vec<Todo>, ServerError>>> 
[INFO] [stdout]    |                     ^^^^ not found in this scope
[INFO] [stdout] 
[INFO] [stdout] error[E0412]: cannot find type `Todo` in this scope
[INFO] [stdout]   --> src/lib.rs:26:30
[INFO] [stdout]    |
[INFO] [stdout] 11 | ) -> Result<Counted<Json<Vec<Todo>, ServerError>>> 
[INFO] [stdout]    |                              ^^^^ not found in this scope
[INFO] [stdout]    |
[INFO] [stdout] help: you might be missing a type parameter
[INFO] [stdout]    |
[INFO] [stdout] 7  | pub async fn query<Todo>(
[INFO] [stdout]    |                   ++++++
[INFO] [stdout] 
[INFO] [stdout] error[E0412]: cannot find type `ServerError` in this scope
[INFO] [stdout]   --> src/lib.rs:26:37
[INFO] [stdout]    |
[INFO] [stdout] 11 | ) -> Result<Counted<Json<Vec<Todo>, ServerError>>> 
[INFO] [stdout]    |                                     ^^^^^^^^^^^ not found in this scope
[INFO] [stdout]    |
[INFO] [stdout] help: there is an enum variant `rocket::http::StatusClass::ServerError`; try using the variant's enum
[INFO] [stdout]    |
[INFO] [stdout] 11 | ) -> Result<Counted<Json<Vec<Todo>, rocket::http::StatusClass>>> 
[INFO] [stdout]    |                                     ~~~~~~~~~~~~~~~~~~~~~~~~~
[INFO] [stdout] help: you might be missing a type parameter
[INFO] [stdout]    |
[INFO] [stdout] 7  | pub async fn query<ServerError>(
[INFO] [stdout]    |                   +++++++++++++
[INFO] [stdout] 
[INFO] [stdout] error[E0412]: cannot find type `Todo` in this scope
[INFO] [stdout]   --> src/lib.rs:29:44
[INFO] [stdout]    |
[INFO] [stdout] 14 |     let (query, page) = toql_query.parse::<Todo>()?; //<!-- Parse into typesafe query
[INFO] [stdout]    |                                            ^^^^ not found in this scope
[INFO] [stdout]    |
[INFO] [stdout] help: you might be missing a type parameter
[INFO] [stdout]    |
[INFO] [stdout] 7  | pub async fn query<Todo>(
[INFO] [stdout]    |                   ++++++
[INFO] [stdout] 
[INFO] [stdout] error[E0107]: enum takes 2 generic arguments but 1 generic argument was supplied
[INFO] [stdout]   --> src/lib.rs:26:6
[INFO] [stdout]    |
[INFO] [stdout] 11 | ) -> Result<Counted<Json<Vec<Todo>, ServerError>>> 
[INFO] [stdout]    |      ^^^^^^ ------------------------------------- supplied 1 generic argument
[INFO] [stdout]    |      |
[INFO] [stdout]    |      expected 2 generic arguments
[INFO] [stdout]    |
[INFO] [stdout] help: add missing generic argument
[INFO] [stdout]    |
[INFO] [stdout] 11 | ) -> Result<Counted<Json<Vec<Todo>, ServerError>>, E> 
[INFO] [stdout]    |                                                  +++
[INFO] [stdout] 
[INFO] [stdout] error[E0433]: failed to resolve: use of undeclared type `MySqlAsync`
[INFO] [stdout]   --> src/lib.rs:28:20
[INFO] [stdout]    |
[INFO] [stdout] 13 |     let mut toql = MySqlAsync::from(&mut *conn, &*cache);
[INFO] [stdout]    |                    ^^^^^^^^^^ use of undeclared type `MySqlAsync`
[INFO] [stdout] 
[INFO] [stdout] error[E0425]: cannot find function, tuple struct or tuple variant `Json` in this scope
[INFO] [stdout]   --> src/lib.rs:32:16
[INFO] [stdout]    |
[INFO] [stdout] 17 |     Ok(Counted(Json(r.0), r.1)) //<!-- Put page count information into headers
[INFO] [stdout]    |                ^^^^ not found in this scope
[INFO] [stdout] 
[INFO] [stdout] error: aborting due to 14 previous errors
[INFO] [stdout] 
[INFO] [stdout] Some errors have detailed explanations: E0107, E0412, E0425, E0432, E0433.
[INFO] [stdout] For more information about an error, try `rustc --explain E0107`.
[INFO] [stdout] Couldn't compile the test.
[INFO] [stdout] 
[INFO] [stdout] failures:
[INFO] [stdout]     src/lib.rs - (line 18)
[INFO] [stdout] 
[INFO] [stdout] test result: FAILED. 0 passed; 1 failed; 0 ignored; 0 measured; 0 filtered out; finished in 0.19s
[INFO] [stdout] 
[INFO] [stderr] error: doctest failed, to rerun pass `--doc`
[INFO] running `Command { std: "docker" "inspect" "c2fc7126b8c52b2c0eb518bea4248c161244b883b4638092e62f59eb34c3c6e4", kill_on_drop: false }`
[INFO] running `Command { std: "docker" "rm" "-f" "c2fc7126b8c52b2c0eb518bea4248c161244b883b4638092e62f59eb34c3c6e4", kill_on_drop: false }`
[INFO] [stdout] c2fc7126b8c52b2c0eb518bea4248c161244b883b4638092e62f59eb34c3c6e4
