[INFO] fetching crate timespan 0.2.1...
[INFO] testing timespan-0.2.1 against beta-2024-12-08 for beta-1.84.0-4-retry
[INFO] extracting crate timespan 0.2.1 into /workspace/builds/worker-2-tc2/source
[INFO] validating manifest of crates.io crate timespan 0.2.1 on toolchain beta-2024-12-08
[INFO] running `Command { std: CARGO_HOME="/workspace/cargo-home" RUSTUP_HOME="/workspace/rustup-home" "/workspace/cargo-home/bin/cargo" "+beta-2024-12-08" "metadata" "--manifest-path" "Cargo.toml" "--no-deps", kill_on_drop: false }`
[INFO] started tweaking crates.io crate timespan 0.2.1
[INFO] finished tweaking crates.io crate timespan 0.2.1
[INFO] tweaked toml for crates.io crate timespan 0.2.1 written to /workspace/builds/worker-2-tc2/source/Cargo.toml
[INFO] crate crates.io crate timespan 0.2.1 already has a lockfile, it will not be regenerated
[INFO] running `Command { std: CARGO_HOME="/workspace/cargo-home" RUSTUP_HOME="/workspace/rustup-home" "/workspace/cargo-home/bin/cargo" "+beta-2024-12-08" "fetch" "--manifest-path" "Cargo.toml", kill_on_drop: false }`
[INFO] running `Command { std: "docker" "create" "-v" "/var/lib/crater-agent-workspace/builds/worker-2-tc2/target:/opt/rustwide/target:rw,Z" "-v" "/var/lib/crater-agent-workspace/builds/worker-2-tc2/source:/opt/rustwide/workdir:ro,Z" "-v" "/var/lib/crater-agent-workspace/cargo-home:/opt/rustwide/cargo-home:ro,Z" "-v" "/var/lib/crater-agent-workspace/rustup-home:/opt/rustwide/rustup-home:ro,Z" "-e" "SOURCE_DIR=/opt/rustwide/workdir" "-e" "CARGO_TARGET_DIR=/opt/rustwide/target" "-e" "CARGO_HOME=/opt/rustwide/cargo-home" "-e" "RUSTUP_HOME=/opt/rustwide/rustup-home" "-w" "/opt/rustwide/workdir" "-m" "1610612736" "--user" "0:0" "--network" "none" "ghcr.io/rust-lang/crates-build-env/linux@sha256:f3a9d4ad9d972b27faf3965f35b62e55ba32bbce8f20bc8fe909558a86702fde" "/opt/rustwide/cargo-home/bin/cargo" "+beta-2024-12-08" "metadata" "--no-deps" "--format-version=1", kill_on_drop: false }`
[INFO] [stdout] c9a91d14f3e81b29587c844ae507fa700e8a5a0802f59c36eeddab7aa8ca6b97
[INFO] running `Command { std: "docker" "start" "-a" "c9a91d14f3e81b29587c844ae507fa700e8a5a0802f59c36eeddab7aa8ca6b97", kill_on_drop: false }`
[INFO] running `Command { std: "docker" "inspect" "c9a91d14f3e81b29587c844ae507fa700e8a5a0802f59c36eeddab7aa8ca6b97", kill_on_drop: false }`
[INFO] running `Command { std: "docker" "rm" "-f" "c9a91d14f3e81b29587c844ae507fa700e8a5a0802f59c36eeddab7aa8ca6b97", kill_on_drop: false }`
[INFO] [stdout] c9a91d14f3e81b29587c844ae507fa700e8a5a0802f59c36eeddab7aa8ca6b97
[INFO] running `Command { std: "docker" "create" "-v" "/var/lib/crater-agent-workspace/builds/worker-2-tc2/target:/opt/rustwide/target:rw,Z" "-v" "/var/lib/crater-agent-workspace/builds/worker-2-tc2/source:/opt/rustwide/workdir:ro,Z" "-v" "/var/lib/crater-agent-workspace/cargo-home:/opt/rustwide/cargo-home:ro,Z" "-v" "/var/lib/crater-agent-workspace/rustup-home:/opt/rustwide/rustup-home:ro,Z" "-e" "SOURCE_DIR=/opt/rustwide/workdir" "-e" "CARGO_TARGET_DIR=/opt/rustwide/target" "-e" "CARGO_INCREMENTAL=0" "-e" "RUST_BACKTRACE=full" "-e" "RUSTFLAGS=--cap-lints=warn" "-e" "RUSTDOCFLAGS=--cap-lints=warn" "-e" "CARGO_HOME=/opt/rustwide/cargo-home" "-e" "RUSTUP_HOME=/opt/rustwide/rustup-home" "-w" "/opt/rustwide/workdir" "-m" "1610612736" "--user" "0:0" "--network" "none" "ghcr.io/rust-lang/crates-build-env/linux@sha256:f3a9d4ad9d972b27faf3965f35b62e55ba32bbce8f20bc8fe909558a86702fde" "/opt/rustwide/cargo-home/bin/cargo" "+beta-2024-12-08" "build" "--frozen" "--message-format=json", kill_on_drop: false }`
[INFO] [stdout] 90b92ce7684383984bb05667f558f0eaa41be047a943743192fdd3dd2ac62b86
[INFO] running `Command { std: "docker" "start" "-a" "90b92ce7684383984bb05667f558f0eaa41be047a943743192fdd3dd2ac62b86", kill_on_drop: false }`
[INFO] [stderr]    Compiling autocfg v1.2.0
[INFO] [stderr]    Compiling memchr v2.7.2
[INFO] [stderr]    Compiling regex-syntax v0.8.3
[INFO] [stderr]    Compiling iana-time-zone v0.1.60
[INFO] [stderr]    Compiling num-traits v0.2.18
[INFO] [stderr]    Compiling aho-corasick v1.1.3
[INFO] [stderr]    Compiling chrono v0.4.37
[INFO] [stderr]    Compiling regex-automata v0.4.6
[INFO] [stderr]    Compiling regex v1.10.4
[INFO] [stderr]    Compiling timespan v0.2.1 (/opt/rustwide/workdir)
[INFO] [stdout] warning: use of deprecated struct `chrono::Date`: Use `NaiveDate` or `DateTime<Tz>` instead
[INFO] [stdout]   --> src/date_span.rs:25:14
[INFO] [stdout]    |
[INFO] [stdout] 25 | use chrono::{Date, Duration, TimeZone};
[INFO] [stdout]    |              ^^^^
[INFO] [stdout]    |
[INFO] [stdout]    = note: `#[warn(deprecated)]` on by default
[INFO] [stdout] 
[INFO] [stdout] 
[INFO] [stdout] warning: use of deprecated struct `chrono::Date`: Use `NaiveDate` or `DateTime<Tz>` instead
[INFO] [stdout]   --> src/date_span.rs:28:32
[INFO] [stdout]    |
[INFO] [stdout] 28 | impl<T: TimeZone> Spanable for Date<T>
[INFO] [stdout]    |                                ^^^^
[INFO] [stdout] 
[INFO] [stdout] 
[INFO] [stdout] warning: use of deprecated struct `chrono::Date`: Use `NaiveDate` or `DateTime<Tz>` instead
[INFO] [stdout]   --> src/date_span.rs:38:34
[INFO] [stdout]    |
[INFO] [stdout] 38 | impl<T: TimeZone> Formatable for Date<T>
[INFO] [stdout]    |                                  ^^^^
[INFO] [stdout] 
[INFO] [stdout] 
[INFO] [stdout] warning: use of deprecated struct `chrono::Date`: Use `NaiveDate` or `DateTime<Tz>` instead
[INFO] [stdout]   --> src/date_span.rs:78:29
[INFO] [stdout]    |
[INFO] [stdout] 78 | pub type DateSpan<T> = Span<Date<T>>;
[INFO] [stdout]    |                             ^^^^
[INFO] [stdout] 
[INFO] [stdout] 
[INFO] [stdout] warning: use of deprecated struct `chrono::Date`: Use `NaiveDate` or `DateTime<Tz>` instead
[INFO] [stdout]   --> src/date_span.rs:34:9
[INFO] [stdout]    |
[INFO] [stdout] 34 |         Date::signed_duration_since(self, other)
[INFO] [stdout]    |         ^^^^
[INFO] [stdout] 
[INFO] [stdout] 
[INFO] [stdout] warning: use of deprecated struct `chrono::Date`: Use `NaiveDate` or `DateTime<Tz>` instead
[INFO] [stdout]   --> src/date_span.rs:44:9
[INFO] [stdout]    |
[INFO] [stdout] 44 |         Date::format(self, fmt)
[INFO] [stdout]    |         ^^^^
[INFO] [stdout] 
[INFO] [stdout] 
[INFO] [stdout] warning: use of deprecated method `chrono::TimeZone::from_local_date`: use `from_local_datetime()` instead
[INFO] [stdout]   --> src/date_span.rs:91:18
[INFO] [stdout]    |
[INFO] [stdout] 91 |                 .from_local_date(&span.start)
[INFO] [stdout]    |                  ^^^^^^^^^^^^^^^
[INFO] [stdout] 
[INFO] [stdout] 
[INFO] [stdout] warning: use of deprecated method `chrono::TimeZone::from_local_date`: use `from_local_datetime()` instead
[INFO] [stdout]   --> src/date_span.rs:95:18
[INFO] [stdout]    |
[INFO] [stdout] 95 |                 .from_local_date(&span.end)
[INFO] [stdout]    |                  ^^^^^^^^^^^^^^^
[INFO] [stdout] 
[INFO] [stdout] 
[INFO] [stdout] warning: use of deprecated method `chrono::TimeZone::from_utc_date`: use `from_utc_datetime()` instead
[INFO] [stdout]    --> src/date_span.rs:123:23
[INFO] [stdout]     |
[INFO] [stdout] 123 |             start: tz.from_utc_date(&span.start),
[INFO] [stdout]     |                       ^^^^^^^^^^^^^
[INFO] [stdout] 
[INFO] [stdout] 
[INFO] [stdout] warning: use of deprecated method `chrono::TimeZone::from_utc_date`: use `from_utc_datetime()` instead
[INFO] [stdout]    --> src/date_span.rs:124:21
[INFO] [stdout]     |
[INFO] [stdout] 124 |             end: tz.from_utc_date(&span.end),
[INFO] [stdout]     |                     ^^^^^^^^^^^^^
[INFO] [stdout] 
[INFO] [stdout] 
[INFO] [stdout] warning: use of deprecated method `chrono::TimeZone::datetime_from_str`: use `DateTime::parse_from_str` or `NaiveDateTime::parse_from_str` with `and_utc()` or `and_local_timezone()` instead
[INFO] [stdout]   --> src/date_time_span.rs:54:14
[INFO] [stdout]    |
[INFO] [stdout] 54 |             .datetime_from_str(s, fmt)
[INFO] [stdout]    |              ^^^^^^^^^^^^^^^^^
[INFO] [stdout] 
[INFO] [stdout] 
[INFO] [stdout] warning: use of deprecated method `chrono::TimeZone::datetime_from_str`: use `DateTime::parse_from_str` or `NaiveDateTime::parse_from_str` with `and_utc()` or `and_local_timezone()` instead
[INFO] [stdout]   --> src/date_time_span.rs:62:13
[INFO] [stdout]    |
[INFO] [stdout] 62 |         Utc.datetime_from_str(s, fmt).map_err(|e| Error::Parsing(e))
[INFO] [stdout]    |             ^^^^^^^^^^^^^^^^^
[INFO] [stdout] 
[INFO] [stdout] 
[INFO] [stdout] warning: use of deprecated method `std::error::Error::description`: use the Display impl or to_string()
[INFO] [stdout]   --> src/error.rs:55:39
[INFO] [stdout]    |
[INFO] [stdout] 55 |             _ => write!(f, "{}", self.description()),
[INFO] [stdout]    |                                       ^^^^^^^^^^^
[INFO] [stdout] 
[INFO] [stdout] 
[INFO] [stderr]     Finished `dev` profile [unoptimized + debuginfo] target(s) in 10.25s
[INFO] running `Command { std: "docker" "inspect" "90b92ce7684383984bb05667f558f0eaa41be047a943743192fdd3dd2ac62b86", kill_on_drop: false }`
[INFO] running `Command { std: "docker" "rm" "-f" "90b92ce7684383984bb05667f558f0eaa41be047a943743192fdd3dd2ac62b86", kill_on_drop: false }`
[INFO] [stdout] 90b92ce7684383984bb05667f558f0eaa41be047a943743192fdd3dd2ac62b86
[INFO] running `Command { std: "docker" "create" "-v" "/var/lib/crater-agent-workspace/builds/worker-2-tc2/target:/opt/rustwide/target:rw,Z" "-v" "/var/lib/crater-agent-workspace/builds/worker-2-tc2/source:/opt/rustwide/workdir:ro,Z" "-v" "/var/lib/crater-agent-workspace/cargo-home:/opt/rustwide/cargo-home:ro,Z" "-v" "/var/lib/crater-agent-workspace/rustup-home:/opt/rustwide/rustup-home:ro,Z" "-e" "SOURCE_DIR=/opt/rustwide/workdir" "-e" "CARGO_TARGET_DIR=/opt/rustwide/target" "-e" "CARGO_INCREMENTAL=0" "-e" "RUST_BACKTRACE=full" "-e" "RUSTFLAGS=--cap-lints=warn" "-e" "RUSTDOCFLAGS=--cap-lints=warn" "-e" "CARGO_HOME=/opt/rustwide/cargo-home" "-e" "RUSTUP_HOME=/opt/rustwide/rustup-home" "-w" "/opt/rustwide/workdir" "-m" "1610612736" "--user" "0:0" "--network" "none" "ghcr.io/rust-lang/crates-build-env/linux@sha256:f3a9d4ad9d972b27faf3965f35b62e55ba32bbce8f20bc8fe909558a86702fde" "/opt/rustwide/cargo-home/bin/cargo" "+beta-2024-12-08" "test" "--frozen" "--no-run" "--message-format=json", kill_on_drop: false }`
[INFO] [stdout] f7a763cfae74f3135f2bed571f859063d179457398efa876dc6c377baa5e795e
[INFO] running `Command { std: "docker" "start" "-a" "f7a763cfae74f3135f2bed571f859063d179457398efa876dc6c377baa5e795e", kill_on_drop: false }`
[INFO] [stderr]    Compiling memchr v2.7.2
[INFO] [stderr]    Compiling autocfg v1.2.0
[INFO] [stderr]    Compiling regex-syntax v0.8.3
[INFO] [stderr]    Compiling proc-macro2 v1.0.79
[INFO] [stderr]    Compiling unicode-ident v1.0.12
[INFO] [stderr]    Compiling serde v1.0.197
[INFO] [stderr]    Compiling iana-time-zone v0.1.60
[INFO] [stderr]    Compiling serde_json v1.0.115
[INFO] [stderr]    Compiling itoa v1.0.11
[INFO] [stderr]    Compiling ryu v1.0.17
[INFO] [stderr]    Compiling aho-corasick v1.1.3
[INFO] [stderr]    Compiling num-traits v0.2.18
[INFO] [stderr]    Compiling quote v1.0.36
[INFO] [stderr]    Compiling syn v2.0.58
[INFO] [stderr]    Compiling chrono v0.4.37
[INFO] [stderr]    Compiling regex-automata v0.4.6
[INFO] [stderr]    Compiling regex v1.10.4
[INFO] [stderr]    Compiling parse-zoneinfo v0.3.0
[INFO] [stderr]    Compiling serde_derive v1.0.197
[INFO] [stderr]    Compiling timespan v0.2.1 (/opt/rustwide/workdir)
[INFO] [stderr]    Compiling chrono-tz v0.5.3
[INFO] [stdout] warning: use of deprecated struct `chrono::Date`: Use `NaiveDate` or `DateTime<Tz>` instead
[INFO] [stdout]   --> src/date_span.rs:25:14
[INFO] [stdout]    |
[INFO] [stdout] 25 | use chrono::{Date, Duration, TimeZone};
[INFO] [stdout]    |              ^^^^
[INFO] [stdout]    |
[INFO] [stdout]    = note: `#[warn(deprecated)]` on by default
[INFO] [stdout] 
[INFO] [stdout] 
[INFO] [stdout] warning: use of deprecated struct `chrono::Date`: Use `NaiveDate` or `DateTime<Tz>` instead
[INFO] [stdout]   --> src/date_span.rs:28:32
[INFO] [stdout]    |
[INFO] [stdout] 28 | impl<T: TimeZone> Spanable for Date<T>
[INFO] [stdout]    |                                ^^^^
[INFO] [stdout] 
[INFO] [stdout] 
[INFO] [stdout] warning: use of deprecated struct `chrono::Date`: Use `NaiveDate` or `DateTime<Tz>` instead
[INFO] [stdout]   --> src/date_span.rs:38:34
[INFO] [stdout]    |
[INFO] [stdout] 38 | impl<T: TimeZone> Formatable for Date<T>
[INFO] [stdout]    |                                  ^^^^
[INFO] [stdout] 
[INFO] [stdout] 
[INFO] [stdout] warning: use of deprecated struct `chrono::Date`: Use `NaiveDate` or `DateTime<Tz>` instead
[INFO] [stdout]   --> src/date_span.rs:78:29
[INFO] [stdout]    |
[INFO] [stdout] 78 | pub type DateSpan<T> = Span<Date<T>>;
[INFO] [stdout]    |                             ^^^^
[INFO] [stdout] 
[INFO] [stdout] 
[INFO] [stdout] warning: use of deprecated struct `chrono::Date`: Use `NaiveDate` or `DateTime<Tz>` instead
[INFO] [stdout]   --> src/date_span.rs:34:9
[INFO] [stdout]    |
[INFO] [stdout] 34 |         Date::signed_duration_since(self, other)
[INFO] [stdout]    |         ^^^^
[INFO] [stdout] 
[INFO] [stdout] 
[INFO] [stdout] warning: use of deprecated struct `chrono::Date`: Use `NaiveDate` or `DateTime<Tz>` instead
[INFO] [stdout]   --> src/date_span.rs:44:9
[INFO] [stdout]    |
[INFO] [stdout] 44 |         Date::format(self, fmt)
[INFO] [stdout]    |         ^^^^
[INFO] [stdout] 
[INFO] [stdout] 
[INFO] [stdout] warning: use of deprecated method `chrono::TimeZone::from_local_date`: use `from_local_datetime()` instead
[INFO] [stdout]   --> src/date_span.rs:91:18
[INFO] [stdout]    |
[INFO] [stdout] 91 |                 .from_local_date(&span.start)
[INFO] [stdout]    |                  ^^^^^^^^^^^^^^^
[INFO] [stdout] 
[INFO] [stdout] 
[INFO] [stdout] warning: use of deprecated method `chrono::TimeZone::from_local_date`: use `from_local_datetime()` instead
[INFO] [stdout]   --> src/date_span.rs:95:18
[INFO] [stdout]    |
[INFO] [stdout] 95 |                 .from_local_date(&span.end)
[INFO] [stdout]    |                  ^^^^^^^^^^^^^^^
[INFO] [stdout] 
[INFO] [stdout] 
[INFO] [stdout] warning: use of deprecated method `chrono::TimeZone::from_utc_date`: use `from_utc_datetime()` instead
[INFO] [stdout]    --> src/date_span.rs:123:23
[INFO] [stdout]     |
[INFO] [stdout] 123 |             start: tz.from_utc_date(&span.start),
[INFO] [stdout]     |                       ^^^^^^^^^^^^^
[INFO] [stdout] 
[INFO] [stdout] 
[INFO] [stdout] warning: use of deprecated method `chrono::TimeZone::from_utc_date`: use `from_utc_datetime()` instead
[INFO] [stdout]    --> src/date_span.rs:124:21
[INFO] [stdout]     |
[INFO] [stdout] 124 |             end: tz.from_utc_date(&span.end),
[INFO] [stdout]     |                     ^^^^^^^^^^^^^
[INFO] [stdout] 
[INFO] [stdout] 
[INFO] [stdout] warning: use of deprecated method `chrono::TimeZone::datetime_from_str`: use `DateTime::parse_from_str` or `NaiveDateTime::parse_from_str` with `and_utc()` or `and_local_timezone()` instead
[INFO] [stdout]   --> src/date_time_span.rs:54:14
[INFO] [stdout]    |
[INFO] [stdout] 54 |             .datetime_from_str(s, fmt)
[INFO] [stdout]    |              ^^^^^^^^^^^^^^^^^
[INFO] [stdout] 
[INFO] [stdout] 
[INFO] [stdout] warning: use of deprecated method `chrono::TimeZone::datetime_from_str`: use `DateTime::parse_from_str` or `NaiveDateTime::parse_from_str` with `and_utc()` or `and_local_timezone()` instead
[INFO] [stdout]   --> src/date_time_span.rs:62:13
[INFO] [stdout]    |
[INFO] [stdout] 62 |         Utc.datetime_from_str(s, fmt).map_err(|e| Error::Parsing(e))
[INFO] [stdout]    |             ^^^^^^^^^^^^^^^^^
[INFO] [stdout] 
[INFO] [stdout] 
[INFO] [stdout] warning: use of deprecated method `std::error::Error::description`: use the Display impl or to_string()
[INFO] [stdout]   --> src/error.rs:55:39
[INFO] [stdout]    |
[INFO] [stdout] 55 |             _ => write!(f, "{}", self.description()),
[INFO] [stdout]    |                                       ^^^^^^^^^^^
[INFO] [stdout] 
[INFO] [stdout] 
[INFO] [stdout] warning: use of deprecated struct `chrono::Date`: Use `NaiveDate` or `DateTime<Tz>` instead
[INFO] [stdout]   --> src/date_span.rs:25:14
[INFO] [stdout]    |
[INFO] [stdout] 25 | use chrono::{Date, Duration, TimeZone};
[INFO] [stdout]    |              ^^^^
[INFO] [stdout]    |
[INFO] [stdout]    = note: `#[warn(deprecated)]` on by default
[INFO] [stdout] 
[INFO] [stdout] 
[INFO] [stdout] warning: use of deprecated struct `chrono::Date`: Use `NaiveDate` or `DateTime<Tz>` instead
[INFO] [stdout]   --> src/date_span.rs:28:32
[INFO] [stdout]    |
[INFO] [stdout] 28 | impl<T: TimeZone> Spanable for Date<T>
[INFO] [stdout]    |                                ^^^^
[INFO] [stdout] 
[INFO] [stdout] 
[INFO] [stdout] warning: use of deprecated struct `chrono::Date`: Use `NaiveDate` or `DateTime<Tz>` instead
[INFO] [stdout]   --> src/date_span.rs:38:34
[INFO] [stdout]    |
[INFO] [stdout] 38 | impl<T: TimeZone> Formatable for Date<T>
[INFO] [stdout]    |                                  ^^^^
[INFO] [stdout] 
[INFO] [stdout] 
[INFO] [stdout] warning: use of deprecated struct `chrono::Date`: Use `NaiveDate` or `DateTime<Tz>` instead
[INFO] [stdout]   --> src/date_span.rs:78:29
[INFO] [stdout]    |
[INFO] [stdout] 78 | pub type DateSpan<T> = Span<Date<T>>;
[INFO] [stdout]    |                             ^^^^
[INFO] [stdout] 
[INFO] [stdout] 
[INFO] [stdout] warning: use of deprecated struct `chrono::Date`: Use `NaiveDate` or `DateTime<Tz>` instead
[INFO] [stdout]   --> src/date_span.rs:34:9
[INFO] [stdout]    |
[INFO] [stdout] 34 |         Date::signed_duration_since(self, other)
[INFO] [stdout]    |         ^^^^
[INFO] [stdout] 
[INFO] [stdout] 
[INFO] [stdout] warning: use of deprecated struct `chrono::Date`: Use `NaiveDate` or `DateTime<Tz>` instead
[INFO] [stdout]   --> src/date_span.rs:44:9
[INFO] [stdout]    |
[INFO] [stdout] 44 |         Date::format(self, fmt)
[INFO] [stdout]    |         ^^^^
[INFO] [stdout] 
[INFO] [stdout] 
[INFO] [stdout] warning: use of deprecated method `chrono::TimeZone::from_utc_date`: use `from_utc_datetime()` instead
[INFO] [stdout]   --> tests/wacken.rs:33:35
[INFO] [stdout]    |
[INFO] [stdout] 33 |     assert!(span.contains(&Berlin.from_utc_date(&"2017-08-04".parse().unwrap()),));
[INFO] [stdout]    |                                   ^^^^^^^^^^^^^
[INFO] [stdout]    |
[INFO] [stdout]    = note: `#[warn(deprecated)]` on by default
[INFO] [stdout] 
[INFO] [stdout] 
[INFO] [stdout] warning: use of deprecated method `chrono::TimeZone::from_utc_date`: use `from_utc_datetime()` instead
[INFO] [stdout]   --> tests/wacken.rs:34:36
[INFO] [stdout]    |
[INFO] [stdout] 34 |     assert!(!span.contains(&Berlin.from_utc_date(&"2017-07-22".parse().unwrap()),));
[INFO] [stdout]    |                                    ^^^^^^^^^^^^^
[INFO] [stdout] 
[INFO] [stdout] 
[INFO] [stdout] warning: use of deprecated associated function `chrono::NaiveTime::from_num_seconds_from_midnight`: use `from_num_seconds_from_midnight_opt()` instead
[INFO] [stdout]   --> examples/duration.rs:62:20
[INFO] [stdout]    |
[INFO] [stdout] 62 |         NaiveTime::from_num_seconds_from_midnight(span.duration().num_seconds() as u32, 0);
[INFO] [stdout]    |                    ^^^^^^^^^^^^^^^^^^^^^^^^^^^^^^
[INFO] [stdout]    |
[INFO] [stdout]    = note: `#[warn(deprecated)]` on by default
[INFO] [stdout] 
[INFO] [stdout] 
[INFO] [stdout] warning: use of deprecated method `chrono::TimeZone::from_local_date`: use `from_local_datetime()` instead
[INFO] [stdout]   --> src/date_span.rs:91:18
[INFO] [stdout]    |
[INFO] [stdout] 91 |                 .from_local_date(&span.start)
[INFO] [stdout]    |                  ^^^^^^^^^^^^^^^
[INFO] [stdout] 
[INFO] [stdout] 
[INFO] [stdout] warning: use of deprecated method `chrono::TimeZone::from_local_date`: use `from_local_datetime()` instead
[INFO] [stdout]   --> src/date_span.rs:95:18
[INFO] [stdout]    |
[INFO] [stdout] 95 |                 .from_local_date(&span.end)
[INFO] [stdout]    |                  ^^^^^^^^^^^^^^^
[INFO] [stdout] 
[INFO] [stdout] 
[INFO] [stdout] warning: use of deprecated method `chrono::TimeZone::from_utc_date`: use `from_utc_datetime()` instead
[INFO] [stdout]    --> src/date_span.rs:123:23
[INFO] [stdout]     |
[INFO] [stdout] 123 |             start: tz.from_utc_date(&span.start),
[INFO] [stdout]     |                       ^^^^^^^^^^^^^
[INFO] [stdout] 
[INFO] [stdout] 
[INFO] [stdout] warning: use of deprecated method `chrono::TimeZone::from_utc_date`: use `from_utc_datetime()` instead
[INFO] [stdout]    --> src/date_span.rs:124:21
[INFO] [stdout]     |
[INFO] [stdout] 124 |             end: tz.from_utc_date(&span.end),
[INFO] [stdout]     |                     ^^^^^^^^^^^^^
[INFO] [stdout] 
[INFO] [stdout] 
[INFO] [stdout] warning: use of deprecated method `chrono::TimeZone::datetime_from_str`: use `DateTime::parse_from_str` or `NaiveDateTime::parse_from_str` with `and_utc()` or `and_local_timezone()` instead
[INFO] [stdout]   --> src/date_time_span.rs:54:14
[INFO] [stdout]    |
[INFO] [stdout] 54 |             .datetime_from_str(s, fmt)
[INFO] [stdout]    |              ^^^^^^^^^^^^^^^^^
[INFO] [stdout] 
[INFO] [stdout] 
[INFO] [stdout] warning: use of deprecated method `chrono::TimeZone::datetime_from_str`: use `DateTime::parse_from_str` or `NaiveDateTime::parse_from_str` with `and_utc()` or `and_local_timezone()` instead
[INFO] [stdout]   --> src/date_time_span.rs:62:13
[INFO] [stdout]    |
[INFO] [stdout] 62 |         Utc.datetime_from_str(s, fmt).map_err(|e| Error::Parsing(e))
[INFO] [stdout]    |             ^^^^^^^^^^^^^^^^^
[INFO] [stdout] 
[INFO] [stdout] 
[INFO] [stdout] warning: use of deprecated method `std::error::Error::description`: use the Display impl or to_string()
[INFO] [stdout]   --> src/error.rs:55:39
[INFO] [stdout]    |
[INFO] [stdout] 55 |             _ => write!(f, "{}", self.description()),
[INFO] [stdout]    |                                       ^^^^^^^^^^^
[INFO] [stdout] 
[INFO] [stdout] 
[INFO] [stdout] warning: use of deprecated associated function `chrono::NaiveTime::from_hms`: use `from_hms_opt()` instead
[INFO] [stdout]   --> src/span_test.rs:27:20
[INFO] [stdout]    |
[INFO] [stdout] 27 |         NaiveTime::from_hms(12, 0, 0),
[INFO] [stdout]    |                    ^^^^^^^^
[INFO] [stdout] 
[INFO] [stdout] 
[INFO] [stdout] warning: use of deprecated associated function `chrono::NaiveTime::from_hms`: use `from_hms_opt()` instead
[INFO] [stdout]   --> src/span_test.rs:28:20
[INFO] [stdout]    |
[INFO] [stdout] 28 |         NaiveTime::from_hms(12, 30, 0),
[INFO] [stdout]    |                    ^^^^^^^^
[INFO] [stdout] 
[INFO] [stdout] 
[INFO] [stdout] warning: use of deprecated associated function `chrono::NaiveTime::from_hms`: use `from_hms_opt()` instead
[INFO] [stdout]   --> src/span_test.rs:33:20
[INFO] [stdout]    |
[INFO] [stdout] 33 |         NaiveTime::from_hms(12, 30, 0),
[INFO] [stdout]    |                    ^^^^^^^^
[INFO] [stdout] 
[INFO] [stdout] 
[INFO] [stdout] warning: use of deprecated associated function `chrono::NaiveTime::from_hms`: use `from_hms_opt()` instead
[INFO] [stdout]   --> src/span_test.rs:34:20
[INFO] [stdout]    |
[INFO] [stdout] 34 |         NaiveTime::from_hms(12, 0, 0),
[INFO] [stdout]    |                    ^^^^^^^^
[INFO] [stdout] 
[INFO] [stdout] 
[INFO] [stdout] warning: use of deprecated associated function `chrono::NaiveTime::from_hms`: use `from_hms_opt()` instead
[INFO] [stdout]    --> src/span_test.rs:285:20
[INFO] [stdout]     |
[INFO] [stdout] 285 |         NaiveTime::from_hms(10, 45, 0),
[INFO] [stdout]     |                    ^^^^^^^^
[INFO] [stdout] 
[INFO] [stdout] 
[INFO] [stdout] warning: use of deprecated associated function `chrono::NaiveTime::from_hms`: use `from_hms_opt()` instead
[INFO] [stdout]    --> src/span_test.rs:286:20
[INFO] [stdout]     |
[INFO] [stdout] 286 |         NaiveTime::from_hms(15, 30, 0),
[INFO] [stdout]     |                    ^^^^^^^^
[INFO] [stdout] 
[INFO] [stdout] 
[INFO] [stdout] warning: use of deprecated associated function `chrono::NaiveTime::from_hms`: use `from_hms_opt()` instead
[INFO] [stdout]    --> src/span_test.rs:300:20
[INFO] [stdout]     |
[INFO] [stdout] 300 |         NaiveTime::from_hms(12, 0, 0),
[INFO] [stdout]     |                    ^^^^^^^^
[INFO] [stdout] 
[INFO] [stdout] 
[INFO] [stdout] warning: use of deprecated associated function `chrono::NaiveTime::from_hms`: use `from_hms_opt()` instead
[INFO] [stdout]    --> src/span_test.rs:301:20
[INFO] [stdout]     |
[INFO] [stdout] 301 |         NaiveTime::from_hms(12, 30, 0),
[INFO] [stdout]     |                    ^^^^^^^^
[INFO] [stdout] 
[INFO] [stdout] 
[INFO] [stderr]     Finished `test` profile [optimized + debuginfo] target(s) in 40.48s
[INFO] running `Command { std: "docker" "inspect" "f7a763cfae74f3135f2bed571f859063d179457398efa876dc6c377baa5e795e", kill_on_drop: false }`
[INFO] running `Command { std: "docker" "rm" "-f" "f7a763cfae74f3135f2bed571f859063d179457398efa876dc6c377baa5e795e", kill_on_drop: false }`
[INFO] [stdout] f7a763cfae74f3135f2bed571f859063d179457398efa876dc6c377baa5e795e
[INFO] running `Command { std: "docker" "create" "-v" "/var/lib/crater-agent-workspace/builds/worker-2-tc2/target:/opt/rustwide/target:rw,Z" "-v" "/var/lib/crater-agent-workspace/builds/worker-2-tc2/source:/opt/rustwide/workdir:ro,Z" "-v" "/var/lib/crater-agent-workspace/cargo-home:/opt/rustwide/cargo-home:ro,Z" "-v" "/var/lib/crater-agent-workspace/rustup-home:/opt/rustwide/rustup-home:ro,Z" "-e" "SOURCE_DIR=/opt/rustwide/workdir" "-e" "CARGO_TARGET_DIR=/opt/rustwide/target" "-e" "CARGO_INCREMENTAL=0" "-e" "RUST_BACKTRACE=full" "-e" "RUSTFLAGS=--cap-lints=warn" "-e" "RUSTDOCFLAGS=--cap-lints=warn" "-e" "CARGO_HOME=/opt/rustwide/cargo-home" "-e" "RUSTUP_HOME=/opt/rustwide/rustup-home" "-w" "/opt/rustwide/workdir" "-m" "1610612736" "--user" "0:0" "--network" "none" "ghcr.io/rust-lang/crates-build-env/linux@sha256:f3a9d4ad9d972b27faf3965f35b62e55ba32bbce8f20bc8fe909558a86702fde" "/opt/rustwide/cargo-home/bin/cargo" "+beta-2024-12-08" "test" "--frozen", kill_on_drop: false }`
[INFO] [stdout] 30a6d15b873a4768681bb1a8b34e085dd57ecaa9be9cfca1878afa50ba462624
[INFO] running `Command { std: "docker" "start" "-a" "30a6d15b873a4768681bb1a8b34e085dd57ecaa9be9cfca1878afa50ba462624", kill_on_drop: false }`
[INFO] [stderr] warning: use of deprecated struct `chrono::Date`: Use `NaiveDate` or `DateTime<Tz>` instead
[INFO] [stderr]   --> src/date_span.rs:25:14
[INFO] [stderr]    |
[INFO] [stderr] 25 | use chrono::{Date, Duration, TimeZone};
[INFO] [stderr]    |              ^^^^
[INFO] [stderr]    |
[INFO] [stderr]    = note: `#[warn(deprecated)]` on by default
[INFO] [stderr] 
[INFO] [stderr] warning: use of deprecated struct `chrono::Date`: Use `NaiveDate` or `DateTime<Tz>` instead
[INFO] [stderr]   --> src/date_span.rs:28:32
[INFO] [stderr]    |
[INFO] [stderr] 28 | impl<T: TimeZone> Spanable for Date<T>
[INFO] [stderr]    |                                ^^^^
[INFO] [stderr] 
[INFO] [stderr] warning: use of deprecated struct `chrono::Date`: Use `NaiveDate` or `DateTime<Tz>` instead
[INFO] [stderr]   --> src/date_span.rs:38:34
[INFO] [stderr]    |
[INFO] [stderr] 38 | impl<T: TimeZone> Formatable for Date<T>
[INFO] [stderr]    |                                  ^^^^
[INFO] [stderr] 
[INFO] [stderr] warning: use of deprecated struct `chrono::Date`: Use `NaiveDate` or `DateTime<Tz>` instead
[INFO] [stderr]   --> src/date_span.rs:78:29
[INFO] [stderr]    |
[INFO] [stderr] 78 | pub type DateSpan<T> = Span<Date<T>>;
[INFO] [stderr]    |                             ^^^^
[INFO] [stderr] 
[INFO] [stderr] warning: use of deprecated struct `chrono::Date`: Use `NaiveDate` or `DateTime<Tz>` instead
[INFO] [stderr]   --> src/date_span.rs:34:9
[INFO] [stderr]    |
[INFO] [stderr] 34 |         Date::signed_duration_since(self, other)
[INFO] [stderr]    |         ^^^^
[INFO] [stderr] 
[INFO] [stderr] warning: use of deprecated struct `chrono::Date`: Use `NaiveDate` or `DateTime<Tz>` instead
[INFO] [stderr]   --> src/date_span.rs:44:9
[INFO] [stderr]    |
[INFO] [stderr] 44 |         Date::format(self, fmt)
[INFO] [stderr]    |         ^^^^
[INFO] [stderr] 
[INFO] [stderr] warning: use of deprecated method `chrono::TimeZone::from_local_date`: use `from_local_datetime()` instead
[INFO] [stderr]   --> src/date_span.rs:91:18
[INFO] [stderr]    |
[INFO] [stderr] 91 |                 .from_local_date(&span.start)
[INFO] [stderr]    |                  ^^^^^^^^^^^^^^^
[INFO] [stderr] 
[INFO] [stderr] warning: use of deprecated method `chrono::TimeZone::from_local_date`: use `from_local_datetime()` instead
[INFO] [stderr]   --> src/date_span.rs:95:18
[INFO] [stderr]    |
[INFO] [stderr] 95 |                 .from_local_date(&span.end)
[INFO] [stderr]    |                  ^^^^^^^^^^^^^^^
[INFO] [stderr] 
[INFO] [stderr] warning: use of deprecated method `chrono::TimeZone::from_utc_date`: use `from_utc_datetime()` instead
[INFO] [stderr]    --> src/date_span.rs:123:23
[INFO] [stderr]     |
[INFO] [stderr] 123 |             start: tz.from_utc_date(&span.start),
[INFO] [stderr]     |                       ^^^^^^^^^^^^^
[INFO] [stderr] 
[INFO] [stderr] warning: use of deprecated method `chrono::TimeZone::from_utc_date`: use `from_utc_datetime()` instead
[INFO] [stderr]    --> src/date_span.rs:124:21
[INFO] [stderr]     |
[INFO] [stderr] 124 |             end: tz.from_utc_date(&span.end),
[INFO] [stderr]     |                     ^^^^^^^^^^^^^
[INFO] [stderr] 
[INFO] [stderr] warning: use of deprecated method `chrono::TimeZone::datetime_from_str`: use `DateTime::parse_from_str` or `NaiveDateTime::parse_from_str` with `and_utc()` or `and_local_timezone()` instead
[INFO] [stderr]   --> src/date_time_span.rs:54:14
[INFO] [stderr]    |
[INFO] [stderr] 54 |             .datetime_from_str(s, fmt)
[INFO] [stderr]    |              ^^^^^^^^^^^^^^^^^
[INFO] [stderr] 
[INFO] [stderr] warning: use of deprecated method `chrono::TimeZone::datetime_from_str`: use `DateTime::parse_from_str` or `NaiveDateTime::parse_from_str` with `and_utc()` or `and_local_timezone()` instead
[INFO] [stderr]   --> src/date_time_span.rs:62:13
[INFO] [stderr]    |
[INFO] [stderr] 62 |         Utc.datetime_from_str(s, fmt).map_err(|e| Error::Parsing(e))
[INFO] [stderr]    |             ^^^^^^^^^^^^^^^^^
[INFO] [stderr] 
[INFO] [stderr] warning: use of deprecated method `std::error::Error::description`: use the Display impl or to_string()
[INFO] [stderr]   --> src/error.rs:55:39
[INFO] [stderr]    |
[INFO] [stderr] 55 |             _ => write!(f, "{}", self.description()),
[INFO] [stderr]    |                                       ^^^^^^^^^^^
[INFO] [stderr] 
[INFO] [stderr] warning: `timespan` (lib) generated 13 warnings
[INFO] [stderr] warning: use of deprecated associated function `chrono::NaiveTime::from_hms`: use `from_hms_opt()` instead
[INFO] [stderr]   --> src/span_test.rs:27:20
[INFO] [stderr]    |
[INFO] [stderr] 27 |         NaiveTime::from_hms(12, 0, 0),
[INFO] [stderr]    |                    ^^^^^^^^
[INFO] [stderr] 
[INFO] [stderr] warning: use of deprecated associated function `chrono::NaiveTime::from_hms`: use `from_hms_opt()` instead
[INFO] [stderr]   --> src/span_test.rs:28:20
[INFO] [stderr]    |
[INFO] [stderr] 28 |         NaiveTime::from_hms(12, 30, 0),
[INFO] [stderr]    |                    ^^^^^^^^
[INFO] [stderr] 
[INFO] [stderr] warning: use of deprecated associated function `chrono::NaiveTime::from_hms`: use `from_hms_opt()` instead
[INFO] [stderr]   --> src/span_test.rs:33:20
[INFO] [stderr]    |
[INFO] [stderr] 33 |         NaiveTime::from_hms(12, 30, 0),
[INFO] [stderr]    |                    ^^^^^^^^
[INFO] [stderr] 
[INFO] [stderr] warning: use of deprecated associated function `chrono::NaiveTime::from_hms`: use `from_hms_opt()` instead
[INFO] [stderr]   --> src/span_test.rs:34:20
[INFO] [stderr]    |
[INFO] [stderr] 34 |         NaiveTime::from_hms(12, 0, 0),
[INFO] [stderr]    |                    ^^^^^^^^
[INFO] [stderr] 
[INFO] [stderr] warning: use of deprecated associated function `chrono::NaiveTime::from_hms`: use `from_hms_opt()` instead
[INFO] [stderr]    --> src/span_test.rs:285:20
[INFO] [stderr]     |
[INFO] [stderr] 285 |         NaiveTime::from_hms(10, 45, 0),
[INFO] [stderr]     |                    ^^^^^^^^
[INFO] [stderr] 
[INFO] [stderr] warning: use of deprecated associated function `chrono::NaiveTime::from_hms`: use `from_hms_opt()` instead
[INFO] [stderr]    --> src/span_test.rs:286:20
[INFO] [stderr]     |
[INFO] [stderr] 286 |         NaiveTime::from_hms(15, 30, 0),
[INFO] [stderr]     |                    ^^^^^^^^
[INFO] [stderr] 
[INFO] [stderr] warning: use of deprecated associated function `chrono::NaiveTime::from_hms`: use `from_hms_opt()` instead
[INFO] [stderr]    --> src/span_test.rs:300:20
[INFO] [stderr]     |
[INFO] [stderr] 300 |         NaiveTime::from_hms(12, 0, 0),
[INFO] [stderr]     |                    ^^^^^^^^
[INFO] [stderr] 
[INFO] [stderr] warning: use of deprecated associated function `chrono::NaiveTime::from_hms`: use `from_hms_opt()` instead
[INFO] [stderr]    --> src/span_test.rs:301:20
[INFO] [stderr]     |
[INFO] [stderr] 301 |         NaiveTime::from_hms(12, 30, 0),
[INFO] [stderr]     |                    ^^^^^^^^
[INFO] [stderr] 
[INFO] [stderr] warning: use of deprecated method `chrono::TimeZone::from_utc_date`: use `from_utc_datetime()` instead
[INFO] [stderr]   --> tests/wacken.rs:33:35
[INFO] [stderr]    |
[INFO] [stderr] 33 |     assert!(span.contains(&Berlin.from_utc_date(&"2017-08-04".parse().unwrap()),));
[INFO] [stderr]    |                                   ^^^^^^^^^^^^^
[INFO] [stderr]    |
[INFO] [stderr]    = note: `#[warn(deprecated)]` on by default
[INFO] [stderr] 
[INFO] [stderr] warning: use of deprecated method `chrono::TimeZone::from_utc_date`: use `from_utc_datetime()` instead
[INFO] [stderr]   --> tests/wacken.rs:34:36
[INFO] [stderr]    |
[INFO] [stderr] 34 |     assert!(!span.contains(&Berlin.from_utc_date(&"2017-07-22".parse().unwrap()),));
[INFO] [stderr]    |                                    ^^^^^^^^^^^^^
[INFO] [stderr] 
[INFO] [stderr] warning: use of deprecated associated function `chrono::NaiveTime::from_num_seconds_from_midnight`: use `from_num_seconds_from_midnight_opt()` instead
[INFO] [stderr]   --> examples/duration.rs:62:20
[INFO] [stderr]    |
[INFO] [stderr] 62 |         NaiveTime::from_num_seconds_from_midnight(span.duration().num_seconds() as u32, 0);
[INFO] [stderr]    |                    ^^^^^^^^^^^^^^^^^^^^^^^^^^^^^^
[INFO] [stderr]    |
[INFO] [stderr]    = note: `#[warn(deprecated)]` on by default
[INFO] [stderr] 
[INFO] [stderr] warning: `timespan` (lib test) generated 21 warnings (13 duplicates)
[INFO] [stderr] warning: `timespan` (test "wacken") generated 2 warnings
[INFO] [stderr] warning: `timespan` (example "duration") generated 1 warning
[INFO] [stderr]     Finished `test` profile [optimized + debuginfo] target(s) in 0.03s
[INFO] [stderr]      Running unittests src/lib.rs (/opt/rustwide/target/debug/deps/timespan-88c143ebf2c16f84)
[INFO] [stdout] 
[INFO] [stdout] running 19 tests
[INFO] [stdout] test span_test::fmt_test ... ok
[INFO] [stdout] test delayed_format_test::fmt_test ... ok
[INFO] [stdout] test span_test::contains_test ... ok
[INFO] [stdout] test span_test::duration_test ... ok
[INFO] [stdout] test span_test::append_test ... ok
[INFO] [stdout] test span_test::from_str_test ... ok
[INFO] [stdout] test span_test::is_disjoint_test ... ok
[INFO] [stdout] test span_test::intersection_test ... ok
[INFO] [stdout] test span_test::new_test ... ok
[INFO] [stdout] test span_test::pop_test ... ok
[INFO] [stdout] test span_test::prepend_test ... ok
[INFO] [stdout] test span_test::is_superset_test ... ok
[INFO] [stdout] test span_test::is_subset_test ... ok
[INFO] [stdout] test span_test::shift_test ... ok
[INFO] [stdout] test span_test::difference_test ... ok
[INFO] [stdout] test span_test::split_off_test ... ok
[INFO] [stdout] test span_test::parse_from_str_test ... ok
[INFO] [stdout] test span_test::union_test ... ok
[INFO] [stdout] test span_test::symmetric_difference_test ... ok
[INFO] [stdout] 
[INFO] [stdout] test result: ok. 19 passed; 0 failed; 0 ignored; 0 measured; 0 filtered out; finished in 0.01s
[INFO] [stdout] 
[INFO] [stderr]      Running tests/christmas.rs (/opt/rustwide/target/debug/deps/christmas-cffee6982950e8f3)
[INFO] [stdout] 
[INFO] [stdout] running 1 test
[INFO] [stdout] test naive_date_span_christmas ... ok
[INFO] [stdout] 
[INFO] [stdout] test result: ok. 1 passed; 0 failed; 0 ignored; 0 measured; 0 filtered out; finished in 0.00s
[INFO] [stdout] 
[INFO] [stderr]      Running tests/morning.rs (/opt/rustwide/target/debug/deps/morning-352d1feb9bd4da7d)
[INFO] [stdout] 
[INFO] [stdout] running 1 test
[INFO] [stdout] test morning ... ok
[INFO] [stdout] 
[INFO] [stdout] test result: ok. 1 passed; 0 failed; 0 ignored; 0 measured; 0 filtered out; finished in 0.00s
[INFO] [stdout] 
[INFO] [stderr]      Running tests/ramadan.rs (/opt/rustwide/target/debug/deps/ramadan-c7ecebe668f27b6a)
[INFO] [stdout] 
[INFO] [stdout] running 1 test
[INFO] [stdout] test ramadan ... ok
[INFO] [stdout] 
[INFO] [stdout] test result: ok. 1 passed; 0 failed; 0 ignored; 0 measured; 0 filtered out; finished in 0.00s
[INFO] [stdout] 
[INFO] [stderr]      Running tests/tatort.rs (/opt/rustwide/target/debug/deps/tatort-7d5a92fa06568d8f)
[INFO] [stdout] 
[INFO] [stdout] running 1 test
[INFO] [stdout] test tatort ... ok
[INFO] [stdout] 
[INFO] [stdout] test result: ok. 1 passed; 0 failed; 0 ignored; 0 measured; 0 filtered out; finished in 0.00s
[INFO] [stdout] 
[INFO] [stderr]      Running tests/wacken.rs (/opt/rustwide/target/debug/deps/wacken-c9f5908874f47768)
[INFO] [stdout] 
[INFO] [stdout] running 1 test
[INFO] [stdout] test wacken ... ok
[INFO] [stdout] 
[INFO] [stdout] test result: ok. 1 passed; 0 failed; 0 ignored; 0 measured; 0 filtered out; finished in 0.00s
[INFO] [stdout] 
[INFO] [stderr]    Doc-tests timespan
[INFO] [stdout] 
[INFO] [stdout] running 16 tests
[INFO] [stdout] test src/lib.rs - (line 46) ... ok
[INFO] [stdout] test src/naive/naive_time_span.rs - naive::naive_time_span::NaiveTimeSpan (line 57) ... FAILED
[INFO] [stdout] test src/naive/naive_date_time_span.rs - naive::naive_date_time_span::NaiveDateTimeSpan (line 57) ... FAILED
[INFO] [stdout] test src/span.rs - span::Span (line 46) ... ok
[INFO] [stdout] test src/span.rs - span::Span<T>::format (line 298) ... FAILED
[INFO] [stdout] test src/date_time_span.rs - date_time_span::DateTimeSpan<T>::from_utc_datetimespan (line 126) ... ok
[INFO] [stdout] test src/lib.rs - (line 131) ... ok
[INFO] [stdout] test src/lib.rs - (line 146) ... ok
[INFO] [stdout] test src/lib.rs - (line 116) ... ok
[INFO] [stdout] test src/lib.rs - (line 63) ... ok
[INFO] [stdout] test src/lib.rs - (line 84) ... ok
[INFO] [stdout] test src/date_span.rs - date_span::DateSpan<T>::from_utc_datespan (line 108) ... ok
[INFO] [stdout] test src/date_time_span.rs - date_time_span::DateTimeSpan (line 85) ... ok
[INFO] [stdout] test src/naive/naive_date_span.rs - naive::naive_date_span::NaiveDateSpan (line 58) ... ok
[INFO] [stdout] test src/span.rs - span::Span<T>::parse_from_str (line 334) ... ok
[INFO] [stdout] test src/date_span.rs - date_span::DateSpan (line 57) ... ok
[INFO] [stdout] 
[INFO] [stdout] failures:
[INFO] [stdout] 
[INFO] [stdout] ---- src/naive/naive_time_span.rs - naive::naive_time_span::NaiveTimeSpan (line 57) stdout ----
[INFO] [stdout] Couldn't compile the test.
[INFO] [stdout] ---- src/naive/naive_date_time_span.rs - naive::naive_date_time_span::NaiveDateTimeSpan (line 57) stdout ----
[INFO] [stdout] Couldn't compile the test.
[INFO] [stdout] ---- src/span.rs - span::Span<T>::format (line 298) stdout ----
[INFO] [stdout] error: linking with `cc` failed: exit status: 1
[INFO] [stdout]   |
[INFO] [stdout]   = note: LC_ALL="C" PATH="/opt/rustwide/rustup-home/toolchains/beta-2024-12-08-x86_64-unknown-linux-gnu/lib/rustlib/x86_64-unknown-linux-gnu/bin:/opt/rustwide/cargo-home/bin:/usr/local/sbin:/usr/local/bin:/usr/sbin:/usr/bin:/sbin:/bin" VSLANG="1033" "cc" "-m64" "/tmp/rustcdGy4Wp/symbols.o" "/tmp/rustdoctestzCkFyK/rust_out.rust_out.9242fac72db2cd11-cgu.0.rcgu.o" "/tmp/rustdoctestzCkFyK/rust_out.2hl2tb9xdtge7mguxzn2q1kvi.rcgu.o" "-Wl,--as-needed" "-Wl,-Bstatic" "/opt/rustwide/target/debug/deps/libtimespan-5c0a73a6223b2323.rlib" "/opt/rustwide/target/debug/deps/libregex-1b0d957e6ce9b633.rlib" "/opt/rustwide/target/debug/deps/libregex_automata-a33e7959b24a643a.rlib" "/opt/rustwide/target/debug/deps/libaho_corasick-877b9e92f0d8630d.rlib" "/opt/rustwide/target/debug/deps/libmemchr-75c85ad59972b020.rlib" "/opt/rustwide/target/debug/deps/libregex_syntax-d406caabbcb12979.rlib" "/opt/rustwide/target/debug/deps/libchrono-15f5b50bd9668ff9.rlib" "/opt/rustwide/target/debug/deps/libnum_traits-0b8c1d1c55122c54.rlib" "/opt/rustwide/target/debug/deps/libiana_time_zone-8e7d03c5fedbeff5.rlib" "/opt/rustwide/rustup-home/toolchains/beta-2024-12-08-x86_64-unknown-linux-gnu/lib/rustlib/x86_64-unknown-linux-gnu/lib/libstd-02dc84f49135b6b8.rlib" "/opt/rustwide/rustup-home/toolchains/beta-2024-12-08-x86_64-unknown-linux-gnu/lib/rustlib/x86_64-unknown-linux-gnu/lib/libpanic_unwind-a8f45b397fae3f81.rlib" "/opt/rustwide/rustup-home/toolchains/beta-2024-12-08-x86_64-unknown-linux-gnu/lib/rustlib/x86_64-unknown-linux-gnu/lib/libobject-089607133c180609.rlib" "/opt/rustwide/rustup-home/toolchains/beta-2024-12-08-x86_64-unknown-linux-gnu/lib/rustlib/x86_64-unknown-linux-gnu/lib/libmemchr-fc89f091bcd86cbb.rlib" "/opt/rustwide/rustup-home/toolchains/beta-2024-12-08-x86_64-unknown-linux-gnu/lib/rustlib/x86_64-unknown-linux-gnu/lib/libaddr2line-5a60949f01c7340c.rlib" "/opt/rustwide/rustup-home/toolchains/beta-2024-12-08-x86_64-unknown-linux-gnu/lib/rustlib/x86_64-unknown-linux-gnu/lib/libgimli-d29e6a55ca253c8c.rlib" "/opt/rustwide/rustup-home/toolchains/beta-2024-12-08-x86_64-unknown-linux-gnu/lib/rustlib/x86_64-unknown-linux-gnu/lib/librustc_demangle-273c078d5f65de7a.rlib" "/opt/rustwide/rustup-home/toolchains/beta-2024-12-08-x86_64-unknown-linux-gnu/lib/rustlib/x86_64-unknown-linux-gnu/lib/libstd_detect-413c950ffbdd4454.rlib" "/opt/rustwide/rustup-home/toolchains/beta-2024-12-08-x86_64-unknown-linux-gnu/lib/rustlib/x86_64-unknown-linux-gnu/lib/libhashbrown-1853c0976a1d88a6.rlib" "/opt/rustwide/rustup-home/toolchains/beta-2024-12-08-x86_64-unknown-linux-gnu/lib/rustlib/x86_64-unknown-linux-gnu/lib/librustc_std_workspace_alloc-ccb3384ddacb0f9e.rlib" "/opt/rustwide/rustup-home/toolchains/beta-2024-12-08-x86_64-unknown-linux-gnu/lib/rustlib/x86_64-unknown-linux-gnu/lib/libminiz_oxide-0b901dfb0ca849e0.rlib" "/opt/rustwide/rustup-home/toolchains/beta-2024-12-08-x86_64-unknown-linux-gnu/lib/rustlib/x86_64-unknown-linux-gnu/lib/libadler-eebeb8d7c64543ad.rlib" "/opt/rustwide/rustup-home/toolchains/beta-2024-12-08-x86_64-unknown-linux-gnu/lib/rustlib/x86_64-unknown-linux-gnu/lib/libunwind-4723ef81d6079867.rlib" "/opt/rustwide/rustup-home/toolchains/beta-2024-12-08-x86_64-unknown-linux-gnu/lib/rustlib/x86_64-unknown-linux-gnu/lib/libcfg_if-54442f8b422f5a54.rlib" "/opt/rustwide/rustup-home/toolchains/beta-2024-12-08-x86_64-unknown-linux-gnu/lib/rustlib/x86_64-unknown-linux-gnu/lib/liblibc-e0bbe034b5282553.rlib" "/opt/rustwide/rustup-home/toolchains/beta-2024-12-08-x86_64-unknown-linux-gnu/lib/rustlib/x86_64-unknown-linux-gnu/lib/liballoc-d0febb68c1c37b90.rlib" "/opt/rustwide/rustup-home/toolchains/beta-2024-12-08-x86_64-unknown-linux-gnu/lib/rustlib/x86_64-unknown-linux-gnu/lib/librustc_std_workspace_core-4cf833632aafa84c.rlib" "/opt/rustwide/rustup-home/toolchains/beta-2024-12-08-x86_64-unknown-linux-gnu/lib/rustlib/x86_64-unknown-linux-gnu/lib/libcore-65c2c6d2d6ae570b.rlib" "/opt/rustwide/rustup-home/toolchains/beta-2024-12-08-x86_64-unknown-linux-gnu/lib/rustlib/x86_64-unknown-linux-gnu/lib/libcompiler_builtins-97929cee0dcfe424.rlib" "-Wl,-Bdynamic" "-lgcc_s" "-lutil" "-lrt" "-lpthread" "-lm" "-ldl" "-lc" "-Wl,--eh-frame-hdr" "-Wl,-z,noexecstack" "-L" "/opt/rustwide/rustup-home/toolchains/beta-2024-12-08-x86_64-unknown-linux-gnu/lib/rustlib/x86_64-unknown-linux-gnu/lib" "-o" "/tmp/rustdoctestzCkFyK/rust_out" "-Wl,--gc-sections" "-pie" "-Wl,-z,relro,-z,now" "-nodefaultlibs"
[INFO] [stdout]   = note: collect2: fatal error: ld terminated with signal 9 [Killed]
[INFO] [stdout]           compilation terminated.
[INFO] [stdout]           
[INFO] [stdout] 
[INFO] [stdout] error: aborting due to 1 previous error
[INFO] [stdout] 
[INFO] [stdout] Couldn't compile the test.
[INFO] [stdout] 
[INFO] [stdout] failures:
[INFO] [stdout]     src/naive/naive_date_time_span.rs - naive::naive_date_time_span::NaiveDateTimeSpan (line 57)
[INFO] [stdout]     src/naive/naive_time_span.rs - naive::naive_time_span::NaiveTimeSpan (line 57)
[INFO] [stdout]     src/span.rs - span::Span<T>::format (line 298)
[INFO] [stdout] 
[INFO] [stdout] test result: FAILED. 13 passed; 3 failed; 0 ignored; 0 measured; 0 filtered out; finished in 6.67s
[INFO] [stdout] 
[INFO] [stderr] error: doctest failed, to rerun pass `--doc`
[INFO] running `Command { std: "docker" "inspect" "30a6d15b873a4768681bb1a8b34e085dd57ecaa9be9cfca1878afa50ba462624", kill_on_drop: false }`
[INFO] running `Command { std: "docker" "rm" "-f" "30a6d15b873a4768681bb1a8b34e085dd57ecaa9be9cfca1878afa50ba462624", kill_on_drop: false }`
[INFO] [stdout] 30a6d15b873a4768681bb1a8b34e085dd57ecaa9be9cfca1878afa50ba462624
