[INFO] fetching crate tickrs 0.14.10...
[INFO] testing tickrs-0.14.10 against beta-2024-12-08 for beta-1.84.0-4-retry
[INFO] extracting crate tickrs 0.14.10 into /workspace/builds/worker-3-tc2/source
[INFO] validating manifest of crates.io crate tickrs 0.14.10 on toolchain beta-2024-12-08
[INFO] running `Command { std: CARGO_HOME="/workspace/cargo-home" RUSTUP_HOME="/workspace/rustup-home" "/workspace/cargo-home/bin/cargo" "+beta-2024-12-08" "metadata" "--manifest-path" "Cargo.toml" "--no-deps", kill_on_drop: false }`
[INFO] started tweaking crates.io crate tickrs 0.14.10
[INFO] finished tweaking crates.io crate tickrs 0.14.10
[INFO] tweaked toml for crates.io crate tickrs 0.14.10 written to /workspace/builds/worker-3-tc2/source/Cargo.toml
[INFO] crate crates.io crate tickrs 0.14.10 already has a lockfile, it will not be regenerated
[INFO] running `Command { std: CARGO_HOME="/workspace/cargo-home" RUSTUP_HOME="/workspace/rustup-home" "/workspace/cargo-home/bin/cargo" "+beta-2024-12-08" "fetch" "--manifest-path" "Cargo.toml", kill_on_drop: false }`
[INFO] [stderr]     Blocking waiting for file lock on package cache
[INFO] [stderr]     Blocking waiting for file lock on package cache
[INFO] running `Command { std: "docker" "create" "-v" "/var/lib/crater-agent-workspace/builds/worker-3-tc2/target:/opt/rustwide/target:rw,Z" "-v" "/var/lib/crater-agent-workspace/builds/worker-3-tc2/source:/opt/rustwide/workdir:ro,Z" "-v" "/var/lib/crater-agent-workspace/cargo-home:/opt/rustwide/cargo-home:ro,Z" "-v" "/var/lib/crater-agent-workspace/rustup-home:/opt/rustwide/rustup-home:ro,Z" "-e" "SOURCE_DIR=/opt/rustwide/workdir" "-e" "CARGO_TARGET_DIR=/opt/rustwide/target" "-e" "CARGO_HOME=/opt/rustwide/cargo-home" "-e" "RUSTUP_HOME=/opt/rustwide/rustup-home" "-w" "/opt/rustwide/workdir" "-m" "1610612736" "--user" "0:0" "--network" "none" "ghcr.io/rust-lang/crates-build-env/linux@sha256:f3a9d4ad9d972b27faf3965f35b62e55ba32bbce8f20bc8fe909558a86702fde" "/opt/rustwide/cargo-home/bin/cargo" "+beta-2024-12-08" "metadata" "--no-deps" "--format-version=1", kill_on_drop: false }`
[INFO] [stdout] 8c1507322a1e0334ae2bc8ef0034635867fad1ba97007e771a5f8e1bc0c29a17
[INFO] running `Command { std: "docker" "start" "-a" "8c1507322a1e0334ae2bc8ef0034635867fad1ba97007e771a5f8e1bc0c29a17", kill_on_drop: false }`
[INFO] running `Command { std: "docker" "inspect" "8c1507322a1e0334ae2bc8ef0034635867fad1ba97007e771a5f8e1bc0c29a17", kill_on_drop: false }`
[INFO] running `Command { std: "docker" "rm" "-f" "8c1507322a1e0334ae2bc8ef0034635867fad1ba97007e771a5f8e1bc0c29a17", kill_on_drop: false }`
[INFO] [stdout] 8c1507322a1e0334ae2bc8ef0034635867fad1ba97007e771a5f8e1bc0c29a17
[INFO] running `Command { std: "docker" "create" "-v" "/var/lib/crater-agent-workspace/builds/worker-3-tc2/target:/opt/rustwide/target:rw,Z" "-v" "/var/lib/crater-agent-workspace/builds/worker-3-tc2/source:/opt/rustwide/workdir:ro,Z" "-v" "/var/lib/crater-agent-workspace/cargo-home:/opt/rustwide/cargo-home:ro,Z" "-v" "/var/lib/crater-agent-workspace/rustup-home:/opt/rustwide/rustup-home:ro,Z" "-e" "SOURCE_DIR=/opt/rustwide/workdir" "-e" "CARGO_TARGET_DIR=/opt/rustwide/target" "-e" "CARGO_INCREMENTAL=0" "-e" "RUST_BACKTRACE=full" "-e" "RUSTFLAGS=--cap-lints=warn" "-e" "RUSTDOCFLAGS=--cap-lints=warn" "-e" "CARGO_HOME=/opt/rustwide/cargo-home" "-e" "RUSTUP_HOME=/opt/rustwide/rustup-home" "-w" "/opt/rustwide/workdir" "-m" "1610612736" "--user" "0:0" "--network" "none" "ghcr.io/rust-lang/crates-build-env/linux@sha256:f3a9d4ad9d972b27faf3965f35b62e55ba32bbce8f20bc8fe909558a86702fde" "/opt/rustwide/cargo-home/bin/cargo" "+beta-2024-12-08" "build" "--frozen" "--message-format=json", kill_on_drop: false }`
[INFO] [stdout] b9ca118fed75097cdca77de7099a0841707dbcacaba97a190f17e4992775d526
[INFO] running `Command { std: "docker" "start" "-a" "b9ca118fed75097cdca77de7099a0841707dbcacaba97a190f17e4992775d526", kill_on_drop: false }`
[INFO] [stderr]    Compiling libc v0.2.147
[INFO] [stderr]    Compiling autocfg v1.1.0
[INFO] [stderr]    Compiling cfg-if v1.0.0
[INFO] [stderr]    Compiling cc v1.0.79
[INFO] [stderr]    Compiling proc-macro2 v1.0.66
[INFO] [stderr]    Compiling unicode-ident v1.0.11
[INFO] [stderr]    Compiling futures-core v0.3.28
[INFO] [stderr]    Compiling memchr v2.5.0
[INFO] [stderr]    Compiling value-bag v1.4.1
[INFO] [stderr]    Compiling pkg-config v0.3.27
[INFO] [stderr]    Compiling log v0.4.19
[INFO] [stderr]    Compiling pin-project-lite v0.2.10
[INFO] [stderr]    Compiling crossbeam-utils v0.8.16
[INFO] [stderr]    Compiling futures-io v0.3.28
[INFO] [stderr]    Compiling slab v0.4.8
[INFO] [stderr]    Compiling event-listener v2.5.3
[INFO] [stderr]    Compiling vcpkg v0.2.15
[INFO] [stderr]    Compiling waker-fn v1.1.0
[INFO] [stderr]    Compiling openssl-src v111.26.0+1.1.1u
[INFO] [stderr]    Compiling concurrent-queue v2.2.0
[INFO] [stderr]    Compiling quote v1.0.32
[INFO] [stderr]    Compiling bitflags v1.3.2
[INFO] [stderr]    Compiling version_check v0.9.4
[INFO] [stderr]    Compiling parking v2.1.0
[INFO] [stderr]    Compiling fastrand v1.9.0
[INFO] [stderr]    Compiling polling v2.8.0
[INFO] [stderr]    Compiling once_cell v1.18.0
[INFO] [stderr]    Compiling syn v2.0.27
[INFO] [stderr]    Compiling futures-lite v1.13.0
[INFO] [stderr]    Compiling serde v1.0.175
[INFO] [stderr]    Compiling async-channel v1.9.0
[INFO] [stderr]    Compiling libnghttp2-sys v0.1.7+1.45.0
[INFO] [stderr]    Compiling openssl-sys v0.9.90
[INFO] [stderr]    Compiling curl-sys v0.4.72+curl-8.6.0
[INFO] [stderr]    Compiling libz-sys v1.1.11
[INFO] [stderr]    Compiling serde_derive v1.0.175
[INFO] [stderr]    Compiling tinyvec_macros v0.1.1
[INFO] [stderr]    Compiling futures-channel v0.3.28
[INFO] [stderr]    Compiling io-lifetimes v1.0.11
[INFO] [stderr]    Compiling itoa v1.0.9
[INFO] [stderr]    Compiling futures-task v0.3.28
[INFO] [stderr]    Compiling tinyvec v1.6.0
[INFO] [stderr]    Compiling proc-macro-error-attr v1.0.4
[INFO] [stderr]    Compiling async-lock v2.7.0
[INFO] [stderr]    Compiling lock_api v0.4.10
[INFO] [stderr]    Compiling parking_lot_core v0.9.8
[INFO] [stderr]    Compiling pin-utils v0.1.0
[INFO] [stderr]    Compiling syn v1.0.109
[INFO] [stderr]    Compiling percent-encoding v2.3.0
[INFO] [stderr]    Compiling signal-hook v0.3.17
[INFO] [stderr]    Compiling rustix v0.37.23
[INFO] [stderr]    Compiling futures-util v0.3.28
[INFO] [stderr]    Compiling futures-sink v0.3.28
[INFO] [stderr]    Compiling form_urlencoded v1.2.0
[INFO] [stderr]    Compiling unicode-normalization v0.1.22
[INFO] [stderr]    Compiling proc-macro-error v1.0.4
[INFO] [stderr]    Compiling tracing-core v0.1.31
[INFO] [stderr]    Compiling signal-hook-registry v1.4.1
[INFO] [stderr]    Compiling async-io v1.13.0
[INFO] [stderr]    Compiling unicode-segmentation v1.10.1
[INFO] [stderr]    Compiling curl v0.4.46
[INFO] [stderr]    Compiling ryu v1.0.15
[INFO] [stderr]    Compiling scopeguard v1.2.0
[INFO] [stderr]    Compiling async-task v4.4.0
[INFO] [stderr]    Compiling smallvec v1.11.0
[INFO] [stderr]    Compiling linux-raw-sys v0.3.8
[INFO] [stderr]    Compiling unicode-bidi v0.3.13
[INFO] [stderr]    Compiling unicode-width v0.1.10
[INFO] [stderr]    Compiling idna v0.4.0
[INFO] [stderr]    Compiling backtrace v0.3.68
[INFO] [stderr]    Compiling socket2 v0.4.9
[INFO] [stderr]    Compiling mio v0.8.8
[INFO] [stderr]    Compiling socket2 v0.5.4
[INFO] [stderr]    Compiling num-traits v0.2.16
[INFO] [stderr] rustc-LLVM ERROR: IO failure on output stream: No space left on device
[INFO] [stderr] rustc-LLVM ERROR: IO failure on output stream: No space left on device
[INFO] [stderr] error: could not compile `num-traits` (build script)
[INFO] [stderr] 
[INFO] [stderr] Caused by:
[INFO] [stderr]   No space left on device (os error 28)
[INFO] [stderr] 
[INFO] [stderr] Caused by:
[INFO] [stderr]   failed to parse process output: `/opt/rustwide/rustup-home/toolchains/beta-2024-12-08-x86_64-unknown-linux-gnu/bin/rustc --crate-name build_script_build --edition=2018 /opt/rustwide/cargo-home/registry/src/index.crates.io-6f17d22bba15001f/num-traits-0.2.16/build.rs --error-format=json --json=diagnostic-rendered-ansi,artifacts,future-incompat --crate-type bin --emit=dep-info,link -C embed-bitcode=no --check-cfg 'cfg(docsrs)' --check-cfg 'cfg(feature, values("default", "i128", "libm", "std"))' -C metadata=6e8c8bc1773b9fa8 -C extra-filename=-6e8c8bc1773b9fa8 --out-dir /opt/rustwide/target/debug/build/num-traits-6e8c8bc1773b9fa8 -L dependency=/opt/rustwide/target/debug/deps --extern autocfg=/opt/rustwide/target/debug/deps/libautocfg-235a7657f93bfd2f.rlib --cap-lints allow --cap-lints=warn` (exit status: 101)
[INFO] [stderr] warning: build failed, waiting for other jobs to finish...
[INFO] [stderr] error: could not compile `mio` (lib)
[INFO] [stderr] 
[INFO] [stderr] Caused by:
[INFO] [stderr]   No space left on device (os error 28)
[INFO] [stderr] 
[INFO] [stderr] Caused by:
[INFO] [stderr]   failed to parse process output: `/opt/rustwide/rustup-home/toolchains/beta-2024-12-08-x86_64-unknown-linux-gnu/bin/rustc --crate-name mio --edition=2018 /opt/rustwide/cargo-home/registry/src/index.crates.io-6f17d22bba15001f/mio-0.8.8/src/lib.rs --error-format=json --json=diagnostic-rendered-ansi,artifacts,future-incompat --crate-type lib --emit=dep-info,metadata,link -C embed-bitcode=no -C debuginfo=2 --cfg 'feature="default"' --cfg 'feature="log"' --cfg 'feature="net"' --cfg 'feature="os-ext"' --cfg 'feature="os-poll"' --check-cfg 'cfg(docsrs)' --check-cfg 'cfg(feature, values("default", "log", "net", "os-ext", "os-poll"))' -C metadata=3ac74f6b0fc3364c -C extra-filename=-3ac74f6b0fc3364c --out-dir /opt/rustwide/target/debug/deps -L dependency=/opt/rustwide/target/debug/deps --extern libc=/opt/rustwide/target/debug/deps/liblibc-4b0b24147de68dac.rmeta --extern log=/opt/rustwide/target/debug/deps/liblog-88c19867a8482ae8.rmeta --cap-lints allow --cap-lints=warn` (exit status: 101)
[INFO] [stderr] error: failed to run custom build command for `openssl-sys v0.9.90`
[INFO] [stderr] note: To improve backtraces for build dependencies, set the CARGO_PROFILE_DEV_BUILD_OVERRIDE_DEBUG=true environment variable to enable debug information generation.
[INFO] [stderr] 
[INFO] [stderr] Caused by:
[INFO] [stderr]   process didn't exit successfully: `/opt/rustwide/target/debug/build/openssl-sys-b82b979fbab7cef3/build-script-main` (exit status: 101)
[INFO] [stderr]   --- stdout
[INFO] [stderr]   cargo:rerun-if-env-changed=X86_64_UNKNOWN_LINUX_GNU_OPENSSL_NO_VENDOR
[INFO] [stderr]   X86_64_UNKNOWN_LINUX_GNU_OPENSSL_NO_VENDOR unset
[INFO] [stderr]   cargo:rerun-if-env-changed=OPENSSL_NO_VENDOR
[INFO] [stderr]   OPENSSL_NO_VENDOR unset
[INFO] [stderr]   cargo:rerun-if-env-changed=CC_x86_64-unknown-linux-gnu
[INFO] [stderr]   CC_x86_64-unknown-linux-gnu = None
[INFO] [stderr]   cargo:rerun-if-env-changed=CC_x86_64_unknown_linux_gnu
[INFO] [stderr]   CC_x86_64_unknown_linux_gnu = None
[INFO] [stderr]   cargo:rerun-if-env-changed=HOST_CC
[INFO] [stderr]   HOST_CC = None
[INFO] [stderr]   cargo:rerun-if-env-changed=CC
[INFO] [stderr]   CC = None
[INFO] [stderr]   cargo:rerun-if-env-changed=CFLAGS_x86_64-unknown-linux-gnu
[INFO] [stderr]   CFLAGS_x86_64-unknown-linux-gnu = None
[INFO] [stderr]   cargo:rerun-if-env-changed=CFLAGS_x86_64_unknown_linux_gnu
[INFO] [stderr]   CFLAGS_x86_64_unknown_linux_gnu = None
[INFO] [stderr]   cargo:rerun-if-env-changed=HOST_CFLAGS
[INFO] [stderr]   HOST_CFLAGS = None
[INFO] [stderr]   cargo:rerun-if-env-changed=CFLAGS
[INFO] [stderr]   CFLAGS = None
[INFO] [stderr]   cargo:rerun-if-env-changed=CRATE_CC_NO_DEFAULTS
[INFO] [stderr]   CRATE_CC_NO_DEFAULTS = None
[INFO] [stderr]   DEBUG = Some("true")
[INFO] [stderr]   CARGO_CFG_TARGET_FEATURE = Some("fxsr,sse,sse2")
[INFO] [stderr]   cargo:rerun-if-env-changed=AR_x86_64-unknown-linux-gnu
[INFO] [stderr]   AR_x86_64-unknown-linux-gnu = None
[INFO] [stderr]   cargo:rerun-if-env-changed=AR_x86_64_unknown_linux_gnu
[INFO] [stderr]   AR_x86_64_unknown_linux_gnu = None
[INFO] [stderr]   cargo:rerun-if-env-changed=HOST_AR
[INFO] [stderr]   HOST_AR = None
[INFO] [stderr]   cargo:rerun-if-env-changed=AR
[INFO] [stderr]   AR = None
[INFO] [stderr]   cargo:rerun-if-env-changed=ARFLAGS_x86_64-unknown-linux-gnu
[INFO] [stderr]   ARFLAGS_x86_64-unknown-linux-gnu = None
[INFO] [stderr]   cargo:rerun-if-env-changed=ARFLAGS_x86_64_unknown_linux_gnu
[INFO] [stderr]   ARFLAGS_x86_64_unknown_linux_gnu = None
[INFO] [stderr]   cargo:rerun-if-env-changed=HOST_ARFLAGS
[INFO] [stderr]   HOST_ARFLAGS = None
[INFO] [stderr]   cargo:rerun-if-env-changed=ARFLAGS
[INFO] [stderr]   ARFLAGS = None
[INFO] [stderr]   cargo:rerun-if-env-changed=RANLIB_x86_64-unknown-linux-gnu
[INFO] [stderr]   RANLIB_x86_64-unknown-linux-gnu = None
[INFO] [stderr]   cargo:rerun-if-env-changed=RANLIB_x86_64_unknown_linux_gnu
[INFO] [stderr]   RANLIB_x86_64_unknown_linux_gnu = None
[INFO] [stderr]   cargo:rerun-if-env-changed=HOST_RANLIB
[INFO] [stderr]   HOST_RANLIB = None
[INFO] [stderr]   cargo:rerun-if-env-changed=RANLIB
[INFO] [stderr]   RANLIB = None
[INFO] [stderr]   cargo:rerun-if-env-changed=RANLIBFLAGS_x86_64-unknown-linux-gnu
[INFO] [stderr]   RANLIBFLAGS_x86_64-unknown-linux-gnu = None
[INFO] [stderr]   cargo:rerun-if-env-changed=RANLIBFLAGS_x86_64_unknown_linux_gnu
[INFO] [stderr]   RANLIBFLAGS_x86_64_unknown_linux_gnu = None
[INFO] [stderr]   cargo:rerun-if-env-changed=HOST_RANLIBFLAGS
[INFO] [stderr]   HOST_RANLIBFLAGS = None
[INFO] [stderr]   cargo:rerun-if-env-changed=RANLIBFLAGS
[INFO] [stderr]   RANLIBFLAGS = None
[INFO] [stderr]   running cd "/opt/rustwide/target/debug/build/openssl-sys-f6983a3489638156/out/openssl-build/build/src" && env -u CROSS_COMPILE AR="ar" CC="cc" RANLIB="ranlib" "perl" "./Configure" "--prefix=/opt/rustwide/target/debug/build/openssl-sys-f6983a3489638156/out/openssl-build/install" "--openssldir=/usr/local/ssl" "no-dso" "no-shared" "no-ssl3" "no-unit-test" "no-comp" "no-zlib" "no-zlib-dynamic" "no-md2" "no-rc5" "no-weak-ssl-ciphers" "no-camellia" "no-idea" "no-seed" "linux-x86_64" "-O2" "-ffunction-sections" "-fdata-sections" "-fPIC" "-gdwarf-4" "-fno-omit-frame-pointer" "-m64"
[INFO] [stderr]   Configuring OpenSSL version 1.1.1u (0x1010115fL) for linux-x86_64
[INFO] [stderr]   Using os-specific seed configuration
[INFO] [stderr]   Creating configdata.pm
[INFO] [stderr]   Creating Makefile
[INFO] [stderr] 
[INFO] [stderr]   **********************************************************************
[INFO] [stderr]   ***                                                                ***
[INFO] [stderr]   ***   OpenSSL has been successfully configured                     ***
[INFO] [stderr]   ***                                                                ***
[INFO] [stderr]   ***   If you encounter a problem while building, please open an    ***
[INFO] [stderr]   ***   issue on GitHub <https://github.com/openssl/openssl/issues>  ***
[INFO] [stderr]   ***   and include the output from the following command:           ***
[INFO] [stderr]   ***                                                                ***
[INFO] [stderr]   ***       perl configdata.pm --dump                                ***
[INFO] [stderr]   ***                                                                ***
[INFO] [stderr]   ***   (If you are new to OpenSSL, you might want to consult the    ***
[INFO] [stderr]   ***   'Troubleshooting' section in the INSTALL file first)         ***
[INFO] [stderr]   ***                                                                ***
[INFO] [stderr]   **********************************************************************
[INFO] [stderr]   running cd "/opt/rustwide/target/debug/build/openssl-sys-f6983a3489638156/out/openssl-build/build/src" && "make" "depend"
[INFO] [stderr]   running cd "/opt/rustwide/target/debug/build/openssl-sys-f6983a3489638156/out/openssl-build/build/src" && MAKEFLAGS="-j --jobserver-fds=8,9 --jobserver-auth=8,9" "make" "build_libs"
[INFO] [stderr]   /usr/bin/perl "-I." -Mconfigdata "util/dofile.pl" \
[INFO] [stderr]       "-oMakefile" include/crypto/bn_conf.h.in > include/crypto/bn_conf.h
[INFO] [stderr]   /usr/bin/perl "-I." -Mconfigdata "util/dofile.pl" \
[INFO] [stderr]       "-oMakefile" include/crypto/dso_conf.h.in > include/crypto/dso_conf.h
[INFO] [stderr]   /usr/bin/perl "-I." -Mconfigdata "util/dofile.pl" \
[INFO] [stderr]       "-oMakefile" include/openssl/opensslconf.h.in > include/openssl/opensslconf.h
[INFO] [stderr]   make depend && make _build_libs
[INFO] [stderr]   make[1]: Entering directory '/opt/rustwide/target/debug/build/openssl-sys-f6983a3489638156/out/openssl-build/build/src'
[INFO] [stderr]   make[1]: Leaving directory '/opt/rustwide/target/debug/build/openssl-sys-f6983a3489638156/out/openssl-build/build/src'
[INFO] [stderr]   make[1]: Entering directory '/opt/rustwide/target/debug/build/openssl-sys-f6983a3489638156/out/openssl-build/build/src'
[INFO] [stderr]   cc  -I. -Iinclude -fPIC -pthread -m64 -Wa,--noexecstack -Wall -O3 -O2 -ffunction-sections -fdata-sections -fPIC -gdwarf-4 -fno-omit-frame-pointer -m64 -DOPENSSL_USE_NODELETE -DL_ENDIAN -DOPENSSL_PIC -DOPENSSL_CPUID_OBJ -DOPENSSL_IA32_SSE2 -DOPENSSL_BN_ASM_MONT -DOPENSSL_BN_ASM_MONT5 -DOPENSSL_BN_ASM_GF2m -DSHA1_ASM -DSHA256_ASM -DSHA512_ASM -DKECCAK1600_ASM -DRC4_ASM -DMD5_ASM -DAESNI_ASM -DVPAES_ASM -DGHASH_ASM -DECP_NISTZ256_ASM -DX25519_ASM -DPOLY1305_ASM -DOPENSSLDIR="\"/usr/local/ssl\"" -DENGINESDIR="\"/opt/rustwide/target/debug/build/openssl-sys-f6983a3489638156/out/openssl-build/install/lib/engines-1.1\"" -DNDEBUG  -MMD -MF apps/app_rand.d.tmp -MT apps/app_rand.o -c -o apps/app_rand.o apps/app_rand.c
[INFO] [stderr]   cc  -I. -Iinclude -fPIC -pthread -m64 -Wa,--noexecstack -Wall -O3 -O2 -ffunction-sections -fdata-sections -fPIC -gdwarf-4 -fno-omit-frame-pointer -m64 -DOPENSSL_USE_NODELETE -DL_ENDIAN -DOPENSSL_PIC -DOPENSSL_CPUID_OBJ -DOPENSSL_IA32_SSE2 -DOPENSSL_BN_ASM_MONT -DOPENSSL_BN_ASM_MONT5 -DOPENSSL_BN_ASM_GF2m -DSHA1_ASM -DSHA256_ASM -DSHA512_ASM -DKECCAK1600_ASM -DRC4_ASM -DMD5_ASM -DAESNI_ASM -DVPAES_ASM -DGHASH_ASM -DECP_NISTZ256_ASM -DX25519_ASM -DPOLY1305_ASM -DOPENSSLDIR="\"/usr/local/ssl\"" -DENGINESDIR="\"/opt/rustwide/target/debug/build/openssl-sys-f6983a3489638156/out/openssl-build/install/lib/engines-1.1\"" -DNDEBUG  -MMD -MF apps/apps.d.tmp -MT apps/apps.o -c -o apps/apps.o apps/apps.c
[INFO] [stderr]   cc  -I. -Iinclude -fPIC -pthread -m64 -Wa,--noexecstack -Wall -O3 -O2 -ffunction-sections -fdata-sections -fPIC -gdwarf-4 -fno-omit-frame-pointer -m64 -DOPENSSL_USE_NODELETE -DL_ENDIAN -DOPENSSL_PIC -DOPENSSL_CPUID_OBJ -DOPENSSL_IA32_SSE2 -DOPENSSL_BN_ASM_MONT -DOPENSSL_BN_ASM_MONT5 -DOPENSSL_BN_ASM_GF2m -DSHA1_ASM -DSHA256_ASM -DSHA512_ASM -DKECCAK1600_ASM -DRC4_ASM -DMD5_ASM -DAESNI_ASM -DVPAES_ASM -DGHASH_ASM -DECP_NISTZ256_ASM -DX25519_ASM -DPOLY1305_ASM -DOPENSSLDIR="\"/usr/local/ssl\"" -DENGINESDIR="\"/opt/rustwide/target/debug/build/openssl-sys-f6983a3489638156/out/openssl-build/install/lib/engines-1.1\"" -DNDEBUG  -MMD -MF apps/bf_prefix.d.tmp -MT apps/bf_prefix.o -c -o apps/bf_prefix.o apps/bf_prefix.c
[INFO] [stderr]   cc  -I. -Iinclude -fPIC -pthread -m64 -Wa,--noexecstack -Wall -O3 -O2 -ffunction-sections -fdata-sections -fPIC -gdwarf-4 -fno-omit-frame-pointer -m64 -DOPENSSL_USE_NODELETE -DL_ENDIAN -DOPENSSL_PIC -DOPENSSL_CPUID_OBJ -DOPENSSL_IA32_SSE2 -DOPENSSL_BN_ASM_MONT -DOPENSSL_BN_ASM_MONT5 -DOPENSSL_BN_ASM_GF2m -DSHA1_ASM -DSHA256_ASM -DSHA512_ASM -DKECCAK1600_ASM -DRC4_ASM -DMD5_ASM -DAESNI_ASM -DVPAES_ASM -DGHASH_ASM -DECP_NISTZ256_ASM -DX25519_ASM -DPOLY1305_ASM -DOPENSSLDIR="\"/usr/local/ssl\"" -DENGINESDIR="\"/opt/rustwide/target/debug/build/openssl-sys-f6983a3489638156/out/openssl-build/install/lib/engines-1.1\"" -DNDEBUG  -MMD -MF apps/opt.d.tmp -MT apps/opt.o -c -o apps/opt.o apps/opt.c
[INFO] [stderr]   make[1]: Leaving directory '/opt/rustwide/target/debug/build/openssl-sys-f6983a3489638156/out/openssl-build/build/src'
[INFO] [stderr] 
[INFO] [stderr]   --- stderr
[INFO] [stderr]   apps/apps.c:2796:1: fatal error: error writing to /tmp/ccIC3USl.s: No space left on device
[INFO] [stderr]    2796 | }
[INFO] [stderr]         | ^
[INFO] [stderr]   compilation terminated.
[INFO] [stderr]   make[1]: *** [Makefile:687: apps/apps.o] Error 1
[INFO] [stderr]   make[1]: *** Waiting for unfinished jobs....
[INFO] [stderr]   make: *** [Makefile:177: build_libs] Error 2
[INFO] [stderr]   thread 'main' panicked at /opt/rustwide/cargo-home/registry/src/index.crates.io-6f17d22bba15001f/openssl-src-111.26.0+1.1.1u/src/lib.rs:506:13:
[INFO] [stderr] 
[INFO] [stderr] 
[INFO] [stderr] 
[INFO] [stderr]   Error building OpenSSL:
[INFO] [stderr]       Command: cd "/opt/rustwide/target/debug/build/openssl-sys-f6983a3489638156/out/openssl-build/build/src" && MAKEFLAGS="-j --jobserver-fds=8,9 --jobserver-auth=8,9" "make" "build_libs"
[INFO] [stderr]       Exit status: exit status: 2
[INFO] [stderr] 
[INFO] [stderr] 
[INFO] [stderr]       
[INFO] [stderr]   stack backtrace:
[INFO] [stderr]      0:     0x55572199ffda - std::backtrace_rs::backtrace::libunwind::trace::h8810477743020387
[INFO] [stderr]                                  at /rustc/202008a1b8de96d2e5b6bc02d379db03a877d34d/library/std/src/../../backtrace/src/backtrace/libunwind.rs:116:5
[INFO] [stderr]      1:     0x55572199ffda - std::backtrace_rs::backtrace::trace_unsynchronized::h3aa55355dd6c54a6
[INFO] [stderr]                                  at /rustc/202008a1b8de96d2e5b6bc02d379db03a877d34d/library/std/src/../../backtrace/src/backtrace/mod.rs:66:5
[INFO] [stderr]      2:     0x55572199ffda - std::sys::backtrace::_print_fmt::h8588b0f62410823f
[INFO] [stderr]                                  at /rustc/202008a1b8de96d2e5b6bc02d379db03a877d34d/library/std/src/sys/backtrace.rs:66:9
[INFO] [stderr]      3:     0x55572199ffda - <std::sys::backtrace::BacktraceLock::print::DisplayBacktrace as core::fmt::Display>::fmt::h98c26ac25ffe89bb
[INFO] [stderr]                                  at /rustc/202008a1b8de96d2e5b6bc02d379db03a877d34d/library/std/src/sys/backtrace.rs:39:26
[INFO] [stderr]      4:     0x5557219c5303 - core::fmt::rt::Argument::fmt::hf95377f4aebd453b
[INFO] [stderr]                                  at /rustc/202008a1b8de96d2e5b6bc02d379db03a877d34d/library/core/src/fmt/rt.rs:177:76
[INFO] [stderr]      5:     0x5557219c5303 - core::fmt::write::h0dd5f6e2238c7982
[INFO] [stderr]                                  at /rustc/202008a1b8de96d2e5b6bc02d379db03a877d34d/library/core/src/fmt/mod.rs:1189:21
[INFO] [stderr]      6:     0x55572199c643 - std::io::Write::write_fmt::hc00bff0a88e08857
[INFO] [stderr]                                  at /rustc/202008a1b8de96d2e5b6bc02d379db03a877d34d/library/std/src/io/mod.rs:1884:15
[INFO] [stderr]      7:     0x55572199fe22 - std::sys::backtrace::BacktraceLock::print::h5c19c1c038ee186d
[INFO] [stderr]                                  at /rustc/202008a1b8de96d2e5b6bc02d379db03a877d34d/library/std/src/sys/backtrace.rs:42:9
[INFO] [stderr]      8:     0x5557219a161c - std::panicking::default_hook::{{closure}}::h77172f079a1fcb13
[INFO] [stderr]                                  at /rustc/202008a1b8de96d2e5b6bc02d379db03a877d34d/library/std/src/panicking.rs:268:22
[INFO] [stderr]      9:     0x5557219a1462 - std::panicking::default_hook::he5f8e3b203ccddba
[INFO] [stderr]                                  at /rustc/202008a1b8de96d2e5b6bc02d379db03a877d34d/library/std/src/panicking.rs:295:9
[INFO] [stderr]     10:     0x5557219a1bf7 - std::panicking::rust_panic_with_hook::h53863d4e9018df39
[INFO] [stderr]                                  at /rustc/202008a1b8de96d2e5b6bc02d379db03a877d34d/library/std/src/panicking.rs:801:13
[INFO] [stderr]     11:     0x5557219a1a8a - std::panicking::begin_panic_handler::{{closure}}::h67280e6fa0757873
[INFO] [stderr]                                  at /rustc/202008a1b8de96d2e5b6bc02d379db03a877d34d/library/std/src/panicking.rs:674:13
[INFO] [stderr]     12:     0x5557219a04b9 - std::sys::backtrace::__rust_end_short_backtrace::h1dac3f54d6fbbeb2
[INFO] [stderr]                                  at /rustc/202008a1b8de96d2e5b6bc02d379db03a877d34d/library/std/src/sys/backtrace.rs:170:18
[INFO] [stderr]     13:     0x5557219a171c - rust_begin_unwind
[INFO] [stderr]                                  at /rustc/202008a1b8de96d2e5b6bc02d379db03a877d34d/library/std/src/panicking.rs:665:5
[INFO] [stderr]     14:     0x5557218eb6d0 - core::panicking::panic_fmt::h6792bd1b2bf01041
[INFO] [stderr]                                  at /rustc/202008a1b8de96d2e5b6bc02d379db03a877d34d/library/core/src/panicking.rs:76:14
[INFO] [stderr]     15:     0x55572192158d - openssl_src::Build::run_command::h0ab22ef92561d72b
[INFO] [stderr]     16:     0x5557219206d6 - openssl_src::Build::build::h386a1564c893a1eb
[INFO] [stderr]     17:     0x5557218fa926 - build_script_main::find_vendored::get_openssl::hd479998c5badc0e1
[INFO] [stderr]     18:     0x5557218f1048 - build_script_main::find_openssl::h880772447300f073
[INFO] [stderr]     19:     0x5557218f1241 - build_script_main::main::hda0ce1044a17fbc9
[INFO] [stderr]     20:     0x5557218f8403 - core::ops::function::FnOnce::call_once::h8e8dd7db21973c81
[INFO] [stderr]     21:     0x5557218f7d66 - std::sys::backtrace::__rust_begin_short_backtrace::hd223197b56dbf818
[INFO] [stderr]     22:     0x5557218ebfb9 - std::rt::lang_start::{{closure}}::h83f427c21d054618
[INFO] [stderr]     23:     0x5557219979f7 - core::ops::function::impls::<impl core::ops::function::FnOnce<A> for &F>::call_once::hba2470d01d3f5e41
[INFO] [stderr]                                  at /rustc/202008a1b8de96d2e5b6bc02d379db03a877d34d/library/core/src/ops/function.rs:284:13
[INFO] [stderr]     24:     0x5557219979f7 - std::panicking::try::do_call::hc063fb73159aab72
[INFO] [stderr]                                  at /rustc/202008a1b8de96d2e5b6bc02d379db03a877d34d/library/std/src/panicking.rs:557:40
[INFO] [stderr]     25:     0x5557219979f7 - std::panicking::try::h2767c6d245d3a3bb
[INFO] [stderr]                                  at /rustc/202008a1b8de96d2e5b6bc02d379db03a877d34d/library/std/src/panicking.rs:520:19
[INFO] [stderr]     26:     0x5557219979f7 - std::panic::catch_unwind::h061c6ef75790da63
[INFO] [stderr]                                  at /rustc/202008a1b8de96d2e5b6bc02d379db03a877d34d/library/std/src/panic.rs:358:14
[INFO] [stderr]     27:     0x5557219979f7 - std::rt::lang_start_internal::{{closure}}::h5c5e35b11a4b8c4e
[INFO] [stderr]                                  at /rustc/202008a1b8de96d2e5b6bc02d379db03a877d34d/library/std/src/rt.rs:174:48
[INFO] [stderr]     28:     0x5557219979f7 - std::panicking::try::do_call::h705e99690a8109cc
[INFO] [stderr]                                  at /rustc/202008a1b8de96d2e5b6bc02d379db03a877d34d/library/std/src/panicking.rs:557:40
[INFO] [stderr]     29:     0x5557219979f7 - std::panicking::try::he5f4452754ed9a34
[INFO] [stderr]                                  at /rustc/202008a1b8de96d2e5b6bc02d379db03a877d34d/library/std/src/panicking.rs:520:19
[INFO] [stderr]     30:     0x5557219979f7 - std::panic::catch_unwind::h5db61b3bcbe883e5
[INFO] [stderr]                                  at /rustc/202008a1b8de96d2e5b6bc02d379db03a877d34d/library/std/src/panic.rs:358:14
[INFO] [stderr]     31:     0x5557219979f7 - std::rt::lang_start_internal::h81da9b59bab665c6
[INFO] [stderr]                                  at /rustc/202008a1b8de96d2e5b6bc02d379db03a877d34d/library/std/src/rt.rs:174:20
[INFO] [stderr]     32:     0x5557218ebf97 - std::rt::lang_start::h68ce69ce11c95dc5
[INFO] [stderr]     33:     0x5557218f4f85 - main
[INFO] [stderr]     34:     0x763634ffad90 - <unknown>
[INFO] [stderr]     35:     0x763634ffae40 - __libc_start_main
[INFO] [stderr]     36:     0x5557218ebd85 - _start
[INFO] [stderr]     37:                0x0 - <unknown>
[INFO] running `Command { std: "docker" "inspect" "b9ca118fed75097cdca77de7099a0841707dbcacaba97a190f17e4992775d526", kill_on_drop: false }`
[INFO] running `Command { std: "docker" "rm" "-f" "b9ca118fed75097cdca77de7099a0841707dbcacaba97a190f17e4992775d526", kill_on_drop: false }`
[INFO] [stdout] b9ca118fed75097cdca77de7099a0841707dbcacaba97a190f17e4992775d526
