[INFO] fetching crate thaw_components 0.2.0-rc...
[INFO] testing thaw_components-0.2.0-rc against 1.83.0 for beta-1.84.0-4-retry
[INFO] extracting crate thaw_components 0.2.0-rc into /workspace/builds/worker-1-tc1/source
[INFO] validating manifest of crates.io crate thaw_components 0.2.0-rc on toolchain 1.83.0
[INFO] running `Command { std: CARGO_HOME="/workspace/cargo-home" RUSTUP_HOME="/workspace/rustup-home" "/workspace/cargo-home/bin/cargo" "+1.83.0" "metadata" "--manifest-path" "Cargo.toml" "--no-deps", kill_on_drop: false }`
[INFO] started tweaking crates.io crate thaw_components 0.2.0-rc
[INFO] finished tweaking crates.io crate thaw_components 0.2.0-rc
[INFO] tweaked toml for crates.io crate thaw_components 0.2.0-rc written to /workspace/builds/worker-1-tc1/source/Cargo.toml
[INFO] running `Command { std: CARGO_HOME="/workspace/cargo-home" RUSTUP_HOME="/workspace/rustup-home" "/workspace/cargo-home/bin/cargo" "+1.83.0" "generate-lockfile" "--manifest-path" "Cargo.toml", kill_on_drop: false }`
[INFO] [stderr]     Updating crates.io index
[INFO] [stderr]      Locking 204 packages to latest compatible versions
[INFO] running `Command { std: CARGO_HOME="/workspace/cargo-home" RUSTUP_HOME="/workspace/rustup-home" "/workspace/cargo-home/bin/cargo" "+1.83.0" "fetch" "--manifest-path" "Cargo.toml", kill_on_drop: false }`
[INFO] [stderr]  Downloading crates ...
[INFO] [stderr]   Downloaded leptos v0.7.0
[INFO] [stderr]   Downloaded leptos_dom v0.7.0
[INFO] [stderr]   Downloaded thaw_utils v0.1.0-rc
[INFO] [stderr]   Downloaded leptos_hot_reload v0.7.0
[INFO] [stderr]   Downloaded rstml v0.12.0
[INFO] [stderr]   Downloaded leptos_macro v0.7.0
[INFO] [stderr]   Downloaded server_fn v0.7.0
[INFO] [stderr]   Downloaded leptos_config v0.7.0
[INFO] [stderr]   Downloaded tachys v0.1.0
[INFO] [stderr]   Downloaded leptos_server v0.7.0
[INFO] [stderr]   Downloaded server_fn_macro v0.7.0
[INFO] [stderr]   Downloaded either_of v0.1.1
[INFO] [stderr]   Downloaded next_tuple v0.1.0
[INFO] [stderr]   Downloaded reactive_stores v0.1.0
[INFO] [stderr]   Downloaded codee v0.2.0
[INFO] [stderr]   Downloaded server_fn_macro_default v0.7.0
[INFO] [stderr]   Downloaded reactive_graph v0.1.0
[INFO] [stderr]   Downloaded any_spawner v0.2.0
[INFO] [stderr]   Downloaded throw_error v0.2.0
[INFO] [stderr]   Downloaded hydration_context v0.2.0
[INFO] [stderr]   Downloaded reactive_stores_macro v0.1.0
[INFO] running `Command { std: "docker" "create" "-v" "/var/lib/crater-agent-workspace/builds/worker-1-tc1/target:/opt/rustwide/target:rw,Z" "-v" "/var/lib/crater-agent-workspace/builds/worker-1-tc1/source:/opt/rustwide/workdir:ro,Z" "-v" "/var/lib/crater-agent-workspace/cargo-home:/opt/rustwide/cargo-home:ro,Z" "-v" "/var/lib/crater-agent-workspace/rustup-home:/opt/rustwide/rustup-home:ro,Z" "-e" "SOURCE_DIR=/opt/rustwide/workdir" "-e" "CARGO_TARGET_DIR=/opt/rustwide/target" "-e" "CARGO_HOME=/opt/rustwide/cargo-home" "-e" "RUSTUP_HOME=/opt/rustwide/rustup-home" "-w" "/opt/rustwide/workdir" "-m" "1610612736" "--user" "0:0" "--network" "none" "ghcr.io/rust-lang/crates-build-env/linux@sha256:f3a9d4ad9d972b27faf3965f35b62e55ba32bbce8f20bc8fe909558a86702fde" "/opt/rustwide/cargo-home/bin/cargo" "+1.83.0" "metadata" "--no-deps" "--format-version=1", kill_on_drop: false }`
[INFO] [stdout] 97abe05637a7c77dcfb7789087cd1345ca84459d5b08a616736a353550c2dc82
[INFO] running `Command { std: "docker" "start" "-a" "97abe05637a7c77dcfb7789087cd1345ca84459d5b08a616736a353550c2dc82", kill_on_drop: false }`
[INFO] running `Command { std: "docker" "inspect" "97abe05637a7c77dcfb7789087cd1345ca84459d5b08a616736a353550c2dc82", kill_on_drop: false }`
[INFO] running `Command { std: "docker" "rm" "-f" "97abe05637a7c77dcfb7789087cd1345ca84459d5b08a616736a353550c2dc82", kill_on_drop: false }`
[INFO] [stdout] 97abe05637a7c77dcfb7789087cd1345ca84459d5b08a616736a353550c2dc82
[INFO] running `Command { std: "docker" "create" "-v" "/var/lib/crater-agent-workspace/builds/worker-1-tc1/target:/opt/rustwide/target:rw,Z" "-v" "/var/lib/crater-agent-workspace/builds/worker-1-tc1/source:/opt/rustwide/workdir:ro,Z" "-v" "/var/lib/crater-agent-workspace/cargo-home:/opt/rustwide/cargo-home:ro,Z" "-v" "/var/lib/crater-agent-workspace/rustup-home:/opt/rustwide/rustup-home:ro,Z" "-e" "SOURCE_DIR=/opt/rustwide/workdir" "-e" "CARGO_TARGET_DIR=/opt/rustwide/target" "-e" "CARGO_INCREMENTAL=0" "-e" "RUST_BACKTRACE=full" "-e" "RUSTFLAGS=--cap-lints=warn" "-e" "RUSTDOCFLAGS=--cap-lints=warn" "-e" "CARGO_HOME=/opt/rustwide/cargo-home" "-e" "RUSTUP_HOME=/opt/rustwide/rustup-home" "-w" "/opt/rustwide/workdir" "-m" "1610612736" "--user" "0:0" "--network" "none" "ghcr.io/rust-lang/crates-build-env/linux@sha256:f3a9d4ad9d972b27faf3965f35b62e55ba32bbce8f20bc8fe909558a86702fde" "/opt/rustwide/cargo-home/bin/cargo" "+1.83.0" "build" "--frozen" "--message-format=json", kill_on_drop: false }`
[INFO] [stdout] c884464140248f19058c97c3b26c26fb2e5018ea73a0df314ee9ba559bdb57f8
[INFO] running `Command { std: "docker" "start" "-a" "c884464140248f19058c97c3b26c26fb2e5018ea73a0df314ee9ba559bdb57f8", kill_on_drop: false }`
[INFO] [stderr]    Compiling proc-macro2 v1.0.92
[INFO] [stderr]    Compiling unicode-ident v1.0.14
[INFO] [stderr]    Compiling autocfg v1.4.0
[INFO] [stderr]    Compiling cfg-if v1.0.0
[INFO] [stderr]    Compiling version_check v0.9.5
[INFO] [stderr]    Compiling libc v0.2.168
[INFO] [stderr]    Compiling serde v1.0.216
[INFO] [stderr]    Compiling memchr v2.7.4
[INFO] [stderr]    Compiling smallvec v1.13.2
[INFO] [stderr]    Compiling wasm-bindgen-shared v0.2.99
[INFO] [stderr]    Compiling pin-project-lite v0.2.15
[INFO] [stderr]    Compiling bumpalo v3.16.0
[INFO] [stderr]    Compiling log v0.4.22
[INFO] [stderr]    Compiling once_cell v1.20.2
[INFO] [stderr]    Compiling thiserror v1.0.69
[INFO] [stderr]    Compiling wasm-bindgen v0.2.99
[INFO] [stderr]    Compiling futures-core v0.3.31
[INFO] [stderr]    Compiling futures-sink v0.3.31
[INFO] [stderr]    Compiling stable_deref_trait v1.2.0
[INFO] [stderr]    Compiling crossbeam-utils v0.8.20
[INFO] [stderr]    Compiling futures-channel v0.3.31
[INFO] [stderr]    Compiling unicode-segmentation v1.12.0
[INFO] [stderr]    Compiling pin-utils v0.1.0
[INFO] [stderr]    Compiling futures-io v0.3.31
[INFO] [stderr]    Compiling futures-task v0.3.31
[INFO] [stderr]    Compiling equivalent v1.0.1
[INFO] [stderr]    Compiling hashbrown v0.15.2
[INFO] [stderr]    Compiling parking_lot_core v0.9.10
[INFO] [stderr]    Compiling writeable v0.5.5
[INFO] [stderr]    Compiling litemap v0.7.4
[INFO] [stderr]    Compiling thiserror v2.0.7
[INFO] [stderr]    Compiling scopeguard v1.2.0
[INFO] [stderr]    Compiling proc-macro-error-attr v1.0.4
[INFO] [stderr]    Compiling proc-macro-error v1.0.4
[INFO] [stderr]    Compiling convert_case v0.6.0
[INFO] [stderr]    Compiling proc-macro2-diagnostics v0.10.1
[INFO] [stderr]    Compiling icu_locid_transform_data v1.5.0
[INFO] [stderr]    Compiling parking v2.2.1
[INFO] [stderr]    Compiling slotmap v1.0.7
[INFO] [stderr]    Compiling slab v0.4.9
[INFO] [stderr]    Compiling lock_api v0.4.12
[INFO] [stderr]    Compiling throw_error v0.2.0
[INFO] [stderr]    Compiling serde_json v1.0.133
[INFO] [stderr]    Compiling icu_properties_data v1.5.0
[INFO] [stderr]    Compiling yansi v1.0.1
[INFO] [stderr]    Compiling itoa v1.0.14
[INFO] [stderr]    Compiling unicode-xid v0.2.6
[INFO] [stderr]    Compiling send_wrapper v0.6.0
[INFO] [stderr]    Compiling icu_normalizer_data v1.5.0
[INFO] [stderr]    Compiling utf16_iter v1.0.5
[INFO] [stderr]    Compiling utf8_iter v1.0.4
[INFO] [stderr]    Compiling ryu v1.0.18
[INFO] [stderr]    Compiling paste v1.0.15
[INFO] [stderr]    Compiling or_poisoned v0.1.0
[INFO] [stderr]    Compiling write16 v1.0.0
[INFO] [stderr]    Compiling either v1.13.0
[INFO] [stderr]    Compiling concurrent-queue v2.5.0
[INFO] [stderr]    Compiling xxhash-rust v0.8.12
[INFO] [stderr]    Compiling percent-encoding v2.3.1
[INFO] [stderr]    Compiling camino v1.1.9
[INFO] [stderr]    Compiling guardian v1.2.0
[INFO] [stderr]    Compiling anyhow v1.0.94
[INFO] [stderr]    Compiling rustc-hash v2.1.0
[INFO] [stderr]    Compiling utf8-width v0.1.7
[INFO] [stderr]    Compiling event-listener v5.3.1
[INFO] [stderr]    Compiling itertools v0.13.0
[INFO] [stderr]    Compiling html-escape v0.2.13
[INFO] [stderr]    Compiling bytes v1.9.0
[INFO] [stderr]    Compiling quote v1.0.37
[INFO] [stderr]    Compiling indexmap v2.7.0
[INFO] [stderr]    Compiling same-file v1.0.6
[INFO] [stderr]    Compiling winnow v0.6.20
[INFO] [stderr]    Compiling event-listener-strategy v0.5.3
[INFO] [stderr]    Compiling num_cpus v1.16.0
[INFO] [stderr]    Compiling fnv v1.0.7
[INFO] [stderr]    Compiling async-lock v3.4.0
[INFO] [stderr]    Compiling walkdir v2.5.0
[INFO] [stderr]    Compiling syn v2.0.90
[INFO] [stderr]    Compiling proc-macro-utils v0.10.0
[INFO] [stderr]    Compiling parking_lot v0.12.3
[INFO] [stderr]    Compiling http v1.2.0
[INFO] [stderr]    Compiling form_urlencoded v1.2.1
[INFO] [stderr]    Compiling aho-corasick v1.1.3
[INFO] [stderr]    Compiling proc-macro-error-attr2 v2.0.0
[INFO] [stderr]    Compiling const_format_proc_macros v0.2.34
[INFO] [stderr]    Compiling either_of v0.1.1
[INFO] [stderr]    Compiling regex-syntax v0.8.5
[INFO] [stderr]    Compiling collection_literals v1.0.1
[INFO] [stderr]    Compiling drain_filter_polyfill v0.1.3
[INFO] [stderr]    Compiling hashbrown v0.14.5
[INFO] [stderr]    Compiling interpolator v0.5.0
[INFO] [stderr]    Compiling manyhow-macros v0.11.4
[INFO] [stderr]    Compiling prettyplease v0.2.25
[INFO] [stderr]    Compiling const_str_slice_concat v0.1.0
[INFO] [stderr]    Compiling next_tuple v0.1.0
[INFO] [stderr]    Compiling linear-map v1.2.0
[INFO] [stderr]    Compiling minimal-lexical v0.2.1
[INFO] [stderr]    Compiling getrandom v0.2.15
[INFO] [stderr]    Compiling num-traits v0.2.19
[INFO] [stderr]    Compiling pathdiff v0.2.3
[INFO] [stderr]    Compiling uuid v1.11.0
[INFO] [stderr]    Compiling base64 v0.22.1
[INFO] [stderr]    Compiling iana-time-zone v0.1.61
[INFO] [stderr]    Compiling nom v7.1.3
[INFO] [stderr]    Compiling dashmap v6.1.0
[INFO] [stderr]    Compiling const_format v0.2.34
[INFO] [stderr]    Compiling chrono v0.4.39
[INFO] [stderr]    Compiling regex-automata v0.4.9
[INFO] [stderr]    Compiling regex v1.11.1
[INFO] [stderr]    Compiling synstructure v0.13.1
[INFO] [stderr]    Compiling wasm-bindgen-backend v0.2.99
[INFO] [stderr]    Compiling proc-macro-error2 v2.0.1
[INFO] [stderr]    Compiling server_fn_macro v0.7.0
[INFO] [stderr]    Compiling manyhow v0.11.4
[INFO] [stderr]    Compiling serde_derive v1.0.216
[INFO] [stderr]    Compiling zerofrom-derive v0.1.5
[INFO] [stderr]    Compiling thiserror-impl v1.0.69
[INFO] [stderr]    Compiling yoke-derive v0.7.5
[INFO] [stderr]    Compiling zerovec-derive v0.10.3
[INFO] [stderr]    Compiling futures-macro v0.3.31
[INFO] [stderr]    Compiling displaydoc v0.2.5
[INFO] [stderr]    Compiling icu_provider_macros v1.5.0
[INFO] [stderr]    Compiling thiserror-impl v2.0.7
[INFO] [stderr]    Compiling derive-where v1.2.7
[INFO] [stderr]    Compiling syn_derive v0.1.8
[INFO] [stderr]    Compiling quote-use-macros v0.8.4
[INFO] [stderr]    Compiling reactive_stores_macro v0.1.0
[INFO] [stderr]    Compiling pin-project-internal v1.1.7
[INFO] [stderr]    Compiling server_fn_macro_default v0.7.0
[INFO] [stderr]    Compiling wasm-bindgen-macro-support v0.2.99
[INFO] [stderr]    Compiling typed-builder-macro v0.20.0
[INFO] [stderr]    Compiling quote-use v0.8.4
[INFO] [stderr]    Compiling attribute-derive-macro v0.10.3
[INFO] [stderr]    Compiling pin-project v1.1.7
[INFO] [stderr]    Compiling wasm-bindgen-macro v0.2.99
[INFO] [stderr]    Compiling zerofrom v0.1.5
[INFO] [stderr]    Compiling yoke v0.7.5
[INFO] [stderr]    Compiling futures-util v0.3.31
[INFO] [stderr]    Compiling zerovec v0.10.4
[INFO] [stderr]    Compiling typed-builder v0.20.0
[INFO] [stderr]    Compiling rstml v0.12.0
[INFO] [stderr]    Compiling attribute-derive v0.10.3
[INFO] [stderr]    Compiling tinystr v0.7.6
[INFO] [stderr]    Compiling icu_collections v1.5.0
[INFO] [stderr]    Compiling icu_locid v1.5.0
[INFO] [stderr]    Compiling icu_provider v1.5.0
[INFO] [stderr]    Compiling js-sys v0.3.76
[INFO] [stderr]    Compiling icu_locid_transform v1.5.0
[INFO] [stderr]    Compiling icu_properties v1.5.1
[INFO] [stderr]    Compiling futures-executor v0.3.31
[INFO] [stderr]    Compiling futures v0.3.31
[INFO] [stderr]    Compiling hydration_context v0.2.0
[INFO] [stderr]    Compiling toml_datetime v0.6.8
[INFO] [stderr]    Compiling serde_spanned v0.6.8
[INFO] [stderr]    Compiling oco_ref v0.2.0
[INFO] [stderr]    Compiling serde_qs v0.13.0
[INFO] [stderr]    Compiling leptos_hot_reload v0.7.0
[INFO] [stderr]    Compiling icu_normalizer v1.5.0
[INFO] [stderr]    Compiling toml_edit v0.22.22
[INFO] [stderr]    Compiling idna_adapter v1.2.0
[INFO] [stderr]    Compiling idna v1.0.3
[INFO] [stderr]    Compiling codee v0.2.0
[INFO] [stderr]    Compiling wasm-bindgen-futures v0.4.49
[INFO] [stderr]    Compiling web-sys v0.3.76
[INFO] [stderr]    Compiling url v2.5.4
[INFO] [stderr]    Compiling any_spawner v0.2.0
[INFO] [stderr]    Compiling reactive_graph v0.1.0
[INFO] [stderr]    Compiling leptos_macro v0.7.0
[INFO] [stderr]    Compiling reactive_stores v0.1.0
[INFO] [stderr]    Compiling toml v0.8.19
[INFO] [stderr]    Compiling config v0.14.1
[INFO] [stderr]    Compiling leptos_config v0.7.0
[INFO] [stderr]    Compiling gloo-utils v0.2.0
[INFO] [stderr]    Compiling tachys v0.1.0
[INFO] [stderr]    Compiling gloo-net v0.6.0
[INFO] [stderr]    Compiling wasm-streams v0.4.2
[INFO] [stderr]    Compiling server_fn v0.7.0
[INFO] [stderr]    Compiling leptos_dom v0.7.0
[INFO] [stderr]    Compiling leptos_server v0.7.0
[INFO] [stderr]    Compiling leptos v0.7.0
[INFO] [stderr]    Compiling thaw_utils v0.1.0-rc
[INFO] [stderr]    Compiling thaw_components v0.2.0-rc (/opt/rustwide/workdir)
[INFO] [stderr]     Finished `dev` profile [unoptimized + debuginfo] target(s) in 1m 29s
[INFO] running `Command { std: "docker" "inspect" "c884464140248f19058c97c3b26c26fb2e5018ea73a0df314ee9ba559bdb57f8", kill_on_drop: false }`
[INFO] running `Command { std: "docker" "rm" "-f" "c884464140248f19058c97c3b26c26fb2e5018ea73a0df314ee9ba559bdb57f8", kill_on_drop: false }`
[INFO] [stdout] c884464140248f19058c97c3b26c26fb2e5018ea73a0df314ee9ba559bdb57f8
[INFO] running `Command { std: "docker" "create" "-v" "/var/lib/crater-agent-workspace/builds/worker-1-tc1/target:/opt/rustwide/target:rw,Z" "-v" "/var/lib/crater-agent-workspace/builds/worker-1-tc1/source:/opt/rustwide/workdir:ro,Z" "-v" "/var/lib/crater-agent-workspace/cargo-home:/opt/rustwide/cargo-home:ro,Z" "-v" "/var/lib/crater-agent-workspace/rustup-home:/opt/rustwide/rustup-home:ro,Z" "-e" "SOURCE_DIR=/opt/rustwide/workdir" "-e" "CARGO_TARGET_DIR=/opt/rustwide/target" "-e" "CARGO_INCREMENTAL=0" "-e" "RUST_BACKTRACE=full" "-e" "RUSTFLAGS=--cap-lints=warn" "-e" "RUSTDOCFLAGS=--cap-lints=warn" "-e" "CARGO_HOME=/opt/rustwide/cargo-home" "-e" "RUSTUP_HOME=/opt/rustwide/rustup-home" "-w" "/opt/rustwide/workdir" "-m" "1610612736" "--user" "0:0" "--network" "none" "ghcr.io/rust-lang/crates-build-env/linux@sha256:f3a9d4ad9d972b27faf3965f35b62e55ba32bbce8f20bc8fe909558a86702fde" "/opt/rustwide/cargo-home/bin/cargo" "+1.83.0" "test" "--frozen" "--no-run" "--message-format=json", kill_on_drop: false }`
[INFO] [stdout] dd613f5d038305a42d15f5e1fbe560ddbbce7255b8f97898c46bf001fcbcff94
[INFO] running `Command { std: "docker" "start" "-a" "dd613f5d038305a42d15f5e1fbe560ddbbce7255b8f97898c46bf001fcbcff94", kill_on_drop: false }`
[INFO] [stderr]    Compiling thaw_components v0.2.0-rc (/opt/rustwide/workdir)
[INFO] [stderr]     Finished `test` profile [unoptimized + debuginfo] target(s) in 1.15s
[INFO] running `Command { std: "docker" "inspect" "dd613f5d038305a42d15f5e1fbe560ddbbce7255b8f97898c46bf001fcbcff94", kill_on_drop: false }`
[INFO] running `Command { std: "docker" "rm" "-f" "dd613f5d038305a42d15f5e1fbe560ddbbce7255b8f97898c46bf001fcbcff94", kill_on_drop: false }`
[INFO] [stdout] dd613f5d038305a42d15f5e1fbe560ddbbce7255b8f97898c46bf001fcbcff94
[INFO] running `Command { std: "docker" "create" "-v" "/var/lib/crater-agent-workspace/builds/worker-1-tc1/target:/opt/rustwide/target:rw,Z" "-v" "/var/lib/crater-agent-workspace/builds/worker-1-tc1/source:/opt/rustwide/workdir:ro,Z" "-v" "/var/lib/crater-agent-workspace/cargo-home:/opt/rustwide/cargo-home:ro,Z" "-v" "/var/lib/crater-agent-workspace/rustup-home:/opt/rustwide/rustup-home:ro,Z" "-e" "SOURCE_DIR=/opt/rustwide/workdir" "-e" "CARGO_TARGET_DIR=/opt/rustwide/target" "-e" "CARGO_INCREMENTAL=0" "-e" "RUST_BACKTRACE=full" "-e" "RUSTFLAGS=--cap-lints=warn" "-e" "RUSTDOCFLAGS=--cap-lints=warn" "-e" "CARGO_HOME=/opt/rustwide/cargo-home" "-e" "RUSTUP_HOME=/opt/rustwide/rustup-home" "-w" "/opt/rustwide/workdir" "-m" "1610612736" "--user" "0:0" "--network" "none" "ghcr.io/rust-lang/crates-build-env/linux@sha256:f3a9d4ad9d972b27faf3965f35b62e55ba32bbce8f20bc8fe909558a86702fde" "/opt/rustwide/cargo-home/bin/cargo" "+1.83.0" "test" "--frozen", kill_on_drop: false }`
[INFO] [stdout] 66ed2cfac327579cd8bc3f326d9778aa9191bbc24358054d3dde11335b0619d7
[INFO] running `Command { std: "docker" "start" "-a" "66ed2cfac327579cd8bc3f326d9778aa9191bbc24358054d3dde11335b0619d7", kill_on_drop: false }`
[INFO] [stderr]     Finished `test` profile [unoptimized + debuginfo] target(s) in 0.22s
[INFO] [stderr]      Running unittests src/lib.rs (/opt/rustwide/target/debug/deps/thaw_components-4a2a3a1b30a78cb6)
[INFO] [stdout] 
[INFO] [stdout] running 0 tests
[INFO] [stdout] 
[INFO] [stdout] test result: ok. 0 passed; 0 failed; 0 ignored; 0 measured; 0 filtered out; finished in 0.00s
[INFO] [stdout] 
[INFO] [stderr]    Doc-tests thaw_components
[INFO] [stdout] 
[INFO] [stdout] running 3 tests
[INFO] [stdout] test src/binder/mod.rs - binder::BinderProps (line 61) ... FAILED
[INFO] [stdout] test src/binder/mod.rs - binder::__Binder (line 38) ... FAILED
[INFO] [stdout] test src/binder/mod.rs - binder::Binder (line 62) ... FAILED
[INFO] [stdout] 
[INFO] [stdout] failures:
[INFO] [stdout] 
[INFO] [stdout] ---- src/binder/mod.rs - binder::BinderProps (line 61) stdout ----
[INFO] [stdout] error: expected identifier, found keyword `ref`
[INFO] [stdout]   --> src/binder/mod.rs:70:13
[INFO] [stdout]    |
[INFO] [stdout] 11 |        <div ref=div_ref>
[INFO] [stdout]    |             ^^^ expected identifier, found keyword
[INFO] [stdout]    |
[INFO] [stdout] help: escape `ref` to use it as an identifier
[INFO] [stdout]    |
[INFO] [stdout] 11 |        <div r#ref=div_ref>
[INFO] [stdout]    |             ++
[INFO] [stdout] 
[INFO] [stdout] error[E0432]: unresolved import `crate::components`
[INFO] [stdout]  --> src/binder/mod.rs:62:12
[INFO] [stdout]   |
[INFO] [stdout] 3 | use crate::components::{Binder, Follower, FollowerPlacement};
[INFO] [stdout]   |            ^^^^^^^^^^ could not find `components` in the crate root
[INFO] [stdout] 
[INFO] [stdout] error[E0433]: failed to resolve: use of undeclared type `NodeRef`
[INFO] [stdout]  --> src/binder/mod.rs:65:14
[INFO] [stdout]   |
[INFO] [stdout] 6 | let div_ref= NodeRef::new();
[INFO] [stdout]   |              ^^^^^^^ use of undeclared type `NodeRef`
[INFO] [stdout]   |
[INFO] [stdout] help: consider importing this struct
[INFO] [stdout]   |
[INFO] [stdout] 2 + use leptos::prelude::NodeRef;
[INFO] [stdout]   |
[INFO] [stdout] 
[INFO] [stdout] error[E0433]: failed to resolve: use of undeclared type `RwSignal`
[INFO] [stdout]  --> src/binder/mod.rs:66:12
[INFO] [stdout]   |
[INFO] [stdout] 7 | let show = RwSignal::new(false);
[INFO] [stdout]   |            ^^^^^^^^ use of undeclared type `RwSignal`
[INFO] [stdout]   |
[INFO] [stdout] help: consider importing this struct
[INFO] [stdout]   |
[INFO] [stdout] 2 + use leptos::prelude::RwSignal;
[INFO] [stdout]   |
[INFO] [stdout] 
[INFO] [stdout] error[E0599]: no method named `child` found for struct `leptos::html::HtmlElement` in the current scope
[INFO] [stdout]    --> src/binder/mod.rs:68:1
[INFO] [stdout]     |
[INFO] [stdout] 9   |   view! {
[INFO] [stdout]     |  _^
[INFO] [stdout] 10  | |     <Binder target_ref=div_ref>
[INFO] [stdout] 11  | |        <div ref=div_ref>
[INFO] [stdout] 12  | |            "content"
[INFO] [stdout] ...   |
[INFO] [stdout] 17  | |     </Binder>
[INFO] [stdout] 18  | | }
[INFO] [stdout]     | |_^ method not found in `HtmlElement<Div, (), ()>`
[INFO] [stdout]     |
[INFO] [stdout]    ::: /opt/rustwide/cargo-home/registry/src/index.crates.io-6f17d22bba15001f/tachys-0.1.0/src/html/element/mod.rs:140:8
[INFO] [stdout]     |
[INFO] [stdout] 140 |       fn child(self, child: NewChild) -> Self::Output;
[INFO] [stdout]     |          ----- the method is available for `leptos::html::HtmlElement<leptos::html::Div, (), ()>` here
[INFO] [stdout]     |
[INFO] [stdout]     = help: items from traits can only be used if the trait is in scope
[INFO] [stdout]     = note: this error originates in the macro `view` (in Nightly builds, run with -Z macro-backtrace for more info)
[INFO] [stdout] help: trait `ElementChild` which provides `child` is implemented but not in scope; perhaps you want to import it
[INFO] [stdout]     |
[INFO] [stdout] 2   + use leptos::prelude::ElementChild;
[INFO] [stdout]     |
[INFO] [stdout] 
[INFO] [stdout] error[E0308]: mismatched types
[INFO] [stdout]   --> src/binder/mod.rs:68:1
[INFO] [stdout]    |
[INFO] [stdout] 2  |   fn main() { #[allow(non_snake_case)] fn _doctest_main_src_binder_mod_rs_61_0() {
[INFO] [stdout]    |                                                                                 - help: a return type might be missing here: `-> _`
[INFO] [stdout] ...
[INFO] [stdout] 9  | / view! {
[INFO] [stdout] 10 | |     <Binder target_ref=div_ref>
[INFO] [stdout] 11 | |        <div ref=div_ref>
[INFO] [stdout] 12 | |            "content"
[INFO] [stdout] ...  |
[INFO] [stdout] 17 | |     </Binder>
[INFO] [stdout] 18 | | }
[INFO] [stdout]    | |_^ expected `()`, found `View<_>`
[INFO] [stdout]    |
[INFO] [stdout]    = note: expected unit type `()`
[INFO] [stdout]                  found struct `leptos::prelude::View<_>`
[INFO] [stdout]    = note: this error originates in the macro `view` (in Nightly builds, run with -Z macro-backtrace for more info)
[INFO] [stdout] 
[INFO] [stdout] error: aborting due to 6 previous errors
[INFO] [stdout] 
[INFO] [stdout] Some errors have detailed explanations: E0308, E0432, E0433, E0599.
[INFO] [stdout] For more information about an error, try `rustc --explain E0308`.
[INFO] [stdout] Couldn't compile the test.
[INFO] [stdout] ---- src/binder/mod.rs - binder::__Binder (line 38) stdout ----
[INFO] [stdout] error: expected identifier, found keyword `ref`
[INFO] [stdout]   --> src/binder/mod.rs:47:13
[INFO] [stdout]    |
[INFO] [stdout] 11 |        <div ref=div_ref>
[INFO] [stdout]    |             ^^^ expected identifier, found keyword
[INFO] [stdout]    |
[INFO] [stdout] help: escape `ref` to use it as an identifier
[INFO] [stdout]    |
[INFO] [stdout] 11 |        <div r#ref=div_ref>
[INFO] [stdout]    |             ++
[INFO] [stdout] 
[INFO] [stdout] error[E0432]: unresolved import `crate::components`
[INFO] [stdout]  --> src/binder/mod.rs:39:12
[INFO] [stdout]   |
[INFO] [stdout] 3 | use crate::components::{Binder, Follower, FollowerPlacement};
[INFO] [stdout]   |            ^^^^^^^^^^ could not find `components` in the crate root
[INFO] [stdout] 
[INFO] [stdout] error[E0433]: failed to resolve: use of undeclared type `NodeRef`
[INFO] [stdout]  --> src/binder/mod.rs:42:14
[INFO] [stdout]   |
[INFO] [stdout] 6 | let div_ref= NodeRef::new();
[INFO] [stdout]   |              ^^^^^^^ use of undeclared type `NodeRef`
[INFO] [stdout]   |
[INFO] [stdout] help: consider importing this struct
[INFO] [stdout]   |
[INFO] [stdout] 2 + use leptos::prelude::NodeRef;
[INFO] [stdout]   |
[INFO] [stdout] 
[INFO] [stdout] error[E0433]: failed to resolve: use of undeclared type `RwSignal`
[INFO] [stdout]  --> src/binder/mod.rs:43:12
[INFO] [stdout]   |
[INFO] [stdout] 7 | let show = RwSignal::new(false);
[INFO] [stdout]   |            ^^^^^^^^ use of undeclared type `RwSignal`
[INFO] [stdout]   |
[INFO] [stdout] help: consider importing this struct
[INFO] [stdout]   |
[INFO] [stdout] 2 + use leptos::prelude::RwSignal;
[INFO] [stdout]   |
[INFO] [stdout] 
[INFO] [stdout] error[E0599]: no method named `child` found for struct `leptos::html::HtmlElement` in the current scope
[INFO] [stdout]    --> src/binder/mod.rs:45:1
[INFO] [stdout]     |
[INFO] [stdout] 9   |   view! {
[INFO] [stdout]     |  _^
[INFO] [stdout] 10  | |     <Binder target_ref=div_ref>
[INFO] [stdout] 11  | |        <div ref=div_ref>
[INFO] [stdout] 12  | |            "content"
[INFO] [stdout] ...   |
[INFO] [stdout] 17  | |     </Binder>
[INFO] [stdout] 18  | | }
[INFO] [stdout]     | |_^ method not found in `HtmlElement<Div, (), ()>`
[INFO] [stdout]     |
[INFO] [stdout]    ::: /opt/rustwide/cargo-home/registry/src/index.crates.io-6f17d22bba15001f/tachys-0.1.0/src/html/element/mod.rs:140:8
[INFO] [stdout]     |
[INFO] [stdout] 140 |       fn child(self, child: NewChild) -> Self::Output;
[INFO] [stdout]     |          ----- the method is available for `leptos::html::HtmlElement<leptos::html::Div, (), ()>` here
[INFO] [stdout]     |
[INFO] [stdout]     = help: items from traits can only be used if the trait is in scope
[INFO] [stdout]     = note: this error originates in the macro `view` (in Nightly builds, run with -Z macro-backtrace for more info)
[INFO] [stdout] help: trait `ElementChild` which provides `child` is implemented but not in scope; perhaps you want to import it
[INFO] [stdout]     |
[INFO] [stdout] 2   + use leptos::prelude::ElementChild;
[INFO] [stdout]     |
[INFO] [stdout] 
[INFO] [stdout] error[E0308]: mismatched types
[INFO] [stdout]   --> src/binder/mod.rs:45:1
[INFO] [stdout]    |
[INFO] [stdout] 2  |   fn main() { #[allow(non_snake_case)] fn _doctest_main_src_binder_mod_rs_38_0() {
[INFO] [stdout]    |                                                                                 - help: a return type might be missing here: `-> _`
[INFO] [stdout] ...
[INFO] [stdout] 9  | / view! {
[INFO] [stdout] 10 | |     <Binder target_ref=div_ref>
[INFO] [stdout] 11 | |        <div ref=div_ref>
[INFO] [stdout] 12 | |            "content"
[INFO] [stdout] ...  |
[INFO] [stdout] 17 | |     </Binder>
[INFO] [stdout] 18 | | }
[INFO] [stdout]    | |_^ expected `()`, found `View<_>`
[INFO] [stdout]    |
[INFO] [stdout]    = note: expected unit type `()`
[INFO] [stdout]                  found struct `leptos::prelude::View<_>`
[INFO] [stdout]    = note: this error originates in the macro `view` (in Nightly builds, run with -Z macro-backtrace for more info)
[INFO] [stdout] 
[INFO] [stdout] error: aborting due to 6 previous errors
[INFO] [stdout] 
[INFO] [stdout] Some errors have detailed explanations: E0308, E0432, E0433, E0599.
[INFO] [stdout] For more information about an error, try `rustc --explain E0308`.
[INFO] [stdout] Couldn't compile the test.
[INFO] [stdout] ---- src/binder/mod.rs - binder::Binder (line 62) stdout ----
[INFO] [stdout] error: expected identifier, found keyword `ref`
[INFO] [stdout]   --> src/binder/mod.rs:71:13
[INFO] [stdout]    |
[INFO] [stdout] 11 |        <div ref=div_ref>
[INFO] [stdout]    |             ^^^ expected identifier, found keyword
[INFO] [stdout]    |
[INFO] [stdout] help: escape `ref` to use it as an identifier
[INFO] [stdout]    |
[INFO] [stdout] 11 |        <div r#ref=div_ref>
[INFO] [stdout]    |             ++
[INFO] [stdout] 
[INFO] [stdout] error[E0432]: unresolved import `crate::components`
[INFO] [stdout]  --> src/binder/mod.rs:63:12
[INFO] [stdout]   |
[INFO] [stdout] 3 | use crate::components::{Binder, Follower, FollowerPlacement};
[INFO] [stdout]   |            ^^^^^^^^^^ could not find `components` in the crate root
[INFO] [stdout] 
[INFO] [stdout] error[E0433]: failed to resolve: use of undeclared type `NodeRef`
[INFO] [stdout]  --> src/binder/mod.rs:66:14
[INFO] [stdout]   |
[INFO] [stdout] 6 | let div_ref= NodeRef::new();
[INFO] [stdout]   |              ^^^^^^^ use of undeclared type `NodeRef`
[INFO] [stdout]   |
[INFO] [stdout] help: consider importing this struct
[INFO] [stdout]   |
[INFO] [stdout] 2 + use leptos::prelude::NodeRef;
[INFO] [stdout]   |
[INFO] [stdout] 
[INFO] [stdout] error[E0433]: failed to resolve: use of undeclared type `RwSignal`
[INFO] [stdout]  --> src/binder/mod.rs:67:12
[INFO] [stdout]   |
[INFO] [stdout] 7 | let show = RwSignal::new(false);
[INFO] [stdout]   |            ^^^^^^^^ use of undeclared type `RwSignal`
[INFO] [stdout]   |
[INFO] [stdout] help: consider importing this struct
[INFO] [stdout]   |
[INFO] [stdout] 2 + use leptos::prelude::RwSignal;
[INFO] [stdout]   |
[INFO] [stdout] 
[INFO] [stdout] error[E0599]: no method named `child` found for struct `leptos::html::HtmlElement` in the current scope
[INFO] [stdout]    --> src/binder/mod.rs:69:1
[INFO] [stdout]     |
[INFO] [stdout] 9   |   view! {
[INFO] [stdout]     |  _^
[INFO] [stdout] 10  | |     <Binder target_ref=div_ref>
[INFO] [stdout] 11  | |        <div ref=div_ref>
[INFO] [stdout] 12  | |            "content"
[INFO] [stdout] ...   |
[INFO] [stdout] 17  | |     </Binder>
[INFO] [stdout] 18  | | }
[INFO] [stdout]     | |_^ method not found in `HtmlElement<Div, (), ()>`
[INFO] [stdout]     |
[INFO] [stdout]    ::: /opt/rustwide/cargo-home/registry/src/index.crates.io-6f17d22bba15001f/tachys-0.1.0/src/html/element/mod.rs:140:8
[INFO] [stdout]     |
[INFO] [stdout] 140 |       fn child(self, child: NewChild) -> Self::Output;
[INFO] [stdout]     |          ----- the method is available for `leptos::html::HtmlElement<leptos::html::Div, (), ()>` here
[INFO] [stdout]     |
[INFO] [stdout]     = help: items from traits can only be used if the trait is in scope
[INFO] [stdout]     = note: this error originates in the macro `view` (in Nightly builds, run with -Z macro-backtrace for more info)
[INFO] [stdout] help: trait `ElementChild` which provides `child` is implemented but not in scope; perhaps you want to import it
[INFO] [stdout]     |
[INFO] [stdout] 2   + use leptos::prelude::ElementChild;
[INFO] [stdout]     |
[INFO] [stdout] 
[INFO] [stdout] error[E0308]: mismatched types
[INFO] [stdout]   --> src/binder/mod.rs:69:1
[INFO] [stdout]    |
[INFO] [stdout] 2  |   fn main() { #[allow(non_snake_case)] fn _doctest_main_src_binder_mod_rs_62_0() {
[INFO] [stdout]    |                                                                                 - help: a return type might be missing here: `-> _`
[INFO] [stdout] ...
[INFO] [stdout] 9  | / view! {
[INFO] [stdout] 10 | |     <Binder target_ref=div_ref>
[INFO] [stdout] 11 | |        <div ref=div_ref>
[INFO] [stdout] 12 | |            "content"
[INFO] [stdout] ...  |
[INFO] [stdout] 17 | |     </Binder>
[INFO] [stdout] 18 | | }
[INFO] [stdout]    | |_^ expected `()`, found `View<_>`
[INFO] [stdout]    |
[INFO] [stdout]    = note: expected unit type `()`
[INFO] [stdout]                  found struct `leptos::prelude::View<_>`
[INFO] [stdout]    = note: this error originates in the macro `view` (in Nightly builds, run with -Z macro-backtrace for more info)
[INFO] [stdout] 
[INFO] [stdout] error: aborting due to 6 previous errors
[INFO] [stdout] 
[INFO] [stdout] Some errors have detailed explanations: E0308, E0432, E0433, E0599.
[INFO] [stdout] For more information about an error, try `rustc --explain E0308`.
[INFO] [stdout] Couldn't compile the test.
[INFO] [stdout] 
[INFO] [stdout] failures:
[INFO] [stdout]     src/binder/mod.rs - binder::Binder (line 62)
[INFO] [stdout]     src/binder/mod.rs - binder::BinderProps (line 61)
[INFO] [stdout]     src/binder/mod.rs - binder::__Binder (line 38)
[INFO] [stdout] 
[INFO] [stdout] test result: FAILED. 0 passed; 3 failed; 0 ignored; 0 measured; 0 filtered out; finished in 0.34s
[INFO] [stdout] 
[INFO] [stderr] error: doctest failed, to rerun pass `--doc`
[INFO] running `Command { std: "docker" "inspect" "66ed2cfac327579cd8bc3f326d9778aa9191bbc24358054d3dde11335b0619d7", kill_on_drop: false }`
[INFO] running `Command { std: "docker" "rm" "-f" "66ed2cfac327579cd8bc3f326d9778aa9191bbc24358054d3dde11335b0619d7", kill_on_drop: false }`
[INFO] [stdout] 66ed2cfac327579cd8bc3f326d9778aa9191bbc24358054d3dde11335b0619d7
