[INFO] fetching crate tanzhenhui_code_lib 0.6.5...
[INFO] testing tanzhenhui_code_lib-0.6.5 against 1.83.0 for beta-1.84.0-4-retry
[INFO] extracting crate tanzhenhui_code_lib 0.6.5 into /workspace/builds/worker-7-tc1/source
[INFO] validating manifest of crates.io crate tanzhenhui_code_lib 0.6.5 on toolchain 1.83.0
[INFO] running `Command { std: CARGO_HOME="/workspace/cargo-home" RUSTUP_HOME="/workspace/rustup-home" "/workspace/cargo-home/bin/cargo" "+1.83.0" "metadata" "--manifest-path" "Cargo.toml" "--no-deps", kill_on_drop: false }`
[INFO] started tweaking crates.io crate tanzhenhui_code_lib 0.6.5
[INFO] finished tweaking crates.io crate tanzhenhui_code_lib 0.6.5
[INFO] tweaked toml for crates.io crate tanzhenhui_code_lib 0.6.5 written to /workspace/builds/worker-7-tc1/source/Cargo.toml
[INFO] running `Command { std: CARGO_HOME="/workspace/cargo-home" RUSTUP_HOME="/workspace/rustup-home" "/workspace/cargo-home/bin/cargo" "+1.83.0" "generate-lockfile" "--manifest-path" "Cargo.toml", kill_on_drop: false }`
[INFO] [stderr]     Updating crates.io index
[INFO] [stderr]      Locking 160 packages to latest compatible versions
[INFO] running `Command { std: CARGO_HOME="/workspace/cargo-home" RUSTUP_HOME="/workspace/rustup-home" "/workspace/cargo-home/bin/cargo" "+1.83.0" "fetch" "--manifest-path" "Cargo.toml", kill_on_drop: false }`
[INFO] [stderr]  Downloading crates ...
[INFO] [stderr]   Downloaded ini v1.3.0
[INFO] [stderr]   Downloaded configparser v1.0.0
[INFO] running `Command { std: "docker" "create" "-v" "/var/lib/crater-agent-workspace/builds/worker-7-tc1/target:/opt/rustwide/target:rw,Z" "-v" "/var/lib/crater-agent-workspace/builds/worker-7-tc1/source:/opt/rustwide/workdir:ro,Z" "-v" "/var/lib/crater-agent-workspace/cargo-home:/opt/rustwide/cargo-home:ro,Z" "-v" "/var/lib/crater-agent-workspace/rustup-home:/opt/rustwide/rustup-home:ro,Z" "-e" "SOURCE_DIR=/opt/rustwide/workdir" "-e" "CARGO_TARGET_DIR=/opt/rustwide/target" "-e" "CARGO_HOME=/opt/rustwide/cargo-home" "-e" "RUSTUP_HOME=/opt/rustwide/rustup-home" "-w" "/opt/rustwide/workdir" "-m" "1610612736" "--user" "0:0" "--network" "none" "ghcr.io/rust-lang/crates-build-env/linux@sha256:f3a9d4ad9d972b27faf3965f35b62e55ba32bbce8f20bc8fe909558a86702fde" "/opt/rustwide/cargo-home/bin/cargo" "+1.83.0" "metadata" "--no-deps" "--format-version=1", kill_on_drop: false }`
[INFO] [stdout] dba33bf7f41a18cc07d93e0c566d05d826bc73f8e8322ac9f96fef81571d2154
[INFO] running `Command { std: "docker" "start" "-a" "dba33bf7f41a18cc07d93e0c566d05d826bc73f8e8322ac9f96fef81571d2154", kill_on_drop: false }`
[INFO] running `Command { std: "docker" "inspect" "dba33bf7f41a18cc07d93e0c566d05d826bc73f8e8322ac9f96fef81571d2154", kill_on_drop: false }`
[INFO] running `Command { std: "docker" "rm" "-f" "dba33bf7f41a18cc07d93e0c566d05d826bc73f8e8322ac9f96fef81571d2154", kill_on_drop: false }`
[INFO] [stdout] dba33bf7f41a18cc07d93e0c566d05d826bc73f8e8322ac9f96fef81571d2154
[INFO] running `Command { std: "docker" "create" "-v" "/var/lib/crater-agent-workspace/builds/worker-7-tc1/target:/opt/rustwide/target:rw,Z" "-v" "/var/lib/crater-agent-workspace/builds/worker-7-tc1/source:/opt/rustwide/workdir:ro,Z" "-v" "/var/lib/crater-agent-workspace/cargo-home:/opt/rustwide/cargo-home:ro,Z" "-v" "/var/lib/crater-agent-workspace/rustup-home:/opt/rustwide/rustup-home:ro,Z" "-e" "SOURCE_DIR=/opt/rustwide/workdir" "-e" "CARGO_TARGET_DIR=/opt/rustwide/target" "-e" "CARGO_INCREMENTAL=0" "-e" "RUST_BACKTRACE=full" "-e" "RUSTFLAGS=--cap-lints=warn" "-e" "RUSTDOCFLAGS=--cap-lints=warn" "-e" "CARGO_HOME=/opt/rustwide/cargo-home" "-e" "RUSTUP_HOME=/opt/rustwide/rustup-home" "-w" "/opt/rustwide/workdir" "-m" "1610612736" "--user" "0:0" "--network" "none" "ghcr.io/rust-lang/crates-build-env/linux@sha256:f3a9d4ad9d972b27faf3965f35b62e55ba32bbce8f20bc8fe909558a86702fde" "/opt/rustwide/cargo-home/bin/cargo" "+1.83.0" "build" "--frozen" "--message-format=json", kill_on_drop: false }`
[INFO] [stdout] b5175c22ce25a049b79264f2d6bddf58c2aa00f4e8e64148ac624f7047855b1d
[INFO] running `Command { std: "docker" "start" "-a" "b5175c22ce25a049b79264f2d6bddf58c2aa00f4e8e64148ac624f7047855b1d", kill_on_drop: false }`
[INFO] [stderr]    Compiling proc-macro2 v1.0.92
[INFO] [stderr]    Compiling unicode-ident v1.0.14
[INFO] [stderr]    Compiling libc v0.2.168
[INFO] [stderr]    Compiling stable_deref_trait v1.2.0
[INFO] [stderr]    Compiling shlex v1.3.0
[INFO] [stderr]    Compiling bytes v1.9.0
[INFO] [stderr]    Compiling pin-project-lite v0.2.15
[INFO] [stderr]    Compiling pkg-config v0.3.31
[INFO] [stderr]    Compiling futures-core v0.3.31
[INFO] [stderr]    Compiling vcpkg v0.2.15
[INFO] [stderr]    Compiling memchr v2.7.4
[INFO] [stderr]    Compiling itoa v1.0.14
[INFO] [stderr]    Compiling autocfg v1.4.0
[INFO] [stderr]    Compiling once_cell v1.20.2
[INFO] [stderr]    Compiling writeable v0.5.5
[INFO] [stderr]    Compiling futures-sink v0.3.31
[INFO] [stderr]    Compiling litemap v0.7.4
[INFO] [stderr]    Compiling fnv v1.0.7
[INFO] [stderr]    Compiling smallvec v1.13.2
[INFO] [stderr]    Compiling icu_locid_transform_data v1.5.0
[INFO] [stderr]    Compiling cfg-if v1.0.0
[INFO] [stderr]    Compiling equivalent v1.0.1
[INFO] [stderr]    Compiling icu_properties_data v1.5.0
[INFO] [stderr]    Compiling openssl v0.10.68
[INFO] [stderr]    Compiling foreign-types-shared v0.1.1
[INFO] [stderr]    Compiling futures-task v0.3.31
[INFO] [stderr]    Compiling pin-utils v0.1.0
[INFO] [stderr]    Compiling cc v1.2.4
[INFO] [stderr]    Compiling tracing-core v0.1.33
[INFO] [stderr]    Compiling httparse v1.9.5
[INFO] [stderr]    Compiling futures-io v0.3.31
[INFO] [stderr]    Compiling hashbrown v0.15.2
[INFO] [stderr]    Compiling foreign-types v0.3.2
[INFO] [stderr]    Compiling atomic-waker v1.1.2
[INFO] [stderr]    Compiling utf8_iter v1.0.4
[INFO] [stderr]    Compiling write16 v1.0.0
[INFO] [stderr]    Compiling bitflags v2.6.0
[INFO] [stderr]    Compiling try-lock v0.2.5
[INFO] [stderr]    Compiling native-tls v0.2.12
[INFO] [stderr]    Compiling serde v1.0.216
[INFO] [stderr]    Compiling icu_normalizer_data v1.5.0
[INFO] [stderr]    Compiling slab v0.4.9
[INFO] [stderr]    Compiling utf16_iter v1.0.5
[INFO] [stderr]    Compiling want v0.3.1
[INFO] [stderr]    Compiling futures-channel v0.3.31
[INFO] [stderr]    Compiling log v0.4.22
[INFO] [stderr]    Compiling percent-encoding v2.3.1
[INFO] [stderr]    Compiling http v1.2.0
[INFO] [stderr]    Compiling openssl-probe v0.1.5
[INFO] [stderr]    Compiling form_urlencoded v1.2.1
[INFO] [stderr]    Compiling ryu v1.0.18
[INFO] [stderr]    Compiling tower-service v0.3.3
[INFO] [stderr]    Compiling quote v1.0.37
[INFO] [stderr]    Compiling tracing v0.1.41
[INFO] [stderr]    Compiling futures-util v0.3.31
[INFO] [stderr]    Compiling serde_json v1.0.133
[INFO] [stderr]    Compiling aho-corasick v1.1.3
[INFO] [stderr]    Compiling syn v2.0.90
[INFO] [stderr]    Compiling encoding_rs v0.8.35
[INFO] [stderr]    Compiling rustls-pki-types v1.10.1
[INFO] [stderr]    Compiling regex-syntax v0.8.5
[INFO] [stderr]    Compiling sync_wrapper v1.0.2
[INFO] [stderr]    Compiling ipnet v2.10.1
[INFO] [stderr]    Compiling mime v0.3.17
[INFO] [stderr]    Compiling configparser v1.0.0
[INFO] [stderr]    Compiling indexmap v2.7.0
[INFO] [stderr]    Compiling base64 v0.22.1
[INFO] [stderr]    Compiling ini v1.3.0
[INFO] [stderr]    Compiling mio v1.0.3
[INFO] [stderr]    Compiling socket2 v0.5.8
[INFO] [stderr]    Compiling rustls-pemfile v2.2.0
[INFO] [stderr]    Compiling openssl-sys v0.9.104
[INFO] [stderr]    Compiling tokio v1.42.0
[INFO] [stderr]    Compiling http-body v1.0.1
[INFO] [stderr]    Compiling encoding_rs_io v0.1.7
[INFO] [stderr]    Compiling regex-automata v0.4.9
[INFO] [stderr]    Compiling serde_urlencoded v0.7.1
[INFO] [stderr]    Compiling http-body-util v0.1.2
[INFO] [stderr]    Compiling regex v1.11.1
[INFO] [stderr]    Compiling synstructure v0.13.1
[INFO] [stderr]    Compiling zerovec-derive v0.10.3
[INFO] [stderr]    Compiling displaydoc v0.2.5
[INFO] [stderr]    Compiling icu_provider_macros v1.5.0
[INFO] [stderr]    Compiling openssl-macros v0.1.1
[INFO] [stderr]    Compiling zerofrom-derive v0.1.5
[INFO] [stderr]    Compiling yoke-derive v0.7.5
[INFO] [stderr]    Compiling tokio-util v0.7.13
[INFO] [stderr]    Compiling h2 v0.4.7
[INFO] [stderr]    Compiling zerofrom v0.1.5
[INFO] [stderr]    Compiling yoke v0.7.5
[INFO] [stderr]    Compiling zerovec v0.10.4
[INFO] [stderr]    Compiling tinystr v0.7.6
[INFO] [stderr]    Compiling icu_collections v1.5.0
[INFO] [stderr]    Compiling icu_locid v1.5.0
[INFO] [stderr]    Compiling icu_provider v1.5.0
[INFO] [stderr]    Compiling hyper v1.5.1
[INFO] [stderr]    Compiling icu_locid_transform v1.5.0
[INFO] [stderr]    Compiling tokio-native-tls v0.3.1
[INFO] [stderr]    Compiling icu_properties v1.5.1
[INFO] [stderr]    Compiling hyper-util v0.1.10
[INFO] [stderr]    Compiling hyper-tls v0.6.0
[INFO] [stderr]    Compiling icu_normalizer v1.5.0
[INFO] [stderr]    Compiling idna_adapter v1.2.0
[INFO] [stderr]    Compiling idna v1.0.3
[INFO] [stderr]    Compiling url v2.5.4
[INFO] [stderr]    Compiling reqwest v0.12.9
[INFO] [stderr]    Compiling tanzhenhui_code_lib v0.6.5 (/opt/rustwide/workdir)
[INFO] [stderr]     Finished `dev` profile [unoptimized + debuginfo] target(s) in 31.54s
[INFO] running `Command { std: "docker" "inspect" "b5175c22ce25a049b79264f2d6bddf58c2aa00f4e8e64148ac624f7047855b1d", kill_on_drop: false }`
[INFO] running `Command { std: "docker" "rm" "-f" "b5175c22ce25a049b79264f2d6bddf58c2aa00f4e8e64148ac624f7047855b1d", kill_on_drop: false }`
[INFO] [stdout] b5175c22ce25a049b79264f2d6bddf58c2aa00f4e8e64148ac624f7047855b1d
[INFO] running `Command { std: "docker" "create" "-v" "/var/lib/crater-agent-workspace/builds/worker-7-tc1/target:/opt/rustwide/target:rw,Z" "-v" "/var/lib/crater-agent-workspace/builds/worker-7-tc1/source:/opt/rustwide/workdir:ro,Z" "-v" "/var/lib/crater-agent-workspace/cargo-home:/opt/rustwide/cargo-home:ro,Z" "-v" "/var/lib/crater-agent-workspace/rustup-home:/opt/rustwide/rustup-home:ro,Z" "-e" "SOURCE_DIR=/opt/rustwide/workdir" "-e" "CARGO_TARGET_DIR=/opt/rustwide/target" "-e" "CARGO_INCREMENTAL=0" "-e" "RUST_BACKTRACE=full" "-e" "RUSTFLAGS=--cap-lints=warn" "-e" "RUSTDOCFLAGS=--cap-lints=warn" "-e" "CARGO_HOME=/opt/rustwide/cargo-home" "-e" "RUSTUP_HOME=/opt/rustwide/rustup-home" "-w" "/opt/rustwide/workdir" "-m" "1610612736" "--user" "0:0" "--network" "none" "ghcr.io/rust-lang/crates-build-env/linux@sha256:f3a9d4ad9d972b27faf3965f35b62e55ba32bbce8f20bc8fe909558a86702fde" "/opt/rustwide/cargo-home/bin/cargo" "+1.83.0" "test" "--frozen" "--no-run" "--message-format=json", kill_on_drop: false }`
[INFO] [stdout] c064a3cc849464acdd42a1836141dcfc59c436cfc83a43065e33750a5142983b
[INFO] running `Command { std: "docker" "start" "-a" "c064a3cc849464acdd42a1836141dcfc59c436cfc83a43065e33750a5142983b", kill_on_drop: false }`
[INFO] [stderr]    Compiling tanzhenhui_code_lib v0.6.5 (/opt/rustwide/workdir)
[INFO] [stderr]     Finished `test` profile [unoptimized + debuginfo] target(s) in 0.64s
[INFO] running `Command { std: "docker" "inspect" "c064a3cc849464acdd42a1836141dcfc59c436cfc83a43065e33750a5142983b", kill_on_drop: false }`
[INFO] running `Command { std: "docker" "rm" "-f" "c064a3cc849464acdd42a1836141dcfc59c436cfc83a43065e33750a5142983b", kill_on_drop: false }`
[INFO] [stdout] c064a3cc849464acdd42a1836141dcfc59c436cfc83a43065e33750a5142983b
[INFO] running `Command { std: "docker" "create" "-v" "/var/lib/crater-agent-workspace/builds/worker-7-tc1/target:/opt/rustwide/target:rw,Z" "-v" "/var/lib/crater-agent-workspace/builds/worker-7-tc1/source:/opt/rustwide/workdir:ro,Z" "-v" "/var/lib/crater-agent-workspace/cargo-home:/opt/rustwide/cargo-home:ro,Z" "-v" "/var/lib/crater-agent-workspace/rustup-home:/opt/rustwide/rustup-home:ro,Z" "-e" "SOURCE_DIR=/opt/rustwide/workdir" "-e" "CARGO_TARGET_DIR=/opt/rustwide/target" "-e" "CARGO_INCREMENTAL=0" "-e" "RUST_BACKTRACE=full" "-e" "RUSTFLAGS=--cap-lints=warn" "-e" "RUSTDOCFLAGS=--cap-lints=warn" "-e" "CARGO_HOME=/opt/rustwide/cargo-home" "-e" "RUSTUP_HOME=/opt/rustwide/rustup-home" "-w" "/opt/rustwide/workdir" "-m" "1610612736" "--user" "0:0" "--network" "none" "ghcr.io/rust-lang/crates-build-env/linux@sha256:f3a9d4ad9d972b27faf3965f35b62e55ba32bbce8f20bc8fe909558a86702fde" "/opt/rustwide/cargo-home/bin/cargo" "+1.83.0" "test" "--frozen", kill_on_drop: false }`
[INFO] [stdout] 7091dfa1eaa5104c5106b3962e6be117e58d0f32312c399d71d6d2450f084680
[INFO] running `Command { std: "docker" "start" "-a" "7091dfa1eaa5104c5106b3962e6be117e58d0f32312c399d71d6d2450f084680", kill_on_drop: false }`
[INFO] [stderr]     Finished `test` profile [unoptimized + debuginfo] target(s) in 0.15s
[INFO] [stderr]      Running unittests src/lib.rs (/opt/rustwide/target/debug/deps/tanzhenhui_code_lib-3d7c2e85a592c468)
[INFO] [stdout] 
[INFO] [stdout] running 0 tests
[INFO] [stdout] 
[INFO] [stdout] test result: ok. 0 passed; 0 failed; 0 ignored; 0 measured; 0 filtered out; finished in 0.00s
[INFO] [stdout] 
[INFO] [stderr]    Doc-tests tanzhenhui_code_lib
[INFO] [stdout] 
[INFO] [stdout] running 6 tests
[INFO] [stdout] test src/ini_helper.rs - ini_helper::generate_get_ini_info (line 6) ... ok
[INFO] [stdout] test src/ini_helper.rs - ini_helper::get_config_ini (line 36) ... ok
[INFO] [stdout] test src/file_helper.rs - file_helper::split_filename_by_first_dot (line 10) ... FAILED
[INFO] [stdout] test src/file_helper.rs - file_helper::get_project_name_from_path (line 107) ... FAILED
[INFO] [stdout] test src/git_helper.rs - git_helper::git_command (line 6) ... FAILED
[INFO] [stdout] test src/interaction_helper.rs - interaction_helper::prompt_user (line 30) has been running for over 60 seconds
[INFO] [stderr] error: doctest failed, to rerun pass `--doc`
[INFO] [stderr] 
[INFO] [stderr] Caused by:
[INFO] [stderr]   process didn't exit successfully: `/opt/rustwide/rustup-home/toolchains/1.83.0-x86_64-unknown-linux-gnu/bin/rustdoc --edition=2021 --crate-type lib --color auto --crate-name tanzhenhui_code_lib --test src/lib.rs --test-run-directory /opt/rustwide/workdir -L dependency=/opt/rustwide/target/debug/deps -L dependency=/opt/rustwide/target/debug/deps --extern encoding_rs=/opt/rustwide/target/debug/deps/libencoding_rs-769073f1aea0b84b.rlib --extern encoding_rs_io=/opt/rustwide/target/debug/deps/libencoding_rs_io-9811685f1602e67c.rlib --extern ini=/opt/rustwide/target/debug/deps/libini-4ee833ce96ab043b.rlib --extern regex=/opt/rustwide/target/debug/deps/libregex-d95b326e6b6c6daa.rlib --extern reqwest=/opt/rustwide/target/debug/deps/libreqwest-db8ceda9673e0f0e.rlib --extern serde_json=/opt/rustwide/target/debug/deps/libserde_json-3d74f6fcc5577714.rlib --extern tanzhenhui_code_lib=/opt/rustwide/target/debug/deps/libtanzhenhui_code_lib-71b400ac7a827c1d.rlib -C embed-bitcode=no --check-cfg 'cfg(docsrs)' --check-cfg 'cfg(feature, values())' --cap-lints=warn --error-format human` (signal: 9, SIGKILL: kill)
[INFO] running `Command { std: "docker" "inspect" "7091dfa1eaa5104c5106b3962e6be117e58d0f32312c399d71d6d2450f084680", kill_on_drop: false }`
[INFO] running `Command { std: "docker" "rm" "-f" "7091dfa1eaa5104c5106b3962e6be117e58d0f32312c399d71d6d2450f084680", kill_on_drop: false }`
[INFO] [stdout] 7091dfa1eaa5104c5106b3962e6be117e58d0f32312c399d71d6d2450f084680
