[INFO] fetching crate summer-boot 1.4.2...
[INFO] testing summer-boot-1.4.2 against beta-2024-12-08 for beta-1.84.0-4-retry
[INFO] extracting crate summer-boot 1.4.2 into /workspace/builds/worker-0-tc2/source
[INFO] validating manifest of crates.io crate summer-boot 1.4.2 on toolchain beta-2024-12-08
[INFO] running `Command { std: CARGO_HOME="/workspace/cargo-home" RUSTUP_HOME="/workspace/rustup-home" "/workspace/cargo-home/bin/cargo" "+beta-2024-12-08" "metadata" "--manifest-path" "Cargo.toml" "--no-deps", kill_on_drop: false }`
[INFO] started tweaking crates.io crate summer-boot 1.4.2
[INFO] finished tweaking crates.io crate summer-boot 1.4.2
[INFO] tweaked toml for crates.io crate summer-boot 1.4.2 written to /workspace/builds/worker-0-tc2/source/Cargo.toml
[INFO] running `Command { std: CARGO_HOME="/workspace/cargo-home" RUSTUP_HOME="/workspace/rustup-home" "/workspace/cargo-home/bin/cargo" "+beta-2024-12-08" "generate-lockfile" "--manifest-path" "Cargo.toml", kill_on_drop: false }`
[INFO] [stderr]     Updating crates.io index
[INFO] [stderr]     Blocking waiting for file lock on package cache
[INFO] [stderr]      Locking 235 packages to latest compatible versions
[INFO] [stderr]       Adding async-channel v1.9.0 (available: v2.3.1)
[INFO] [stderr]       Adding subtle v2.4.1 (available: v2.6.1)
[INFO] running `Command { std: CARGO_HOME="/workspace/cargo-home" RUSTUP_HOME="/workspace/rustup-home" "/workspace/cargo-home/bin/cargo" "+beta-2024-12-08" "fetch" "--manifest-path" "Cargo.toml", kill_on_drop: false }`
[INFO] running `Command { std: "docker" "create" "-v" "/var/lib/crater-agent-workspace/builds/worker-0-tc2/target:/opt/rustwide/target:rw,Z" "-v" "/var/lib/crater-agent-workspace/builds/worker-0-tc2/source:/opt/rustwide/workdir:ro,Z" "-v" "/var/lib/crater-agent-workspace/cargo-home:/opt/rustwide/cargo-home:ro,Z" "-v" "/var/lib/crater-agent-workspace/rustup-home:/opt/rustwide/rustup-home:ro,Z" "-e" "SOURCE_DIR=/opt/rustwide/workdir" "-e" "CARGO_TARGET_DIR=/opt/rustwide/target" "-e" "CARGO_HOME=/opt/rustwide/cargo-home" "-e" "RUSTUP_HOME=/opt/rustwide/rustup-home" "-w" "/opt/rustwide/workdir" "-m" "1610612736" "--user" "0:0" "--network" "none" "ghcr.io/rust-lang/crates-build-env/linux@sha256:f3a9d4ad9d972b27faf3965f35b62e55ba32bbce8f20bc8fe909558a86702fde" "/opt/rustwide/cargo-home/bin/cargo" "+beta-2024-12-08" "metadata" "--no-deps" "--format-version=1", kill_on_drop: false }`
[INFO] [stdout] 87d577da306bef3409122bfab7bb51945b6767db38c922733d272fe82d394180
[INFO] running `Command { std: "docker" "start" "-a" "87d577da306bef3409122bfab7bb51945b6767db38c922733d272fe82d394180", kill_on_drop: false }`
[INFO] running `Command { std: "docker" "inspect" "87d577da306bef3409122bfab7bb51945b6767db38c922733d272fe82d394180", kill_on_drop: false }`
[INFO] running `Command { std: "docker" "rm" "-f" "87d577da306bef3409122bfab7bb51945b6767db38c922733d272fe82d394180", kill_on_drop: false }`
[INFO] [stdout] 87d577da306bef3409122bfab7bb51945b6767db38c922733d272fe82d394180
[INFO] running `Command { std: "docker" "create" "-v" "/var/lib/crater-agent-workspace/builds/worker-0-tc2/target:/opt/rustwide/target:rw,Z" "-v" "/var/lib/crater-agent-workspace/builds/worker-0-tc2/source:/opt/rustwide/workdir:ro,Z" "-v" "/var/lib/crater-agent-workspace/cargo-home:/opt/rustwide/cargo-home:ro,Z" "-v" "/var/lib/crater-agent-workspace/rustup-home:/opt/rustwide/rustup-home:ro,Z" "-e" "SOURCE_DIR=/opt/rustwide/workdir" "-e" "CARGO_TARGET_DIR=/opt/rustwide/target" "-e" "CARGO_INCREMENTAL=0" "-e" "RUST_BACKTRACE=full" "-e" "RUSTFLAGS=--cap-lints=warn" "-e" "RUSTDOCFLAGS=--cap-lints=warn" "-e" "CARGO_HOME=/opt/rustwide/cargo-home" "-e" "RUSTUP_HOME=/opt/rustwide/rustup-home" "-w" "/opt/rustwide/workdir" "-m" "1610612736" "--user" "0:0" "--network" "none" "ghcr.io/rust-lang/crates-build-env/linux@sha256:f3a9d4ad9d972b27faf3965f35b62e55ba32bbce8f20bc8fe909558a86702fde" "/opt/rustwide/cargo-home/bin/cargo" "+beta-2024-12-08" "build" "--frozen" "--message-format=json", kill_on_drop: false }`
[INFO] [stdout] 5a5b23bcfb9e6c121c418929f28c582efef9a13b72bc95ef2654a9b65eae4ca8
[INFO] running `Command { std: "docker" "start" "-a" "5a5b23bcfb9e6c121c418929f28c582efef9a13b72bc95ef2654a9b65eae4ca8", kill_on_drop: false }`
[INFO] [stderr]    Compiling proc-macro2 v1.0.92
[INFO] [stderr]    Compiling unicode-ident v1.0.14
[INFO] [stderr]    Compiling version_check v0.9.5
[INFO] [stderr]    Compiling typenum v1.17.0
[INFO] [stderr]    Compiling cfg-if v1.0.0
[INFO] [stderr]    Compiling libc v0.2.168
[INFO] [stderr]    Compiling autocfg v1.4.0
[INFO] [stderr]    Compiling pin-project-lite v0.2.15
[INFO] [stderr]    Compiling crossbeam-utils v0.8.20
[INFO] [stderr]    Compiling serde v1.0.216
[INFO] [stderr]    Compiling parking v2.2.1
[INFO] [stderr]    Compiling stable_deref_trait v1.2.0
[INFO] [stderr]    Compiling futures-core v0.3.31
[INFO] [stderr]    Compiling syn v1.0.109
[INFO] [stderr]    Compiling typeid v1.0.2
[INFO] [stderr]    Compiling futures-io v0.3.31
[INFO] [stderr]    Compiling writeable v0.5.5
[INFO] [stderr]    Compiling litemap v0.7.4
[INFO] [stderr]    Compiling ryu v1.0.18
[INFO] [stderr]    Compiling itoa v1.0.14
[INFO] [stderr]    Compiling subtle v2.4.1
[INFO] [stderr]    Compiling serde_json v1.0.133
[INFO] [stderr]    Compiling opaque-debug v0.3.1
[INFO] [stderr]    Compiling smallvec v1.13.2
[INFO] [stderr]    Compiling byteorder v1.5.0
[INFO] [stderr]    Compiling fastrand v2.3.0
[INFO] [stderr]    Compiling generic-array v0.14.7
[INFO] [stderr]    Compiling standback v0.2.17
[INFO] [stderr]    Compiling icu_locid_transform_data v1.5.0
[INFO] [stderr]    Compiling proc-macro-hack v0.5.20+deprecated
[INFO] [stderr]    Compiling rustix v0.38.42
[INFO] [stderr]    Compiling linux-raw-sys v0.4.14
[INFO] [stderr]    Compiling icu_properties_data v1.5.0
[INFO] [stderr]    Compiling futures-lite v2.5.0
[INFO] [stderr]    Compiling percent-encoding v2.3.1
[INFO] [stderr]    Compiling bitflags v2.6.0
[INFO] [stderr]    Compiling slab v0.4.9
[INFO] [stderr]    Compiling hashbrown v0.15.2
[INFO] [stderr]    Compiling equivalent v1.0.1
[INFO] [stderr]    Compiling getrandom v0.1.16
[INFO] [stderr]    Compiling tracing-core v0.1.33
[INFO] [stderr]    Compiling const_fn v0.4.10
[INFO] [stderr]    Compiling utf8_iter v1.0.4
[INFO] [stderr]    Compiling icu_normalizer_data v1.5.0
[INFO] [stderr]    Compiling write16 v1.0.0
[INFO] [stderr]    Compiling concurrent-queue v2.5.0
[INFO] [stderr]    Compiling memchr v2.7.4
[INFO] [stderr]    Compiling quote v1.0.37
[INFO] [stderr]    Compiling atomic-waker v1.1.2
[INFO] [stderr]    Compiling utf16_iter v1.0.5
[INFO] [stderr]    Compiling event-listener v5.3.1
[INFO] [stderr]    Compiling cpuid-bool v0.2.0
[INFO] [stderr]    Compiling getrandom v0.2.15
[INFO] [stderr]    Compiling tracing v0.1.41
[INFO] [stderr]    Compiling syn v2.0.90
[INFO] [stderr]    Compiling async-task v4.7.1
[INFO] [stderr]    Compiling rand_core v0.6.4
[INFO] [stderr]    Compiling event-listener-strategy v0.5.3
[INFO] [stderr]    Compiling piper v0.2.4
[INFO] [stderr]    Compiling smartstring v1.0.1
[INFO] [stderr]    Compiling indexmap v2.7.0
[INFO] [stderr]    Compiling lock_api v0.4.12
[INFO] [stderr]    Compiling async-lock v3.4.0
[INFO] [stderr]    Compiling async-channel v2.3.1
[INFO] [stderr]    Compiling time v0.2.27
[INFO] [stderr]    Compiling cipher v0.2.5
[INFO] [stderr]    Compiling digest v0.9.0
[INFO] [stderr]    Compiling universal-hash v0.4.1
[INFO] [stderr]    Compiling polyval v0.4.5
[INFO] [stderr]    Compiling crypto-mac v0.10.1
[INFO] [stderr]    Compiling schemars v0.8.21
[INFO] [stderr]    Compiling parking_lot_core v0.9.10
[INFO] [stderr]    Compiling winnow v0.6.20
[INFO] [stderr]    Compiling aes-soft v0.6.4
[INFO] [stderr]    Compiling thiserror v1.0.69
[INFO] [stderr]    Compiling ghash v0.3.1
[INFO] [stderr]    Compiling hmac v0.10.1
[INFO] [stderr]    Compiling blocking v1.6.1
[INFO] [stderr]    Compiling ctr v0.6.0
[INFO] [stderr]    Compiling rand_core v0.5.1
[INFO] [stderr]    Compiling aes v0.6.0
[INFO] [stderr]    Compiling aead v0.3.2
[INFO] [stderr]    Compiling block-buffer v0.9.0
[INFO] [stderr]    Compiling async-executor v1.13.1
[INFO] [stderr]    Compiling form_urlencoded v1.2.1
[INFO] [stderr]    Compiling cookie v0.14.4
[INFO] [stderr]    Compiling scopeguard v1.2.0
[INFO] [stderr]    Compiling anyhow v1.0.94
[INFO] [stderr]    Compiling event-listener v2.5.3
[INFO] [stderr]    Compiling once_cell v1.20.2
[INFO] [stderr]    Compiling pin-utils v0.1.0
[INFO] [stderr]    Compiling cpufeatures v0.2.16
[INFO] [stderr]    Compiling static_assertions v1.1.0
[INFO] [stderr]    Compiling unsafe-libyaml v0.2.11
[INFO] [stderr]    Compiling dyn-clone v1.0.17
[INFO] [stderr]    Compiling async-channel v1.9.0
[INFO] [stderr]    Compiling sha2 v0.9.9
[INFO] [stderr]    Compiling aes-gcm v0.8.0
[INFO] [stderr]    Compiling hkdf v0.10.0
[INFO] [stderr]    Compiling http-types v2.12.0
[INFO] [stderr]    Compiling base64 v0.13.1
[INFO] [stderr]    Compiling fastrand v1.9.0
[INFO] [stderr]    Compiling waker-fn v1.2.0
[INFO] [stderr]    Compiling httparse v1.9.5
[INFO] [stderr]    Compiling mio v1.0.3
[INFO] [stderr]    Compiling parking_lot v0.12.3
[INFO] [stderr]    Compiling smartcow v0.2.1
[INFO] [stderr]    Compiling signal-hook-registry v1.4.2
[INFO] [stderr]    Compiling socket2 v0.5.8
[INFO] [stderr]    Compiling futures-lite v1.13.0
[INFO] [stderr]    Compiling futures-task v0.3.31
[INFO] [stderr]    Compiling bytes v1.9.0
[INFO] [stderr]    Compiling infer v0.2.3
[INFO] [stderr]    Compiling routefinder v0.5.4
[INFO] [stderr]    Compiling async-dup v1.2.4
[INFO] [stderr]    Compiling time-macros-impl v0.1.2
[INFO] [stderr]    Compiling async-attributes v1.1.2
[INFO] [stderr]    Compiling synstructure v0.13.1
[INFO] [stderr]    Compiling serde_derive_internals v0.29.1
[INFO] [stderr]    Compiling time-macros v0.1.1
[INFO] [stderr]    Compiling serde_derive v1.0.216
[INFO] [stderr]    Compiling zerovec-derive v0.10.3
[INFO] [stderr]    Compiling displaydoc v0.2.5
[INFO] [stderr]    Compiling zerocopy-derive v0.7.35
[INFO] [stderr]    Compiling icu_provider_macros v1.5.0
[INFO] [stderr]    Compiling thiserror-impl v1.0.69
[INFO] [stderr]    Compiling futures-macro v0.3.31
[INFO] [stderr]    Compiling pin-project-internal v1.1.7
[INFO] [stderr]    Compiling tokio-macros v2.4.0
[INFO] [stderr]    Compiling zerofrom-derive v0.1.5
[INFO] [stderr]    Compiling yoke-derive v0.7.5
[INFO] [stderr]    Compiling polling v3.7.4
[INFO] [stderr]    Compiling async-trait v0.1.83
[INFO] [stderr]    Compiling schemars_derive v0.8.21
[INFO] [stderr]    Compiling async-io v2.4.0
[INFO] [stderr]    Compiling tokio v1.42.0
[INFO] [stderr]    Compiling futures-util v0.3.31
[INFO] [stderr]    Compiling zerocopy v0.7.35
[INFO] [stderr]    Compiling async-global-executor v2.4.1
[INFO] [stderr]    Compiling pin-project v1.1.7
[INFO] [stderr]    Compiling ppv-lite86 v0.2.20
[INFO] [stderr]    Compiling zerofrom v0.1.5
[INFO] [stderr]    Compiling rand_chacha v0.3.1
[INFO] [stderr]    Compiling rand_chacha v0.2.2
[INFO] [stderr]    Compiling yoke v0.7.5
[INFO] [stderr]    Compiling rand v0.8.5
[INFO] [stderr]    Compiling rand v0.7.3
[INFO] [stderr]    Compiling zerovec v0.10.4
[INFO] [stderr]    Compiling tinystr v0.7.6
[INFO] [stderr]    Compiling icu_collections v1.5.0
[INFO] [stderr]    Compiling icu_locid v1.5.0
[INFO] [stderr]    Compiling icu_provider v1.5.0
[INFO] [stderr]    Compiling icu_locid_transform v1.5.0
[INFO] [stderr]    Compiling icu_properties v1.5.1
[INFO] [stderr]    Compiling erased-serde v0.4.5
[INFO] [stderr]    Compiling serde_fmt v1.0.3
[INFO] [stderr]    Compiling serde_urlencoded v0.7.1
[INFO] [stderr]    Compiling serde_qs v0.8.5
[INFO] [stderr]    Compiling toml_datetime v0.6.8
[INFO] [stderr]    Compiling serde_spanned v0.6.8
[INFO] [stderr]    Compiling serde_yaml v0.9.34+deprecated
[INFO] [stderr]    Compiling toml_edit v0.22.22
[INFO] [stderr]    Compiling value-bag-serde1 v1.10.0
[INFO] [stderr]    Compiling value-bag v1.10.0
[INFO] [stderr]    Compiling log v0.4.22
[INFO] [stderr]    Compiling icu_normalizer v1.5.0
[INFO] [stderr]    Compiling kv-log-macro v1.0.7
[INFO] [stderr]    Compiling femme v2.2.1
[INFO] [stderr]    Compiling async-std v1.13.0
[INFO] [stderr]    Compiling idna_adapter v1.2.0
[INFO] [stderr]    Compiling idna v1.0.3
[INFO] [stderr]    Compiling url v2.5.4
[INFO] [stderr]    Compiling toml v0.8.19
[INFO] [stderr]    Compiling summer-boot-autoconfigure v1.4.1
[INFO] [stderr]    Compiling summer-boot-macro v1.4.1
[INFO] [stderr]    Compiling summer-boot v1.4.2 (/opt/rustwide/workdir)
[INFO] [stdout] warning: unexpected `cfg` condition value: `http1`
[INFO] [stdout]  --> src/common/task.rs:1:7
[INFO] [stdout]   |
[INFO] [stdout] 1 | #[cfg(feature = "http1")]
[INFO] [stdout]   |       ^^^^^^^^^^^^^^^^^
[INFO] [stdout]   |
[INFO] [stdout]   = note: expected values for `feature` are: `default`, `macros`, `summer-boot-macro`, and `unstable`
[INFO] [stdout]   = help: consider adding `http1` as a feature in `Cargo.toml`
[INFO] [stdout]   = note: see <https://doc.rust-lang.org/nightly/rustc/check-cfg/cargo-specifics.html> for more information about checking conditional configuration
[INFO] [stdout]   = note: `#[warn(unexpected_cfgs)]` on by default
[INFO] [stdout] 
[INFO] [stdout] 
[INFO] [stdout] warning: unexpected `cfg` condition value: `http1`
[INFO] [stdout]  --> src/common/task.rs:9:7
[INFO] [stdout]   |
[INFO] [stdout] 9 | #[cfg(feature = "http1")]
[INFO] [stdout]   |       ^^^^^^^^^^^^^^^^^
[INFO] [stdout]   |
[INFO] [stdout]   = note: expected values for `feature` are: `default`, `macros`, `summer-boot-macro`, and `unstable`
[INFO] [stdout]   = help: consider adding `http1` as a feature in `Cargo.toml`
[INFO] [stdout]   = note: see <https://doc.rust-lang.org/nightly/rustc/check-cfg/cargo-specifics.html> for more information about checking conditional configuration
[INFO] [stdout] 
[INFO] [stdout] 
[INFO] [stdout] warning: unexpected `cfg` condition value: `docs`
[INFO] [stdout]   --> src/gateway/route.rs:76:37
[INFO] [stdout]    |
[INFO] [stdout] 76 |     #[cfg(any(feature = "unstable", feature = "docs"))]
[INFO] [stdout]    |                                     ^^^^^^^^^^^^^^^^
[INFO] [stdout]    |
[INFO] [stdout]    = note: expected values for `feature` are: `default`, `macros`, `summer-boot-macro`, and `unstable`
[INFO] [stdout]    = help: consider adding `docs` as a feature in `Cargo.toml`
[INFO] [stdout]    = note: see <https://doc.rust-lang.org/nightly/rustc/check-cfg/cargo-specifics.html> for more information about checking conditional configuration
[INFO] [stdout] 
[INFO] [stdout] 
[INFO] [stdout] warning: unexpected `cfg` condition value: `cookies`
[INFO] [stdout]    --> src/utils/request.rs:475:11
[INFO] [stdout]     |
[INFO] [stdout] 475 |     #[cfg(feature = "cookies")]
[INFO] [stdout]     |           ^^^^^^^^^^^^^^^^^^^
[INFO] [stdout]     |
[INFO] [stdout]     = note: expected values for `feature` are: `default`, `macros`, `summer-boot-macro`, and `unstable`
[INFO] [stdout]     = help: consider adding `cookies` as a feature in `Cargo.toml`
[INFO] [stdout]     = note: see <https://doc.rust-lang.org/nightly/rustc/check-cfg/cargo-specifics.html> for more information about checking conditional configuration
[INFO] [stdout] 
[INFO] [stdout] 
[INFO] [stdout] warning: unexpected `cfg` condition value: `sessions`
[INFO] [stdout]    --> src/utils/request.rs:487:11
[INFO] [stdout]     |
[INFO] [stdout] 487 |     #[cfg(feature = "sessions")]
[INFO] [stdout]     |           ^^^^^^^^^^^^^^^^^^^^
[INFO] [stdout]     |
[INFO] [stdout]     = note: expected values for `feature` are: `default`, `macros`, `summer-boot-macro`, and `unstable`
[INFO] [stdout]     = help: consider adding `sessions` as a feature in `Cargo.toml`
[INFO] [stdout]     = note: see <https://doc.rust-lang.org/nightly/rustc/check-cfg/cargo-specifics.html> for more information about checking conditional configuration
[INFO] [stdout] 
[INFO] [stdout] 
[INFO] [stdout] warning: unexpected `cfg` condition value: `sessions`
[INFO] [stdout]    --> src/utils/request.rs:498:11
[INFO] [stdout]     |
[INFO] [stdout] 498 |     #[cfg(feature = "sessions")]
[INFO] [stdout]     |           ^^^^^^^^^^^^^^^^^^^^
[INFO] [stdout]     |
[INFO] [stdout]     = note: expected values for `feature` are: `default`, `macros`, `summer-boot-macro`, and `unstable`
[INFO] [stdout]     = help: consider adding `sessions` as a feature in `Cargo.toml`
[INFO] [stdout]     = note: see <https://doc.rust-lang.org/nightly/rustc/check-cfg/cargo-specifics.html> for more information about checking conditional configuration
[INFO] [stdout] 
[INFO] [stdout] 
[INFO] [stdout] warning: unexpected `cfg` condition value: `cookies`
[INFO] [stdout]    --> src/utils/response.rs:146:11
[INFO] [stdout]     |
[INFO] [stdout] 146 |     #[cfg(feature = "cookies")]
[INFO] [stdout]     |           ^^^^^^^^^^^^^^^^^^^
[INFO] [stdout]     |
[INFO] [stdout]     = note: expected values for `feature` are: `default`, `macros`, `summer-boot-macro`, and `unstable`
[INFO] [stdout]     = help: consider adding `cookies` as a feature in `Cargo.toml`
[INFO] [stdout]     = note: see <https://doc.rust-lang.org/nightly/rustc/check-cfg/cargo-specifics.html> for more information about checking conditional configuration
[INFO] [stdout] 
[INFO] [stdout] 
[INFO] [stdout] warning: unexpected `cfg` condition value: `cookies`
[INFO] [stdout]    --> src/utils/response.rs:151:11
[INFO] [stdout]     |
[INFO] [stdout] 151 |     #[cfg(feature = "cookies")]
[INFO] [stdout]     |           ^^^^^^^^^^^^^^^^^^^
[INFO] [stdout]     |
[INFO] [stdout]     = note: expected values for `feature` are: `default`, `macros`, `summer-boot-macro`, and `unstable`
[INFO] [stdout]     = help: consider adding `cookies` as a feature in `Cargo.toml`
[INFO] [stdout]     = note: see <https://doc.rust-lang.org/nightly/rustc/check-cfg/cargo-specifics.html> for more information about checking conditional configuration
[INFO] [stdout] 
[INFO] [stdout] 
[INFO] [stdout] warning: unexpected `cfg` condition value: `cookies`
[INFO] [stdout]    --> src/utils/response.rs:192:19
[INFO] [stdout]     |
[INFO] [stdout] 192 |             #[cfg(feature = "cookies")]
[INFO] [stdout]     |                   ^^^^^^^^^^^^^^^^^^^
[INFO] [stdout]     |
[INFO] [stdout]     = note: expected values for `feature` are: `default`, `macros`, `summer-boot-macro`, and `unstable`
[INFO] [stdout]     = help: consider adding `cookies` as a feature in `Cargo.toml`
[INFO] [stdout]     = note: see <https://doc.rust-lang.org/nightly/rustc/check-cfg/cargo-specifics.html> for more information about checking conditional configuration
[INFO] [stdout] 
[INFO] [stdout] 
[INFO] [stdout] warning: unexpected `cfg` condition value: `cookies`
[INFO] [stdout]    --> src/utils/response.rs:249:19
[INFO] [stdout]     |
[INFO] [stdout] 249 |             #[cfg(feature = "cookies")]
[INFO] [stdout]     |                   ^^^^^^^^^^^^^^^^^^^
[INFO] [stdout]     |
[INFO] [stdout]     = note: expected values for `feature` are: `default`, `macros`, `summer-boot-macro`, and `unstable`
[INFO] [stdout]     = help: consider adding `cookies` as a feature in `Cargo.toml`
[INFO] [stdout]     = note: see <https://doc.rust-lang.org/nightly/rustc/check-cfg/cargo-specifics.html> for more information about checking conditional configuration
[INFO] [stdout] 
[INFO] [stdout] 
[INFO] [stdout] warning: unexpected `cfg` condition value: `cookies`
[INFO] [stdout]    --> src/utils/response.rs:260:19
[INFO] [stdout]     |
[INFO] [stdout] 260 |             #[cfg(feature = "cookies")]
[INFO] [stdout]     |                   ^^^^^^^^^^^^^^^^^^^
[INFO] [stdout]     |
[INFO] [stdout]     = note: expected values for `feature` are: `default`, `macros`, `summer-boot-macro`, and `unstable`
[INFO] [stdout]     = help: consider adding `cookies` as a feature in `Cargo.toml`
[INFO] [stdout]     = note: see <https://doc.rust-lang.org/nightly/rustc/check-cfg/cargo-specifics.html> for more information about checking conditional configuration
[INFO] [stdout] 
[INFO] [stdout] 
[INFO] [stdout] warning: method `poll_accept` is never used
[INFO] [stdout]   --> src/server/accept.rs:22:8
[INFO] [stdout]    |
[INFO] [stdout] 15 | pub trait Accept {
[INFO] [stdout]    |           ------ method in this trait
[INFO] [stdout] ...
[INFO] [stdout] 22 |     fn poll_accept(
[INFO] [stdout]    |        ^^^^^^^^^^^
[INFO] [stdout]    |
[INFO] [stdout]    = note: `#[warn(dead_code)]` on by default
[INFO] [stdout] 
[INFO] [stdout] 
[INFO] [stderr]     Finished `dev` profile [unoptimized + debuginfo] target(s) in 31.43s
[INFO] running `Command { std: "docker" "inspect" "5a5b23bcfb9e6c121c418929f28c582efef9a13b72bc95ef2654a9b65eae4ca8", kill_on_drop: false }`
[INFO] running `Command { std: "docker" "rm" "-f" "5a5b23bcfb9e6c121c418929f28c582efef9a13b72bc95ef2654a9b65eae4ca8", kill_on_drop: false }`
[INFO] [stdout] 5a5b23bcfb9e6c121c418929f28c582efef9a13b72bc95ef2654a9b65eae4ca8
[INFO] running `Command { std: "docker" "create" "-v" "/var/lib/crater-agent-workspace/builds/worker-0-tc2/target:/opt/rustwide/target:rw,Z" "-v" "/var/lib/crater-agent-workspace/builds/worker-0-tc2/source:/opt/rustwide/workdir:ro,Z" "-v" "/var/lib/crater-agent-workspace/cargo-home:/opt/rustwide/cargo-home:ro,Z" "-v" "/var/lib/crater-agent-workspace/rustup-home:/opt/rustwide/rustup-home:ro,Z" "-e" "SOURCE_DIR=/opt/rustwide/workdir" "-e" "CARGO_TARGET_DIR=/opt/rustwide/target" "-e" "CARGO_INCREMENTAL=0" "-e" "RUST_BACKTRACE=full" "-e" "RUSTFLAGS=--cap-lints=warn" "-e" "RUSTDOCFLAGS=--cap-lints=warn" "-e" "CARGO_HOME=/opt/rustwide/cargo-home" "-e" "RUSTUP_HOME=/opt/rustwide/rustup-home" "-w" "/opt/rustwide/workdir" "-m" "1610612736" "--user" "0:0" "--network" "none" "ghcr.io/rust-lang/crates-build-env/linux@sha256:f3a9d4ad9d972b27faf3965f35b62e55ba32bbce8f20bc8fe909558a86702fde" "/opt/rustwide/cargo-home/bin/cargo" "+beta-2024-12-08" "test" "--frozen" "--no-run" "--message-format=json", kill_on_drop: false }`
[INFO] [stdout] 53643d8c26f337abc1fad14f0c9def9b872b23c3cd56b11c648f3254802a1660
[INFO] running `Command { std: "docker" "start" "-a" "53643d8c26f337abc1fad14f0c9def9b872b23c3cd56b11c648f3254802a1660", kill_on_drop: false }`
[INFO] [stderr]    Compiling summer-boot v1.4.2 (/opt/rustwide/workdir)
[INFO] [stdout] warning: unexpected `cfg` condition value: `http1`
[INFO] [stdout]  --> src/common/task.rs:1:7
[INFO] [stdout]   |
[INFO] [stdout] 1 | #[cfg(feature = "http1")]
[INFO] [stdout]   |       ^^^^^^^^^^^^^^^^^
[INFO] [stdout]   |
[INFO] [stdout]   = note: expected values for `feature` are: `default`, `macros`, `summer-boot-macro`, and `unstable`
[INFO] [stdout]   = help: consider adding `http1` as a feature in `Cargo.toml`
[INFO] [stdout]   = note: see <https://doc.rust-lang.org/nightly/rustc/check-cfg/cargo-specifics.html> for more information about checking conditional configuration
[INFO] [stdout]   = note: `#[warn(unexpected_cfgs)]` on by default
[INFO] [stdout] 
[INFO] [stdout] 
[INFO] [stdout] warning: unexpected `cfg` condition value: `http1`
[INFO] [stdout]  --> src/common/task.rs:9:7
[INFO] [stdout]   |
[INFO] [stdout] 9 | #[cfg(feature = "http1")]
[INFO] [stdout]   |       ^^^^^^^^^^^^^^^^^
[INFO] [stdout]   |
[INFO] [stdout]   = note: expected values for `feature` are: `default`, `macros`, `summer-boot-macro`, and `unstable`
[INFO] [stdout]   = help: consider adding `http1` as a feature in `Cargo.toml`
[INFO] [stdout]   = note: see <https://doc.rust-lang.org/nightly/rustc/check-cfg/cargo-specifics.html> for more information about checking conditional configuration
[INFO] [stdout] 
[INFO] [stdout] 
[INFO] [stdout] warning: unexpected `cfg` condition value: `docs`
[INFO] [stdout]   --> src/gateway/route.rs:76:37
[INFO] [stdout]    |
[INFO] [stdout] 76 |     #[cfg(any(feature = "unstable", feature = "docs"))]
[INFO] [stdout]    |                                     ^^^^^^^^^^^^^^^^
[INFO] [stdout]    |
[INFO] [stdout]    = note: expected values for `feature` are: `default`, `macros`, `summer-boot-macro`, and `unstable`
[INFO] [stdout]    = help: consider adding `docs` as a feature in `Cargo.toml`
[INFO] [stdout]    = note: see <https://doc.rust-lang.org/nightly/rustc/check-cfg/cargo-specifics.html> for more information about checking conditional configuration
[INFO] [stdout] 
[INFO] [stdout] 
[INFO] [stdout] warning: unexpected `cfg` condition value: `cookies`
[INFO] [stdout]    --> src/utils/request.rs:475:11
[INFO] [stdout]     |
[INFO] [stdout] 475 |     #[cfg(feature = "cookies")]
[INFO] [stdout]     |           ^^^^^^^^^^^^^^^^^^^
[INFO] [stdout]     |
[INFO] [stdout]     = note: expected values for `feature` are: `default`, `macros`, `summer-boot-macro`, and `unstable`
[INFO] [stdout]     = help: consider adding `cookies` as a feature in `Cargo.toml`
[INFO] [stdout]     = note: see <https://doc.rust-lang.org/nightly/rustc/check-cfg/cargo-specifics.html> for more information about checking conditional configuration
[INFO] [stdout] 
[INFO] [stdout] 
[INFO] [stdout] warning: unexpected `cfg` condition value: `sessions`
[INFO] [stdout]    --> src/utils/request.rs:487:11
[INFO] [stdout]     |
[INFO] [stdout] 487 |     #[cfg(feature = "sessions")]
[INFO] [stdout]     |           ^^^^^^^^^^^^^^^^^^^^
[INFO] [stdout]     |
[INFO] [stdout]     = note: expected values for `feature` are: `default`, `macros`, `summer-boot-macro`, and `unstable`
[INFO] [stdout]     = help: consider adding `sessions` as a feature in `Cargo.toml`
[INFO] [stdout]     = note: see <https://doc.rust-lang.org/nightly/rustc/check-cfg/cargo-specifics.html> for more information about checking conditional configuration
[INFO] [stdout] 
[INFO] [stdout] 
[INFO] [stdout] warning: unexpected `cfg` condition value: `sessions`
[INFO] [stdout]    --> src/utils/request.rs:498:11
[INFO] [stdout]     |
[INFO] [stdout] 498 |     #[cfg(feature = "sessions")]
[INFO] [stdout]     |           ^^^^^^^^^^^^^^^^^^^^
[INFO] [stdout]     |
[INFO] [stdout]     = note: expected values for `feature` are: `default`, `macros`, `summer-boot-macro`, and `unstable`
[INFO] [stdout]     = help: consider adding `sessions` as a feature in `Cargo.toml`
[INFO] [stdout]     = note: see <https://doc.rust-lang.org/nightly/rustc/check-cfg/cargo-specifics.html> for more information about checking conditional configuration
[INFO] [stdout] 
[INFO] [stdout] 
[INFO] [stdout] warning: unexpected `cfg` condition value: `cookies`
[INFO] [stdout]    --> src/utils/response.rs:146:11
[INFO] [stdout]     |
[INFO] [stdout] 146 |     #[cfg(feature = "cookies")]
[INFO] [stdout]     |           ^^^^^^^^^^^^^^^^^^^
[INFO] [stdout]     |
[INFO] [stdout]     = note: expected values for `feature` are: `default`, `macros`, `summer-boot-macro`, and `unstable`
[INFO] [stdout]     = help: consider adding `cookies` as a feature in `Cargo.toml`
[INFO] [stdout]     = note: see <https://doc.rust-lang.org/nightly/rustc/check-cfg/cargo-specifics.html> for more information about checking conditional configuration
[INFO] [stdout] 
[INFO] [stdout] 
[INFO] [stdout] warning: unexpected `cfg` condition value: `cookies`
[INFO] [stdout]    --> src/utils/response.rs:151:11
[INFO] [stdout]     |
[INFO] [stdout] 151 |     #[cfg(feature = "cookies")]
[INFO] [stdout]     |           ^^^^^^^^^^^^^^^^^^^
[INFO] [stdout]     |
[INFO] [stdout]     = note: expected values for `feature` are: `default`, `macros`, `summer-boot-macro`, and `unstable`
[INFO] [stdout]     = help: consider adding `cookies` as a feature in `Cargo.toml`
[INFO] [stdout]     = note: see <https://doc.rust-lang.org/nightly/rustc/check-cfg/cargo-specifics.html> for more information about checking conditional configuration
[INFO] [stdout] 
[INFO] [stdout] 
[INFO] [stdout] warning: unexpected `cfg` condition value: `cookies`
[INFO] [stdout]    --> src/utils/response.rs:192:19
[INFO] [stdout]     |
[INFO] [stdout] 192 |             #[cfg(feature = "cookies")]
[INFO] [stdout]     |                   ^^^^^^^^^^^^^^^^^^^
[INFO] [stdout]     |
[INFO] [stdout]     = note: expected values for `feature` are: `default`, `macros`, `summer-boot-macro`, and `unstable`
[INFO] [stdout]     = help: consider adding `cookies` as a feature in `Cargo.toml`
[INFO] [stdout]     = note: see <https://doc.rust-lang.org/nightly/rustc/check-cfg/cargo-specifics.html> for more information about checking conditional configuration
[INFO] [stdout] 
[INFO] [stdout] 
[INFO] [stdout] warning: unexpected `cfg` condition value: `cookies`
[INFO] [stdout]    --> src/utils/response.rs:249:19
[INFO] [stdout]     |
[INFO] [stdout] 249 |             #[cfg(feature = "cookies")]
[INFO] [stdout]     |                   ^^^^^^^^^^^^^^^^^^^
[INFO] [stdout]     |
[INFO] [stdout]     = note: expected values for `feature` are: `default`, `macros`, `summer-boot-macro`, and `unstable`
[INFO] [stdout]     = help: consider adding `cookies` as a feature in `Cargo.toml`
[INFO] [stdout]     = note: see <https://doc.rust-lang.org/nightly/rustc/check-cfg/cargo-specifics.html> for more information about checking conditional configuration
[INFO] [stdout] 
[INFO] [stdout] 
[INFO] [stdout] warning: unexpected `cfg` condition value: `cookies`
[INFO] [stdout]    --> src/utils/response.rs:260:19
[INFO] [stdout]     |
[INFO] [stdout] 260 |             #[cfg(feature = "cookies")]
[INFO] [stdout]     |                   ^^^^^^^^^^^^^^^^^^^
[INFO] [stdout]     |
[INFO] [stdout]     = note: expected values for `feature` are: `default`, `macros`, `summer-boot-macro`, and `unstable`
[INFO] [stdout]     = help: consider adding `cookies` as a feature in `Cargo.toml`
[INFO] [stdout]     = note: see <https://doc.rust-lang.org/nightly/rustc/check-cfg/cargo-specifics.html> for more information about checking conditional configuration
[INFO] [stdout] 
[INFO] [stdout] 
[INFO] [stdout] warning: method `poll_accept` is never used
[INFO] [stdout]   --> src/server/accept.rs:22:8
[INFO] [stdout]    |
[INFO] [stdout] 15 | pub trait Accept {
[INFO] [stdout]    |           ------ method in this trait
[INFO] [stdout] ...
[INFO] [stdout] 22 |     fn poll_accept(
[INFO] [stdout]    |        ^^^^^^^^^^^
[INFO] [stdout]    |
[INFO] [stdout]    = note: `#[warn(dead_code)]` on by default
[INFO] [stdout] 
[INFO] [stdout] 
[INFO] [stdout] warning: unexpected `cfg` condition value: `http1`
[INFO] [stdout]  --> src/common/task.rs:1:7
[INFO] [stdout]   |
[INFO] [stdout] 1 | #[cfg(feature = "http1")]
[INFO] [stdout]   |       ^^^^^^^^^^^^^^^^^
[INFO] [stdout]   |
[INFO] [stdout]   = note: expected values for `feature` are: `default`, `macros`, `summer-boot-macro`, and `unstable`
[INFO] [stdout]   = help: consider adding `http1` as a feature in `Cargo.toml`
[INFO] [stdout]   = note: see <https://doc.rust-lang.org/nightly/rustc/check-cfg/cargo-specifics.html> for more information about checking conditional configuration
[INFO] [stdout]   = note: `#[warn(unexpected_cfgs)]` on by default
[INFO] [stdout] 
[INFO] [stdout] 
[INFO] [stdout] warning: unexpected `cfg` condition value: `http1`
[INFO] [stdout]  --> src/common/task.rs:9:7
[INFO] [stdout]   |
[INFO] [stdout] 9 | #[cfg(feature = "http1")]
[INFO] [stdout]   |       ^^^^^^^^^^^^^^^^^
[INFO] [stdout]   |
[INFO] [stdout]   = note: expected values for `feature` are: `default`, `macros`, `summer-boot-macro`, and `unstable`
[INFO] [stdout]   = help: consider adding `http1` as a feature in `Cargo.toml`
[INFO] [stdout]   = note: see <https://doc.rust-lang.org/nightly/rustc/check-cfg/cargo-specifics.html> for more information about checking conditional configuration
[INFO] [stdout] 
[INFO] [stdout] 
[INFO] [stdout] warning: unexpected `cfg` condition value: `docs`
[INFO] [stdout]   --> src/gateway/route.rs:76:37
[INFO] [stdout]    |
[INFO] [stdout] 76 |     #[cfg(any(feature = "unstable", feature = "docs"))]
[INFO] [stdout]    |                                     ^^^^^^^^^^^^^^^^
[INFO] [stdout]    |
[INFO] [stdout]    = note: expected values for `feature` are: `default`, `macros`, `summer-boot-macro`, and `unstable`
[INFO] [stdout]    = help: consider adding `docs` as a feature in `Cargo.toml`
[INFO] [stdout]    = note: see <https://doc.rust-lang.org/nightly/rustc/check-cfg/cargo-specifics.html> for more information about checking conditional configuration
[INFO] [stdout] 
[INFO] [stdout] 
[INFO] [stdout] warning: unexpected `cfg` condition value: `cookies`
[INFO] [stdout]    --> src/utils/request.rs:475:11
[INFO] [stdout]     |
[INFO] [stdout] 475 |     #[cfg(feature = "cookies")]
[INFO] [stdout]     |           ^^^^^^^^^^^^^^^^^^^
[INFO] [stdout]     |
[INFO] [stdout]     = note: expected values for `feature` are: `default`, `macros`, `summer-boot-macro`, and `unstable`
[INFO] [stdout]     = help: consider adding `cookies` as a feature in `Cargo.toml`
[INFO] [stdout]     = note: see <https://doc.rust-lang.org/nightly/rustc/check-cfg/cargo-specifics.html> for more information about checking conditional configuration
[INFO] [stdout] 
[INFO] [stdout] 
[INFO] [stdout] warning: unexpected `cfg` condition value: `sessions`
[INFO] [stdout]    --> src/utils/request.rs:487:11
[INFO] [stdout]     |
[INFO] [stdout] 487 |     #[cfg(feature = "sessions")]
[INFO] [stdout]     |           ^^^^^^^^^^^^^^^^^^^^
[INFO] [stdout]     |
[INFO] [stdout]     = note: expected values for `feature` are: `default`, `macros`, `summer-boot-macro`, and `unstable`
[INFO] [stdout]     = help: consider adding `sessions` as a feature in `Cargo.toml`
[INFO] [stdout]     = note: see <https://doc.rust-lang.org/nightly/rustc/check-cfg/cargo-specifics.html> for more information about checking conditional configuration
[INFO] [stdout] 
[INFO] [stdout] 
[INFO] [stdout] warning: unexpected `cfg` condition value: `sessions`
[INFO] [stdout]    --> src/utils/request.rs:498:11
[INFO] [stdout]     |
[INFO] [stdout] 498 |     #[cfg(feature = "sessions")]
[INFO] [stdout]     |           ^^^^^^^^^^^^^^^^^^^^
[INFO] [stdout]     |
[INFO] [stdout]     = note: expected values for `feature` are: `default`, `macros`, `summer-boot-macro`, and `unstable`
[INFO] [stdout]     = help: consider adding `sessions` as a feature in `Cargo.toml`
[INFO] [stdout]     = note: see <https://doc.rust-lang.org/nightly/rustc/check-cfg/cargo-specifics.html> for more information about checking conditional configuration
[INFO] [stdout] 
[INFO] [stdout] 
[INFO] [stdout] warning: unexpected `cfg` condition value: `cookies`
[INFO] [stdout]    --> src/utils/response.rs:146:11
[INFO] [stdout]     |
[INFO] [stdout] 146 |     #[cfg(feature = "cookies")]
[INFO] [stdout]     |           ^^^^^^^^^^^^^^^^^^^
[INFO] [stdout]     |
[INFO] [stdout]     = note: expected values for `feature` are: `default`, `macros`, `summer-boot-macro`, and `unstable`
[INFO] [stdout]     = help: consider adding `cookies` as a feature in `Cargo.toml`
[INFO] [stdout]     = note: see <https://doc.rust-lang.org/nightly/rustc/check-cfg/cargo-specifics.html> for more information about checking conditional configuration
[INFO] [stdout] 
[INFO] [stdout] 
[INFO] [stdout] warning: unexpected `cfg` condition value: `cookies`
[INFO] [stdout]    --> src/utils/response.rs:151:11
[INFO] [stdout]     |
[INFO] [stdout] 151 |     #[cfg(feature = "cookies")]
[INFO] [stdout]     |           ^^^^^^^^^^^^^^^^^^^
[INFO] [stdout]     |
[INFO] [stdout]     = note: expected values for `feature` are: `default`, `macros`, `summer-boot-macro`, and `unstable`
[INFO] [stdout]     = help: consider adding `cookies` as a feature in `Cargo.toml`
[INFO] [stdout]     = note: see <https://doc.rust-lang.org/nightly/rustc/check-cfg/cargo-specifics.html> for more information about checking conditional configuration
[INFO] [stdout] 
[INFO] [stdout] 
[INFO] [stdout] warning: unexpected `cfg` condition value: `cookies`
[INFO] [stdout]    --> src/utils/response.rs:192:19
[INFO] [stdout]     |
[INFO] [stdout] 192 |             #[cfg(feature = "cookies")]
[INFO] [stdout]     |                   ^^^^^^^^^^^^^^^^^^^
[INFO] [stdout]     |
[INFO] [stdout]     = note: expected values for `feature` are: `default`, `macros`, `summer-boot-macro`, and `unstable`
[INFO] [stdout]     = help: consider adding `cookies` as a feature in `Cargo.toml`
[INFO] [stdout]     = note: see <https://doc.rust-lang.org/nightly/rustc/check-cfg/cargo-specifics.html> for more information about checking conditional configuration
[INFO] [stdout] 
[INFO] [stdout] 
[INFO] [stdout] warning: unexpected `cfg` condition value: `cookies`
[INFO] [stdout]    --> src/utils/response.rs:249:19
[INFO] [stdout]     |
[INFO] [stdout] 249 |             #[cfg(feature = "cookies")]
[INFO] [stdout]     |                   ^^^^^^^^^^^^^^^^^^^
[INFO] [stdout]     |
[INFO] [stdout]     = note: expected values for `feature` are: `default`, `macros`, `summer-boot-macro`, and `unstable`
[INFO] [stdout]     = help: consider adding `cookies` as a feature in `Cargo.toml`
[INFO] [stdout]     = note: see <https://doc.rust-lang.org/nightly/rustc/check-cfg/cargo-specifics.html> for more information about checking conditional configuration
[INFO] [stdout] 
[INFO] [stdout] 
[INFO] [stdout] warning: unexpected `cfg` condition value: `cookies`
[INFO] [stdout]    --> src/utils/response.rs:260:19
[INFO] [stdout]     |
[INFO] [stdout] 260 |             #[cfg(feature = "cookies")]
[INFO] [stdout]     |                   ^^^^^^^^^^^^^^^^^^^
[INFO] [stdout]     |
[INFO] [stdout]     = note: expected values for `feature` are: `default`, `macros`, `summer-boot-macro`, and `unstable`
[INFO] [stdout]     = help: consider adding `cookies` as a feature in `Cargo.toml`
[INFO] [stdout]     = note: see <https://doc.rust-lang.org/nightly/rustc/check-cfg/cargo-specifics.html> for more information about checking conditional configuration
[INFO] [stdout] 
[INFO] [stdout] 
[INFO] [stdout] warning: method `poll_accept` is never used
[INFO] [stdout]   --> src/server/accept.rs:22:8
[INFO] [stdout]    |
[INFO] [stdout] 15 | pub trait Accept {
[INFO] [stdout]    |           ------ method in this trait
[INFO] [stdout] ...
[INFO] [stdout] 22 |     fn poll_accept(
[INFO] [stdout]    |        ^^^^^^^^^^^
[INFO] [stdout]    |
[INFO] [stdout]    = note: `#[warn(dead_code)]` on by default
[INFO] [stdout] 
[INFO] [stdout] 
[INFO] [stderr]     Finished `test` profile [unoptimized + debuginfo] target(s) in 5.88s
[INFO] running `Command { std: "docker" "inspect" "53643d8c26f337abc1fad14f0c9def9b872b23c3cd56b11c648f3254802a1660", kill_on_drop: false }`
[INFO] running `Command { std: "docker" "rm" "-f" "53643d8c26f337abc1fad14f0c9def9b872b23c3cd56b11c648f3254802a1660", kill_on_drop: false }`
[INFO] [stdout] 53643d8c26f337abc1fad14f0c9def9b872b23c3cd56b11c648f3254802a1660
[INFO] running `Command { std: "docker" "create" "-v" "/var/lib/crater-agent-workspace/builds/worker-0-tc2/target:/opt/rustwide/target:rw,Z" "-v" "/var/lib/crater-agent-workspace/builds/worker-0-tc2/source:/opt/rustwide/workdir:ro,Z" "-v" "/var/lib/crater-agent-workspace/cargo-home:/opt/rustwide/cargo-home:ro,Z" "-v" "/var/lib/crater-agent-workspace/rustup-home:/opt/rustwide/rustup-home:ro,Z" "-e" "SOURCE_DIR=/opt/rustwide/workdir" "-e" "CARGO_TARGET_DIR=/opt/rustwide/target" "-e" "CARGO_INCREMENTAL=0" "-e" "RUST_BACKTRACE=full" "-e" "RUSTFLAGS=--cap-lints=warn" "-e" "RUSTDOCFLAGS=--cap-lints=warn" "-e" "CARGO_HOME=/opt/rustwide/cargo-home" "-e" "RUSTUP_HOME=/opt/rustwide/rustup-home" "-w" "/opt/rustwide/workdir" "-m" "1610612736" "--user" "0:0" "--network" "none" "ghcr.io/rust-lang/crates-build-env/linux@sha256:f3a9d4ad9d972b27faf3965f35b62e55ba32bbce8f20bc8fe909558a86702fde" "/opt/rustwide/cargo-home/bin/cargo" "+beta-2024-12-08" "test" "--frozen", kill_on_drop: false }`
[INFO] [stdout] 29eb5a6726cf036f9bc1dd51720d683425333c83075667015db778f8c5393869
[INFO] running `Command { std: "docker" "start" "-a" "29eb5a6726cf036f9bc1dd51720d683425333c83075667015db778f8c5393869", kill_on_drop: false }`
[INFO] [stderr] warning: unexpected `cfg` condition value: `http1`
[INFO] [stderr]  --> src/common/task.rs:1:7
[INFO] [stderr]   |
[INFO] [stderr] 1 | #[cfg(feature = "http1")]
[INFO] [stderr]   |       ^^^^^^^^^^^^^^^^^
[INFO] [stderr]   |
[INFO] [stderr]   = note: expected values for `feature` are: `default`, `macros`, `summer-boot-macro`, and `unstable`
[INFO] [stderr]   = help: consider adding `http1` as a feature in `Cargo.toml`
[INFO] [stderr]   = note: see <https://doc.rust-lang.org/nightly/rustc/check-cfg/cargo-specifics.html> for more information about checking conditional configuration
[INFO] [stderr]   = note: `#[warn(unexpected_cfgs)]` on by default
[INFO] [stderr] 
[INFO] [stderr] warning: unexpected `cfg` condition value: `http1`
[INFO] [stderr]  --> src/common/task.rs:9:7
[INFO] [stderr]   |
[INFO] [stderr] 9 | #[cfg(feature = "http1")]
[INFO] [stderr]   |       ^^^^^^^^^^^^^^^^^
[INFO] [stderr]   |
[INFO] [stderr]   = note: expected values for `feature` are: `default`, `macros`, `summer-boot-macro`, and `unstable`
[INFO] [stderr]   = help: consider adding `http1` as a feature in `Cargo.toml`
[INFO] [stderr]   = note: see <https://doc.rust-lang.org/nightly/rustc/check-cfg/cargo-specifics.html> for more information about checking conditional configuration
[INFO] [stderr] 
[INFO] [stderr] warning: unexpected `cfg` condition value: `docs`
[INFO] [stderr]   --> src/gateway/route.rs:76:37
[INFO] [stderr]    |
[INFO] [stderr] 76 |     #[cfg(any(feature = "unstable", feature = "docs"))]
[INFO] [stderr]    |                                     ^^^^^^^^^^^^^^^^
[INFO] [stderr]    |
[INFO] [stderr]    = note: expected values for `feature` are: `default`, `macros`, `summer-boot-macro`, and `unstable`
[INFO] [stderr]    = help: consider adding `docs` as a feature in `Cargo.toml`
[INFO] [stderr]    = note: see <https://doc.rust-lang.org/nightly/rustc/check-cfg/cargo-specifics.html> for more information about checking conditional configuration
[INFO] [stderr] 
[INFO] [stderr] warning: unexpected `cfg` condition value: `cookies`
[INFO] [stderr]    --> src/utils/request.rs:475:11
[INFO] [stderr]     |
[INFO] [stderr] 475 |     #[cfg(feature = "cookies")]
[INFO] [stderr]     |           ^^^^^^^^^^^^^^^^^^^
[INFO] [stderr]     |
[INFO] [stderr]     = note: expected values for `feature` are: `default`, `macros`, `summer-boot-macro`, and `unstable`
[INFO] [stderr]     = help: consider adding `cookies` as a feature in `Cargo.toml`
[INFO] [stderr]     = note: see <https://doc.rust-lang.org/nightly/rustc/check-cfg/cargo-specifics.html> for more information about checking conditional configuration
[INFO] [stderr] 
[INFO] [stderr] warning: unexpected `cfg` condition value: `sessions`
[INFO] [stderr]    --> src/utils/request.rs:487:11
[INFO] [stderr]     |
[INFO] [stderr] 487 |     #[cfg(feature = "sessions")]
[INFO] [stderr]     |           ^^^^^^^^^^^^^^^^^^^^
[INFO] [stderr]     |
[INFO] [stderr]     = note: expected values for `feature` are: `default`, `macros`, `summer-boot-macro`, and `unstable`
[INFO] [stderr]     = help: consider adding `sessions` as a feature in `Cargo.toml`
[INFO] [stderr]     = note: see <https://doc.rust-lang.org/nightly/rustc/check-cfg/cargo-specifics.html> for more information about checking conditional configuration
[INFO] [stderr] 
[INFO] [stderr] warning: unexpected `cfg` condition value: `sessions`
[INFO] [stderr]    --> src/utils/request.rs:498:11
[INFO] [stderr]     |
[INFO] [stderr] 498 |     #[cfg(feature = "sessions")]
[INFO] [stderr]     |           ^^^^^^^^^^^^^^^^^^^^
[INFO] [stderr]     |
[INFO] [stderr]     = note: expected values for `feature` are: `default`, `macros`, `summer-boot-macro`, and `unstable`
[INFO] [stderr]     = help: consider adding `sessions` as a feature in `Cargo.toml`
[INFO] [stderr]     = note: see <https://doc.rust-lang.org/nightly/rustc/check-cfg/cargo-specifics.html> for more information about checking conditional configuration
[INFO] [stderr] 
[INFO] [stderr] warning: unexpected `cfg` condition value: `cookies`
[INFO] [stderr]    --> src/utils/response.rs:146:11
[INFO] [stderr]     |
[INFO] [stderr] 146 |     #[cfg(feature = "cookies")]
[INFO] [stderr]     |           ^^^^^^^^^^^^^^^^^^^
[INFO] [stderr]     |
[INFO] [stderr]     = note: expected values for `feature` are: `default`, `macros`, `summer-boot-macro`, and `unstable`
[INFO] [stderr]     = help: consider adding `cookies` as a feature in `Cargo.toml`
[INFO] [stderr]     = note: see <https://doc.rust-lang.org/nightly/rustc/check-cfg/cargo-specifics.html> for more information about checking conditional configuration
[INFO] [stderr] 
[INFO] [stderr] warning: unexpected `cfg` condition value: `cookies`
[INFO] [stderr]    --> src/utils/response.rs:151:11
[INFO] [stderr]     |
[INFO] [stderr] 151 |     #[cfg(feature = "cookies")]
[INFO] [stderr]     |           ^^^^^^^^^^^^^^^^^^^
[INFO] [stderr]     |
[INFO] [stderr]     = note: expected values for `feature` are: `default`, `macros`, `summer-boot-macro`, and `unstable`
[INFO] [stderr]     = help: consider adding `cookies` as a feature in `Cargo.toml`
[INFO] [stderr]     = note: see <https://doc.rust-lang.org/nightly/rustc/check-cfg/cargo-specifics.html> for more information about checking conditional configuration
[INFO] [stderr] 
[INFO] [stderr] warning: unexpected `cfg` condition value: `cookies`
[INFO] [stderr]    --> src/utils/response.rs:192:19
[INFO] [stderr]     |
[INFO] [stderr] 192 |             #[cfg(feature = "cookies")]
[INFO] [stderr]     |                   ^^^^^^^^^^^^^^^^^^^
[INFO] [stderr]     |
[INFO] [stderr]     = note: expected values for `feature` are: `default`, `macros`, `summer-boot-macro`, and `unstable`
[INFO] [stderr]     = help: consider adding `cookies` as a feature in `Cargo.toml`
[INFO] [stderr]     = note: see <https://doc.rust-lang.org/nightly/rustc/check-cfg/cargo-specifics.html> for more information about checking conditional configuration
[INFO] [stderr] 
[INFO] [stderr] warning: unexpected `cfg` condition value: `cookies`
[INFO] [stderr]    --> src/utils/response.rs:249:19
[INFO] [stderr]     |
[INFO] [stderr] 249 |             #[cfg(feature = "cookies")]
[INFO] [stderr]     |                   ^^^^^^^^^^^^^^^^^^^
[INFO] [stderr]     |
[INFO] [stderr]     = note: expected values for `feature` are: `default`, `macros`, `summer-boot-macro`, and `unstable`
[INFO] [stderr]     = help: consider adding `cookies` as a feature in `Cargo.toml`
[INFO] [stderr]     = note: see <https://doc.rust-lang.org/nightly/rustc/check-cfg/cargo-specifics.html> for more information about checking conditional configuration
[INFO] [stderr] 
[INFO] [stderr] warning: unexpected `cfg` condition value: `cookies`
[INFO] [stderr]    --> src/utils/response.rs:260:19
[INFO] [stderr]     |
[INFO] [stderr] 260 |             #[cfg(feature = "cookies")]
[INFO] [stderr]     |                   ^^^^^^^^^^^^^^^^^^^
[INFO] [stderr]     |
[INFO] [stderr]     = note: expected values for `feature` are: `default`, `macros`, `summer-boot-macro`, and `unstable`
[INFO] [stderr]     = help: consider adding `cookies` as a feature in `Cargo.toml`
[INFO] [stderr]     = note: see <https://doc.rust-lang.org/nightly/rustc/check-cfg/cargo-specifics.html> for more information about checking conditional configuration
[INFO] [stderr] 
[INFO] [stderr] warning: method `poll_accept` is never used
[INFO] [stderr]   --> src/server/accept.rs:22:8
[INFO] [stderr]    |
[INFO] [stderr] 15 | pub trait Accept {
[INFO] [stderr]    |           ------ method in this trait
[INFO] [stderr] ...
[INFO] [stderr] 22 |     fn poll_accept(
[INFO] [stderr]    |        ^^^^^^^^^^^
[INFO] [stderr]    |
[INFO] [stderr]    = note: `#[warn(dead_code)]` on by default
[INFO] [stderr] 
[INFO] [stderr] warning: `summer-boot` (lib) generated 12 warnings
[INFO] [stderr] warning: `summer-boot` (lib test) generated 12 warnings (12 duplicates)
[INFO] [stderr]     Finished `test` profile [unoptimized + debuginfo] target(s) in 0.22s
[INFO] [stderr]      Running unittests src/lib.rs (/opt/rustwide/target/debug/deps/summer_boot-8e0740f605ea9a24)
[INFO] [stdout] 
[INFO] [stdout] running 19 tests
[INFO] [stdout] test http1::date::tests::test_rfc_example ... ok
[INFO] [stdout] test http1::date::tests::test_fmt ... ok
[INFO] [stdout] test http1::date::tests::size_of ... ok
[INFO] [stdout] test http1::date::tests::test2 ... ok
[INFO] [stdout] test server::server::test::allow_nested_server_with_same_state ... ok
[INFO] [stdout] test tcp::to_listener_impls::parse_tests::invalid_str_input ... ok
[INFO] [stdout] test http1::date::tests::test3 ... ok
[INFO] [stdout] test tcp::to_listener_impls::parse_tests::str_tls_parse_and_url ... ok
[INFO] [stdout] test server::server::test::allow_nested_server_with_different_state ... ok
[INFO] [stdout] test tcp::to_listener_impls::parse_tests::str_to_socket_addr ... ok
[INFO] [stdout] test tcp::to_listener_impls::parse_tests::str_unknown_scheme ... ok
[INFO] [stdout] test tcp::to_listener_impls::parse_tests::str_url_to_tcp_listener ... ok
[INFO] [stdout] test tcp::to_listener_impls::parse_tests::to_listener_impls_compile ... ok
[INFO] [stdout] test tcp::to_listener_impls::parse_tests::unix::colon_port_does_not_work ... ok
[INFO] [stdout] test http1::decode::tests::test_chunked_big ... ok
[INFO] [stdout] test http1::decode::tests::test_chunked_wiki ... ok
[INFO] [stdout] test http1::decode::tests::test_chunked_mdn ... ok
[INFO] [stdout] test tcp::to_listener_impls::parse_tests::url_to_tcp_listener ... ok
[INFO] [stdout] test tcp::to_listener_impls::parse_tests::unix::str_url_to_unix_listener ... ok
[INFO] [stdout] 
[INFO] [stdout] test result: ok. 19 passed; 0 failed; 0 ignored; 0 measured; 0 filtered out; finished in 0.01s
[INFO] [stdout] 
[INFO] [stderr]    Doc-tests summer_boot
[INFO] [stdout] 
[INFO] [stdout] running 23 tests
[INFO] [stdout] test src/server/endpoint.rs - server::endpoint::Endpoint (line 22) - compile ... ok
[INFO] [stdout] test src/server/server.rs - server::server::Server<State>::listen (line 207) - compile ... ok
[INFO] [stdout] test src/server/server.rs - server::server::Server<State>::at (line 165) - compile ... ok
[INFO] [stdout] test src/server/server.rs - server::server::Server<()>::new (line 49) - compile ... ok
[INFO] [stdout] test src/utils/request.rs - utils::request::Request<State>::body_string (line 405) - compile ... ok
[INFO] [stdout] test src/gateway/route.rs - gateway::route::Route<'a,State>::serve_dir (line 159) - compile ... ok
[INFO] [stdout] test src/server/endpoint.rs - server::endpoint::Endpoint (line 33) - compile ... ok
[INFO] [stdout] test src/server/server.rs - server::server::Server<State>::at (line 154) - compile ... ok
[INFO] [stdout] test src/utils/request.rs - utils::request::Request<State>::method (line 45) - compile ... ok
[INFO] [stdout] test src/server/server.rs - server::server::Server<State>::with_state (line 107) - compile ... ok
[INFO] [stdout] test src/utils/request.rs - utils::request::Request<State>::wildcard (line 284) - compile ... ok
[INFO] [stdout] test src/utils/request.rs - utils::request::Request<State>::param (line 252) - compile ... ok
[INFO] [stdout] test src/gateway/route.rs - gateway::route::Route<'a,State>::nest (line 111) - compile ... ok
[INFO] [stdout] test src/utils/request.rs - utils::request::Request<State>::version (line 75) - compile ... ok
[INFO] [stdout] test src/utils/request.rs - utils::request::Request<State>::header (line 143) - compile ... ok
[INFO] [stdout] test src/utils/request.rs - utils::request::Request<State>::body_bytes (line 373) - compile ... ok
[INFO] [stdout] test src/server/server.rs - server::server::Server<State>::respond (line 256) - compile ... ok
[INFO] [stdout] test src/log/logging_system.rs - log::logging_system::LoggingSystem (line 10) ... FAILED
[INFO] [stdout] test src/log/mod.rs - log (line 6) ... ok
[INFO] [stdout] test src/utils/util.rs - utils::util::Before (line 13) ... ok
[INFO] [stdout] test src/utils/request.rs - utils::request::Request<State>::query (line 314) ... ok
[INFO] [stdout] test src/server/server.rs - server::server::Server<State>::state (line 303) ... ok
[INFO] [stdout] test src/utils/request.rs - utils::request::Request<State>::body_form (line 439) ... ok
[INFO] [stdout] 
[INFO] [stdout] failures:
[INFO] [stdout] 
[INFO] [stdout] ---- src/log/logging_system.rs - log::logging_system::LoggingSystem (line 10) stdout ----
[INFO] [stdout] error: linking with `cc` failed: exit status: 1
[INFO] [stdout]   |
[INFO] [stdout]   = note: LC_ALL="C" PATH="/opt/rustwide/rustup-home/toolchains/beta-2024-12-08-x86_64-unknown-linux-gnu/lib/rustlib/x86_64-unknown-linux-gnu/bin:/opt/rustwide/cargo-home/bin:/usr/local/sbin:/usr/local/bin:/usr/sbin:/usr/bin:/sbin:/bin" VSLANG="1033" "cc" "-m64" "/tmp/rustc6PyWp5/symbols.o" "/tmp/rustdoctestAbL69O/rust_out.rust_out.9242fac72db2cd11-cgu.0.rcgu.o" "/tmp/rustdoctestAbL69O/rust_out.2hl2tb9xdtge7mguxzn2q1kvi.rcgu.o" "-Wl,--as-needed" "-Wl,-Bstatic" "/opt/rustwide/target/debug/deps/libsummer_boot-f8266a07654a28af.rlib" "/opt/rustwide/target/debug/deps/libtokio-bc856ffb13426520.rlib" "/opt/rustwide/target/debug/deps/libsignal_hook_registry-e39bbd51ff6364f9.rlib" "/opt/rustwide/target/debug/deps/libsocket2-433ce6310ebfb808.rlib" "/opt/rustwide/target/debug/deps/libbytes-d350a029aac7517f.rlib" "/opt/rustwide/target/debug/deps/libmio-8e9e0b65b4a17abc.rlib" "/opt/rustwide/target/debug/deps/libparking_lot-b5b5fc0a294afc53.rlib" "/opt/rustwide/target/debug/deps/libparking_lot_core-e8ea8cdb8ff886a9.rlib" "/opt/rustwide/target/debug/deps/liblock_api-6967e438d0a7fd52.rlib" "/opt/rustwide/target/debug/deps/libscopeguard-f937485db0060aca.rlib" "/opt/rustwide/target/debug/deps/libhttparse-f69ea1a7261f1ab3.rlib" "/opt/rustwide/target/debug/deps/libfutures_util-1d4f257f25f2d006.rlib" "/opt/rustwide/target/debug/deps/libfutures_task-c53a98e83ad67eed.rlib" "/opt/rustwide/target/debug/deps/libpin_utils-e8360a4d12f71807.rlib" "/opt/rustwide/target/debug/deps/libpin_project-c4b2516f91018d5d.rlib" "/opt/rustwide/target/debug/deps/libasync_dup-2dd8a6fd91ab3164.rlib" "/opt/rustwide/target/debug/deps/libhttp_types-2afa069e0d7a88ce.rlib" "/opt/rustwide/target/debug/deps/libserde_qs-671526261d453386.rlib" "/opt/rustwide/target/debug/deps/libthiserror-adabc6dbccefd567.rlib" "/opt/rustwide/target/debug/deps/libanyhow-b6ac5cb3191c5e3f.rlib" "/opt/rustwide/target/debug/deps/libserde_urlencoded-37065778d610e596.rlib" "/opt/rustwide/target/debug/deps/libfutures_lite-dee175a73da27c07.rlib" "/opt/rustwide/target/debug/deps/libfastrand-9a0695f12d217e0d.rlib" "/opt/rustwide/target/debug/deps/libwaker_fn-17f48aa3d2d14bc7.rlib" "/opt/rustwide/target/debug/deps/librand-7b3fbdf23b3c7df3.rlib" "/opt/rustwide/target/debug/deps/librand_chacha-42f6101e76190553.rlib" "/opt/rustwide/target/debug/deps/librand_core-638c22c84af268fa.rlib" "/opt/rustwide/target/debug/deps/libgetrandom-142702063b5e6be6.rlib" "/opt/rustwide/target/debug/deps/libinfer-e19e0e58bffc2c58.rlib" "/opt/rustwide/target/debug/deps/liburl-1f54d8431c2c8178.rlib" "/opt/rustwide/target/debug/deps/libidna-90779e0d512b84b5.rlib" "/opt/rustwide/target/debug/deps/libidna_adapter-731c4e6bb46b207d.rlib" "/opt/rustwide/target/debug/deps/libicu_normalizer-66fa059fc1971b02.rlib" "/opt/rustwide/target/debug/deps/libicu_normalizer_data-d3c2725a089a2467.rlib" "/opt/rustwide/target/debug/deps/libwrite16-d15e33f2b3b5e6d8.rlib" "/opt/rustwide/target/debug/deps/libutf8_iter-d5e8daeaacfd8f95.rlib" "/opt/rustwide/target/debug/deps/libutf16_iter-9749a04129eccc81.rlib" "/opt/rustwide/target/debug/deps/libsmallvec-53fd8ee9edcafbcd.rlib" "/opt/rustwide/target/debug/deps/libicu_properties-46e3205f8881ba8f.rlib" "/opt/rustwide/target/debug/deps/libicu_properties_data-8db115c81033ba3a.rlib" "/opt/rustwide/target/debug/deps/libicu_locid_transform-5e91e601f8d7860d.rlib" "/opt/rustwide/target/debug/deps/libicu_locid_transform_data-b75aeb662448ba61.rlib" "/opt/rustwide/target/debug/deps/libicu_collections-4775e53f09f86c67.rlib" "/opt/rustwide/target/debug/deps/libicu_provider-aab12e62eb21a968.rlib" "/opt/rustwide/target/debug/deps/libicu_locid-5c6afad52a166631.rlib" "/opt/rustwide/target/debug/deps/liblitemap-f4f1c45b9b1b6474.rlib" "/opt/rustwide/target/debug/deps/libtinystr-8cb4f4e4e162fb31.rlib" "/opt/rustwide/target/debug/deps/libzerovec-e3bf4d958f5b955c.rlib" "/opt/rustwide/target/debug/deps/libwriteable-d425da3f2cf37998.rlib" "/opt/rustwide/target/debug/deps/libyoke-b55b3062831cfcff.rlib" "/opt/rustwide/target/debug/deps/libzerofrom-5d80ea442dd530a4.rlib" "/opt/rustwide/target/debug/deps/libstable_deref_trait-8e22d1dc883a4bb5.rlib" "/opt/rustwide/target/debug/deps/libform_urlencoded-59e65d5ba0f82c92.rlib" "/opt/rustwide/target/debug/deps/libcookie-3fd0df9448a1db85.rlib" "/opt/rustwide/target/debug/deps/libhkdf-ae8d22436acfebbe.rlib" "/opt/rustwide/target/debug/deps/libhmac-4987ca4e4313bca1.rlib" "/opt/rustwide/target/debug/deps/libcrypto_mac-f2f0f98ae0eee44d.rlib" "/opt/rustwide/target/debug/deps/libsha2-ae3acffce84e2ef0.rlib" "/opt/rustwide/target/debug/deps/libcpufeatures-13f0d802b744a919.rlib" "/opt/rustwide/target/debug/deps/libdigest-b9edba3ca9fdea29.rlib" "/opt/rustwide/target/debug/deps/libblock_buffer-2cb434d3f63394c1.rlib" "/opt/rustwide/target/debug/deps/libaes_gcm-14f39c961ec422d1.rlib" "/opt/rustwide/target/debug/deps/libghash-ab03de4877c50e29.rlib" "/opt/rustwide/target/debug/deps/libpolyval-82b35ce6e51a6609.rlib" "/opt/rustwide/target/debug/deps/libcpuid_bool-348bfd9861c2f1b4.rlib" "/opt/rustwide/target/debug/deps/libuniversal_hash-a5071ff107103ea2.rlib" "/opt/rustwide/target/debug/deps/libsubtle-7a0923624edc433d.rlib" "/opt/rustwide/target/debug/deps/libctr-e4b96528cf71daf2.rlib" "/opt/rustwide/target/debug/deps/libaes-5877a75dcbd59057.rlib" "/opt/rustwide/target/debug/deps/libaes_soft-dc85068a0a4b7195.rlib" "/opt/rustwide/target/debug/deps/libopaque_debug-c90d164c19f6e835.rlib" "/opt/rustwide/target/debug/deps/libcipher-b9bf91cb86a18bb1.rlib" "/opt/rustwide/target/debug/deps/libaead-c568f01aa2832c92.rlib" "/opt/rustwide/target/debug/deps/libgeneric_array-1232896da930c2c2.rlib" "/opt/rustwide/target/debug/deps/libtypenum-b40ba058056b0bf8.rlib" "/opt/rustwide/target/debug/deps/libbase64-fca76a9e376e88b4.rlib" "/opt/rustwide/target/debug/deps/librand-21e5b2d9cadc6874.rlib" "/opt/rustwide/target/debug/deps/librand_chacha-7dc64ffc84bba07d.rlib" "/opt/rustwide/target/debug/deps/libppv_lite86-fdf58e856de477b6.rlib" "/opt/rustwide/target/debug/deps/libzerocopy-a2bc5fbca0d06b40.rlib" "/opt/rustwide/target/debug/deps/libbyteorder-1330d4a483bc0841.rlib" "/opt/rustwide/target/debug/deps/librand_core-24762e9e1e96b4fc.rlib" "/opt/rustwide/target/debug/deps/libgetrandom-4ed2622a5aaffb15.rlib" "/opt/rustwide/target/debug/deps/liblibc-ab537429a1f68abe.rlib" "/opt/rustwide/target/debug/deps/libtime-39a4d21937fb6ca3.rlib" "/opt/rustwide/target/debug/deps/libtime_macros-14c6339dd39bea0a.rlib" "/opt/rustwide/target/debug/deps/libstandback-c983ed9629e1d6c3.rlib" "/opt/rustwide/target/debug/deps/libpercent_encoding-fc63a8437ca6afa3.rlib" "/opt/rustwide/target/debug/deps/libroutefinder-5884d3861132d46b.rlib" "/opt/rustwide/target/debug/deps/libsmartcow-581eaf51dad5bf2a.rlib" "/opt/rustwide/target/debug/deps/libsmartstring-80981d594923d30c.rlib" "/opt/rustwide/target/debug/deps/libstatic_assertions-0ef270c4de502b0e.rlib" "/opt/rustwide/target/debug/deps/libasync_std-4d6ab7cc49dfe6d4.rlib" "/opt/rustwide/target/debug/deps/libasync_global_executor-95c70267cd1f10bf.rlib" "/opt/rustwide/target/debug/deps/libblocking-9507b7e339b41839.rlib" "/opt/rustwide/target/debug/deps/libpiper-c3cc957ff8aa90c1.rlib" "/opt/rustwide/target/debug/deps/libatomic_waker-6cd29d6269b9677d.rlib" "/opt/rustwide/target/debug/deps/libasync_channel-be9ceeb66a6487bc.rlib" "/opt/rustwide/target/debug/deps/libasync_executor-479a5d6d27b544fd.rlib" "/opt/rustwide/target/debug/deps/libasync_task-31a78d450c373624.rlib" "/opt/rustwide/target/debug/deps/libonce_cell-0a05695a483fa658.rlib" "/opt/rustwide/target/debug/deps/libasync_io-593428cf56ba9aae.rlib" "/opt/rustwide/target/debug/deps/libslab-1467acbaaf6df1c2.rlib" "/opt/rustwide/target/debug/deps/libpolling-c3cb2c05afd78e0e.rlib" "/opt/rustwide/target/debug/deps/libtracing-3b40298be3b56d58.rlib" "/opt/rustwide/target/debug/deps/libtracing_core-5cef29913e713fec.rlib" "/opt/rustwide/target/debug/deps/libcfg_if-a3e7e701fcd1f47b.rlib" "/opt/rustwide/target/debug/deps/librustix-5c0e449ad80578b7.rlib" "/opt/rustwide/target/debug/deps/libbitflags-e303ea873600dc51.rlib" "/opt/rustwide/target/debug/deps/liblinux_raw_sys-af28905e61ad43ed.rlib" "/opt/rustwide/target/debug/deps/libfutures_lite-4a71dcdb78d02eb4.rlib" "/opt/rustwide/target/debug/deps/libfastrand-97c3159d7ee7d95b.rlib" "/opt/rustwide/target/debug/deps/libfutures_io-21bfb1226bcc61eb.rlib" "/opt/rustwide/target/debug/deps/libasync_channel-98bdfd34b45db17a.rlib" "/opt/rustwide/target/debug/deps/libevent_listener-76e2a18e8ad83b9d.rlib" "/opt/rustwide/target/debug/deps/libconcurrent_queue-f8d777aa8d77c59d.rlib" "/opt/rustwide/target/debug/deps/libcrossbeam_utils-0d72a2b2b371b2bb.rlib" "/opt/rustwide/target/debug/deps/libasync_lock-bcf38bbdfabaff54.rlib" "/opt/rustwide/target/debug/deps/libevent_listener_strategy-09e2a1e06d821079.rlib" "/opt/rustwide/target/debug/deps/libevent_listener-9f01ea9faf839b56.rlib" "/opt/rustwide/target/debug/deps/libparking-d55d0bf803eccf7e.rlib" "/opt/rustwide/target/debug/deps/libpin_project_lite-7402bb5815a515fa.rlib" "/opt/rustwide/target/debug/deps/libfutures_core-155b59cd655dda41.rlib" "/opt/rustwide/target/debug/deps/libfemme-88a0183ef185ec51.rlib" "/opt/rustwide/target/debug/deps/libserde_json-a8109674ad947842.rlib" "/opt/rustwide/target/debug/deps/libmemchr-412d53cbfea52259.rlib" "/opt/rustwide/target/debug/deps/libitoa-87633a66effadcdd.rlib" "/opt/rustwide/target/debug/deps/libryu-6e02dac7c3b6be75.rlib" "/opt/rustwide/target/debug/deps/libkv_log_macro-6b470c4b633fe785.rlib" "/opt/rustwide/target/debug/deps/liblog-691f5783b7e3d0d5.rlib" "/opt/rustwide/target/debug/deps/libvalue_bag-89862a8570304fe6.rlib" "/opt/rustwide/target/debug/deps/libvalue_bag_serde1-62f92b43d81d84ec.rlib" "/opt/rustwide/target/debug/deps/libserde_fmt-552eb3705c2d2975.rlib" "/opt/rustwide/target/debug/deps/liberased_serde-c0274e9a48c6ca4c.rlib" "/opt/rustwide/target/debug/deps/libtypeid-3ac04df94cebc5d0.rlib" "/opt/rustwide/target/debug/deps/libserde-44e6b32c7f49887b.rlib" "/opt/rustwide/rustup-home/toolchains/beta-2024-12-08-x86_64-unknown-linux-gnu/lib/rustlib/x86_64-unknown-linux-gnu/lib/libstd-02dc84f49135b6b8.rlib" "/opt/rustwide/rustup-home/toolchains/beta-2024-12-08-x86_64-unknown-linux-gnu/lib/rustlib/x86_64-unknown-linux-gnu/lib/libpanic_unwind-a8f45b397fae3f81.rlib" "/opt/rustwide/rustup-home/toolchains/beta-2024-12-08-x86_64-unknown-linux-gnu/lib/rustlib/x86_64-unknown-linux-gnu/lib/libobject-089607133c180609.rlib" "/opt/rustwide/rustup-home/toolchains/beta-2024-12-08-x86_64-unknown-linux-gnu/lib/rustlib/x86_64-unknown-linux-gnu/lib/libmemchr-fc89f091bcd86cbb.rlib" "/opt/rustwide/rustup-home/toolchains/beta-2024-12-08-x86_64-unknown-linux-gnu/lib/rustlib/x86_64-unknown-linux-gnu/lib/libaddr2line-5a60949f01c7340c.rlib" "/opt/rustwide/rustup-home/toolchains/beta-2024-12-08-x86_64-unknown-linux-gnu/lib/rustlib/x86_64-unknown-linux-gnu/lib/libgimli-d29e6a55ca253c8c.rlib" "/opt/rustwide/rustup-home/toolchains/beta-2024-12-08-x86_64-unknown-linux-gnu/lib/rustlib/x86_64-unknown-linux-gnu/lib/librustc_demangle-273c078d5f65de7a.rlib" "/opt/rustwide/rustup-home/toolchains/beta-2024-12-08-x86_64-unknown-linux-gnu/lib/rustlib/x86_64-unknown-linux-gnu/lib/libstd_detect-413c950ffbdd4454.rlib" "/opt/rustwide/rustup-home/toolchains/beta-2024-12-08-x86_64-unknown-linux-gnu/lib/rustlib/x86_64-unknown-linux-gnu/lib/libhashbrown-1853c0976a1d88a6.rlib" "/opt/rustwide/rustup-home/toolchains/beta-2024-12-08-x86_64-unknown-linux-gnu/lib/rustlib/x86_64-unknown-linux-gnu/lib/librustc_std_workspace_alloc-ccb3384ddacb0f9e.rlib" "/opt/rustwide/rustup-home/toolchains/beta-2024-12-08-x86_64-unknown-linux-gnu/lib/rustlib/x86_64-unknown-linux-gnu/lib/libminiz_oxide-0b901dfb0ca849e0.rlib" "/opt/rustwide/rustup-home/toolchains/beta-2024-12-08-x86_64-unknown-linux-gnu/lib/rustlib/x86_64-unknown-linux-gnu/lib/libadler-eebeb8d7c64543ad.rlib" "/opt/rustwide/rustup-home/toolchains/beta-2024-12-08-x86_64-unknown-linux-gnu/lib/rustlib/x86_64-unknown-linux-gnu/lib/libunwind-4723ef81d6079867.rlib" "/opt/rustwide/rustup-home/toolchains/beta-2024-12-08-x86_64-unknown-linux-gnu/lib/rustlib/x86_64-unknown-linux-gnu/lib/libcfg_if-54442f8b422f5a54.rlib" "/opt/rustwide/rustup-home/toolchains/beta-2024-12-08-x86_64-unknown-linux-gnu/lib/rustlib/x86_64-unknown-linux-gnu/lib/liblibc-e0bbe034b5282553.rlib" "/opt/rustwide/rustup-home/toolchains/beta-2024-12-08-x86_64-unknown-linux-gnu/lib/rustlib/x86_64-unknown-linux-gnu/lib/liballoc-d0febb68c1c37b90.rlib" "/opt/rustwide/rustup-home/toolchains/beta-2024-12-08-x86_64-unknown-linux-gnu/lib/rustlib/x86_64-unknown-linux-gnu/lib/librustc_std_workspace_core-4cf833632aafa84c.rlib" "/opt/rustwide/rustup-home/toolchains/beta-2024-12-08-x86_64-unknown-linux-gnu/lib/rustlib/x86_64-unknown-linux-gnu/lib/libcore-65c2c6d2d6ae570b.rlib" "/opt/rustwide/rustup-home/toolchains/beta-2024-12-08-x86_64-unknown-linux-gnu/lib/rustlib/x86_64-unknown-linux-gnu/lib/libcompiler_builtins-97929cee0dcfe424.rlib" "-Wl,-Bdynamic" "-lgcc_s" "-lutil" "-lrt" "-lpthread" "-lm" "-ldl" "-lc" "-Wl,--eh-frame-hdr" "-Wl,-z,noexecstack" "-L" "/opt/rustwide/rustup-home/toolchains/beta-2024-12-08-x86_64-unknown-linux-gnu/lib/rustlib/x86_64-unknown-linux-gnu/lib" "-o" "/tmp/rustdoctestAbL69O/rust_out" "-Wl,--gc-sections" "-pie" "-Wl,-z,relro,-z,now" "-nodefaultlibs"
[INFO] [stdout]   = note: collect2: fatal error: ld terminated with signal 9 [Killed]
[INFO] [stdout]           compilation terminated.
[INFO] [stdout]           
[INFO] [stdout] 
[INFO] [stdout] error: aborting due to 1 previous error
[INFO] [stdout] 
[INFO] [stdout] Couldn't compile the test.
[INFO] [stdout] 
[INFO] [stdout] failures:
[INFO] [stdout]     src/log/logging_system.rs - log::logging_system::LoggingSystem (line 10)
[INFO] [stdout] 
[INFO] [stdout] test result: FAILED. 22 passed; 1 failed; 0 ignored; 0 measured; 0 filtered out; finished in 6.46s
[INFO] [stdout] 
[INFO] [stderr] error: doctest failed, to rerun pass `--doc`
[INFO] running `Command { std: "docker" "inspect" "29eb5a6726cf036f9bc1dd51720d683425333c83075667015db778f8c5393869", kill_on_drop: false }`
[INFO] running `Command { std: "docker" "rm" "-f" "29eb5a6726cf036f9bc1dd51720d683425333c83075667015db778f8c5393869", kill_on_drop: false }`
[INFO] [stdout] 29eb5a6726cf036f9bc1dd51720d683425333c83075667015db778f8c5393869
