[INFO] fetching crate substrate-wasmtime-profiling 0.16.0-threadsafe.4...
[INFO] testing substrate-wasmtime-profiling-0.16.0-threadsafe.4 against beta-2024-12-08 for beta-1.84.0-4-retry
[INFO] extracting crate substrate-wasmtime-profiling 0.16.0-threadsafe.4 into /workspace/builds/worker-2-tc2/source
[INFO] validating manifest of crates.io crate substrate-wasmtime-profiling 0.16.0-threadsafe.4 on toolchain beta-2024-12-08
[INFO] running `Command { std: CARGO_HOME="/workspace/cargo-home" RUSTUP_HOME="/workspace/rustup-home" "/workspace/cargo-home/bin/cargo" "+beta-2024-12-08" "metadata" "--manifest-path" "Cargo.toml" "--no-deps", kill_on_drop: false }`
[INFO] started tweaking crates.io crate substrate-wasmtime-profiling 0.16.0-threadsafe.4
[INFO] finished tweaking crates.io crate substrate-wasmtime-profiling 0.16.0-threadsafe.4
[INFO] tweaked toml for crates.io crate substrate-wasmtime-profiling 0.16.0-threadsafe.4 written to /workspace/builds/worker-2-tc2/source/Cargo.toml
[INFO] running `Command { std: CARGO_HOME="/workspace/cargo-home" RUSTUP_HOME="/workspace/rustup-home" "/workspace/cargo-home/bin/cargo" "+beta-2024-12-08" "generate-lockfile" "--manifest-path" "Cargo.toml", kill_on_drop: false }`
[INFO] [stderr]     Updating crates.io index
[INFO] [stderr]      Locking 112 packages to latest compatible versions
[INFO] [stderr]       Adding cfg-if v0.1.10 (available: v1.0.0)
[INFO] [stderr]       Adding gimli v0.20.0 (available: v0.31.1)
[INFO] [stderr]       Adding ittapi-rs v0.1.6 (available: v0.3.0)
[INFO] [stderr]       Adding object v0.18.0 (available: v0.36.5)
[INFO] [stderr]       Adding scroll v0.10.2 (available: v0.12.0)
[INFO] [stderr]       Adding target-lexicon v0.10.0 (available: v0.13.0)
[INFO] [stderr]       Adding wasmtime-environ v0.16.0 (available: v27.0.0)
[INFO] [stderr]       Adding zstd-sys v1.4.18+zstd.1.4.7 (available: v1.6.3+zstd.1.5.2)
[INFO] running `Command { std: CARGO_HOME="/workspace/cargo-home" RUSTUP_HOME="/workspace/rustup-home" "/workspace/cargo-home/bin/cargo" "+beta-2024-12-08" "fetch" "--manifest-path" "Cargo.toml", kill_on_drop: false }`
[INFO] [stderr]     Blocking waiting for file lock on package cache
[INFO] running `Command { std: "docker" "create" "-v" "/var/lib/crater-agent-workspace/builds/worker-2-tc2/target:/opt/rustwide/target:rw,Z" "-v" "/var/lib/crater-agent-workspace/builds/worker-2-tc2/source:/opt/rustwide/workdir:ro,Z" "-v" "/var/lib/crater-agent-workspace/cargo-home:/opt/rustwide/cargo-home:ro,Z" "-v" "/var/lib/crater-agent-workspace/rustup-home:/opt/rustwide/rustup-home:ro,Z" "-e" "SOURCE_DIR=/opt/rustwide/workdir" "-e" "CARGO_TARGET_DIR=/opt/rustwide/target" "-e" "CARGO_HOME=/opt/rustwide/cargo-home" "-e" "RUSTUP_HOME=/opt/rustwide/rustup-home" "-w" "/opt/rustwide/workdir" "-m" "1610612736" "--user" "0:0" "--network" "none" "ghcr.io/rust-lang/crates-build-env/linux@sha256:f3a9d4ad9d972b27faf3965f35b62e55ba32bbce8f20bc8fe909558a86702fde" "/opt/rustwide/cargo-home/bin/cargo" "+beta-2024-12-08" "metadata" "--no-deps" "--format-version=1", kill_on_drop: false }`
[INFO] [stdout] c50e51da090405a6ad3840d636085882337c5ac22bab57cdbd1312523e64afc2
[INFO] running `Command { std: "docker" "start" "-a" "c50e51da090405a6ad3840d636085882337c5ac22bab57cdbd1312523e64afc2", kill_on_drop: false }`
[INFO] running `Command { std: "docker" "inspect" "c50e51da090405a6ad3840d636085882337c5ac22bab57cdbd1312523e64afc2", kill_on_drop: false }`
[INFO] running `Command { std: "docker" "rm" "-f" "c50e51da090405a6ad3840d636085882337c5ac22bab57cdbd1312523e64afc2", kill_on_drop: false }`
[INFO] [stdout] c50e51da090405a6ad3840d636085882337c5ac22bab57cdbd1312523e64afc2
[INFO] running `Command { std: "docker" "create" "-v" "/var/lib/crater-agent-workspace/builds/worker-2-tc2/target:/opt/rustwide/target:rw,Z" "-v" "/var/lib/crater-agent-workspace/builds/worker-2-tc2/source:/opt/rustwide/workdir:ro,Z" "-v" "/var/lib/crater-agent-workspace/cargo-home:/opt/rustwide/cargo-home:ro,Z" "-v" "/var/lib/crater-agent-workspace/rustup-home:/opt/rustwide/rustup-home:ro,Z" "-e" "SOURCE_DIR=/opt/rustwide/workdir" "-e" "CARGO_TARGET_DIR=/opt/rustwide/target" "-e" "CARGO_INCREMENTAL=0" "-e" "RUST_BACKTRACE=full" "-e" "RUSTFLAGS=--cap-lints=warn" "-e" "RUSTDOCFLAGS=--cap-lints=warn" "-e" "CARGO_HOME=/opt/rustwide/cargo-home" "-e" "RUSTUP_HOME=/opt/rustwide/rustup-home" "-w" "/opt/rustwide/workdir" "-m" "1610612736" "--user" "0:0" "--network" "none" "ghcr.io/rust-lang/crates-build-env/linux@sha256:f3a9d4ad9d972b27faf3965f35b62e55ba32bbce8f20bc8fe909558a86702fde" "/opt/rustwide/cargo-home/bin/cargo" "+beta-2024-12-08" "build" "--frozen" "--message-format=json", kill_on_drop: false }`
[INFO] [stdout] 25fc5dd12948b644b925dbf050a66cc0a7c329fb9e5cb69199a06b14b508de22
[INFO] running `Command { std: "docker" "start" "-a" "25fc5dd12948b644b925dbf050a66cc0a7c329fb9e5cb69199a06b14b508de22", kill_on_drop: false }`
[INFO] [stderr]    Compiling libc v0.2.168
[INFO] [stderr]    Compiling proc-macro2 v1.0.92
[INFO] [stderr]    Compiling unicode-ident v1.0.14
[INFO] [stderr]    Compiling serde v1.0.216
[INFO] [stderr]    Compiling autocfg v1.4.0
[INFO] [stderr]    Compiling shlex v1.3.0
[INFO] [stderr]    Compiling either v1.13.0
[INFO] [stderr]    Compiling memchr v2.7.4
[INFO] [stderr]    Compiling crossbeam-utils v0.8.20
[INFO] [stderr]    Compiling log v0.4.22
[INFO] [stderr]    Compiling itertools v0.9.0
[INFO] [stderr]    Compiling typenum v1.17.0
[INFO] [stderr]    Compiling byteorder v1.5.0
[INFO] [stderr]    Compiling cranelift-codegen-shared v0.63.0
[INFO] [stderr]    Compiling indexmap v1.9.3
[INFO] [stderr]    Compiling glob v0.3.1
[INFO] [stderr]    Compiling thiserror v1.0.69
[INFO] [stderr]    Compiling hashbrown v0.12.3
[INFO] [stderr]    Compiling target-lexicon v0.10.0
[INFO] [stderr]    Compiling quote v1.0.37
[INFO] [stderr]    Compiling aho-corasick v1.1.3
[INFO] [stderr]    Compiling syn v2.0.90
[INFO] [stderr]    Compiling rustc-hash v1.1.0
[INFO] [stderr]    Compiling regex-syntax v0.8.5
[INFO] [stderr]    Compiling smallvec v1.13.2
[INFO] [stderr]    Compiling jobserver v0.1.32
[INFO] [stderr]    Compiling regalloc v0.0.21
[INFO] [stderr]    Compiling generic-array v0.12.4
[INFO] [stderr]    Compiling crossbeam-epoch v0.9.18
[INFO] [stderr]    Compiling cc v1.2.4
[INFO] [stderr]    Compiling gimli v0.20.0
[INFO] [stderr]    Compiling zstd-safe v2.0.6+zstd.1.4.7
[INFO] [stderr]    Compiling byte-tools v0.3.1
[INFO] [stderr]    Compiling rayon-core v1.12.1
[INFO] [stderr]    Compiling block-padding v0.1.5
[INFO] [stderr]    Compiling crossbeam-deque v0.8.5
[INFO] [stderr]    Compiling is-terminal v0.4.13
[INFO] [stderr]    Compiling humantime v2.1.0
[INFO] [stderr]    Compiling termcolor v1.4.1
[INFO] [stderr]    Compiling regex-automata v0.4.9
[INFO] [stderr]    Compiling anyhow v1.0.94
[INFO] [stderr]    Compiling zstd-sys v1.4.18+zstd.1.4.7
[INFO] [stderr]    Compiling block-buffer v0.7.3
[INFO] [stderr]    Compiling digest v0.8.1
[INFO] [stderr]    Compiling dirs-sys v0.3.7
[INFO] [stderr]    Compiling memoffset v0.5.6
[INFO] [stderr]    Compiling cfg-if v0.1.10
[INFO] [stderr]    Compiling adler2 v2.0.0
[INFO] [stderr]    Compiling wasmtime-environ v0.16.0
[INFO] [stderr]    Compiling gimli v0.31.1
[INFO] [stderr]    Compiling wasmparser v0.51.4
[INFO] [stderr]    Compiling fake-simd v0.1.2
[INFO] [stderr]    Compiling opaque-debug v0.2.3
[INFO] [stderr]    Compiling sha2 v0.8.2
[INFO] [stderr]    Compiling serde_derive v1.0.216
[INFO] [stderr]    Compiling thiserror-impl v1.0.69
[INFO] [stderr]    Compiling miniz_oxide v0.8.0
[INFO] [stderr]    Compiling directories v2.0.2
[INFO] [stderr]    Compiling rayon v1.10.0
[INFO] [stderr]    Compiling regex v1.11.1
[INFO] [stderr]    Compiling env_logger v0.10.2
[INFO] [stderr]    Compiling substrate-wasmtime-runtime v0.16.0-threadsafe.4
[INFO] [stderr]    Compiling file-per-thread-logger v0.1.6
[INFO] [stderr]    Compiling errno v0.2.8
[INFO] [stderr]    Compiling object v0.36.5
[INFO] [stderr]    Compiling addr2line v0.24.2
[INFO] [stderr]    Compiling more-asserts v0.2.2
[INFO] [stderr]    Compiling bitflags v1.3.2
[INFO] [stderr]    Compiling base64 v0.12.3
[INFO] [stderr]    Compiling cfg-if v1.0.0
[INFO] [stderr]    Compiling rustc-demangle v0.1.24
[INFO] [stderr]    Compiling region v2.2.0
[INFO] [stderr]    Compiling lazy_static v1.5.0
[INFO] [stderr]    Compiling backtrace v0.3.74
[INFO] [stderr]    Compiling cranelift-entity v0.63.0
[INFO] [stdout] error: failed to write to `/opt/rustwide/target/debug/deps/rmetaLsazK7/lib.rmeta`: No space left on device (os error 28)
[INFO] [stdout] 
[INFO] [stdout] 
[INFO] [stderr] error: could not compile `cranelift-entity` (lib) due to 1 previous error
[INFO] [stderr] warning: build failed, waiting for other jobs to finish...
[INFO] [stderr] warning: zstd-sys@1.4.18+zstd.1.4.7: zstd/lib/compress/zstd_double_fast.c:521:1: fatal error: error writing to /tmp/ccLUXbQ5.s: No space left on device
[INFO] [stderr] warning: zstd-sys@1.4.18+zstd.1.4.7:   521 | }
[INFO] [stderr] warning: zstd-sys@1.4.18+zstd.1.4.7:       | ^
[INFO] [stderr] warning: zstd-sys@1.4.18+zstd.1.4.7: compilation terminated.
[INFO] [stderr] warning: zstd-sys@1.4.18+zstd.1.4.7: ToolExecError: Command LC_ALL="C" "cc" "-O3" "-ffunction-sections" "-fdata-sections" "-fPIC" "-gdwarf-4" "-fno-omit-frame-pointer" "-m64" "-I" "zstd/lib/" "-I" "zstd/lib/common" "-I" "zstd/lib/legacy" "-fvisibility=hidden" "-DZSTD_LIB_DEPRECATED=0" "-DZSTDLIB_VISIBILITY=" "-DZDICTLIB_VISIBILITY=" "-DZSTDERRORLIB_VISIBILITY=" "-DZSTD_LEGACY_SUPPORT=1" "-o" "/opt/rustwide/target/debug/build/zstd-sys-ab25b2e36fadaa3f/out/fb80479a5fb81f6a-zstd_double_fast.o" "-c" "zstd/lib/compress/zstd_double_fast.c" with args cc did not execute successfully (status code exit status: 1).cargo:warning=zstd/lib/decompress/huf_decompress.c:1349:1: fatal error: error writing to /tmp/ccvpSEfj.s: No space left on device
[INFO] [stderr] warning: zstd-sys@1.4.18+zstd.1.4.7:  1349 | }
[INFO] [stderr] warning: zstd-sys@1.4.18+zstd.1.4.7:       | ^
[INFO] [stderr] warning: zstd-sys@1.4.18+zstd.1.4.7: compilation terminated.
[INFO] [stderr] warning: zstd-sys@1.4.18+zstd.1.4.7: ToolExecError: Command LC_ALL="C" "cc" "-O3" "-ffunction-sections" "-fdata-sections" "-fPIC" "-gdwarf-4" "-fno-omit-frame-pointer" "-m64" "-I" "zstd/lib/" "-I" "zstd/lib/common" "-I" "zstd/lib/legacy" "-fvisibility=hidden" "-DZSTD_LIB_DEPRECATED=0" "-DZSTDLIB_VISIBILITY=" "-DZDICTLIB_VISIBILITY=" "-DZSTDERRORLIB_VISIBILITY=" "-DZSTD_LEGACY_SUPPORT=1" "-o" "/opt/rustwide/target/debug/build/zstd-sys-ab25b2e36fadaa3f/out/88f362f13b0528ed-huf_decompress.o" "-c" "zstd/lib/decompress/huf_decompress.c" with args cc did not execute successfully (status code exit status: 1).cargo:warning=zstd/lib/legacy/zstd_v01.c:2162:1: fatal error: error writing to /tmp/ccBIjp4J.s: No space left on device
[INFO] [stderr] warning: zstd-sys@1.4.18+zstd.1.4.7:  2162 | }
[INFO] [stderr] warning: zstd-sys@1.4.18+zstd.1.4.7:       | ^
[INFO] [stderr] warning: zstd-sys@1.4.18+zstd.1.4.7: compilation terminated.
[INFO] [stderr] warning: zstd-sys@1.4.18+zstd.1.4.7: ToolExecError: Command LC_ALL="C" "cc" "-O3" "-ffunction-sections" "-fdata-sections" "-fPIC" "-gdwarf-4" "-fno-omit-frame-pointer" "-m64" "-I" "zstd/lib/" "-I" "zstd/lib/common" "-I" "zstd/lib/legacy" "-fvisibility=hidden" "-DZSTD_LIB_DEPRECATED=0" "-DZSTDLIB_VISIBILITY=" "-DZDICTLIB_VISIBILITY=" "-DZSTDERRORLIB_VISIBILITY=" "-DZSTD_LEGACY_SUPPORT=1" "-o" "/opt/rustwide/target/debug/build/zstd-sys-ab25b2e36fadaa3f/out/3f451b2306bc13c8-zstd_v01.o" "-c" "zstd/lib/legacy/zstd_v01.c" with args cc did not execute successfully (status code exit status: 1).
[INFO] [stderr] error: failed to run custom build command for `zstd-sys v1.4.18+zstd.1.4.7`
[INFO] [stderr] note: To improve backtraces for build dependencies, set the CARGO_PROFILE_DEV_BUILD_OVERRIDE_DEBUG=true environment variable to enable debug information generation.
[INFO] [stderr] 
[INFO] [stderr] Caused by:
[INFO] [stderr]   process didn't exit successfully: `/opt/rustwide/target/debug/build/zstd-sys-42c859887746e517/build-script-build` (exit status: 1)
[INFO] [stderr]   --- stdout
[INFO] [stderr]   OUT_DIR = Some(/opt/rustwide/target/debug/build/zstd-sys-ab25b2e36fadaa3f/out)
[INFO] [stderr]   TARGET = Some(x86_64-unknown-linux-gnu)
[INFO] [stderr]   HOST = Some(x86_64-unknown-linux-gnu)
[INFO] [stderr]   cargo:rerun-if-env-changed=CC_x86_64-unknown-linux-gnu
[INFO] [stderr]   CC_x86_64-unknown-linux-gnu = None
[INFO] [stderr]   cargo:rerun-if-env-changed=CC_x86_64_unknown_linux_gnu
[INFO] [stderr]   CC_x86_64_unknown_linux_gnu = None
[INFO] [stderr]   cargo:rerun-if-env-changed=HOST_CC
[INFO] [stderr]   HOST_CC = None
[INFO] [stderr]   cargo:rerun-if-env-changed=CC
[INFO] [stderr]   CC = None
[INFO] [stderr]   cargo:rerun-if-env-changed=CC_ENABLE_DEBUG_OUTPUT
[INFO] [stderr]   RUSTC_WRAPPER = None
[INFO] [stderr]   cargo:rerun-if-env-changed=CRATE_CC_NO_DEFAULTS
[INFO] [stderr]   CRATE_CC_NO_DEFAULTS = None
[INFO] [stderr]   DEBUG = Some(true)
[INFO] [stderr]   CARGO_CFG_TARGET_FEATURE = Some(fxsr,sse,sse2)
[INFO] [stderr]   cargo:rerun-if-env-changed=CFLAGS_x86_64-unknown-linux-gnu
[INFO] [stderr]   CFLAGS_x86_64-unknown-linux-gnu = None
[INFO] [stderr]   cargo:rerun-if-env-changed=CFLAGS_x86_64_unknown_linux_gnu
[INFO] [stderr]   CFLAGS_x86_64_unknown_linux_gnu = None
[INFO] [stderr]   cargo:rerun-if-env-changed=HOST_CFLAGS
[INFO] [stderr]   HOST_CFLAGS = None
[INFO] [stderr]   cargo:rerun-if-env-changed=CFLAGS
[INFO] [stderr]   CFLAGS = None
[INFO] [stderr]   CARGO_ENCODED_RUSTFLAGS = Some(--cap-lints=warn)
[INFO] [stderr]   exit status: 0
[INFO] [stderr]   exit status: 0
[INFO] [stderr]   exit status: 0
[INFO] [stderr]   exit status: 0
[INFO] [stderr]   exit status: 0
[INFO] [stderr]   exit status: 0
[INFO] [stderr]   exit status: 0
[INFO] [stderr]   exit status: 0
[INFO] [stderr]   exit status: 0
[INFO] [stderr]   exit status: 0
[INFO] [stderr]   exit status: 0
[INFO] [stderr]   exit status: 0
[INFO] [stderr]   exit status: 0
[INFO] [stderr]   exit status: 0
[INFO] [stderr]   exit status: 0
[INFO] [stderr]   exit status: 0
[INFO] [stderr]   cargo:warning=zstd/lib/compress/zstd_double_fast.c:521:1: fatal error: error writing to /tmp/ccLUXbQ5.s: No space left on device
[INFO] [stderr]   cargo:warning=  521 | }
[INFO] [stderr]   cargo:warning=      | ^
[INFO] [stderr]   cargo:warning=compilation terminated.
[INFO] [stderr]   exit status: 0
[INFO] [stderr]   exit status: 0
[INFO] [stderr]   exit status: 0
[INFO] [stderr]   exit status: 0
[INFO] [stderr]   exit status: 1
[INFO] [stderr]   cargo:warning=ToolExecError: Command LC_ALL="C" "cc" "-O3" "-ffunction-sections" "-fdata-sections" "-fPIC" "-gdwarf-4" "-fno-omit-frame-pointer" "-m64" "-I" "zstd/lib/" "-I" "zstd/lib/common" "-I" "zstd/lib/legacy" "-fvisibility=hidden" "-DZSTD_LIB_DEPRECATED=0" "-DZSTDLIB_VISIBILITY=" "-DZDICTLIB_VISIBILITY=" "-DZSTDERRORLIB_VISIBILITY=" "-DZSTD_LEGACY_SUPPORT=1" "-o" "/opt/rustwide/target/debug/build/zstd-sys-ab25b2e36fadaa3f/out/fb80479a5fb81f6a-zstd_double_fast.o" "-c" "zstd/lib/compress/zstd_double_fast.c" with args cc did not execute successfully (status code exit status: 1).cargo:warning=zstd/lib/decompress/huf_decompress.c:1349:1: fatal error: error writing to /tmp/ccvpSEfj.s: No space left on device
[INFO] [stderr]   cargo:warning= 1349 | }
[INFO] [stderr]   cargo:warning=      | ^
[INFO] [stderr]   cargo:warning=compilation terminated.
[INFO] [stderr] 
[INFO] [stderr]   exit status: 1
[INFO] [stderr]   cargo:warning=ToolExecError: Command LC_ALL="C" "cc" "-O3" "-ffunction-sections" "-fdata-sections" "-fPIC" "-gdwarf-4" "-fno-omit-frame-pointer" "-m64" "-I" "zstd/lib/" "-I" "zstd/lib/common" "-I" "zstd/lib/legacy" "-fvisibility=hidden" "-DZSTD_LIB_DEPRECATED=0" "-DZSTDLIB_VISIBILITY=" "-DZDICTLIB_VISIBILITY=" "-DZSTDERRORLIB_VISIBILITY=" "-DZSTD_LEGACY_SUPPORT=1" "-o" "/opt/rustwide/target/debug/build/zstd-sys-ab25b2e36fadaa3f/out/88f362f13b0528ed-huf_decompress.o" "-c" "zstd/lib/decompress/huf_decompress.c" with args cc did not execute successfully (status code exit status: 1).cargo:warning=zstd/lib/legacy/zstd_v01.c:2162:1: fatal error: error writing to /tmp/ccBIjp4J.s: No space left on device
[INFO] [stderr]   cargo:warning= 2162 | }
[INFO] [stderr]   cargo:warning=      | ^
[INFO] [stderr]   cargo:warning=compilation terminated.
[INFO] [stderr] 
[INFO] [stderr]   exit status: 1
[INFO] [stderr]   cargo:warning=ToolExecError: Command LC_ALL="C" "cc" "-O3" "-ffunction-sections" "-fdata-sections" "-fPIC" "-gdwarf-4" "-fno-omit-frame-pointer" "-m64" "-I" "zstd/lib/" "-I" "zstd/lib/common" "-I" "zstd/lib/legacy" "-fvisibility=hidden" "-DZSTD_LIB_DEPRECATED=0" "-DZSTDLIB_VISIBILITY=" "-DZDICTLIB_VISIBILITY=" "-DZSTDERRORLIB_VISIBILITY=" "-DZSTD_LEGACY_SUPPORT=1" "-o" "/opt/rustwide/target/debug/build/zstd-sys-ab25b2e36fadaa3f/out/3f451b2306bc13c8-zstd_v01.o" "-c" "zstd/lib/legacy/zstd_v01.c" with args cc did not execute successfully (status code exit status: 1).
[INFO] [stderr]   exit status: 0
[INFO] [stderr]   exit status: 0
[INFO] [stderr]   exit status: 0
[INFO] [stderr]   exit status: 0
[INFO] [stderr]   exit status: 0
[INFO] [stderr]   exit status: 0
[INFO] [stderr]   exit status: 0
[INFO] [stderr]   exit status: 0
[INFO] [stderr]   exit status: 0
[INFO] [stderr]   exit status: 0
[INFO] [stderr]   exit status: 0
[INFO] [stderr]   exit status: 0
[INFO] [stderr]   exit status: 0
[INFO] [stderr] 
[INFO] [stderr]   --- stderr
[INFO] [stderr] 
[INFO] [stderr] 
[INFO] [stderr]   error occurred in cc-rs: Command LC_ALL="C" "cc" "-O3" "-ffunction-sections" "-fdata-sections" "-fPIC" "-gdwarf-4" "-fno-omit-frame-pointer" "-m64" "-I" "zstd/lib/" "-I" "zstd/lib/common" "-I" "zstd/lib/legacy" "-fvisibility=hidden" "-DZSTD_LIB_DEPRECATED=0" "-DZSTDLIB_VISIBILITY=" "-DZDICTLIB_VISIBILITY=" "-DZSTDERRORLIB_VISIBILITY=" "-DZSTD_LEGACY_SUPPORT=1" "-o" "/opt/rustwide/target/debug/build/zstd-sys-ab25b2e36fadaa3f/out/3f451b2306bc13c8-zstd_v01.o" "-c" "zstd/lib/legacy/zstd_v01.c" with args cc did not execute successfully (status code exit status: 1).
[INFO] [stderr] 
[INFO] [stderr] 
[INFO] running `Command { std: "docker" "inspect" "25fc5dd12948b644b925dbf050a66cc0a7c329fb9e5cb69199a06b14b508de22", kill_on_drop: false }`
[INFO] running `Command { std: "docker" "rm" "-f" "25fc5dd12948b644b925dbf050a66cc0a7c329fb9e5cb69199a06b14b508de22", kill_on_drop: false }`
[INFO] [stdout] 25fc5dd12948b644b925dbf050a66cc0a7c329fb9e5cb69199a06b14b508de22
