[INFO] fetching crate squirrel-sys 0.2.1...
[INFO] testing squirrel-sys-0.2.1 against beta-2024-12-08 for beta-1.84.0-4-retry
[INFO] extracting crate squirrel-sys 0.2.1 into /workspace/builds/worker-6-tc2/source
[INFO] validating manifest of crates.io crate squirrel-sys 0.2.1 on toolchain beta-2024-12-08
[INFO] running `Command { std: CARGO_HOME="/workspace/cargo-home" RUSTUP_HOME="/workspace/rustup-home" "/workspace/cargo-home/bin/cargo" "+beta-2024-12-08" "metadata" "--manifest-path" "Cargo.toml" "--no-deps", kill_on_drop: false }`
[INFO] started tweaking crates.io crate squirrel-sys 0.2.1
[INFO] finished tweaking crates.io crate squirrel-sys 0.2.1
[INFO] tweaked toml for crates.io crate squirrel-sys 0.2.1 written to /workspace/builds/worker-6-tc2/source/Cargo.toml
[INFO] running `Command { std: CARGO_HOME="/workspace/cargo-home" RUSTUP_HOME="/workspace/rustup-home" "/workspace/cargo-home/bin/cargo" "+beta-2024-12-08" "generate-lockfile" "--manifest-path" "Cargo.toml", kill_on_drop: false }`
[INFO] [stderr]     Updating crates.io index
[INFO] [stderr]      Locking 54 packages to latest compatible versions
[INFO] [stderr]       Adding bindgen v0.52.0 (available: v0.71.1)
[INFO] running `Command { std: CARGO_HOME="/workspace/cargo-home" RUSTUP_HOME="/workspace/rustup-home" "/workspace/cargo-home/bin/cargo" "+beta-2024-12-08" "fetch" "--manifest-path" "Cargo.toml", kill_on_drop: false }`
[INFO] running `Command { std: "docker" "create" "-v" "/var/lib/crater-agent-workspace/builds/worker-6-tc2/target:/opt/rustwide/target:rw,Z" "-v" "/var/lib/crater-agent-workspace/builds/worker-6-tc2/source:/opt/rustwide/workdir:ro,Z" "-v" "/var/lib/crater-agent-workspace/cargo-home:/opt/rustwide/cargo-home:ro,Z" "-v" "/var/lib/crater-agent-workspace/rustup-home:/opt/rustwide/rustup-home:ro,Z" "-e" "SOURCE_DIR=/opt/rustwide/workdir" "-e" "CARGO_TARGET_DIR=/opt/rustwide/target" "-e" "CARGO_HOME=/opt/rustwide/cargo-home" "-e" "RUSTUP_HOME=/opt/rustwide/rustup-home" "-w" "/opt/rustwide/workdir" "-m" "1610612736" "--user" "0:0" "--network" "none" "ghcr.io/rust-lang/crates-build-env/linux@sha256:f3a9d4ad9d972b27faf3965f35b62e55ba32bbce8f20bc8fe909558a86702fde" "/opt/rustwide/cargo-home/bin/cargo" "+beta-2024-12-08" "metadata" "--no-deps" "--format-version=1", kill_on_drop: false }`
[INFO] [stdout] 52206b16c1f92f571d5b5338195b3e80606d234b28cde2991419b425538beb3f
[INFO] running `Command { std: "docker" "start" "-a" "52206b16c1f92f571d5b5338195b3e80606d234b28cde2991419b425538beb3f", kill_on_drop: false }`
[INFO] running `Command { std: "docker" "inspect" "52206b16c1f92f571d5b5338195b3e80606d234b28cde2991419b425538beb3f", kill_on_drop: false }`
[INFO] running `Command { std: "docker" "rm" "-f" "52206b16c1f92f571d5b5338195b3e80606d234b28cde2991419b425538beb3f", kill_on_drop: false }`
[INFO] [stdout] 52206b16c1f92f571d5b5338195b3e80606d234b28cde2991419b425538beb3f
[INFO] running `Command { std: "docker" "create" "-v" "/var/lib/crater-agent-workspace/builds/worker-6-tc2/target:/opt/rustwide/target:rw,Z" "-v" "/var/lib/crater-agent-workspace/builds/worker-6-tc2/source:/opt/rustwide/workdir:ro,Z" "-v" "/var/lib/crater-agent-workspace/cargo-home:/opt/rustwide/cargo-home:ro,Z" "-v" "/var/lib/crater-agent-workspace/rustup-home:/opt/rustwide/rustup-home:ro,Z" "-e" "SOURCE_DIR=/opt/rustwide/workdir" "-e" "CARGO_TARGET_DIR=/opt/rustwide/target" "-e" "CARGO_INCREMENTAL=0" "-e" "RUST_BACKTRACE=full" "-e" "RUSTFLAGS=--cap-lints=warn" "-e" "RUSTDOCFLAGS=--cap-lints=warn" "-e" "CARGO_HOME=/opt/rustwide/cargo-home" "-e" "RUSTUP_HOME=/opt/rustwide/rustup-home" "-w" "/opt/rustwide/workdir" "-m" "1610612736" "--user" "0:0" "--network" "none" "ghcr.io/rust-lang/crates-build-env/linux@sha256:f3a9d4ad9d972b27faf3965f35b62e55ba32bbce8f20bc8fe909558a86702fde" "/opt/rustwide/cargo-home/bin/cargo" "+beta-2024-12-08" "build" "--frozen" "--message-format=json", kill_on_drop: false }`
[INFO] [stdout] 9388d61d9d07a6f02f683e5a6223b55849f5030571c05cd1922fd1d71977d7a6
[INFO] running `Command { std: "docker" "start" "-a" "9388d61d9d07a6f02f683e5a6223b55849f5030571c05cd1922fd1d71977d7a6", kill_on_drop: false }`
[INFO] [stderr]    Compiling libc v0.2.168
[INFO] [stderr]    Compiling memchr v2.7.4
[INFO] [stderr]    Compiling shlex v1.3.0
[INFO] [stderr]    Compiling version_check v0.1.5
[INFO] [stderr]    Compiling glob v0.3.1
[INFO] [stderr]    Compiling regex-syntax v0.8.5
[INFO] [stderr]    Compiling proc-macro2 v1.0.92
[INFO] [stderr]    Compiling quick-error v1.2.3
[INFO] [stderr]    Compiling unicode-ident v1.0.14
[INFO] [stderr]    Compiling cc v1.2.4
[INFO] [stderr]    Compiling unicode-width v0.1.14
[INFO] [stderr]    Compiling nom v4.2.3
[INFO] [stderr]    Compiling clang-sys v0.28.1
[INFO] [stderr]    Compiling textwrap v0.11.0
[INFO] [stderr]    Compiling humantime v1.3.0
[INFO] [stderr]    Compiling aho-corasick v1.1.3
[INFO] [stderr]    Compiling vec_map v0.8.2
[INFO] [stderr]    Compiling bitflags v1.3.2
[INFO] [stderr]    Compiling bindgen v0.52.0
[INFO] [stderr]    Compiling log v0.4.22
[INFO] [stderr]    Compiling ansi_term v0.12.1
[INFO] [stderr]    Compiling termcolor v1.4.1
[INFO] [stderr]    Compiling strsim v0.8.0
[INFO] [stderr]    Compiling quote v1.0.37
[INFO] [stderr]    Compiling atty v0.2.14
[INFO] [stderr]    Compiling which v3.1.1
[INFO] [stderr]    Compiling clap v2.34.0
[INFO] [stderr]    Compiling cexpr v0.3.6
[INFO] [stderr]    Compiling cfg-if v0.1.10
[INFO] [stderr]    Compiling lazy_static v1.5.0
[INFO] [stderr]    Compiling shlex v0.1.1
[INFO] [stderr]    Compiling lazycell v1.3.0
[INFO] [stderr]    Compiling peeking_take_while v0.1.2
[INFO] [stderr]    Compiling rustc-hash v1.1.0
[INFO] [stderr]    Compiling cmake v0.1.52
[INFO] [stderr]    Compiling libloading v0.5.2
[INFO] [stderr]    Compiling regex-automata v0.4.9
[INFO] [stderr]    Compiling regex v1.11.1
[INFO] [stderr]    Compiling env_logger v0.7.1
[INFO] [stderr]    Compiling squirrel-sys v0.2.1 (/opt/rustwide/workdir)
[INFO] [stderr] error: failed to run custom build command for `squirrel-sys v0.2.1 (/opt/rustwide/workdir)`
[INFO] [stderr] note: To improve backtraces for build dependencies, set the CARGO_PROFILE_DEV_BUILD_OVERRIDE_DEBUG=true environment variable to enable debug information generation.
[INFO] [stderr] 
[INFO] [stderr] Caused by:
[INFO] [stderr]   process didn't exit successfully: `/opt/rustwide/target/debug/build/squirrel-sys-c81c5b3b38c5e4f8/build-script-build` (exit status: 101)
[INFO] [stderr]   --- stdout
[INFO] [stderr]   CMAKE_TOOLCHAIN_FILE_x86_64-unknown-linux-gnu = None
[INFO] [stderr]   CMAKE_TOOLCHAIN_FILE_x86_64_unknown_linux_gnu = None
[INFO] [stderr]   HOST_CMAKE_TOOLCHAIN_FILE = None
[INFO] [stderr]   CMAKE_TOOLCHAIN_FILE = None
[INFO] [stderr]   CMAKE_GENERATOR_x86_64-unknown-linux-gnu = None
[INFO] [stderr]   CMAKE_GENERATOR_x86_64_unknown_linux_gnu = None
[INFO] [stderr]   HOST_CMAKE_GENERATOR = None
[INFO] [stderr]   CMAKE_GENERATOR = None
[INFO] [stderr]   CMAKE_PREFIX_PATH_x86_64-unknown-linux-gnu = None
[INFO] [stderr]   CMAKE_PREFIX_PATH_x86_64_unknown_linux_gnu = None
[INFO] [stderr]   HOST_CMAKE_PREFIX_PATH = None
[INFO] [stderr]   CMAKE_PREFIX_PATH = None
[INFO] [stderr]   CMAKE_x86_64-unknown-linux-gnu = None
[INFO] [stderr]   CMAKE_x86_64_unknown_linux_gnu = None
[INFO] [stderr]   HOST_CMAKE = None
[INFO] [stderr]   CMAKE = None
[INFO] [stderr]   running: cd "/opt/rustwide/target/debug/build/squirrel-sys-8b04ae82fcfcdd74/out/build" && CMAKE_PREFIX_PATH="" LC_ALL="C" "cmake" "/opt/rustwide/workdir/squirrel" "-DCMAKE_INSTALL_PREFIX=/opt/rustwide/target/debug/build/squirrel-sys-8b04ae82fcfcdd74/out" "-DCMAKE_C_FLAGS= -ffunction-sections -fdata-sections -fPIC -m64" "-DCMAKE_C_COMPILER=/usr/bin/cc" "-DCMAKE_CXX_FLAGS= -ffunction-sections -fdata-sections -fPIC -m64" "-DCMAKE_CXX_COMPILER=/usr/bin/c++" "-DCMAKE_ASM_FLAGS= -ffunction-sections -fdata-sections -fPIC -m64" "-DCMAKE_ASM_COMPILER=/usr/bin/cc" "-DCMAKE_BUILD_TYPE=Debug"
[INFO] [stderr]   -- The C compiler identification is GNU 11.4.0
[INFO] [stderr]   -- The CXX compiler identification is GNU 11.4.0
[INFO] [stderr]   -- Detecting C compiler ABI info
[INFO] [stderr]   -- Detecting C compiler ABI info - done
[INFO] [stderr]   -- Check for working C compiler: /usr/bin/cc - skipped
[INFO] [stderr]   -- Detecting C compile features
[INFO] [stderr]   -- Detecting C compile features - done
[INFO] [stderr]   -- Detecting CXX compiler ABI info
[INFO] [stderr]   -- Detecting CXX compiler ABI info - done
[INFO] [stderr]   -- Check for working CXX compiler: /usr/bin/c++ - skipped
[INFO] [stderr]   -- Detecting CXX compile features
[INFO] [stderr]   -- Detecting CXX compile features - done
[INFO] [stderr]   -- Configuring done
[INFO] [stderr]   -- Generating done
[INFO] [stderr]   -- Build files have been written to: /opt/rustwide/target/debug/build/squirrel-sys-8b04ae82fcfcdd74/out/build
[INFO] [stderr]   running: cd "/opt/rustwide/target/debug/build/squirrel-sys-8b04ae82fcfcdd74/out/build" && LC_ALL="C" MAKEFLAGS="-j --jobserver-fds=8,9 --jobserver-auth=8,9" "cmake" "--build" "/opt/rustwide/target/debug/build/squirrel-sys-8b04ae82fcfcdd74/out/build" "--target" "install" "--config" "Debug"
[INFO] [stderr]   [  2%] Building CXX object squirrel/CMakeFiles/squirrel_static.dir/sqapi.cpp.o
[INFO] [stderr]   [  4%] Building CXX object sqstdlib/CMakeFiles/sqstdlib_static.dir/sqstdblob.cpp.o
[INFO] [stderr]   [  8%] Building CXX object sqstdlib/CMakeFiles/sqstdlib_static.dir/sqstdaux.cpp.o
[INFO] [stderr]   [  8%] Building CXX object squirrel/CMakeFiles/squirrel.dir/sqapi.cpp.o
[INFO] [stderr]   [ 10%] Building CXX object squirrel/CMakeFiles/squirrel.dir/sqbaselib.cpp.o
[INFO] [stderr]   [ 12%] Building CXX object sqstdlib/CMakeFiles/sqstdlib_static.dir/sqstdio.cpp.o
[INFO] [stderr]   [ 14%] Building CXX object squirrel/CMakeFiles/squirrel.dir/sqclass.cpp.o
[INFO] [stderr]   [ 16%] Building CXX object squirrel/CMakeFiles/squirrel_static.dir/sqbaselib.cpp.o
[INFO] [stderr]   [ 18%] Building CXX object squirrel/CMakeFiles/squirrel.dir/sqcompiler.cpp.o
[INFO] [stderr]   [ 20%] Building CXX object squirrel/CMakeFiles/squirrel_static.dir/sqclass.cpp.o
[INFO] [stderr]   [ 22%] Building CXX object sqstdlib/CMakeFiles/sqstdlib_static.dir/sqstdmath.cpp.o
[INFO] [stderr]   [ 25%] Building CXX object squirrel/CMakeFiles/squirrel_static.dir/sqcompiler.cpp.o
[INFO] [stderr]   [ 27%] Building CXX object sqstdlib/CMakeFiles/sqstdlib_static.dir/sqstdrex.cpp.o
[INFO] [stderr]   [ 29%] Building CXX object squirrel/CMakeFiles/squirrel.dir/sqdebug.cpp.o
[INFO] [stderr]   [ 31%] Building CXX object sqstdlib/CMakeFiles/sqstdlib_static.dir/sqstdstream.cpp.o
[INFO] [stderr]   [ 33%] Building CXX object sqstdlib/CMakeFiles/sqstdlib_static.dir/sqstdstring.cpp.o
[INFO] [stderr]   [ 35%] Building CXX object sqstdlib/CMakeFiles/sqstdlib_static.dir/sqstdsystem.cpp.o
[INFO] [stderr]   [ 37%] Building CXX object squirrel/CMakeFiles/squirrel_static.dir/sqdebug.cpp.o
[INFO] [stderr]   [ 39%] Building CXX object squirrel/CMakeFiles/squirrel_static.dir/sqfuncstate.cpp.o
[INFO] [stderr]   [ 41%] Linking CXX static library ../lib/libsqstdlib_static.a
[INFO] [stderr]   [ 43%] Building CXX object squirrel/CMakeFiles/squirrel_static.dir/sqlexer.cpp.o
[INFO] [stderr]   [ 45%] Building CXX object squirrel/CMakeFiles/squirrel.dir/sqfuncstate.cpp.o
[INFO] [stderr]   [ 47%] Building CXX object squirrel/CMakeFiles/squirrel_static.dir/sqmem.cpp.o
[INFO] [stderr]   [ 50%] Building CXX object squirrel/CMakeFiles/squirrel_static.dir/sqobject.cpp.o
[INFO] [stderr]   [ 50%] Built target sqstdlib_static
[INFO] [stderr]   [ 52%] Building CXX object squirrel/CMakeFiles/squirrel.dir/sqlexer.cpp.o
[INFO] [stderr]   [ 54%] Building CXX object squirrel/CMakeFiles/squirrel_static.dir/sqstate.cpp.o
[INFO] [stderr]   [ 56%] Building CXX object squirrel/CMakeFiles/squirrel.dir/sqmem.cpp.o
[INFO] [stderr]   [ 58%] Building CXX object squirrel/CMakeFiles/squirrel_static.dir/sqtable.cpp.o
[INFO] [stderr]   [ 60%] Building CXX object squirrel/CMakeFiles/squirrel.dir/sqobject.cpp.o
[INFO] [stderr]   [ 62%] Building CXX object squirrel/CMakeFiles/squirrel.dir/sqstate.cpp.o
[INFO] [stderr]   [ 64%] Building CXX object squirrel/CMakeFiles/squirrel.dir/sqtable.cpp.o
[INFO] [stderr]   [ 66%] Building CXX object squirrel/CMakeFiles/squirrel_static.dir/sqvm.cpp.o
[INFO] [stderr]   [ 68%] Building CXX object squirrel/CMakeFiles/squirrel.dir/sqvm.cpp.o
[INFO] [stderr] 
[INFO] [stderr]   --- stderr
[INFO] [stderr]   CMake Warning:
[INFO] [stderr]     Manually-specified variables were not used by the project:
[INFO] [stderr] 
[INFO] [stderr]       CMAKE_ASM_COMPILER
[INFO] [stderr]       CMAKE_ASM_FLAGS
[INFO] [stderr] 
[INFO] [stderr] 
[INFO] [stderr]   In file included from /opt/rustwide/workdir/squirrel/squirrel/sqbaselib.cpp:5:
[INFO] [stderr]   /opt/rustwide/workdir/squirrel/squirrel/sqvm.h: In copy constructor 'SQExceptionTrap::SQExceptionTrap(const SQExceptionTrap&)':
[INFO] [stderr]   /opt/rustwide/workdir/squirrel/squirrel/sqvm.h:23:60: warning: implicitly-declared 'SQExceptionTrap& SQExceptionTrap::operator=(const SQExceptionTrap&)' is deprecated [-Wdeprecated-copy]
[INFO] [stderr]      23 |     SQExceptionTrap(const SQExceptionTrap &et) { (*this) = et;  }
[INFO] [stderr]         |                                                            ^~
[INFO] [stderr]   /opt/rustwide/workdir/squirrel/squirrel/sqvm.h:23:5: note: because 'SQExceptionTrap' has user-provided 'SQExceptionTrap::SQExceptionTrap(const SQExceptionTrap&)'
[INFO] [stderr]      23 |     SQExceptionTrap(const SQExceptionTrap &et) { (*this) = et;  }
[INFO] [stderr]         |     ^~~~~~~~~~~~~~~
[INFO] [stderr]   In file included from /opt/rustwide/workdir/squirrel/squirrel/sqapi.cpp:5:
[INFO] [stderr]   /opt/rustwide/workdir/squirrel/squirrel/sqvm.h: In copy constructor 'SQExceptionTrap::SQExceptionTrap(const SQExceptionTrap&)':
[INFO] [stderr]   /opt/rustwide/workdir/squirrel/squirrel/sqvm.h:23:60: warning: implicitly-declared 'SQExceptionTrap& SQExceptionTrap::operator=(const SQExceptionTrap&)' is deprecated [-Wdeprecated-copy]
[INFO] [stderr]      23 |     SQExceptionTrap(const SQExceptionTrap &et) { (*this) = et;  }
[INFO] [stderr]         |                                                            ^~
[INFO] [stderr]   In file included from /opt/rustwide/workdir/squirrel/squirrel/sqapi.cpp:5:
[INFO] [stderr]   /opt/rustwide/workdir/squirrel/squirrel/sqvm.h: In copy constructor 'SQExceptionTrap::SQExceptionTrap(const SQExceptionTrap&)':
[INFO] [stderr]   /opt/rustwide/workdir/squirrel/squirrel/sqvm.h:23:60: warning: implicitly-declared 'SQExceptionTrap& SQExceptionTrap::operator=(const SQExceptionTrap&)' is deprecated [-Wdeprecated-copy]
[INFO] [stderr]      23 |     SQExceptionTrap(const SQExceptionTrap &et) { (*this) = et;  }
[INFO] [stderr]         |                                                            ^~
[INFO] [stderr]   /opt/rustwide/workdir/squirrel/squirrel/sqvm.h:23:5: note: because 'SQExceptionTrap' has user-provided 'SQExceptionTrap::SQExceptionTrap(const SQExceptionTrap&)'
[INFO] [stderr]      23 |     SQExceptionTrap(const SQExceptionTrap &et) { (*this) = et;  }
[INFO] [stderr]         |     ^~~~~~~~~~~~~~~
[INFO] [stderr]   /opt/rustwide/workdir/squirrel/squirrel/sqvm.h:23:5: note: because 'SQExceptionTrap' has user-provided 'SQExceptionTrap::SQExceptionTrap(const SQExceptionTrap&)'
[INFO] [stderr]      23 |     SQExceptionTrap(const SQExceptionTrap &et) { (*this) = et;  }
[INFO] [stderr]         |     ^~~~~~~~~~~~~~~
[INFO] [stderr]   In file included from /opt/rustwide/workdir/squirrel/squirrel/sqclass.cpp:5:
[INFO] [stderr]   /opt/rustwide/workdir/squirrel/squirrel/sqvm.h: In copy constructor 'SQExceptionTrap::SQExceptionTrap(const SQExceptionTrap&)':
[INFO] [stderr]   /opt/rustwide/workdir/squirrel/squirrel/sqvm.h:23:60: warning: implicitly-declared 'SQExceptionTrap& SQExceptionTrap::operator=(const SQExceptionTrap&)' is deprecated [-Wdeprecated-copy]
[INFO] [stderr]      23 |     SQExceptionTrap(const SQExceptionTrap &et) { (*this) = et;  }
[INFO] [stderr]         |                                                            ^~
[INFO] [stderr]   /opt/rustwide/workdir/squirrel/squirrel/sqvm.h:23:5: note: because 'SQExceptionTrap' has user-provided 'SQExceptionTrap::SQExceptionTrap(const SQExceptionTrap&)'
[INFO] [stderr]      23 |     SQExceptionTrap(const SQExceptionTrap &et) { (*this) = et;  }
[INFO] [stderr]         |     ^~~~~~~~~~~~~~~
[INFO] [stderr]   In file included from /opt/rustwide/workdir/squirrel/squirrel/sqclass.cpp:5:
[INFO] [stderr]   /opt/rustwide/workdir/squirrel/squirrel/sqvm.h: In copy constructor 'SQExceptionTrap::SQExceptionTrap(const SQExceptionTrap&)':
[INFO] [stderr]   /opt/rustwide/workdir/squirrel/squirrel/sqvm.h:23:60: warning: implicitly-declared 'SQExceptionTrap& SQExceptionTrap::operator=(const SQExceptionTrap&)' is deprecated [-Wdeprecated-copy]
[INFO] [stderr]      23 |     SQExceptionTrap(const SQExceptionTrap &et) { (*this) = et;  }
[INFO] [stderr]         |                                                            ^~
[INFO] [stderr]   /opt/rustwide/workdir/squirrel/squirrel/sqvm.h:23:5: note: because 'SQExceptionTrap' has user-provided 'SQExceptionTrap::SQExceptionTrap(const SQExceptionTrap&)'
[INFO] [stderr]      23 |     SQExceptionTrap(const SQExceptionTrap &et) { (*this) = et;  }
[INFO] [stderr]         |     ^~~~~~~~~~~~~~~
[INFO] [stderr]   In file included from /opt/rustwide/workdir/squirrel/squirrel/sqobject.h:5,
[INFO] [stderr]                    from /opt/rustwide/workdir/squirrel/squirrel/sqpcheader.h:17,
[INFO] [stderr]                    from /opt/rustwide/workdir/squirrel/squirrel/sqbaselib.cpp:4:
[INFO] [stderr]   /opt/rustwide/workdir/squirrel/squirrel/squtils.h: In instantiation of 'void sqvector<T>::remove(SQUnsignedInteger) [with T = SQObjectPtr; SQUnsignedInteger = long long unsigned int]':
[INFO] [stderr]   /opt/rustwide/workdir/squirrel/squirrel/sqarray.h:83:23:   required from here
[INFO] [stderr]   /opt/rustwide/workdir/squirrel/squirrel/squtils.h:97:20: warning: 'void* memmove(void*, const void*, size_t)' writing to an object of type 'struct SQObjectPtr' with no trivial copy-assignment; use copy-assignment or copy-initialization instead [-Wclass-memaccess]
[INFO] [stderr]      97 |             memmove(&_vals[idx], &_vals[idx+1], sizeof(T) * (_size - idx - 1));
[INFO] [stderr]         |             ~~~~~~~^~~~~~~~~~~~~~~~~~~~~~~~~~~~~~~~~~~~~~~~~~~~~~~~~~~~~~~~~~~
[INFO] [stderr]   In file included from /opt/rustwide/workdir/squirrel/squirrel/sqpcheader.h:17,
[INFO] [stderr]                    from /opt/rustwide/workdir/squirrel/squirrel/sqbaselib.cpp:4:
[INFO] [stderr]   /opt/rustwide/workdir/squirrel/squirrel/sqobject.h:205:8: note: 'struct SQObjectPtr' declared here
[INFO] [stderr]     205 | struct SQObjectPtr : public SQObject
[INFO] [stderr]         |        ^~~~~~~~~~~
[INFO] [stderr]   In file included from /opt/rustwide/workdir/squirrel/squirrel/sqcompiler.cpp:14:
[INFO] [stderr]   /opt/rustwide/workdir/squirrel/squirrel/sqvm.h: In copy constructor 'SQExceptionTrap::SQExceptionTrap(const SQExceptionTrap&)':
[INFO] [stderr]   /opt/rustwide/workdir/squirrel/squirrel/sqvm.h:23:60: warning: implicitly-declared 'SQExceptionTrap& SQExceptionTrap::operator=(const SQExceptionTrap&)' is deprecated [-Wdeprecated-copy]
[INFO] [stderr]      23 |     SQExceptionTrap(const SQExceptionTrap &et) { (*this) = et;  }
[INFO] [stderr]         |                                                            ^~
[INFO] [stderr]   /opt/rustwide/workdir/squirrel/squirrel/sqvm.h:23:5: note: because 'SQExceptionTrap' has user-provided 'SQExceptionTrap::SQExceptionTrap(const SQExceptionTrap&)'
[INFO] [stderr]      23 |     SQExceptionTrap(const SQExceptionTrap &et) { (*this) = et;  }
[INFO] [stderr]         |     ^~~~~~~~~~~~~~~
[INFO] [stderr]   In file included from /opt/rustwide/workdir/squirrel/squirrel/sqbaselib.cpp:5:
[INFO] [stderr]   /opt/rustwide/workdir/squirrel/squirrel/sqvm.h: In copy constructor 'SQExceptionTrap::SQExceptionTrap(const SQExceptionTrap&)':
[INFO] [stderr]   /opt/rustwide/workdir/squirrel/squirrel/sqvm.h:23:60: warning: implicitly-declared 'SQExceptionTrap& SQExceptionTrap::operator=(const SQExceptionTrap&)' is deprecated [-Wdeprecated-copy]
[INFO] [stderr]      23 |     SQExceptionTrap(const SQExceptionTrap &et) { (*this) = et;  }
[INFO] [stderr]         |                                                            ^~
[INFO] [stderr]   /opt/rustwide/workdir/squirrel/squirrel/sqvm.h:23:5: note: because 'SQExceptionTrap' has user-provided 'SQExceptionTrap::SQExceptionTrap(const SQExceptionTrap&)'
[INFO] [stderr]      23 |     SQExceptionTrap(const SQExceptionTrap &et) { (*this) = et;  }
[INFO] [stderr]         |     ^~~~~~~~~~~~~~~
[INFO] [stderr]   In file included from /opt/rustwide/workdir/squirrel/squirrel/sqobject.h:5,
[INFO] [stderr]                    from /opt/rustwide/workdir/squirrel/squirrel/sqpcheader.h:17,
[INFO] [stderr]                    from /opt/rustwide/workdir/squirrel/squirrel/sqapi.cpp:4:
[INFO] [stderr]   /opt/rustwide/workdir/squirrel/squirrel/squtils.h: In instantiation of 'void sqvector<T>::remove(SQUnsignedInteger) [with T = SQObjectPtr; SQUnsignedInteger = long long unsigned int]':
[INFO] [stderr]   /opt/rustwide/workdir/squirrel/squirrel/sqarray.h:83:23:   required from here
[INFO] [stderr]   /opt/rustwide/workdir/squirrel/squirrel/squtils.h:97:20: warning: 'void* memmove(void*, const void*, size_t)' writing to an object of type 'struct SQObjectPtr' with no trivial copy-assignment; use copy-assignment or copy-initialization instead [-Wclass-memaccess]
[INFO] [stderr]      97 |             memmove(&_vals[idx], &_vals[idx+1], sizeof(T) * (_size - idx - 1));
[INFO] [stderr]         |             ~~~~~~~^~~~~~~~~~~~~~~~~~~~~~~~~~~~~~~~~~~~~~~~~~~~~~~~~~~~~~~~~~~
[INFO] [stderr]   In file included from /opt/rustwide/workdir/squirrel/squirrel/sqpcheader.h:17,
[INFO] [stderr]                    from /opt/rustwide/workdir/squirrel/squirrel/sqapi.cpp:4:
[INFO] [stderr]   /opt/rustwide/workdir/squirrel/squirrel/sqobject.h:205:8: note: 'struct SQObjectPtr' declared here
[INFO] [stderr]     205 | struct SQObjectPtr : public SQObject
[INFO] [stderr]         |        ^~~~~~~~~~~
[INFO] [stderr]   /opt/rustwide/workdir/squirrel/squirrel/sqcompiler.cpp: In member function 'void SQCompiler::ParseTableOrClass(SQInteger, SQInteger)':
[INFO] [stderr]   /opt/rustwide/workdir/squirrel/squirrel/sqcompiler.cpp:1003:17: warning: this statement may fall through [-Wimplicit-fallthrough=]
[INFO] [stderr]    1003 |                 if(separator == ',') { //only works for tables
[INFO] [stderr]         |                 ^~
[INFO] [stderr]   In file included from /opt/rustwide/workdir/squirrel/squirrel/sqobject.h:5,
[INFO] [stderr]                    from /opt/rustwide/workdir/squirrel/squirrel/sqpcheader.h:17,
[INFO] [stderr]                    from /opt/rustwide/workdir/squirrel/squirrel/sqapi.cpp:4:
[INFO] [stderr]   /opt/rustwide/workdir/squirrel/squirrel/squtils.h: In instantiation of 'void sqvector<T>::remove(SQUnsignedInteger) [with T = SQObjectPtr; SQUnsignedInteger = long long unsigned int]':
[INFO] [stderr]   /opt/rustwide/workdir/squirrel/squirrel/sqarray.h:83:23:   required from here
[INFO] [stderr]   /opt/rustwide/workdir/squirrel/squirrel/squtils.h:97:20: warning: 'void* memmove(void*, const void*, size_t)' writing to an object of type 'struct SQObjectPtr' with no trivial copy-assignment; use copy-assignment or copy-initialization instead [-Wclass-memaccess]
[INFO] [stderr]      97 |             memmove(&_vals[idx], &_vals[idx+1], sizeof(T) * (_size - idx - 1));
[INFO] [stderr]         |             ~~~~~~~^~~~~~~~~~~~~~~~~~~~~~~~~~~~~~~~~~~~~~~~~~~~~~~~~~~~~~~~~~~
[INFO] [stderr]   /opt/rustwide/workdir/squirrel/squirrel/sqcompiler.cpp:1008:13: note: here
[INFO] [stderr]    1008 |             default :
[INFO] [stderr]         |             ^~~~~~~
[INFO] [stderr]   In file included from /opt/rustwide/workdir/squirrel/squirrel/sqpcheader.h:17,
[INFO] [stderr]                    from /opt/rustwide/workdir/squirrel/squirrel/sqapi.cpp:4:
[INFO] [stderr]   /opt/rustwide/workdir/squirrel/squirrel/sqobject.h:205:8: note: 'struct SQObjectPtr' declared here
[INFO] [stderr]     205 | struct SQObjectPtr : public SQObject
[INFO] [stderr]         |        ^~~~~~~~~~~
[INFO] [stderr]   In file included from /opt/rustwide/workdir/squirrel/squirrel/sqobject.h:5,
[INFO] [stderr]                    from /opt/rustwide/workdir/squirrel/squirrel/sqpcheader.h:17,
[INFO] [stderr]                    from /opt/rustwide/workdir/squirrel/squirrel/sqbaselib.cpp:4:
[INFO] [stderr]   /opt/rustwide/workdir/squirrel/squirrel/squtils.h: In instantiation of 'void sqvector<T>::remove(SQUnsignedInteger) [with T = SQObjectPtr; SQUnsignedInteger = long long unsigned int]':
[INFO] [stderr]   /opt/rustwide/workdir/squirrel/squirrel/sqarray.h:83:23:   required from here
[INFO] [stderr]   /opt/rustwide/workdir/squirrel/squirrel/squtils.h:97:20: warning: 'void* memmove(void*, const void*, size_t)' writing to an object of type 'struct SQObjectPtr' with no trivial copy-assignment; use copy-assignment or copy-initialization instead [-Wclass-memaccess]
[INFO] [stderr]      97 |             memmove(&_vals[idx], &_vals[idx+1], sizeof(T) * (_size - idx - 1));
[INFO] [stderr]         |             ~~~~~~~^~~~~~~~~~~~~~~~~~~~~~~~~~~~~~~~~~~~~~~~~~~~~~~~~~~~~~~~~~~
[INFO] [stderr]   In file included from /opt/rustwide/workdir/squirrel/squirrel/sqpcheader.h:17,
[INFO] [stderr]                    from /opt/rustwide/workdir/squirrel/squirrel/sqbaselib.cpp:4:
[INFO] [stderr]   /opt/rustwide/workdir/squirrel/squirrel/sqobject.h:205:8: note: 'struct SQObjectPtr' declared here
[INFO] [stderr]     205 | struct SQObjectPtr : public SQObject
[INFO] [stderr]         |        ^~~~~~~~~~~
[INFO] [stderr]   /opt/rustwide/workdir/squirrel/sqstdlib/sqstdrex.cpp: In function 'SQInteger sqstd_rex_charnode(SQRex*, SQBool)':
[INFO] [stderr]   /opt/rustwide/workdir/squirrel/sqstdlib/sqstdrex.cpp:166:17: warning: this statement may fall through [-Wimplicit-fallthrough=]
[INFO] [stderr]     166 |                 } //else default
[INFO] [stderr]         |                 ^
[INFO] [stderr]   /opt/rustwide/workdir/squirrel/sqstdlib/sqstdrex.cpp:167:13: note: here
[INFO] [stderr]     167 |             default:
[INFO] [stderr]         |             ^~~~~~~
[INFO] [stderr]   In file included from /opt/rustwide/workdir/squirrel/squirrel/sqcompiler.cpp:14:
[INFO] [stderr]   /opt/rustwide/workdir/squirrel/squirrel/sqvm.h: In copy constructor 'SQExceptionTrap::SQExceptionTrap(const SQExceptionTrap&)':
[INFO] [stderr]   /opt/rustwide/workdir/squirrel/squirrel/sqvm.h:23:60: warning: implicitly-declared 'SQExceptionTrap& SQExceptionTrap::operator=(const SQExceptionTrap&)' is deprecated [-Wdeprecated-copy]
[INFO] [stderr]      23 |     SQExceptionTrap(const SQExceptionTrap &et) { (*this) = et;  }
[INFO] [stderr]         |                                                            ^~
[INFO] [stderr]   In file included from /opt/rustwide/workdir/squirrel/squirrel/sqdebug.cpp:6:
[INFO] [stderr]   /opt/rustwide/workdir/squirrel/squirrel/sqvm.h: In copy constructor 'SQExceptionTrap::SQExceptionTrap(const SQExceptionTrap&)':
[INFO] [stderr]   /opt/rustwide/workdir/squirrel/squirrel/sqvm.h:23:60: warning: implicitly-declared 'SQExceptionTrap& SQExceptionTrap::operator=(const SQExceptionTrap&)' is deprecated [-Wdeprecated-copy]
[INFO] [stderr]      23 |     SQExceptionTrap(const SQExceptionTrap &et) { (*this) = et;  }
[INFO] [stderr]         |                                                            ^~
[INFO] [stderr]   /opt/rustwide/workdir/squirrel/squirrel/sqvm.h:23:5: note: because 'SQExceptionTrap' has user-provided 'SQExceptionTrap::SQExceptionTrap(const SQExceptionTrap&)'
[INFO] [stderr]      23 |     SQExceptionTrap(const SQExceptionTrap &et) { (*this) = et;  }
[INFO] [stderr]         |     ^~~~~~~~~~~~~~~
[INFO] [stderr]   /opt/rustwide/workdir/squirrel/squirrel/sqvm.h:23:5: note: because 'SQExceptionTrap' has user-provided 'SQExceptionTrap::SQExceptionTrap(const SQExceptionTrap&)'
[INFO] [stderr]      23 |     SQExceptionTrap(const SQExceptionTrap &et) { (*this) = et;  }
[INFO] [stderr]         |     ^~~~~~~~~~~~~~~
[INFO] [stderr]   /opt/rustwide/workdir/squirrel/squirrel/sqcompiler.cpp: In member function 'void SQCompiler::ParseTableOrClass(SQInteger, SQInteger)':
[INFO] [stderr]   /opt/rustwide/workdir/squirrel/squirrel/sqcompiler.cpp:1003:17: warning: this statement may fall through [-Wimplicit-fallthrough=]
[INFO] [stderr]    1003 |                 if(separator == ',') { //only works for tables
[INFO] [stderr]         |                 ^~
[INFO] [stderr]   /opt/rustwide/workdir/squirrel/squirrel/sqcompiler.cpp:1008:13: note: here
[INFO] [stderr]    1008 |             default :
[INFO] [stderr]         |             ^~~~~~~
[INFO] [stderr]   /opt/rustwide/workdir/squirrel/sqstdlib/sqstdstring.cpp: In function 'SQRESULT sqstd_format(HSQUIRRELVM, SQInteger, SQInteger*, SQChar**)':
[INFO] [stderr]   /opt/rustwide/workdir/squirrel/sqstdlib/sqstdstring.cpp:122:29: warning: this statement may fall through [-Wimplicit-fallthrough=]
[INFO] [stderr]     122 |                 fmt[fpos++] = _SC('\0');
[INFO] [stderr]         |                             ^
[INFO] [stderr]   /opt/rustwide/workdir/squirrel/sqstdlib/sqstdstring.cpp:125:13: note: here
[INFO] [stderr]     125 |             case 'c':
[INFO] [stderr]         |             ^~~~
[INFO] [stderr]   In file included from /opt/rustwide/workdir/squirrel/squirrel/sqdebug.cpp:6:
[INFO] [stderr]   /opt/rustwide/workdir/squirrel/squirrel/sqvm.h: In copy constructor 'SQExceptionTrap::SQExceptionTrap(const SQExceptionTrap&)':
[INFO] [stderr]   /opt/rustwide/workdir/squirrel/squirrel/sqvm.h:23:60: warning: implicitly-declared 'SQExceptionTrap& SQExceptionTrap::operator=(const SQExceptionTrap&)' is deprecated [-Wdeprecated-copy]
[INFO] [stderr]      23 |     SQExceptionTrap(const SQExceptionTrap &et) { (*this) = et;  }
[INFO] [stderr]         |                                                            ^~
[INFO] [stderr]   /opt/rustwide/workdir/squirrel/squirrel/sqvm.h:23:5: note: because 'SQExceptionTrap' has user-provided 'SQExceptionTrap::SQExceptionTrap(const SQExceptionTrap&)'
[INFO] [stderr]      23 |     SQExceptionTrap(const SQExceptionTrap &et) { (*this) = et;  }
[INFO] [stderr]         |     ^~~~~~~~~~~~~~~
[INFO] [stderr]   /opt/rustwide/workdir/squirrel/squirrel/sqfuncstate.cpp: In member function 'SQFunctionProto* SQFuncState::BuildProto()':
[INFO] [stderr]   /opt/rustwide/workdir/squirrel/squirrel/sqfuncstate.cpp:614:104: warning: implicitly-declared 'SQOuterVar& SQOuterVar::operator=(const SQOuterVar&)' is deprecated [-Wdeprecated-copy]
[INFO] [stderr]     614 |     for(SQUnsignedInteger no = 0; no < _outervalues.size(); no++) f->_outervalues[no] = _outervalues[no];
[INFO] [stderr]         |                                                                                                        ^
[INFO] [stderr]   In file included from /opt/rustwide/workdir/squirrel/squirrel/sqfuncstate.cpp:8:
[INFO] [stderr]   /opt/rustwide/workdir/squirrel/squirrel/sqfuncproto.h:22:5: note: because 'SQOuterVar' has user-provided 'SQOuterVar::SQOuterVar(const SQOuterVar&)'
[INFO] [stderr]      22 |     SQOuterVar(const SQOuterVar &ov)
[INFO] [stderr]         |     ^~~~~~~~~~
[INFO] [stderr]   /opt/rustwide/workdir/squirrel/squirrel/sqfuncstate.cpp:615:110: warning: implicitly-declared 'SQLocalVarInfo& SQLocalVarInfo::operator=(const SQLocalVarInfo&)' is deprecated [-Wdeprecated-copy]
[INFO] [stderr]     615 |     for(SQUnsignedInteger nl = 0; nl < _localvarinfos.size(); nl++) f->_localvarinfos[nl] = _localvarinfos[nl];
[INFO] [stderr]         |                                                                                                              ^
[INFO] [stderr]   In file included from /opt/rustwide/workdir/squirrel/squirrel/sqfuncstate.cpp:8:
[INFO] [stderr]   /opt/rustwide/workdir/squirrel/squirrel/sqfuncproto.h:36:5: note: because 'SQLocalVarInfo' has user-provided 'SQLocalVarInfo::SQLocalVarInfo(const SQLocalVarInfo&)'
[INFO] [stderr]      36 |     SQLocalVarInfo(const SQLocalVarInfo &lvi)
[INFO] [stderr]         |     ^~~~~~~~~~~~~~
[INFO] [stderr]   /opt/rustwide/workdir/squirrel/squirrel/sqlexer.cpp: In member function 'void SQLexer::LexBlockComment()':
[INFO] [stderr]   /opt/rustwide/workdir/squirrel/squirrel/sqlexer.cpp:118:37: warning: this statement may fall through [-Wimplicit-fallthrough=]
[INFO] [stderr]     118 |             case SQUIRREL_EOB: Error(_SC("missing \"*/\" in comment"));
[INFO] [stderr]         |                                ~~~~~^~~~~~~~~~~~~~~~~~~~~~~~~~~~~~~~~~
[INFO] [stderr]   /opt/rustwide/workdir/squirrel/squirrel/sqlexer.cpp:119:13: note: here
[INFO] [stderr]     119 |             default: NEXT();
[INFO] [stderr]         |             ^~~~~~~
[INFO] [stderr]   /opt/rustwide/workdir/squirrel/squirrel/sqlexer.cpp: In member function 'SQInteger SQLexer::Lex()':
[INFO] [stderr]   /opt/rustwide/workdir/squirrel/squirrel/sqlexer.cpp:208:18: warning: this statement may fall through [-Wimplicit-fallthrough=]
[INFO] [stderr]     208 |             Error(_SC("error parsing the string"));
[INFO] [stderr]         |             ~~~~~^~~~~~~~~~~~~~~~~~~~~~~~~~~~~~~~~
[INFO] [stderr]   /opt/rustwide/workdir/squirrel/squirrel/sqlexer.cpp:210:9: note: here
[INFO] [stderr]     210 |         case _SC('"'):
[INFO] [stderr]         |         ^~~~
[INFO] [stderr]   /opt/rustwide/workdir/squirrel/squirrel/sqlexer.cpp:216:18: warning: this statement may fall through [-Wimplicit-fallthrough=]
[INFO] [stderr]     216 |             Error(_SC("error parsing the string"));
[INFO] [stderr]         |             ~~~~~^~~~~~~~~~~~~~~~~~~~~~~~~~~~~~~~~
[INFO] [stderr]   /opt/rustwide/workdir/squirrel/squirrel/sqlexer.cpp:218:9: note: here
[INFO] [stderr]     218 |         case _SC('{'): case _SC('}'): case _SC('('): case _SC(')'): case _SC('['): case _SC(']'):
[INFO] [stderr]         |         ^~~~
[INFO] [stderr]   /opt/rustwide/workdir/squirrel/squirrel/sqfuncstate.cpp: In member function 'SQFunctionProto* SQFuncState::BuildProto()':
[INFO] [stderr]   /opt/rustwide/workdir/squirrel/squirrel/sqfuncstate.cpp:614:104: warning: implicitly-declared 'SQOuterVar& SQOuterVar::operator=(const SQOuterVar&)' is deprecated [-Wdeprecated-copy]
[INFO] [stderr]     614 |     for(SQUnsignedInteger no = 0; no < _outervalues.size(); no++) f->_outervalues[no] = _outervalues[no];
[INFO] [stderr]         |                                                                                                        ^
[INFO] [stderr]   In file included from /opt/rustwide/workdir/squirrel/squirrel/sqfuncstate.cpp:8:
[INFO] [stderr]   /opt/rustwide/workdir/squirrel/squirrel/sqfuncproto.h:22:5: note: because 'SQOuterVar' has user-provided 'SQOuterVar::SQOuterVar(const SQOuterVar&)'
[INFO] [stderr]      22 |     SQOuterVar(const SQOuterVar &ov)
[INFO] [stderr]         |     ^~~~~~~~~~
[INFO] [stderr]   /opt/rustwide/workdir/squirrel/squirrel/sqfuncstate.cpp:615:110: warning: implicitly-declared 'SQLocalVarInfo& SQLocalVarInfo::operator=(const SQLocalVarInfo&)' is deprecated [-Wdeprecated-copy]
[INFO] [stderr]     615 |     for(SQUnsignedInteger nl = 0; nl < _localvarinfos.size(); nl++) f->_localvarinfos[nl] = _localvarinfos[nl];
[INFO] [stderr]         |                                                                                                              ^
[INFO] [stderr]   In file included from /opt/rustwide/workdir/squirrel/squirrel/sqfuncstate.cpp:8:
[INFO] [stderr]   /opt/rustwide/workdir/squirrel/squirrel/sqfuncproto.h:36:5: note: because 'SQLocalVarInfo' has user-provided 'SQLocalVarInfo::SQLocalVarInfo(const SQLocalVarInfo&)'
[INFO] [stderr]      36 |     SQLocalVarInfo(const SQLocalVarInfo &lvi)
[INFO] [stderr]         |     ^~~~~~~~~~~~~~
[INFO] [stderr]   In file included from /opt/rustwide/workdir/squirrel/squirrel/sqobject.cpp:5:
[INFO] [stderr]   /opt/rustwide/workdir/squirrel/squirrel/sqvm.h: In copy constructor 'SQExceptionTrap::SQExceptionTrap(const SQExceptionTrap&)':
[INFO] [stderr]   /opt/rustwide/workdir/squirrel/squirrel/sqvm.h:23:60: warning: implicitly-declared 'SQExceptionTrap& SQExceptionTrap::operator=(const SQExceptionTrap&)' is deprecated [-Wdeprecated-copy]
[INFO] [stderr]      23 |     SQExceptionTrap(const SQExceptionTrap &et) { (*this) = et;  }
[INFO] [stderr]         |                                                            ^~
[INFO] [stderr]   /opt/rustwide/workdir/squirrel/squirrel/sqvm.h:23:5: note: because 'SQExceptionTrap' has user-provided 'SQExceptionTrap::SQExceptionTrap(const SQExceptionTrap&)'
[INFO] [stderr]      23 |     SQExceptionTrap(const SQExceptionTrap &et) { (*this) = et;  }
[INFO] [stderr]         |     ^~~~~~~~~~~~~~~
[INFO] [stderr]   /opt/rustwide/workdir/squirrel/squirrel/sqlexer.cpp: In member function 'void SQLexer::LexBlockComment()':
[INFO] [stderr]   /opt/rustwide/workdir/squirrel/squirrel/sqlexer.cpp:118:37: warning: this statement may fall through [-Wimplicit-fallthrough=]
[INFO] [stderr]     118 |             case SQUIRREL_EOB: Error(_SC("missing \"*/\" in comment"));
[INFO] [stderr]         |                                ~~~~~^~~~~~~~~~~~~~~~~~~~~~~~~~~~~~~~~~
[INFO] [stderr]   /opt/rustwide/workdir/squirrel/squirrel/sqlexer.cpp:119:13: note: here
[INFO] [stderr]     119 |             default: NEXT();
[INFO] [stderr]         |             ^~~~~~~
[INFO] [stderr]   /opt/rustwide/workdir/squirrel/squirrel/sqlexer.cpp: In member function 'SQInteger SQLexer::Lex()':
[INFO] [stderr]   /opt/rustwide/workdir/squirrel/squirrel/sqlexer.cpp:208:18: warning: this statement may fall through [-Wimplicit-fallthrough=]
[INFO] [stderr]     208 |             Error(_SC("error parsing the string"));
[INFO] [stderr]         |             ~~~~~^~~~~~~~~~~~~~~~~~~~~~~~~~~~~~~~~
[INFO] [stderr]   /opt/rustwide/workdir/squirrel/squirrel/sqlexer.cpp:210:9: note: here
[INFO] [stderr]     210 |         case _SC('"'):
[INFO] [stderr]         |         ^~~~
[INFO] [stderr]   /opt/rustwide/workdir/squirrel/squirrel/sqlexer.cpp:216:18: warning: this statement may fall through [-Wimplicit-fallthrough=]
[INFO] [stderr]     216 |             Error(_SC("error parsing the string"));
[INFO] [stderr]         |             ~~~~~^~~~~~~~~~~~~~~~~~~~~~~~~~~~~~~~~
[INFO] [stderr]   /opt/rustwide/workdir/squirrel/squirrel/sqlexer.cpp:218:9: note: here
[INFO] [stderr]     218 |         case _SC('{'): case _SC('}'): case _SC('('): case _SC(')'): case _SC('['): case _SC(']'):
[INFO] [stderr]         |         ^~~~
[INFO] [stderr]   /opt/rustwide/workdir/squirrel/squirrel/sqobject.cpp: In static member function 'static bool SQFunctionProto::Load(SQVM*, SQUserPointer, SQREADFUNC, SQObjectPtr&)':
[INFO] [stderr]   /opt/rustwide/workdir/squirrel/squirrel/sqobject.cpp:519:66: warning: implicitly-declared 'SQOuterVar& SQOuterVar::operator=(const SQOuterVar&)' is deprecated [-Wdeprecated-copy]
[INFO] [stderr]     519 |         f->_outervalues[i] = SQOuterVar(name,o, (SQOuterType)type);
[INFO] [stderr]         |                                                                  ^
[INFO] [stderr]   In file included from /opt/rustwide/workdir/squirrel/squirrel/sqobject.cpp:10:
[INFO] [stderr]   /opt/rustwide/workdir/squirrel/squirrel/sqfuncproto.h:22:5: note: because 'SQOuterVar' has user-provided 'SQOuterVar::SQOuterVar(const SQOuterVar&)'
[INFO] [stderr]      22 |     SQOuterVar(const SQOuterVar &ov)
[INFO] [stderr]         |     ^~~~~~~~~~
[INFO] [stderr]   /opt/rustwide/workdir/squirrel/squirrel/sqobject.cpp:529:32: warning: implicitly-declared 'SQLocalVarInfo& SQLocalVarInfo::operator=(const SQLocalVarInfo&)' is deprecated [-Wdeprecated-copy]
[INFO] [stderr]     529 |         f->_localvarinfos[i] = lvi;
[INFO] [stderr]         |                                ^~~
[INFO] [stderr]   In file included from /opt/rustwide/workdir/squirrel/squirrel/sqobject.cpp:10:
[INFO] [stderr]   /opt/rustwide/workdir/squirrel/squirrel/sqfuncproto.h:36:5: note: because 'SQLocalVarInfo' has user-provided 'SQLocalVarInfo::SQLocalVarInfo(const SQLocalVarInfo&)'
[INFO] [stderr]      36 |     SQLocalVarInfo(const SQLocalVarInfo &lvi)
[INFO] [stderr]         |     ^~~~~~~~~~~~~~
[INFO] [stderr]   In file included from /opt/rustwide/workdir/squirrel/squirrel/sqobject.h:5,
[INFO] [stderr]                    from /opt/rustwide/workdir/squirrel/squirrel/sqpcheader.h:17,
[INFO] [stderr]                    from /opt/rustwide/workdir/squirrel/squirrel/sqobject.cpp:4:
[INFO] [stderr]   /opt/rustwide/workdir/squirrel/squirrel/squtils.h: In instantiation of 'void sqvector<T>::remove(SQUnsignedInteger) [with T = SQObjectPtr; SQUnsignedInteger = long long unsigned int]':
[INFO] [stderr]   /opt/rustwide/workdir/squirrel/squirrel/sqarray.h:83:23:   required from here
[INFO] [stderr]   /opt/rustwide/workdir/squirrel/squirrel/squtils.h:97:20: warning: 'void* memmove(void*, const void*, size_t)' writing to an object of type 'struct SQObjectPtr' with no trivial copy-assignment; use copy-assignment or copy-initialization instead [-Wclass-memaccess]
[INFO] [stderr]      97 |             memmove(&_vals[idx], &_vals[idx+1], sizeof(T) * (_size - idx - 1));
[INFO] [stderr]         |             ~~~~~~~^~~~~~~~~~~~~~~~~~~~~~~~~~~~~~~~~~~~~~~~~~~~~~~~~~~~~~~~~~~
[INFO] [stderr]   In file included from /opt/rustwide/workdir/squirrel/squirrel/sqpcheader.h:17,
[INFO] [stderr]                    from /opt/rustwide/workdir/squirrel/squirrel/sqobject.cpp:4:
[INFO] [stderr]   /opt/rustwide/workdir/squirrel/squirrel/sqobject.h:205:8: note: 'struct SQObjectPtr' declared here
[INFO] [stderr]     205 | struct SQObjectPtr : public SQObject
[INFO] [stderr]         |        ^~~~~~~~~~~
[INFO] [stderr]   In file included from /opt/rustwide/workdir/squirrel/squirrel/sqstate.cpp:6:
[INFO] [stderr]   /opt/rustwide/workdir/squirrel/squirrel/sqvm.h: In copy constructor 'SQExceptionTrap::SQExceptionTrap(const SQExceptionTrap&)':
[INFO] [stderr]   /opt/rustwide/workdir/squirrel/squirrel/sqvm.h:23:60: warning: implicitly-declared 'SQExceptionTrap& SQExceptionTrap::operator=(const SQExceptionTrap&)' is deprecated [-Wdeprecated-copy]
[INFO] [stderr]      23 |     SQExceptionTrap(const SQExceptionTrap &et) { (*this) = et;  }
[INFO] [stderr]         |                                                            ^~
[INFO] [stderr]   /opt/rustwide/workdir/squirrel/squirrel/sqvm.h:23:5: note: because 'SQExceptionTrap' has user-provided 'SQExceptionTrap::SQExceptionTrap(const SQExceptionTrap&)'
[INFO] [stderr]      23 |     SQExceptionTrap(const SQExceptionTrap &et) { (*this) = et;  }
[INFO] [stderr]         |     ^~~~~~~~~~~~~~~
[INFO] [stderr]   In file included from /opt/rustwide/workdir/squirrel/squirrel/sqobject.h:5,
[INFO] [stderr]                    from /opt/rustwide/workdir/squirrel/squirrel/sqpcheader.h:17,
[INFO] [stderr]                    from /opt/rustwide/workdir/squirrel/squirrel/sqstate.cpp:4:
[INFO] [stderr]   /opt/rustwide/workdir/squirrel/squirrel/squtils.h: In instantiation of 'void sqvector<T>::remove(SQUnsignedInteger) [with T = SQObjectPtr; SQUnsignedInteger = long long unsigned int]':
[INFO] [stderr]   /opt/rustwide/workdir/squirrel/squirrel/sqarray.h:83:23:   required from here
[INFO] [stderr]   /opt/rustwide/workdir/squirrel/squirrel/squtils.h:97:20: warning: 'void* memmove(void*, const void*, size_t)' writing to an object of type 'struct SQObjectPtr' with no trivial copy-assignment; use copy-assignment or copy-initialization instead [-Wclass-memaccess]
[INFO] [stderr]      97 |             memmove(&_vals[idx], &_vals[idx+1], sizeof(T) * (_size - idx - 1));
[INFO] [stderr]         |             ~~~~~~~^~~~~~~~~~~~~~~~~~~~~~~~~~~~~~~~~~~~~~~~~~~~~~~~~~~~~~~~~~~
[INFO] [stderr]   In file included from /opt/rustwide/workdir/squirrel/squirrel/sqpcheader.h:17,
[INFO] [stderr]                    from /opt/rustwide/workdir/squirrel/squirrel/sqstate.cpp:4:
[INFO] [stderr]   /opt/rustwide/workdir/squirrel/squirrel/sqobject.h:205:8: note: 'struct SQObjectPtr' declared here
[INFO] [stderr]     205 | struct SQObjectPtr : public SQObject
[INFO] [stderr]         |        ^~~~~~~~~~~
[INFO] [stderr]   In file included from /opt/rustwide/workdir/squirrel/squirrel/sqtable.cpp:5:
[INFO] [stderr]   /opt/rustwide/workdir/squirrel/squirrel/sqvm.h: In copy constructor 'SQExceptionTrap::SQExceptionTrap(const SQExceptionTrap&)':
[INFO] [stderr]   /opt/rustwide/workdir/squirrel/squirrel/sqvm.h:23:60: warning: implicitly-declared 'SQExceptionTrap& SQExceptionTrap::operator=(const SQExceptionTrap&)' is deprecated [-Wdeprecated-copy]
[INFO] [stderr]      23 |     SQExceptionTrap(const SQExceptionTrap &et) { (*this) = et;  }
[INFO] [stderr]         |                                                            ^~
[INFO] [stderr]   In file included from /opt/rustwide/workdir/squirrel/squirrel/sqobject.cpp:5:
[INFO] [stderr]   /opt/rustwide/workdir/squirrel/squirrel/sqvm.h: In copy constructor 'SQExceptionTrap::SQExceptionTrap(const SQExceptionTrap&)':
[INFO] [stderr]   /opt/rustwide/workdir/squirrel/squirrel/sqvm.h:23:60: warning: implicitly-declared 'SQExceptionTrap& SQExceptionTrap::operator=(const SQExceptionTrap&)' is deprecated [-Wdeprecated-copy]
[INFO] [stderr]      23 |     SQExceptionTrap(const SQExceptionTrap &et) { (*this) = et;  }
[INFO] [stderr]         |                                                            ^~
[INFO] [stderr]   /opt/rustwide/workdir/squirrel/squirrel/sqvm.h:23:5: note: because 'SQExceptionTrap' has user-provided 'SQExceptionTrap::SQExceptionTrap(const SQExceptionTrap&)'
[INFO] [stderr]      23 |     SQExceptionTrap(const SQExceptionTrap &et) { (*this) = et;  }
[INFO] [stderr]         |     ^~~~~~~~~~~~~~~
[INFO] [stderr]   /opt/rustwide/workdir/squirrel/squirrel/sqvm.h:23:5: note: because 'SQExceptionTrap' has user-provided 'SQExceptionTrap::SQExceptionTrap(const SQExceptionTrap&)'
[INFO] [stderr]      23 |     SQExceptionTrap(const SQExceptionTrap &et) { (*this) = et;  }
[INFO] [stderr]         |     ^~~~~~~~~~~~~~~
[INFO] [stderr]   In file included from /opt/rustwide/workdir/squirrel/squirrel/sqstate.cpp:6:
[INFO] [stderr]   /opt/rustwide/workdir/squirrel/squirrel/sqvm.h: In copy constructor 'SQExceptionTrap::SQExceptionTrap(const SQExceptionTrap&)':
[INFO] [stderr]   /opt/rustwide/workdir/squirrel/squirrel/sqvm.h:23:60: warning: implicitly-declared 'SQExceptionTrap& SQExceptionTrap::operator=(const SQExceptionTrap&)' is deprecated [-Wdeprecated-copy]
[INFO] [stderr]      23 |     SQExceptionTrap(const SQExceptionTrap &et) { (*this) = et;  }
[INFO] [stderr]         |                                                            ^~
[INFO] [stderr]   /opt/rustwide/workdir/squirrel/squirrel/sqvm.h:23:5: note: because 'SQExceptionTrap' has user-provided 'SQExceptionTrap::SQExceptionTrap(const SQExceptionTrap&)'
[INFO] [stderr]      23 |     SQExceptionTrap(const SQExceptionTrap &et) { (*this) = et;  }
[INFO] [stderr]         |     ^~~~~~~~~~~~~~~
[INFO] [stderr]   /opt/rustwide/workdir/squirrel/squirrel/sqobject.cpp: In static member function 'static bool SQFunctionProto::Load(SQVM*, SQUserPointer, SQREADFUNC, SQObjectPtr&)':
[INFO] [stderr]   /opt/rustwide/workdir/squirrel/squirrel/sqobject.cpp:519:66: warning: implicitly-declared 'SQOuterVar& SQOuterVar::operator=(const SQOuterVar&)' is deprecated [-Wdeprecated-copy]
[INFO] [stderr]     519 |         f->_outervalues[i] = SQOuterVar(name,o, (SQOuterType)type);
[INFO] [stderr]         |                                                                  ^
[INFO] [stderr]   In file included from /opt/rustwide/workdir/squirrel/squirrel/sqobject.cpp:10:
[INFO] [stderr]   /opt/rustwide/workdir/squirrel/squirrel/sqfuncproto.h:22:5: note: because 'SQOuterVar' has user-provided 'SQOuterVar::SQOuterVar(const SQOuterVar&)'
[INFO] [stderr]      22 |     SQOuterVar(const SQOuterVar &ov)
[INFO] [stderr]         |     ^~~~~~~~~~
[INFO] [stderr]   /opt/rustwide/workdir/squirrel/squirrel/sqobject.cpp:529:32: warning: implicitly-declared 'SQLocalVarInfo& SQLocalVarInfo::operator=(const SQLocalVarInfo&)' is deprecated [-Wdeprecated-copy]
[INFO] [stderr]     529 |         f->_localvarinfos[i] = lvi;
[INFO] [stderr]         |                                ^~~
[INFO] [stderr]   In file included from /opt/rustwide/workdir/squirrel/squirrel/sqobject.cpp:10:
[INFO] [stderr]   /opt/rustwide/workdir/squirrel/squirrel/sqfuncproto.h:36:5: note: because 'SQLocalVarInfo' has user-provided 'SQLocalVarInfo::SQLocalVarInfo(const SQLocalVarInfo&)'
[INFO] [stderr]      36 |     SQLocalVarInfo(const SQLocalVarInfo &lvi)
[INFO] [stderr]         |     ^~~~~~~~~~~~~~
[INFO] [stderr]   In file included from /opt/rustwide/workdir/squirrel/squirrel/sqobject.h:5,
[INFO] [stderr]                    from /opt/rustwide/workdir/squirrel/squirrel/sqpcheader.h:17,
[INFO] [stderr]                    from /opt/rustwide/workdir/squirrel/squirrel/sqobject.cpp:4:
[INFO] [stderr]   /opt/rustwide/workdir/squirrel/squirrel/squtils.h: In instantiation of 'void sqvector<T>::remove(SQUnsignedInteger) [with T = SQObjectPtr; SQUnsignedInteger = long long unsigned int]':
[INFO] [stderr]   /opt/rustwide/workdir/squirrel/squirrel/sqarray.h:83:23:   required from here
[INFO] [stderr]   /opt/rustwide/workdir/squirrel/squirrel/squtils.h:97:20: warning: 'void* memmove(void*, const void*, size_t)' writing to an object of type 'struct SQObjectPtr' with no trivial copy-assignment; use copy-assignment or copy-initialization instead [-Wclass-memaccess]
[INFO] [stderr]      97 |             memmove(&_vals[idx], &_vals[idx+1], sizeof(T) * (_size - idx - 1));
[INFO] [stderr]         |             ~~~~~~~^~~~~~~~~~~~~~~~~~~~~~~~~~~~~~~~~~~~~~~~~~~~~~~~~~~~~~~~~~~
[INFO] [stderr]   In file included from /opt/rustwide/workdir/squirrel/squirrel/sqpcheader.h:17,
[INFO] [stderr]                    from /opt/rustwide/workdir/squirrel/squirrel/sqobject.cpp:4:
[INFO] [stderr]   /opt/rustwide/workdir/squirrel/squirrel/sqobject.h:205:8: note: 'struct SQObjectPtr' declared here
[INFO] [stderr]     205 | struct SQObjectPtr : public SQObject
[INFO] [stderr]         |        ^~~~~~~~~~~
[INFO] [stderr]   In file included from /opt/rustwide/workdir/squirrel/squirrel/sqobject.h:5,
[INFO] [stderr]                    from /opt/rustwide/workdir/squirrel/squirrel/sqpcheader.h:17,
[INFO] [stderr]                    from /opt/rustwide/workdir/squirrel/squirrel/sqstate.cpp:4:
[INFO] [stderr]   /opt/rustwide/workdir/squirrel/squirrel/squtils.h: In instantiation of 'void sqvector<T>::remove(SQUnsignedInteger) [with T = SQObjectPtr; SQUnsignedInteger = long long unsigned int]':
[INFO] [stderr]   /opt/rustwide/workdir/squirrel/squirrel/sqarray.h:83:23:   required from here
[INFO] [stderr]   /opt/rustwide/workdir/squirrel/squirrel/squtils.h:97:20: warning: 'void* memmove(void*, const void*, size_t)' writing to an object of type 'struct SQObjectPtr' with no trivial copy-assignment; use copy-assignment or copy-initialization instead [-Wclass-memaccess]
[INFO] [stderr]      97 |             memmove(&_vals[idx], &_vals[idx+1], sizeof(T) * (_size - idx - 1));
[INFO] [stderr]         |             ~~~~~~~^~~~~~~~~~~~~~~~~~~~~~~~~~~~~~~~~~~~~~~~~~~~~~~~~~~~~~~~~~~
[INFO] [stderr]   In file included from /opt/rustwide/workdir/squirrel/squirrel/sqpcheader.h:17,
[INFO] [stderr]                    from /opt/rustwide/workdir/squirrel/squirrel/sqstate.cpp:4:
[INFO] [stderr]   /opt/rustwide/workdir/squirrel/squirrel/sqobject.h:205:8: note: 'struct SQObjectPtr' declared here
[INFO] [stderr]     205 | struct SQObjectPtr : public SQObject
[INFO] [stderr]         |        ^~~~~~~~~~~
[INFO] [stderr]   In file included from /opt/rustwide/workdir/squirrel/squirrel/sqtable.cpp:5:
[INFO] [stderr]   /opt/rustwide/workdir/squirrel/squirrel/sqvm.h: In copy constructor 'SQExceptionTrap::SQExceptionTrap(const SQExceptionTrap&)':
[INFO] [stderr]   /opt/rustwide/workdir/squirrel/squirrel/sqvm.h:23:60: warning: implicitly-declared 'SQExceptionTrap& SQExceptionTrap::operator=(const SQExceptionTrap&)' is deprecated [-Wdeprecated-copy]
[INFO] [stderr]      23 |     SQExceptionTrap(const SQExceptionTrap &et) { (*this) = et;  }
[INFO] [stderr]         |                                                            ^~
[INFO] [stderr]   /opt/rustwide/workdir/squirrel/squirrel/sqvm.h:23:5: note: because 'SQExceptionTrap' has user-provided 'SQExceptionTrap::SQExceptionTrap(const SQExceptionTrap&)'
[INFO] [stderr]      23 |     SQExceptionTrap(const SQExceptionTrap &et) { (*this) = et;  }
[INFO] [stderr]         |     ^~~~~~~~~~~~~~~
[INFO] [stderr]   In file included from /opt/rustwide/workdir/squirrel/squirrel/sqvm.cpp:8:
[INFO] [stderr]   /opt/rustwide/workdir/squirrel/squirrel/sqvm.h: In copy constructor 'SQExceptionTrap::SQExceptionTrap(const SQExceptionTrap&)':
[INFO] [stderr]   /opt/rustwide/workdir/squirrel/squirrel/sqvm.h:23:60: warning: implicitly-declared 'SQExceptionTrap& SQExceptionTrap::operator=(const SQExceptionTrap&)' is deprecated [-Wdeprecated-copy]
[INFO] [stderr]      23 |     SQExceptionTrap(const SQExceptionTrap &et) { (*this) = et;  }
[INFO] [stderr]         |                                                            ^~
[INFO] [stderr]   /opt/rustwide/workdir/squirrel/squirrel/sqvm.h:23:5: note: because 'SQExceptionTrap' has user-provided 'SQExceptionTrap::SQExceptionTrap(const SQExceptionTrap&)'
[INFO] [stderr]      23 |     SQExceptionTrap(const SQExceptionTrap &et) { (*this) = et;  }
[INFO] [stderr]         |     ^~~~~~~~~~~~~~~
[INFO] [stderr]   In file included from /opt/rustwide/workdir/squirrel/squirrel/sqobject.h:5,
[INFO] [stderr]                    from /opt/rustwide/workdir/squirrel/squirrel/sqpcheader.h:17,
[INFO] [stderr]                    from /opt/rustwide/workdir/squirrel/squirrel/sqvm.cpp:4:
[INFO] [stderr]   /opt/rustwide/workdir/squirrel/squirrel/squtils.h: In instantiation of 'void sqvector<T>::remove(SQUnsignedInteger) [with T = SQObjectPtr; SQUnsignedInteger = long long unsigned int]':
[INFO] [stderr]   /opt/rustwide/workdir/squirrel/squirrel/sqarray.h:83:23:   required from here
[INFO] [stderr]   /opt/rustwide/workdir/squirrel/squirrel/squtils.h:97:20: warning: 'void* memmove(void*, const void*, size_t)' writing to an object of type 'struct SQObjectPtr' with no trivial copy-assignment; use copy-assignment or copy-initialization instead [-Wclass-memaccess]
[INFO] [stderr]      97 |             memmove(&_vals[idx], &_vals[idx+1], sizeof(T) * (_size - idx - 1));
[INFO] [stderr]         |             ~~~~~~~^~~~~~~~~~~~~~~~~~~~~~~~~~~~~~~~~~~~~~~~~~~~~~~~~~~~~~~~~~~
[INFO] [stderr]   In file included from /opt/rustwide/workdir/squirrel/squirrel/sqpcheader.h:17,
[INFO] [stderr]                    from /opt/rustwide/workdir/squirrel/squirrel/sqvm.cpp:4:
[INFO] [stderr]   /opt/rustwide/workdir/squirrel/squirrel/sqobject.h:205:8: note: 'struct SQObjectPtr' declared here
[INFO] [stderr]     205 | struct SQObjectPtr : public SQObject
[INFO] [stderr]         |        ^~~~~~~~~~~
[INFO] [stderr]   /opt/rustwide/workdir/squirrel/squirrel/sqvm.cpp: In member function 'bool SQVM::ObjCmp(const SQObjectPtr&, const SQObjectPtr&, SQInteger&)':
[INFO] [stderr]   /opt/rustwide/workdir/squirrel/squirrel/sqvm.cpp:236:13: warning: this statement may fall through [-Wimplicit-fallthrough=]
[INFO] [stderr]     236 |             }
[INFO] [stderr]         |             ^
[INFO] [stderr]   /opt/rustwide/workdir/squirrel/squirrel/sqvm.cpp:238:9: note: here
[INFO] [stderr]     238 |         default:
[INFO] [stderr]         |         ^~~~~~~
[INFO] [stderr]   /opt/rustwide/workdir/squirrel/squirrel/sqvm.cpp: In member function 'bool SQVM::ToString(const SQObjectPtr&, SQObjectPtr&)':
[INFO] [stderr]   /opt/rustwide/workdir/squirrel/squirrel/sqvm.cpp:317:9: warning: this statement may fall through [-Wimplicit-fallthrough=]
[INFO] [stderr]     317 |         }
[INFO] [stderr]         |         ^
[INFO] [stderr]   /opt/rustwide/workdir/squirrel/squirrel/sqvm.cpp:318:5: note: here
[INFO] [stderr]     318 |     default:
[INFO] [stderr]         |     ^~~~~~~
[INFO] [stderr]   /opt/rustwide/workdir/squirrel/squirrel/sqvm.cpp: In member function 'bool SQVM::FOREACH_OP(SQObjectPtr&, SQObjectPtr&, SQObjectPtr&, SQObjectPtr&, SQInteger, int, int&)':
[INFO] [stderr]   /opt/rustwide/workdir/squirrel/squirrel/sqvm.cpp:576:9: warning: this statement may fall through [-Wimplicit-fallthrough=]
[INFO] [stderr]     576 |         }
[INFO] [stderr]         |         ^
[INFO] [stderr]   /opt/rustwide/workdir/squirrel/squirrel/sqvm.cpp:577:5: note: here
[INFO] [stderr]     577 |     default:
[INFO] [stderr]         |     ^~~~~~~
[INFO] [stderr]   /opt/rustwide/workdir/squirrel/squirrel/sqvm.cpp: In member function 'bool SQVM::Execute(SQObjectPtr&, SQInteger, SQInteger, SQObjectPtr&, SQBool, SQVM::ExecutionType)':
[INFO] [stderr]   /opt/rustwide/workdir/squirrel/squirrel/sqvm.cpp:812:23: warning: this statement may fall through [-Wimplicit-fallthrough=]
[INFO] [stderr]     812 |                       }
[INFO] [stderr]         |                       ^
[INFO] [stderr]   /opt/rustwide/workdir/squirrel/squirrel/sqvm.cpp:813:21: note: here
[INFO] [stderr]     813 |                     default:
[INFO] [stderr]         |                     ^~~~~~~
[INFO] [stderr]   /opt/rustwide/workdir/squirrel/squirrel/sqvm.cpp:749:31: warning: this statement may fall through [-Wimplicit-fallthrough=]
[INFO] [stderr]     749 |                               }
[INFO] [stderr]         |                               ^
[INFO] [stderr]   /opt/rustwide/workdir/squirrel/squirrel/sqvm.cpp:750:13: note: here
[INFO] [stderr]     750 |             case _OP_CALL: {
[INFO] [stderr]         |             ^~~~
[INFO] [stderr]   /opt/rustwide/workdir/squirrel/squirrel/sqvm.cpp: In member function 'SQInteger SQVM::FallBackGet(const SQObjectPtr&, const SQObjectPtr&, SQObjectPtr&)':
[INFO] [stderr]   /opt/rustwide/workdir/squirrel/squirrel/sqvm.cpp:1325:9: warning: this statement may fall through [-Wimplicit-fallthrough=]
[INFO] [stderr]    1325 |         if(_delegable(self)->_delegate) {
[INFO] [stderr]         |         ^~
[INFO] [stderr]   /opt/rustwide/workdir/squirrel/squirrel/sqvm.cpp:1332:5: note: here
[INFO] [stderr]    1332 |     case OT_INSTANCE: {
[INFO] [stderr]         |     ^~~~
[INFO] [stderr]   /opt/rustwide/workdir/squirrel/squirrel/sqvm.cpp: In member function 'SQInteger SQVM::FallBackSet(const SQObjectPtr&, const SQObjectPtr&, const SQObjectPtr&)':
[INFO] [stderr]   /opt/rustwide/workdir/squirrel/squirrel/sqvm.cpp:1396:9: warning: this statement may fall through [-Wimplicit-fallthrough=]
[INFO] [stderr]    1396 |         if(_table(self)->_delegate) {
[INFO] [stderr]         |         ^~
[INFO] [stderr]   /opt/rustwide/workdir/squirrel/squirrel/sqvm.cpp:1400:5: note: here
[INFO] [stderr]    1400 |     case OT_INSTANCE:
[INFO] [stderr]         |     ^~~~
[INFO] [stderr]   In file included from /opt/rustwide/workdir/squirrel/squirrel/sqvm.cpp:8:
[INFO] [stderr]   /opt/rustwide/workdir/squirrel/squirrel/sqvm.h: In copy constructor 'SQExceptionTrap::SQExceptionTrap(const SQExceptionTrap&)':
[INFO] [stderr]   /opt/rustwide/workdir/squirrel/squirrel/sqvm.h:23:60: warning: implicitly-declared 'SQExceptionTrap& SQExceptionTrap::operator=(const SQExceptionTrap&)' is deprecated [-Wdeprecated-copy]
[INFO] [stderr]      23 |     SQExceptionTrap(const SQExceptionTrap &et) { (*this) = et;  }
[INFO] [stderr]         |                                                            ^~
[INFO] [stderr]   /opt/rustwide/workdir/squirrel/squirrel/sqvm.h:23:5: note: because 'SQExceptionTrap' has user-provided 'SQExceptionTrap::SQExceptionTrap(const SQExceptionTrap&)'
[INFO] [stderr]      23 |     SQExceptionTrap(const SQExceptionTrap &et) { (*this) = et;  }
[INFO] [stderr]         |     ^~~~~~~~~~~~~~~
[INFO] [stderr]   In file included from /opt/rustwide/workdir/squirrel/squirrel/sqobject.h:5,
[INFO] [stderr]                    from /opt/rustwide/workdir/squirrel/squirrel/sqpcheader.h:17,
[INFO] [stderr]                    from /opt/rustwide/workdir/squirrel/squirrel/sqvm.cpp:4:
[INFO] [stderr]   /opt/rustwide/workdir/squirrel/squirrel/squtils.h: In instantiation of 'void sqvector<T>::remove(SQUnsignedInteger) [with T = SQObjectPtr; SQUnsignedInteger = long long unsigned int]':
[INFO] [stderr]   /opt/rustwide/workdir/squirrel/squirrel/sqarray.h:83:23:   required from here
[INFO] [stderr]   /opt/rustwide/workdir/squirrel/squirrel/squtils.h:97:20: warning: 'void* memmove(void*, const void*, size_t)' writing to an object of type 'struct SQObjectPtr' with no trivial copy-assignment; use copy-assignment or copy-initialization instead [-Wclass-memaccess]
[INFO] [stderr]      97 |             memmove(&_vals[idx], &_vals[idx+1], sizeof(T) * (_size - idx - 1));
[INFO] [stderr]         |             ~~~~~~~^~~~~~~~~~~~~~~~~~~~~~~~~~~~~~~~~~~~~~~~~~~~~~~~~~~~~~~~~~~
[INFO] [stderr]   In file included from /opt/rustwide/workdir/squirrel/squirrel/sqpcheader.h:17,
[INFO] [stderr]                    from /opt/rustwide/workdir/squirrel/squirrel/sqvm.cpp:4:
[INFO] [stderr]   /opt/rustwide/workdir/squirrel/squirrel/sqobject.h:205:8: note: 'struct SQObjectPtr' declared here
[INFO] [stderr]     205 | struct SQObjectPtr : public SQObject
[INFO] [stderr]         |        ^~~~~~~~~~~
[INFO] [stderr]   /opt/rustwide/workdir/squirrel/squirrel/sqvm.cpp: In member function 'bool SQVM::ObjCmp(const SQObjectPtr&, const SQObjectPtr&, SQInteger&)':
[INFO] [stderr]   /opt/rustwide/workdir/squirrel/squirrel/sqvm.cpp:236:13: warning: this statement may fall through [-Wimplicit-fallthrough=]
[INFO] [stderr]     236 |             }
[INFO] [stderr]         |             ^
[INFO] [stderr]   /opt/rustwide/workdir/squirrel/squirrel/sqvm.cpp:238:9: note: here
[INFO] [stderr]     238 |         default:
[INFO] [stderr]         |         ^~~~~~~
[INFO] [stderr]   /opt/rustwide/workdir/squirrel/squirrel/sqvm.cpp: In member function 'bool SQVM::ToString(const SQObjectPtr&, SQObjectPtr&)':
[INFO] [stderr]   /opt/rustwide/workdir/squirrel/squirrel/sqvm.cpp:317:9: warning: this statement may fall through [-Wimplicit-fallthrough=]
[INFO] [stderr]     317 |         }
[INFO] [stderr]         |         ^
[INFO] [stderr]   /opt/rustwide/workdir/squirrel/squirrel/sqvm.cpp:318:5: note: here
[INFO] [stderr]     318 |     default:
[INFO] [stderr]         |     ^~~~~~~
[INFO] [stderr]   /opt/rustwide/workdir/squirrel/squirrel/sqvm.cpp: In member function 'bool SQVM::FOREACH_OP(SQObjectPtr&, SQObjectPtr&, SQObjectPtr&, SQObjectPtr&, SQInteger, int, int&)':
[INFO] [stderr]   /opt/rustwide/workdir/squirrel/squirrel/sqvm.cpp:576:9: warning: this statement may fall through [-Wimplicit-fallthrough=]
[INFO] [stderr]     576 |         }
[INFO] [stderr]         |         ^
[INFO] [stderr]   /opt/rustwide/workdir/squirrel/squirrel/sqvm.cpp:577:5: note: here
[INFO] [stderr]     577 |     default:
[INFO] [stderr]         |     ^~~~~~~
[INFO] [stderr]   /opt/rustwide/workdir/squirrel/squirrel/sqvm.cpp: In member function 'bool SQVM::Execute(SQObjectPtr&, SQInteger, SQInteger, SQObjectPtr&, SQBool, SQVM::ExecutionType)':
[INFO] [stderr]   /opt/rustwide/workdir/squirrel/squirrel/sqvm.cpp:812:23: warning: this statement may fall through [-Wimplicit-fallthrough=]
[INFO] [stderr]     812 |                       }
[INFO] [stderr]         |                       ^
[INFO] [stderr]   /opt/rustwide/workdir/squirrel/squirrel/sqvm.cpp:813:21: note: here
[INFO] [stderr]     813 |                     default:
[INFO] [stderr]         |                     ^~~~~~~
[INFO] [stderr]   /opt/rustwide/workdir/squirrel/squirrel/sqvm.cpp:749:31: warning: this statement may fall through [-Wimplicit-fallthrough=]
[INFO] [stderr]     749 |                               }
[INFO] [stderr]         |                               ^
[INFO] [stderr]   /opt/rustwide/workdir/squirrel/squirrel/sqvm.cpp:750:13: note: here
[INFO] [stderr]     750 |             case _OP_CALL: {
[INFO] [stderr]         |             ^~~~
[INFO] [stderr]   /opt/rustwide/workdir/squirrel/squirrel/sqvm.cpp: In member function 'SQInteger SQVM::FallBackGet(const SQObjectPtr&, const SQObjectPtr&, SQObjectPtr&)':
[INFO] [stderr]   /opt/rustwide/workdir/squirrel/squirrel/sqvm.cpp:1325:9: warning: this statement may fall through [-Wimplicit-fallthrough=]
[INFO] [stderr]    1325 |         if(_delegable(self)->_delegate) {
[INFO] [stderr]         |         ^~
[INFO] [stderr]   /opt/rustwide/workdir/squirrel/squirrel/sqvm.cpp:1332:5: note: here
[INFO] [stderr]    1332 |     case OT_INSTANCE: {
[INFO] [stderr]         |     ^~~~
[INFO] [stderr]   /opt/rustwide/workdir/squirrel/squirrel/sqvm.cpp: In member function 'SQInteger SQVM::FallBackSet(const SQObjectPtr&, const SQObjectPtr&, const SQObjectPtr&)':
[INFO] [stderr]   /opt/rustwide/workdir/squirrel/squirrel/sqvm.cpp:1396:9: warning: this statement may fall through [-Wimplicit-fallthrough=]
[INFO] [stderr]    1396 |         if(_table(self)->_delegate) {
[INFO] [stderr]         |         ^~
[INFO] [stderr]   /opt/rustwide/workdir/squirrel/squirrel/sqvm.cpp:1400:5: note: here
[INFO] [stderr]    1400 |     case OT_INSTANCE:
[INFO] [stderr]         |     ^~~~
[INFO] [stderr]   /tmp/ccpZvtb8.s: Assembler messages:
[INFO] [stderr]   /tmp/ccpZvtb8.s: Fatal error: can't write 3888 bytes to section .stab of CMakeFiles/squirrel.dir/sqobject.cpp.o: 'No space left on device'
[INFO] [stderr]   /tmp/ccpZvtb8.s: Fatal error: CMakeFiles/squirrel.dir/sqobject.cpp.o: No space left on device
[INFO] [stderr]   gmake[2]: *** [squirrel/CMakeFiles/squirrel.dir/build.make:188: squirrel/CMakeFiles/squirrel.dir/sqobject.cpp.o] Error 1
[INFO] [stderr]   gmake[2]: *** Waiting for unfinished jobs....
[INFO] [stderr]   /opt/rustwide/workdir/squirrel/squirrel/sqvm.cpp: At global scope:
[INFO] [stderr]   /opt/rustwide/workdir/squirrel/squirrel/sqvm.cpp:1746:59: fatal error: error writing to /tmp/ccJ46SCr.s: No space left on device
[INFO] [stderr]    1746 | SQObjectPtr &SQVM::GetAt(SQInteger n) { return _stack[n]; }
[INFO] [stderr]         |                                                           ^
[INFO] [stderr]   compilation terminated.
[INFO] [stderr]   gmake[2]: *** [squirrel/CMakeFiles/squirrel_static.dir/build.make:230: squirrel/CMakeFiles/squirrel_static.dir/sqvm.cpp.o] Error 1
[INFO] [stderr]   gmake[1]: *** [CMakeFiles/Makefile2:166: squirrel/CMakeFiles/squirrel_static.dir/all] Error 2
[INFO] [stderr]   gmake[1]: *** Waiting for unfinished jobs....
[INFO] [stderr]   /opt/rustwide/workdir/squirrel/squirrel/sqvm.cpp: At global scope:
[INFO] [stderr]   /opt/rustwide/workdir/squirrel/squirrel/sqvm.cpp:1746:59: fatal error: error writing to /tmp/ccPtpd1I.s: No space left on device
[INFO] [stderr]    1746 | SQObjectPtr &SQVM::GetAt(SQInteger n) { return _stack[n]; }
[INFO] [stderr]         |                                                           ^
[INFO] [stderr]   compilation terminated.
[INFO] [stderr]   gmake[2]: *** [squirrel/CMakeFiles/squirrel.dir/build.make:230: squirrel/CMakeFiles/squirrel.dir/sqvm.cpp.o] Error 1
[INFO] [stderr]   gmake[1]: *** [CMakeFiles/Makefile2:140: squirrel/CMakeFiles/squirrel.dir/all] Error 2
[INFO] [stderr]   gmake: *** [Makefile:136: all] Error 2
[INFO] [stderr]   thread 'main' panicked at /opt/rustwide/cargo-home/registry/src/index.crates.io-6f17d22bba15001f/cmake-0.1.52/src/lib.rs:1115:5:
[INFO] [stderr] 
[INFO] [stderr]   command did not execute successfully, got: exit status: 2
[INFO] [stderr] 
[INFO] [stderr]   build script failed, must exit now
[INFO] [stderr]   stack backtrace:
[INFO] [stderr]      0:     0x5cd4cc30c90a - std::backtrace_rs::backtrace::libunwind::trace::h8810477743020387
[INFO] [stderr]                                  at /rustc/202008a1b8de96d2e5b6bc02d379db03a877d34d/library/std/src/../../backtrace/src/backtrace/libunwind.rs:116:5
[INFO] [stderr]      1:     0x5cd4cc30c90a - std::backtrace_rs::backtrace::trace_unsynchronized::h3aa55355dd6c54a6
[INFO] [stderr]                                  at /rustc/202008a1b8de96d2e5b6bc02d379db03a877d34d/library/std/src/../../backtrace/src/backtrace/mod.rs:66:5
[INFO] [stderr]      2:     0x5cd4cc30c90a - std::sys::backtrace::_print_fmt::h8588b0f62410823f
[INFO] [stderr]                                  at /rustc/202008a1b8de96d2e5b6bc02d379db03a877d34d/library/std/src/sys/backtrace.rs:66:9
[INFO] [stderr]      3:     0x5cd4cc30c90a - <std::sys::backtrace::BacktraceLock::print::DisplayBacktrace as core::fmt::Display>::fmt::h98c26ac25ffe89bb
[INFO] [stderr]                                  at /rustc/202008a1b8de96d2e5b6bc02d379db03a877d34d/library/std/src/sys/backtrace.rs:39:26
[INFO] [stderr]      4:     0x5cd4cc334ee3 - core::fmt::rt::Argument::fmt::hf95377f4aebd453b
[INFO] [stderr]                                  at /rustc/202008a1b8de96d2e5b6bc02d379db03a877d34d/library/core/src/fmt/rt.rs:177:76
[INFO] [stderr]      5:     0x5cd4cc334ee3 - core::fmt::write::h0dd5f6e2238c7982
[INFO] [stderr]                                  at /rustc/202008a1b8de96d2e5b6bc02d379db03a877d34d/library/core/src/fmt/mod.rs:1189:21
[INFO] [stderr]      6:     0x5cd4cc3096a3 - std::io::Write::write_fmt::hc00bff0a88e08857
[INFO] [stderr]                                  at /rustc/202008a1b8de96d2e5b6bc02d379db03a877d34d/library/std/src/io/mod.rs:1884:15
[INFO] [stderr]      7:     0x5cd4cc30c752 - std::sys::backtrace::BacktraceLock::print::h5c19c1c038ee186d
[INFO] [stderr]                                  at /rustc/202008a1b8de96d2e5b6bc02d379db03a877d34d/library/std/src/sys/backtrace.rs:42:9
[INFO] [stderr]      8:     0x5cd4cc30d94c - std::panicking::default_hook::{{closure}}::h77172f079a1fcb13
[INFO] [stderr]                                  at /rustc/202008a1b8de96d2e5b6bc02d379db03a877d34d/library/std/src/panicking.rs:268:22
[INFO] [stderr]      9:     0x5cd4cc30d792 - std::panicking::default_hook::he5f8e3b203ccddba
[INFO] [stderr]                                  at /rustc/202008a1b8de96d2e5b6bc02d379db03a877d34d/library/std/src/panicking.rs:295:9
[INFO] [stderr]     10:     0x5cd4cc30df27 - std::panicking::rust_panic_with_hook::h53863d4e9018df39
[INFO] [stderr]                                  at /rustc/202008a1b8de96d2e5b6bc02d379db03a877d34d/library/std/src/panicking.rs:801:13
[INFO] [stderr]     11:     0x5cd4cc30ddba - std::panicking::begin_panic_handler::{{closure}}::h67280e6fa0757873
[INFO] [stderr]                                  at /rustc/202008a1b8de96d2e5b6bc02d379db03a877d34d/library/std/src/panicking.rs:674:13
[INFO] [stderr]     12:     0x5cd4cc30cde9 - std::sys::backtrace::__rust_end_short_backtrace::h1dac3f54d6fbbeb2
[INFO] [stderr]                                  at /rustc/202008a1b8de96d2e5b6bc02d379db03a877d34d/library/std/src/sys/backtrace.rs:170:18
[INFO] [stderr]     13:     0x5cd4cc30da4c - rust_begin_unwind
[INFO] [stderr]                                  at /rustc/202008a1b8de96d2e5b6bc02d379db03a877d34d/library/std/src/panicking.rs:665:5
[INFO] [stderr]     14:     0x5cd4cbe15e20 - core::panicking::panic_fmt::h6792bd1b2bf01041
[INFO] [stderr]                                  at /rustc/202008a1b8de96d2e5b6bc02d379db03a877d34d/library/core/src/panicking.rs:76:14
[INFO] [stderr]     15:     0x5cd4cbe22c32 - cmake::fail::h9bc902a4fff2c207
[INFO] [stderr]     16:     0x5cd4cbe223cd - cmake::run::hbb152cc0abf63adc
[INFO] [stderr]     17:     0x5cd4cbe1eca3 - cmake::Config::build::h0660c8ee33c36c41
[INFO] [stderr]     18:     0x5cd4cbe17dff - cmake::build::h0387d02fa49d2948
[INFO] [stderr]     19:     0x5cd4cbe19698 - build_script_build::main::h8afc0edb08b8a105
[INFO] [stderr]     20:     0x5cd4cbe16f13 - core::ops::function::FnOnce::call_once::h5b122354bbf022df
[INFO] [stderr]     21:     0x5cd4cbe16e16 - std::sys::backtrace::__rust_begin_short_backtrace::he8d3e43df223d6fd
[INFO] [stderr]     22:     0x5cd4cbe16d79 - std::rt::lang_start::{{closure}}::h6e0fcb7df312b8e5
[INFO] [stderr]     23:     0x5cd4cc304ff7 - core::ops::function::impls::<impl core::ops::function::FnOnce<A> for &F>::call_once::hba2470d01d3f5e41
[INFO] [stderr]                                  at /rustc/202008a1b8de96d2e5b6bc02d379db03a877d34d/library/core/src/ops/function.rs:284:13
[INFO] [stderr]     24:     0x5cd4cc304ff7 - std::panicking::try::do_call::hc063fb73159aab72
[INFO] [stderr]                                  at /rustc/202008a1b8de96d2e5b6bc02d379db03a877d34d/library/std/src/panicking.rs:557:40
[INFO] [stderr]     25:     0x5cd4cc304ff7 - std::panicking::try::h2767c6d245d3a3bb
[INFO] [stderr]                                  at /rustc/202008a1b8de96d2e5b6bc02d379db03a877d34d/library/std/src/panicking.rs:520:19
[INFO] [stderr]     26:     0x5cd4cc304ff7 - std::panic::catch_unwind::h061c6ef75790da63
[INFO] [stderr]                                  at /rustc/202008a1b8de96d2e5b6bc02d379db03a877d34d/library/std/src/panic.rs:358:14
[INFO] [stderr]     27:     0x5cd4cc304ff7 - std::rt::lang_start_internal::{{closure}}::h5c5e35b11a4b8c4e
[INFO] [stderr]                                  at /rustc/202008a1b8de96d2e5b6bc02d379db03a877d34d/library/std/src/rt.rs:174:48
[INFO] [stderr]     28:     0x5cd4cc304ff7 - std::panicking::try::do_call::h705e99690a8109cc
[INFO] [stderr]                                  at /rustc/202008a1b8de96d2e5b6bc02d379db03a877d34d/library/std/src/panicking.rs:557:40
[INFO] [stderr]     29:     0x5cd4cc304ff7 - std::panicking::try::he5f4452754ed9a34
[INFO] [stderr]                                  at /rustc/202008a1b8de96d2e5b6bc02d379db03a877d34d/library/std/src/panicking.rs:520:19
[INFO] [stderr]     30:     0x5cd4cc304ff7 - std::panic::catch_unwind::h5db61b3bcbe883e5
[INFO] [stderr]                                  at /rustc/202008a1b8de96d2e5b6bc02d379db03a877d34d/library/std/src/panic.rs:358:14
[INFO] [stderr]     31:     0x5cd4cc304ff7 - std::rt::lang_start_internal::h81da9b59bab665c6
[INFO] [stderr]                                  at /rustc/202008a1b8de96d2e5b6bc02d379db03a877d34d/library/std/src/rt.rs:174:20
[INFO] [stderr]     32:     0x5cd4cbe16d57 - std::rt::lang_start::h8d8e777ade4a8f71
[INFO] [stderr]     33:     0x5cd4cbe19c35 - main
[INFO] [stderr]     34:     0x754dbb1b2d90 - <unknown>
[INFO] [stderr]     35:     0x754dbb1b2e40 - __libc_start_main
[INFO] [stderr]     36:     0x5cd4cbe166c5 - _start
[INFO] [stderr]     37:                0x0 - <unknown>
[INFO] running `Command { std: "docker" "inspect" "9388d61d9d07a6f02f683e5a6223b55849f5030571c05cd1922fd1d71977d7a6", kill_on_drop: false }`
[INFO] running `Command { std: "docker" "rm" "-f" "9388d61d9d07a6f02f683e5a6223b55849f5030571c05cd1922fd1d71977d7a6", kill_on_drop: false }`
[INFO] [stdout] 9388d61d9d07a6f02f683e5a6223b55849f5030571c05cd1922fd1d71977d7a6
