[INFO] fetching crate space_prefab 0.3.1...
[INFO] testing space_prefab-0.3.1 against 1.83.0 for beta-1.84.0-4-retry
[INFO] extracting crate space_prefab 0.3.1 into /workspace/builds/worker-0-tc1/source
[INFO] validating manifest of crates.io crate space_prefab 0.3.1 on toolchain 1.83.0
[INFO] running `Command { std: CARGO_HOME="/workspace/cargo-home" RUSTUP_HOME="/workspace/rustup-home" "/workspace/cargo-home/bin/cargo" "+1.83.0" "metadata" "--manifest-path" "Cargo.toml" "--no-deps", kill_on_drop: false }`
[INFO] started tweaking crates.io crate space_prefab 0.3.1
[INFO] finished tweaking crates.io crate space_prefab 0.3.1
[INFO] tweaked toml for crates.io crate space_prefab 0.3.1 written to /workspace/builds/worker-0-tc1/source/Cargo.toml
[INFO] running `Command { std: CARGO_HOME="/workspace/cargo-home" RUSTUP_HOME="/workspace/rustup-home" "/workspace/cargo-home/bin/cargo" "+1.83.0" "generate-lockfile" "--manifest-path" "Cargo.toml", kill_on_drop: false }`
[INFO] [stderr]     Updating crates.io index
[INFO] [stderr]      Locking 461 packages to latest compatible versions
[INFO] [stderr]       Adding bevy v0.12.1 (available: v0.15.0)
[INFO] [stderr]       Adding bevy-inspector-egui v0.21.0 (available: v0.28.0)
[INFO] [stderr]       Adding bevy-scene-hook v9.0.0 (available: v10.0.0)
[INFO] [stderr]       Adding block-sys v0.1.0-beta.1 (available: v0.1.0-beta.2)
[INFO] [stderr]       Adding block2 v0.2.0-alpha.6 (available: v0.2.0)
[INFO] [stderr]       Adding objc-sys v0.2.0-beta.2 (available: v0.2.0-beta.3)
[INFO] [stderr]       Adding objc2 v0.3.0-beta.3.patch-leaks.3 (available: v0.3.0-beta.5)
[INFO] [stderr]       Adding objc2-encode v2.0.0-pre.2 (available: v2.0.0)
[INFO] [stderr]       Adding wasm-bindgen-futures v0.4.45 (available: v0.4.49)
[INFO] [stderr]       Adding web-sys v0.3.72 (available: v0.3.76)
[INFO] running `Command { std: CARGO_HOME="/workspace/cargo-home" RUSTUP_HOME="/workspace/rustup-home" "/workspace/cargo-home/bin/cargo" "+1.83.0" "fetch" "--manifest-path" "Cargo.toml", kill_on_drop: false }`
[INFO] [stderr]  Downloading crates ...
[INFO] [stderr]   Downloaded bevy-scene-hook v9.0.0
[INFO] [stderr]   Downloaded egui_file v0.11.1
[INFO] [stderr]   Downloaded space_undo v0.3.1
[INFO] [stderr]   Downloaded space_shared v0.3.1
[INFO] running `Command { std: "docker" "create" "-v" "/var/lib/crater-agent-workspace/builds/worker-0-tc1/target:/opt/rustwide/target:rw,Z" "-v" "/var/lib/crater-agent-workspace/builds/worker-0-tc1/source:/opt/rustwide/workdir:ro,Z" "-v" "/var/lib/crater-agent-workspace/cargo-home:/opt/rustwide/cargo-home:ro,Z" "-v" "/var/lib/crater-agent-workspace/rustup-home:/opt/rustwide/rustup-home:ro,Z" "-e" "SOURCE_DIR=/opt/rustwide/workdir" "-e" "CARGO_TARGET_DIR=/opt/rustwide/target" "-e" "CARGO_HOME=/opt/rustwide/cargo-home" "-e" "RUSTUP_HOME=/opt/rustwide/rustup-home" "-w" "/opt/rustwide/workdir" "-m" "1610612736" "--user" "0:0" "--network" "none" "ghcr.io/rust-lang/crates-build-env/linux@sha256:f3a9d4ad9d972b27faf3965f35b62e55ba32bbce8f20bc8fe909558a86702fde" "/opt/rustwide/cargo-home/bin/cargo" "+1.83.0" "metadata" "--no-deps" "--format-version=1", kill_on_drop: false }`
[INFO] [stdout] 7880303eb0e565dd99522c06972b33af73a6aa043532b0ba03843dca5e6982cc
[INFO] running `Command { std: "docker" "start" "-a" "7880303eb0e565dd99522c06972b33af73a6aa043532b0ba03843dca5e6982cc", kill_on_drop: false }`
[INFO] running `Command { std: "docker" "inspect" "7880303eb0e565dd99522c06972b33af73a6aa043532b0ba03843dca5e6982cc", kill_on_drop: false }`
[INFO] running `Command { std: "docker" "rm" "-f" "7880303eb0e565dd99522c06972b33af73a6aa043532b0ba03843dca5e6982cc", kill_on_drop: false }`
[INFO] [stdout] 7880303eb0e565dd99522c06972b33af73a6aa043532b0ba03843dca5e6982cc
[INFO] running `Command { std: "docker" "create" "-v" "/var/lib/crater-agent-workspace/builds/worker-0-tc1/target:/opt/rustwide/target:rw,Z" "-v" "/var/lib/crater-agent-workspace/builds/worker-0-tc1/source:/opt/rustwide/workdir:ro,Z" "-v" "/var/lib/crater-agent-workspace/cargo-home:/opt/rustwide/cargo-home:ro,Z" "-v" "/var/lib/crater-agent-workspace/rustup-home:/opt/rustwide/rustup-home:ro,Z" "-e" "SOURCE_DIR=/opt/rustwide/workdir" "-e" "CARGO_TARGET_DIR=/opt/rustwide/target" "-e" "CARGO_INCREMENTAL=0" "-e" "RUST_BACKTRACE=full" "-e" "RUSTFLAGS=--cap-lints=warn" "-e" "RUSTDOCFLAGS=--cap-lints=warn" "-e" "CARGO_HOME=/opt/rustwide/cargo-home" "-e" "RUSTUP_HOME=/opt/rustwide/rustup-home" "-w" "/opt/rustwide/workdir" "-m" "1610612736" "--user" "0:0" "--network" "none" "ghcr.io/rust-lang/crates-build-env/linux@sha256:f3a9d4ad9d972b27faf3965f35b62e55ba32bbce8f20bc8fe909558a86702fde" "/opt/rustwide/cargo-home/bin/cargo" "+1.83.0" "build" "--frozen" "--message-format=json", kill_on_drop: false }`
[INFO] [stdout] 4a3263970a1f9fa3e0abe80241efbedab7df6778b86410296a76890659bccee2
[INFO] running `Command { std: "docker" "start" "-a" "4a3263970a1f9fa3e0abe80241efbedab7df6778b86410296a76890659bccee2", kill_on_drop: false }`
[INFO] [stderr]    Compiling proc-macro2 v1.0.92
[INFO] [stderr]    Compiling unicode-ident v1.0.14
[INFO] [stderr]    Compiling serde v1.0.216
[INFO] [stderr]    Compiling cfg-if v1.0.0
[INFO] [stderr]    Compiling autocfg v1.4.0
[INFO] [stderr]    Compiling libc v0.2.168
[INFO] [stderr]    Compiling once_cell v1.20.2
[INFO] [stderr]    Compiling version_check v0.9.5
[INFO] [stderr]    Compiling pin-project-lite v0.2.15
[INFO] [stderr]    Compiling rustc-hash v1.1.0
[INFO] [stderr]    Compiling equivalent v1.0.1
[INFO] [stderr]    Compiling hashbrown v0.15.2
[INFO] [stderr]    Compiling crossbeam-utils v0.8.20
[INFO] [stderr]    Compiling memchr v2.7.4
[INFO] [stderr]    Compiling zerocopy v0.7.35
[INFO] [stderr]    Compiling ahash v0.8.11
[INFO] [stderr]    Compiling thiserror v1.0.69
[INFO] [stderr]    Compiling toml_datetime v0.6.8
[INFO] [stderr]    Compiling winnow v0.5.40
[INFO] [stderr]    Compiling quote v1.0.37
[INFO] [stderr]    Compiling indexmap v2.7.0
[INFO] [stderr]    Compiling futures-core v0.3.31
[INFO] [stderr]    Compiling syn v2.0.90
[INFO] [stderr]    Compiling concurrent-queue v2.5.0
[INFO] [stderr]    Compiling log v0.4.22
[INFO] [stderr]    Compiling tracing-core v0.1.33
[INFO] [stderr]    Compiling parking v2.2.1
[INFO] [stderr]    Compiling allocator-api2 v0.2.21
[INFO] [stderr]    Compiling fastrand v2.3.0
[INFO] [stderr]    Compiling event-listener v2.5.3
[INFO] [stderr]    Compiling futures-io v0.3.31
[INFO] [stderr]    Compiling futures-lite v2.5.0
[INFO] [stderr]    Compiling slab v0.4.9
[INFO] [stderr]    Compiling instant v0.1.13
[INFO] [stderr]    Compiling async-task v4.7.1
[INFO] [stderr]    Compiling bitflags v1.3.2
[INFO] [stderr]    Compiling fixedbitset v0.4.2
[INFO] [stderr]    Compiling fastrand v1.9.0
[INFO] [stderr]    Compiling waker-fn v1.2.0
[INFO] [stderr]    Compiling futures-lite v1.13.0
[INFO] [stderr]    Compiling petgraph v0.6.5
[INFO] [stderr]    Compiling num-traits v0.2.19
[INFO] [stderr]    Compiling getrandom v0.2.15
[INFO] [stderr]    Compiling nonmax v0.5.5
[INFO] [stderr]    Compiling uuid v1.11.0
[INFO] [stderr]    Compiling toml_edit v0.20.7
[INFO] [stderr]    Compiling async-executor v1.13.1
[INFO] [stderr]    Compiling async-channel v1.9.0
[INFO] [stderr]    Compiling thread_local v1.1.8
[INFO] [stderr]    Compiling smol_str v0.2.2
[INFO] [stderr]    Compiling downcast-rs v1.2.1
[INFO] [stderr]    Compiling bevy_ptr v0.12.1
[INFO] [stderr]    Compiling bevy_tasks v0.12.1
[INFO] [stderr]    Compiling aho-corasick v1.1.3
[INFO] [stderr]    Compiling lock_api v0.4.12
[INFO] [stderr]    Compiling regex-syntax v0.8.5
[INFO] [stderr]    Compiling parking_lot_core v0.9.10
[INFO] [stderr]    Compiling lazy_static v1.5.0
[INFO] [stderr]    Compiling regex-syntax v0.6.29
[INFO] [stderr]    Compiling scopeguard v1.2.0
[INFO] [stderr]    Compiling overload v0.1.1
[INFO] [stderr]    Compiling nu-ansi-term v0.46.0
[INFO] [stderr]    Compiling sharded-slab v0.1.7
[INFO] [stderr]    Compiling tracing-log v0.2.0
[INFO] [stderr]    Compiling pkg-config v0.3.31
[INFO] [stderr]    Compiling tracing-log v0.1.4
[INFO] [stderr]    Compiling indexmap v1.9.3
[INFO] [stderr]    Compiling byteorder v1.5.0
[INFO] [stderr]    Compiling simd-adler32 v0.3.7
[INFO] [stderr]    Compiling raw-window-handle v0.5.2
[INFO] [stderr]    Compiling arrayvec v0.7.6
[INFO] [stderr]    Compiling event-listener v5.3.1
[INFO] [stderr]    Compiling adler2 v2.0.0
[INFO] [stderr]    Compiling shlex v1.3.0
[INFO] [stderr]    Compiling regex-automata v0.4.9
[INFO] [stderr]    Compiling bit-vec v0.6.3
[INFO] [stderr]    Compiling termcolor v1.4.1
[INFO] [stderr]    Compiling regex-automata v0.1.10
[INFO] [stderr]    Compiling bevy_macro_utils v0.12.1
[INFO] [stderr]    Compiling unicode-width v0.1.14
[INFO] [stderr]    Compiling unicode-xid v0.2.6
[INFO] [stderr]    Compiling hashbrown v0.12.3
[INFO] [stderr]    Compiling codespan-reporting v0.11.1
[INFO] [stderr]    Compiling pp-rs v0.2.1
[INFO] [stderr]    Compiling matchers v0.1.0
[INFO] [stderr]    Compiling bit-set v0.5.3
[INFO] [stderr]    Compiling event-listener-strategy v0.5.3
[INFO] [stderr]    Compiling cc v1.2.4
[INFO] [stderr]    Compiling miniz_oxide v0.8.0
[INFO] [stderr]    Compiling spirv v0.2.0+1.5.4
[INFO] [stderr]    Compiling crossbeam-channel v0.5.13
[INFO] [stderr]    Compiling libloading v0.7.4
[INFO] [stderr]    Compiling crc32fast v1.4.2
[INFO] [stderr]    Compiling hexf-parse v0.2.1
[INFO] [stderr]    Compiling atomic-waker v1.1.2
[INFO] [stderr]    Compiling ash v0.37.3+1.3.251
[INFO] [stderr]    Compiling khronos-egl v4.1.0
[INFO] [stderr]    Compiling piper v0.2.4
[INFO] [stderr]    Compiling flate2 v1.0.35
[INFO] [stderr]    Compiling async-channel v2.3.1
[INFO] [stderr]    Compiling serde_derive v1.0.216
[INFO] [stderr]    Compiling bytemuck_derive v1.8.0
[INFO] [stderr]    Compiling thiserror-impl v1.0.69
[INFO] [stderr]    Compiling tracing-attributes v0.1.28
[INFO] [stderr]    Compiling bevy_utils_proc_macros v0.12.1
[INFO] [stderr]    Compiling bevy_reflect_derive v0.12.1
[INFO] [stderr]    Compiling bevy_ecs_macros v0.12.1
[INFO] [stderr]    Compiling bevy_derive v0.12.1
[INFO] [stderr]    Compiling bytemuck v1.20.0
[INFO] [stderr]    Compiling regex v1.11.1
[INFO] [stderr]    Compiling blake3 v1.5.5
[INFO] [stderr]    Compiling fdeflate v0.3.7
[INFO] [stderr]    Compiling tracing v0.1.41
[INFO] [stderr]    Compiling async-fs v1.6.0
[INFO] [stderr]    Compiling accesskit v0.12.3
[INFO] [stderr]    Compiling png v0.17.15
[INFO] [stderr]    Compiling blocking v1.6.1
[INFO] [stderr]    Compiling synstructure v0.13.1
[INFO] [stderr]    Compiling encase_derive_impl v0.6.1
[INFO] [stderr]    Compiling async-lock v2.8.0
[INFO] [stderr]    Compiling libloading v0.8.6
[INFO] [stderr]    Compiling glow v0.12.3
[INFO] [stderr]    Compiling thiserror-core v1.0.50
[INFO] [stderr]    Compiling constant_time_eq v0.3.1
[INFO] [stderr]    Compiling static_assertions v1.1.0
[INFO] [stderr]    Compiling base64 v0.21.7
[INFO] [stderr]    Compiling renderdoc-sys v1.1.0
[INFO] [stderr]    Compiling arrayref v0.3.9
[INFO] [stderr]    Compiling profiling v1.0.16
[INFO] [stderr]    Compiling thiserror-core-impl v1.0.50
[INFO] [stderr]    Compiling bevy_asset_macros v0.12.1
[INFO] [stderr]    Compiling async-broadcast v0.5.1
[INFO] [stderr]    Compiling const_soft_float v0.1.4
[INFO] [stderr]    Compiling twox-hash v1.6.3
[INFO] [stderr]    Compiling encase_derive v0.6.1
[INFO] [stderr]    Compiling constgebra v0.1.4
[INFO] [stderr]    Compiling zerofrom-derive v0.1.5
[INFO] [stderr]    Compiling data-encoding v2.6.0
[INFO] [stderr]    Compiling const_panic v0.2.10
[INFO] [stderr]    Compiling color_quant v1.1.0
[INFO] [stderr]    Compiling regex-syntax v0.7.5
[INFO] [stderr]    Compiling image v0.24.9
[INFO] [stderr]    Compiling ruzstd v0.4.0
[INFO] [stderr]    Compiling bevy_encase_derive v0.12.1
[INFO] [stderr]    Compiling yoke-derive v0.7.5
[INFO] [stderr]    Compiling bevy_render_macros v0.12.1
[INFO] [stderr]    Compiling zerofrom v0.1.5
[INFO] [stderr]    Compiling ktx2 v0.3.0
[INFO] [stderr]    Compiling stable_deref_trait v1.2.0
[INFO] [stderr]    Compiling zerovec-derive v0.10.3
[INFO] [stderr]    Compiling displaydoc v0.2.5
[INFO] [stderr]    Compiling ttf-parser v0.25.1
[INFO] [stderr]    Compiling yoke v0.7.5
[INFO] [stderr]    Compiling ab_glyph_rasterizer v0.1.8
[INFO] [stderr]    Compiling smallvec v1.13.2
[INFO] [stderr]    Compiling bitflags v2.6.0
[INFO] [stderr]    Compiling hashbrown v0.14.5
[INFO] [stderr]    Compiling glam v0.24.2
[INFO] [stderr]    Compiling erased-serde v0.3.31
[INFO] [stderr]    Compiling bevy_utils v0.12.1
[INFO] [stderr]    Compiling tracing-subscriber v0.3.19
[INFO] [stderr]    Compiling parking_lot v0.12.3
[INFO] [stderr]    Compiling gpu-descriptor-types v0.1.2
[INFO] [stderr]    Compiling gpu-alloc-types v0.3.0
[INFO] [stderr]    Compiling naga v0.13.0
[INFO] [stderr]    Compiling gpu-alloc v0.6.0
[INFO] [stderr]    Compiling gpu-descriptor v0.2.4
[INFO] [stderr]    Compiling wgpu-types v0.17.0
[INFO] [stderr]    Compiling ron v0.8.1
[INFO] [stderr]    Compiling zerovec v0.10.4
[INFO] [stderr]    Compiling owned_ttf_parser v0.25.0
[INFO] [stderr]    Compiling percent-encoding v2.3.1
[INFO] [stderr]    Compiling radsort v0.1.1
[INFO] [stderr]    Compiling ab_glyph v0.2.29
[INFO] [stderr]    Compiling tinystr v0.7.6
[INFO] [stderr]    Compiling alsa-sys v0.3.1
[INFO] [stderr]    Compiling writeable v0.5.5
[INFO] [stderr]    Compiling bevy_math v0.12.1
[INFO] [stderr]    Compiling encase v0.6.1
[INFO] [stderr]    Compiling bevy_reflect v0.12.1
[INFO] [stderr]    Compiling bevy_mikktspace v0.12.1
[INFO] [stderr]    Compiling hexasphere v9.1.0
[INFO] [stderr]    Compiling cfg_aliases v0.2.1
[INFO] [stderr]    Compiling litemap v0.7.4
[INFO] [stderr]    Compiling xml-rs v0.8.24
[INFO] [stderr]    Compiling icu_locid v1.5.0
[INFO] [stderr]    Compiling nix v0.29.0
[INFO] [stderr]    Compiling icu_provider_macros v1.5.0
[INFO] [stderr]    Compiling libudev-sys v0.1.4
[INFO] [stderr]    Compiling x11-dl v2.21.0
[INFO] [stderr]    Compiling euclid v0.22.11
[INFO] [stderr]    Compiling svg_fmt v0.4.4
[INFO] [stderr]    Compiling serde_json v1.0.133
[INFO] [stderr]    Compiling wayland-scanner v0.29.5
[INFO] [stderr]    Compiling cfg_aliases v0.1.1
[INFO] [stderr]    Compiling icu_provider v1.5.0
[INFO] [stderr]    Compiling guillotiere v0.6.2
[INFO] [stderr]    Compiling approx v0.5.1
[INFO] [stderr]    Compiling inotify-sys v0.1.5
[INFO] [stderr]    Compiling slotmap v1.0.7
[INFO] [stderr]    Compiling icu_locid_transform_data v1.5.0
[INFO] [stderr]    Compiling tinyvec_macros v0.1.1
[INFO] [stderr]    Compiling itoa v1.0.14
[INFO] [stderr]    Compiling inflections v1.1.1
[INFO] [stderr]    Compiling rectangle-pack v0.4.2
[INFO] [stderr]    Compiling ryu v1.0.18
[INFO] [stderr]    Compiling cpal v0.15.3
[INFO] [stderr]    Compiling gltf-derive v1.4.1
[INFO] [stderr]    Compiling alsa v0.9.1
[INFO] [stderr]    Compiling tinyvec v1.8.0
[INFO] [stderr]    Compiling icu_locid_transform v1.5.0
[INFO] [stderr]    Compiling winit v0.28.7
[INFO] [stderr]    Compiling inotify v0.10.2
[INFO] [stderr]    Compiling icu_collections v1.5.0
[INFO] [stderr]    Compiling wgpu-hal v0.17.2
[INFO] [stderr]    Compiling bevy_ecs v0.12.1
[INFO] [stderr]    Compiling naga_oil v0.10.1
[INFO] [stderr]    Compiling ogg v0.8.0
[INFO] [stderr]    Compiling mio v0.8.11
[INFO] [stderr]    Compiling gilrs v0.10.10
[INFO] [stderr]    Compiling icu_properties_data v1.5.0
[INFO] [stderr]    Compiling dasp_sample v0.11.0
[INFO] [stderr]    Compiling xi-unicode v0.3.0
[INFO] [stderr]    Compiling vec_map v0.8.2
[INFO] [stderr]    Compiling gilrs-core v0.5.15
[INFO] [stderr]    Compiling glyph_brush_layout v0.2.4
[INFO] [stderr]    Compiling icu_properties v1.5.1
[INFO] [stderr]    Compiling lewton v0.10.2
[INFO] [stderr]    Compiling gltf-json v1.4.1
[INFO] [stderr]    Compiling wgpu-core v0.17.1
[INFO] [stderr]    Compiling grid v0.10.0
[INFO] [stderr]    Compiling icu_normalizer_data v1.5.0
[INFO] [stderr]    Compiling write16 v1.0.0
[INFO] [stderr]    Compiling utf16_iter v1.0.5
[INFO] [stderr]    Compiling utf8_iter v1.0.4
[INFO] [stderr]    Compiling fnv v1.0.7
[INFO] [stderr]    Compiling accesskit_winit v0.15.0
[INFO] [stderr]    Compiling icu_normalizer v1.5.0
[INFO] [stderr]    Compiling taffy v0.3.19
[INFO] [stderr]    Compiling bevy_app v0.12.1
[INFO] [stderr]    Compiling gltf v1.4.1
[INFO] [stderr]    Compiling rodio v0.17.3
[INFO] [stderr]    Compiling bevy_log v0.12.1
[INFO] [stderr]    Compiling bevy_core v0.12.1
[INFO] [stderr]    Compiling bevy_hierarchy v0.12.1
[INFO] [stderr]    Compiling bevy_input v0.12.1
[INFO] [stderr]    Compiling bevy_time v0.12.1
[INFO] [stderr]    Compiling bevy_a11y v0.12.1
[INFO] [stderr]    Compiling bevy_transform v0.12.1
[INFO] [stderr]    Compiling bevy_asset v0.12.1
[INFO] [stderr]    Compiling wgpu v0.17.2
[INFO] [stderr]    Compiling bevy_window v0.12.1
[INFO] [stderr]    Compiling sysinfo v0.29.11
[INFO] [stderr]    Compiling base64 v0.13.1
[INFO] [stderr]    Compiling rustix v0.38.42
[INFO] [stderr]    Compiling bevy_diagnostic v0.12.1
[INFO] [stderr]    Compiling bevy_winit v0.12.1
[INFO] [stderr]    Compiling bevy_render v0.12.1
[INFO] [stderr]    Compiling bevy_audio v0.12.1
[INFO] [stderr]    Compiling bevy_gilrs v0.12.1
[INFO] [stderr]    Compiling idna_adapter v1.2.0
[INFO] [stderr]    Compiling emath v0.23.0
[INFO] [stderr]    Compiling ecolor v0.23.0
[INFO] [stderr]    Compiling linux-raw-sys v0.4.14
[INFO] [stderr]    Compiling nohash-hasher v0.2.0
[INFO] [stderr]    Compiling epaint v0.23.0
[INFO] [stderr]    Compiling idna v1.0.3
[INFO] [stderr]    Compiling form_urlencoded v1.2.1
[INFO] [stderr]    Compiling byteorder-lite v0.1.0
[INFO] [stderr]    Compiling x11rb-protocol v0.13.1
[INFO] [stderr]    Compiling image v0.25.5
[INFO] [stderr]    Compiling url v2.5.4
[INFO] [stderr]    Compiling egui v0.23.0
[INFO] [stderr]    Compiling home v0.5.9
[INFO] [stderr]    Compiling webbrowser v0.8.15
[INFO] [stderr]    Compiling bevy-inspector-egui-derive v0.21.0
[INFO] [stderr]    Compiling pretty-type-name v1.0.1
[INFO] [stderr]    Compiling egui_file v0.11.1
[INFO] [stderr]    Compiling x11rb v0.13.1
[INFO] [stderr]    Compiling bevy_core_pipeline v0.12.1
[INFO] [stderr]    Compiling bevy_scene v0.12.1
[INFO] [stderr]    Compiling bevy_animation v0.12.1
[INFO] [stderr]    Compiling arboard v3.4.1
[INFO] [stderr]    Compiling bevy_sprite v0.12.1
[INFO] [stderr]    Compiling bevy_pbr v0.12.1
[INFO] [stderr]    Compiling bevy_text v0.12.1
[INFO] [stderr]    Compiling bevy_ui v0.12.1
[INFO] [stderr]    Compiling bevy_gltf v0.12.1
[INFO] [stderr]    Compiling bevy_gizmos v0.12.1
[INFO] [stderr]    Compiling bevy_internal v0.12.1
[INFO] [stderr]    Compiling bevy v0.12.1
[INFO] [stderr]    Compiling bevy_egui v0.23.0
[INFO] [stderr]    Compiling bevy-scene-hook v9.0.0
[INFO] [stderr]    Compiling bevy-inspector-egui v0.21.0
[INFO] [stderr]    Compiling space_shared v0.3.1
[INFO] [stderr]    Compiling space_undo v0.3.1
[INFO] [stderr]    Compiling space_prefab v0.3.1 (/opt/rustwide/workdir)
[INFO] [stdout] warning: unexpected `cfg` condition value: `f32`
[INFO] [stdout]  --> src/lib.rs:5:11
[INFO] [stdout]   |
[INFO] [stdout] 5 | #[cfg(all(feature = "f32", feature = "f64"))]
[INFO] [stdout]   |           ^^^^^^^^^^^^^^^ help: remove the condition
[INFO] [stdout]   |
[INFO] [stdout]   = note: no expected values for `feature`
[INFO] [stdout]   = help: consider adding `f32` as a feature in `Cargo.toml`
[INFO] [stdout]   = note: see <https://doc.rust-lang.org/nightly/rustc/check-cfg/cargo-specifics.html> for more information about checking conditional configuration
[INFO] [stdout]   = note: `#[warn(unexpected_cfgs)]` on by default
[INFO] [stdout] 
[INFO] [stdout] 
[INFO] [stdout] warning: unexpected `cfg` condition value: `f64`
[INFO] [stdout]  --> src/lib.rs:5:28
[INFO] [stdout]   |
[INFO] [stdout] 5 | #[cfg(all(feature = "f32", feature = "f64"))]
[INFO] [stdout]   |                            ^^^^^^^^^^^^^^^ help: remove the condition
[INFO] [stdout]   |
[INFO] [stdout]   = note: no expected values for `feature`
[INFO] [stdout]   = help: consider adding `f64` as a feature in `Cargo.toml`
[INFO] [stdout]   = note: see <https://doc.rust-lang.org/nightly/rustc/check-cfg/cargo-specifics.html> for more information about checking conditional configuration
[INFO] [stdout] 
[INFO] [stdout] 
[INFO] [stdout] warning: unexpected `cfg` condition value: `f32`
[INFO] [stdout]   --> src/spawn_system.rs:49:19
[INFO] [stdout]    |
[INFO] [stdout] 49 |             #[cfg(feature = "f32")]
[INFO] [stdout]    |                   ^^^^^^^^^^^^^^^ help: remove the condition
[INFO] [stdout]    |
[INFO] [stdout]    = note: no expected values for `feature`
[INFO] [stdout]    = help: consider adding `f32` as a feature in `Cargo.toml`
[INFO] [stdout]    = note: see <https://doc.rust-lang.org/nightly/rustc/check-cfg/cargo-specifics.html> for more information about checking conditional configuration
[INFO] [stdout] 
[INFO] [stdout] 
[INFO] [stdout] warning: unexpected `cfg` condition value: `f64`
[INFO] [stdout]   --> src/spawn_system.rs:51:19
[INFO] [stdout]    |
[INFO] [stdout] 51 |             #[cfg(feature = "f64")]
[INFO] [stdout]    |                   ^^^^^^^^^^^^^^^ help: remove the condition
[INFO] [stdout]    |
[INFO] [stdout]    = note: no expected values for `feature`
[INFO] [stdout]    = help: consider adding `f64` as a feature in `Cargo.toml`
[INFO] [stdout]    = note: see <https://doc.rust-lang.org/nightly/rustc/check-cfg/cargo-specifics.html> for more information about checking conditional configuration
[INFO] [stdout] 
[INFO] [stdout] 
[INFO] [stderr]     Finished `dev` profile [unoptimized + debuginfo] target(s) in 7m 24s
[INFO] running `Command { std: "docker" "inspect" "4a3263970a1f9fa3e0abe80241efbedab7df6778b86410296a76890659bccee2", kill_on_drop: false }`
[INFO] running `Command { std: "docker" "rm" "-f" "4a3263970a1f9fa3e0abe80241efbedab7df6778b86410296a76890659bccee2", kill_on_drop: false }`
[INFO] [stdout] 4a3263970a1f9fa3e0abe80241efbedab7df6778b86410296a76890659bccee2
[INFO] running `Command { std: "docker" "create" "-v" "/var/lib/crater-agent-workspace/builds/worker-0-tc1/target:/opt/rustwide/target:rw,Z" "-v" "/var/lib/crater-agent-workspace/builds/worker-0-tc1/source:/opt/rustwide/workdir:ro,Z" "-v" "/var/lib/crater-agent-workspace/cargo-home:/opt/rustwide/cargo-home:ro,Z" "-v" "/var/lib/crater-agent-workspace/rustup-home:/opt/rustwide/rustup-home:ro,Z" "-e" "SOURCE_DIR=/opt/rustwide/workdir" "-e" "CARGO_TARGET_DIR=/opt/rustwide/target" "-e" "CARGO_INCREMENTAL=0" "-e" "RUST_BACKTRACE=full" "-e" "RUSTFLAGS=--cap-lints=warn" "-e" "RUSTDOCFLAGS=--cap-lints=warn" "-e" "CARGO_HOME=/opt/rustwide/cargo-home" "-e" "RUSTUP_HOME=/opt/rustwide/rustup-home" "-w" "/opt/rustwide/workdir" "-m" "1610612736" "--user" "0:0" "--network" "none" "ghcr.io/rust-lang/crates-build-env/linux@sha256:f3a9d4ad9d972b27faf3965f35b62e55ba32bbce8f20bc8fe909558a86702fde" "/opt/rustwide/cargo-home/bin/cargo" "+1.83.0" "test" "--frozen" "--no-run" "--message-format=json", kill_on_drop: false }`
[INFO] [stdout] d94efa1f3e5e32d19c4ceda36aba0b33fe07eed8a18832f436f85b2286b75577
[INFO] running `Command { std: "docker" "start" "-a" "d94efa1f3e5e32d19c4ceda36aba0b33fe07eed8a18832f436f85b2286b75577", kill_on_drop: false }`
[INFO] [stderr]    Compiling space_prefab v0.3.1 (/opt/rustwide/workdir)
[INFO] [stdout] warning: unexpected `cfg` condition value: `f32`
[INFO] [stdout]  --> src/lib.rs:5:11
[INFO] [stdout]   |
[INFO] [stdout] 5 | #[cfg(all(feature = "f32", feature = "f64"))]
[INFO] [stdout]   |           ^^^^^^^^^^^^^^^ help: remove the condition
[INFO] [stdout]   |
[INFO] [stdout]   = note: no expected values for `feature`
[INFO] [stdout]   = help: consider adding `f32` as a feature in `Cargo.toml`
[INFO] [stdout]   = note: see <https://doc.rust-lang.org/nightly/rustc/check-cfg/cargo-specifics.html> for more information about checking conditional configuration
[INFO] [stdout]   = note: `#[warn(unexpected_cfgs)]` on by default
[INFO] [stdout] 
[INFO] [stdout] 
[INFO] [stdout] warning: unexpected `cfg` condition value: `f64`
[INFO] [stdout]  --> src/lib.rs:5:28
[INFO] [stdout]   |
[INFO] [stdout] 5 | #[cfg(all(feature = "f32", feature = "f64"))]
[INFO] [stdout]   |                            ^^^^^^^^^^^^^^^ help: remove the condition
[INFO] [stdout]   |
[INFO] [stdout]   = note: no expected values for `feature`
[INFO] [stdout]   = help: consider adding `f64` as a feature in `Cargo.toml`
[INFO] [stdout]   = note: see <https://doc.rust-lang.org/nightly/rustc/check-cfg/cargo-specifics.html> for more information about checking conditional configuration
[INFO] [stdout] 
[INFO] [stdout] 
[INFO] [stdout] warning: unexpected `cfg` condition value: `f32`
[INFO] [stdout]   --> src/spawn_system.rs:49:19
[INFO] [stdout]    |
[INFO] [stdout] 49 |             #[cfg(feature = "f32")]
[INFO] [stdout]    |                   ^^^^^^^^^^^^^^^ help: remove the condition
[INFO] [stdout]    |
[INFO] [stdout]    = note: no expected values for `feature`
[INFO] [stdout]    = help: consider adding `f32` as a feature in `Cargo.toml`
[INFO] [stdout]    = note: see <https://doc.rust-lang.org/nightly/rustc/check-cfg/cargo-specifics.html> for more information about checking conditional configuration
[INFO] [stdout] 
[INFO] [stdout] 
[INFO] [stdout] warning: unexpected `cfg` condition value: `f64`
[INFO] [stdout]   --> src/spawn_system.rs:51:19
[INFO] [stdout]    |
[INFO] [stdout] 51 |             #[cfg(feature = "f64")]
[INFO] [stdout]    |                   ^^^^^^^^^^^^^^^ help: remove the condition
[INFO] [stdout]    |
[INFO] [stdout]    = note: no expected values for `feature`
[INFO] [stdout]    = help: consider adding `f64` as a feature in `Cargo.toml`
[INFO] [stdout]    = note: see <https://doc.rust-lang.org/nightly/rustc/check-cfg/cargo-specifics.html> for more information about checking conditional configuration
[INFO] [stdout] 
[INFO] [stdout] 
[INFO] [stdout] warning: unexpected `cfg` condition value: `f32`
[INFO] [stdout]  --> src/lib.rs:5:11
[INFO] [stdout]   |
[INFO] [stdout] 5 | #[cfg(all(feature = "f32", feature = "f64"))]
[INFO] [stdout]   |           ^^^^^^^^^^^^^^^ help: remove the condition
[INFO] [stdout]   |
[INFO] [stdout]   = note: no expected values for `feature`
[INFO] [stdout]   = help: consider adding `f32` as a feature in `Cargo.toml`
[INFO] [stdout]   = note: see <https://doc.rust-lang.org/nightly/rustc/check-cfg/cargo-specifics.html> for more information about checking conditional configuration
[INFO] [stdout]   = note: `#[warn(unexpected_cfgs)]` on by default
[INFO] [stdout] 
[INFO] [stdout] 
[INFO] [stdout] warning: unexpected `cfg` condition value: `f64`
[INFO] [stdout]  --> src/lib.rs:5:28
[INFO] [stdout]   |
[INFO] [stdout] 5 | #[cfg(all(feature = "f32", feature = "f64"))]
[INFO] [stdout]   |                            ^^^^^^^^^^^^^^^ help: remove the condition
[INFO] [stdout]   |
[INFO] [stdout]   = note: no expected values for `feature`
[INFO] [stdout]   = help: consider adding `f64` as a feature in `Cargo.toml`
[INFO] [stdout]   = note: see <https://doc.rust-lang.org/nightly/rustc/check-cfg/cargo-specifics.html> for more information about checking conditional configuration
[INFO] [stdout] 
[INFO] [stdout] 
[INFO] [stdout] warning: unexpected `cfg` condition value: `f32`
[INFO] [stdout]   --> src/spawn_system.rs:49:19
[INFO] [stdout]    |
[INFO] [stdout] 49 |             #[cfg(feature = "f32")]
[INFO] [stdout]    |                   ^^^^^^^^^^^^^^^ help: remove the condition
[INFO] [stdout]    |
[INFO] [stdout]    = note: no expected values for `feature`
[INFO] [stdout]    = help: consider adding `f32` as a feature in `Cargo.toml`
[INFO] [stdout]    = note: see <https://doc.rust-lang.org/nightly/rustc/check-cfg/cargo-specifics.html> for more information about checking conditional configuration
[INFO] [stdout] 
[INFO] [stdout] 
[INFO] [stdout] warning: unexpected `cfg` condition value: `f64`
[INFO] [stdout]   --> src/spawn_system.rs:51:19
[INFO] [stdout]    |
[INFO] [stdout] 51 |             #[cfg(feature = "f64")]
[INFO] [stdout]    |                   ^^^^^^^^^^^^^^^ help: remove the condition
[INFO] [stdout]    |
[INFO] [stdout]    = note: no expected values for `feature`
[INFO] [stdout]    = help: consider adding `f64` as a feature in `Cargo.toml`
[INFO] [stdout]    = note: see <https://doc.rust-lang.org/nightly/rustc/check-cfg/cargo-specifics.html> for more information about checking conditional configuration
[INFO] [stdout] 
[INFO] [stdout] 
[INFO] [stderr]     Finished `test` profile [unoptimized + debuginfo] target(s) in 7.72s
[INFO] running `Command { std: "docker" "inspect" "d94efa1f3e5e32d19c4ceda36aba0b33fe07eed8a18832f436f85b2286b75577", kill_on_drop: false }`
[INFO] running `Command { std: "docker" "rm" "-f" "d94efa1f3e5e32d19c4ceda36aba0b33fe07eed8a18832f436f85b2286b75577", kill_on_drop: false }`
[INFO] [stdout] d94efa1f3e5e32d19c4ceda36aba0b33fe07eed8a18832f436f85b2286b75577
[INFO] running `Command { std: "docker" "create" "-v" "/var/lib/crater-agent-workspace/builds/worker-0-tc1/target:/opt/rustwide/target:rw,Z" "-v" "/var/lib/crater-agent-workspace/builds/worker-0-tc1/source:/opt/rustwide/workdir:ro,Z" "-v" "/var/lib/crater-agent-workspace/cargo-home:/opt/rustwide/cargo-home:ro,Z" "-v" "/var/lib/crater-agent-workspace/rustup-home:/opt/rustwide/rustup-home:ro,Z" "-e" "SOURCE_DIR=/opt/rustwide/workdir" "-e" "CARGO_TARGET_DIR=/opt/rustwide/target" "-e" "CARGO_INCREMENTAL=0" "-e" "RUST_BACKTRACE=full" "-e" "RUSTFLAGS=--cap-lints=warn" "-e" "RUSTDOCFLAGS=--cap-lints=warn" "-e" "CARGO_HOME=/opt/rustwide/cargo-home" "-e" "RUSTUP_HOME=/opt/rustwide/rustup-home" "-w" "/opt/rustwide/workdir" "-m" "1610612736" "--user" "0:0" "--network" "none" "ghcr.io/rust-lang/crates-build-env/linux@sha256:f3a9d4ad9d972b27faf3965f35b62e55ba32bbce8f20bc8fe909558a86702fde" "/opt/rustwide/cargo-home/bin/cargo" "+1.83.0" "test" "--frozen", kill_on_drop: false }`
[INFO] [stdout] ba5e3b9df9bbaeb7c3ccbaa50c4f1952d220a3522fd4ebf4d8b20c4bfecf38b3
[INFO] running `Command { std: "docker" "start" "-a" "ba5e3b9df9bbaeb7c3ccbaa50c4f1952d220a3522fd4ebf4d8b20c4bfecf38b3", kill_on_drop: false }`
[INFO] [stderr] warning: unexpected `cfg` condition value: `f32`
[INFO] [stderr]  --> src/lib.rs:5:11
[INFO] [stderr]   |
[INFO] [stderr] 5 | #[cfg(all(feature = "f32", feature = "f64"))]
[INFO] [stderr]   |           ^^^^^^^^^^^^^^^ help: remove the condition
[INFO] [stderr]   |
[INFO] [stderr]   = note: no expected values for `feature`
[INFO] [stderr]   = help: consider adding `f32` as a feature in `Cargo.toml`
[INFO] [stderr]   = note: see <https://doc.rust-lang.org/nightly/rustc/check-cfg/cargo-specifics.html> for more information about checking conditional configuration
[INFO] [stderr]   = note: `#[warn(unexpected_cfgs)]` on by default
[INFO] [stderr] 
[INFO] [stderr] warning: unexpected `cfg` condition value: `f64`
[INFO] [stderr]  --> src/lib.rs:5:28
[INFO] [stderr]   |
[INFO] [stderr] 5 | #[cfg(all(feature = "f32", feature = "f64"))]
[INFO] [stderr]   |                            ^^^^^^^^^^^^^^^ help: remove the condition
[INFO] [stderr]   |
[INFO] [stderr]   = note: no expected values for `feature`
[INFO] [stderr]   = help: consider adding `f64` as a feature in `Cargo.toml`
[INFO] [stderr]   = note: see <https://doc.rust-lang.org/nightly/rustc/check-cfg/cargo-specifics.html> for more information about checking conditional configuration
[INFO] [stderr] 
[INFO] [stderr] warning: unexpected `cfg` condition value: `f32`
[INFO] [stderr]   --> src/spawn_system.rs:49:19
[INFO] [stderr]    |
[INFO] [stderr] 49 |             #[cfg(feature = "f32")]
[INFO] [stderr]    |                   ^^^^^^^^^^^^^^^ help: remove the condition
[INFO] [stderr]    |
[INFO] [stderr]    = note: no expected values for `feature`
[INFO] [stderr]    = help: consider adding `f32` as a feature in `Cargo.toml`
[INFO] [stderr]    = note: see <https://doc.rust-lang.org/nightly/rustc/check-cfg/cargo-specifics.html> for more information about checking conditional configuration
[INFO] [stderr] 
[INFO] [stderr] warning: unexpected `cfg` condition value: `f64`
[INFO] [stderr]   --> src/spawn_system.rs:51:19
[INFO] [stderr]    |
[INFO] [stderr] 51 |             #[cfg(feature = "f64")]
[INFO] [stderr]    |                   ^^^^^^^^^^^^^^^ help: remove the condition
[INFO] [stderr]    |
[INFO] [stderr]    = note: no expected values for `feature`
[INFO] [stderr]    = help: consider adding `f64` as a feature in `Cargo.toml`
[INFO] [stderr]    = note: see <https://doc.rust-lang.org/nightly/rustc/check-cfg/cargo-specifics.html> for more information about checking conditional configuration
[INFO] [stderr] 
[INFO] [stderr] warning: `space_prefab` (lib) generated 4 warnings
[INFO] [stderr] warning: `space_prefab` (lib test) generated 4 warnings (4 duplicates)
[INFO] [stderr]     Finished `test` profile [unoptimized + debuginfo] target(s) in 0.38s
[INFO] [stderr]      Running unittests src/lib.rs (/opt/rustwide/target/debug/deps/space_prefab-81787475903ca905)
[INFO] [stdout] 
[INFO] [stdout] running 0 tests
[INFO] [stdout] 
[INFO] [stdout] test result: ok. 0 passed; 0 failed; 0 ignored; 0 measured; 0 filtered out; finished in 0.00s
[INFO] [stdout] 
[INFO] [stderr]    Doc-tests space_prefab
[INFO] [stdout] 
[INFO] [stdout] running 1 test
[INFO] [stdout] test src/load.rs - load::PrefabBundle (line 11) ... FAILED
[INFO] [stdout] 
[INFO] [stdout] failures:
[INFO] [stdout] 
[INFO] [stdout] ---- src/load.rs - load::PrefabBundle (line 11) stdout ----
[INFO] [stdout] error[E0425]: cannot find value `commands` in this scope
[INFO] [stdout]  --> src/load.rs:12:1
[INFO] [stdout]   |
[INFO] [stdout] 3 | commands.spawn(PrefabBundle::new("path/to/prefab"));
[INFO] [stdout]   | ^^^^^^^^ not found in this scope
[INFO] [stdout] 
[INFO] [stdout] error[E0433]: failed to resolve: use of undeclared type `PrefabBundle`
[INFO] [stdout]  --> src/load.rs:12:16
[INFO] [stdout]   |
[INFO] [stdout] 3 | commands.spawn(PrefabBundle::new("path/to/prefab"));
[INFO] [stdout]   |                ^^^^^^^^^^^^ use of undeclared type `PrefabBundle`
[INFO] [stdout]   |
[INFO] [stdout] help: consider importing this struct
[INFO] [stdout]   |
[INFO] [stdout] 2 + use space_prefab::prelude::PrefabBundle;
[INFO] [stdout]   |
[INFO] [stdout] 
[INFO] [stdout] error: aborting due to 2 previous errors
[INFO] [stdout] 
[INFO] [stdout] Some errors have detailed explanations: E0425, E0433.
[INFO] [stdout] For more information about an error, try `rustc --explain E0425`.
[INFO] [stdout] Couldn't compile the test.
[INFO] [stdout] 
[INFO] [stdout] failures:
[INFO] [stdout]     src/load.rs - load::PrefabBundle (line 11)
[INFO] [stdout] 
[INFO] [stdout] test result: FAILED. 0 passed; 1 failed; 0 ignored; 0 measured; 0 filtered out; finished in 0.29s
[INFO] [stdout] 
[INFO] [stderr] error: doctest failed, to rerun pass `--doc`
[INFO] running `Command { std: "docker" "inspect" "ba5e3b9df9bbaeb7c3ccbaa50c4f1952d220a3522fd4ebf4d8b20c4bfecf38b3", kill_on_drop: false }`
[INFO] running `Command { std: "docker" "rm" "-f" "ba5e3b9df9bbaeb7c3ccbaa50c4f1952d220a3522fd4ebf4d8b20c4bfecf38b3", kill_on_drop: false }`
[INFO] [stdout] ba5e3b9df9bbaeb7c3ccbaa50c4f1952d220a3522fd4ebf4d8b20c4bfecf38b3
