[INFO] fetching crate slack-rust 0.0.1-alpha...
[INFO] testing slack-rust-0.0.1-alpha against 1.83.0 for beta-1.84.0-4-retry
[INFO] extracting crate slack-rust 0.0.1-alpha into /workspace/builds/worker-5-tc1/source
[INFO] validating manifest of crates.io crate slack-rust 0.0.1-alpha on toolchain 1.83.0
[INFO] running `Command { std: CARGO_HOME="/workspace/cargo-home" RUSTUP_HOME="/workspace/rustup-home" "/workspace/cargo-home/bin/cargo" "+1.83.0" "metadata" "--manifest-path" "Cargo.toml" "--no-deps", kill_on_drop: false }`
[INFO] started tweaking crates.io crate slack-rust 0.0.1-alpha
[INFO] finished tweaking crates.io crate slack-rust 0.0.1-alpha
[INFO] tweaked toml for crates.io crate slack-rust 0.0.1-alpha written to /workspace/builds/worker-5-tc1/source/Cargo.toml
[INFO] crate crates.io crate slack-rust 0.0.1-alpha already has a lockfile, it will not be regenerated
[INFO] running `Command { std: CARGO_HOME="/workspace/cargo-home" RUSTUP_HOME="/workspace/rustup-home" "/workspace/cargo-home/bin/cargo" "+1.83.0" "fetch" "--manifest-path" "Cargo.toml", kill_on_drop: false }`
[INFO] [stderr]  Downloading crates ...
[INFO] [stderr]   Downloaded serde_with v1.11.0
[INFO] [stderr]   Downloaded http-client v6.5.1
[INFO] [stderr]   Downloaded pin-project v1.0.9
[INFO] [stderr]   Downloaded async-tls v0.11.0
[INFO] [stderr]   Downloaded async-tungstenite v0.16.1
[INFO] [stderr]   Downloaded pin-project-internal v1.0.9
[INFO] [stderr]   Downloaded predicates v2.1.0
[INFO] running `Command { std: "docker" "create" "-v" "/var/lib/crater-agent-workspace/builds/worker-5-tc1/target:/opt/rustwide/target:rw,Z" "-v" "/var/lib/crater-agent-workspace/builds/worker-5-tc1/source:/opt/rustwide/workdir:ro,Z" "-v" "/var/lib/crater-agent-workspace/cargo-home:/opt/rustwide/cargo-home:ro,Z" "-v" "/var/lib/crater-agent-workspace/rustup-home:/opt/rustwide/rustup-home:ro,Z" "-e" "SOURCE_DIR=/opt/rustwide/workdir" "-e" "CARGO_TARGET_DIR=/opt/rustwide/target" "-e" "CARGO_HOME=/opt/rustwide/cargo-home" "-e" "RUSTUP_HOME=/opt/rustwide/rustup-home" "-w" "/opt/rustwide/workdir" "-m" "1610612736" "--user" "0:0" "--network" "none" "ghcr.io/rust-lang/crates-build-env/linux@sha256:f3a9d4ad9d972b27faf3965f35b62e55ba32bbce8f20bc8fe909558a86702fde" "/opt/rustwide/cargo-home/bin/cargo" "+1.83.0" "metadata" "--no-deps" "--format-version=1", kill_on_drop: false }`
[INFO] [stdout] 7b9d0cb21344696ca8dbf49ce51a8cf09b44b0e997f2132ca90ca4a2613cb97d
[INFO] running `Command { std: "docker" "start" "-a" "7b9d0cb21344696ca8dbf49ce51a8cf09b44b0e997f2132ca90ca4a2613cb97d", kill_on_drop: false }`
[INFO] running `Command { std: "docker" "inspect" "7b9d0cb21344696ca8dbf49ce51a8cf09b44b0e997f2132ca90ca4a2613cb97d", kill_on_drop: false }`
[INFO] running `Command { std: "docker" "rm" "-f" "7b9d0cb21344696ca8dbf49ce51a8cf09b44b0e997f2132ca90ca4a2613cb97d", kill_on_drop: false }`
[INFO] [stdout] 7b9d0cb21344696ca8dbf49ce51a8cf09b44b0e997f2132ca90ca4a2613cb97d
[INFO] running `Command { std: "docker" "create" "-v" "/var/lib/crater-agent-workspace/builds/worker-5-tc1/target:/opt/rustwide/target:rw,Z" "-v" "/var/lib/crater-agent-workspace/builds/worker-5-tc1/source:/opt/rustwide/workdir:ro,Z" "-v" "/var/lib/crater-agent-workspace/cargo-home:/opt/rustwide/cargo-home:ro,Z" "-v" "/var/lib/crater-agent-workspace/rustup-home:/opt/rustwide/rustup-home:ro,Z" "-e" "SOURCE_DIR=/opt/rustwide/workdir" "-e" "CARGO_TARGET_DIR=/opt/rustwide/target" "-e" "CARGO_INCREMENTAL=0" "-e" "RUST_BACKTRACE=full" "-e" "RUSTFLAGS=--cap-lints=warn" "-e" "RUSTDOCFLAGS=--cap-lints=warn" "-e" "CARGO_HOME=/opt/rustwide/cargo-home" "-e" "RUSTUP_HOME=/opt/rustwide/rustup-home" "-w" "/opt/rustwide/workdir" "-m" "1610612736" "--user" "0:0" "--network" "none" "ghcr.io/rust-lang/crates-build-env/linux@sha256:f3a9d4ad9d972b27faf3965f35b62e55ba32bbce8f20bc8fe909558a86702fde" "/opt/rustwide/cargo-home/bin/cargo" "+1.83.0" "build" "--frozen" "--message-format=json", kill_on_drop: false }`
[INFO] [stdout] bcf3757c37af48be38ebfa591de1ea3936db1a594996206858ef4219ca7030ca
[INFO] running `Command { std: "docker" "start" "-a" "bcf3757c37af48be38ebfa591de1ea3936db1a594996206858ef4219ca7030ca", kill_on_drop: false }`
[INFO] [stderr]    Compiling version_check v0.9.4
[INFO] [stderr]    Compiling proc-macro2 v1.0.36
[INFO] [stderr]    Compiling unicode-xid v0.2.2
[INFO] [stderr]    Compiling syn v1.0.84
[INFO] [stderr]    Compiling libc v0.2.112
[INFO] [stderr]    Compiling cfg-if v1.0.0
[INFO] [stderr]    Compiling cc v1.0.72
[INFO] [stderr]    Compiling typenum v1.15.0
[INFO] [stderr]    Compiling log v0.4.14
[INFO] [stderr]    Compiling futures-core v0.3.19
[INFO] [stderr]    Compiling lazy_static v1.4.0
[INFO] [stderr]    Compiling pkg-config v0.3.24
[INFO] [stderr]    Compiling once_cell v1.9.0
[INFO] [stderr]    Compiling pin-project-lite v0.2.7
[INFO] [stderr]    Compiling serde_derive v1.0.132
[INFO] [stderr]    Compiling futures-io v0.3.19
[INFO] [stderr]    Compiling memchr v2.4.1
[INFO] [stderr]    Compiling serde v1.0.132
[INFO] [stderr]    Compiling opaque-debug v0.3.0
[INFO] [stderr]    Compiling cache-padded v1.2.0
[INFO] [stderr]    Compiling event-listener v2.5.1
[INFO] [stderr]    Compiling concurrent-queue v1.2.2
[INFO] [stderr]    Compiling percent-encoding v2.1.0
[INFO] [stderr]    Compiling autocfg v1.0.1
[INFO] [stderr]    Compiling value-bag v1.0.0-alpha.8
[INFO] [stderr]    Compiling generic-array v0.14.4
[INFO] [stderr]    Compiling fnv v1.0.7
[INFO] [stderr]    Compiling subtle v2.4.1
[INFO] [stderr]    Compiling matches v0.1.9
[INFO] [stderr]    Compiling ppv-lite86 v0.2.15
[INFO] [stderr]    Compiling waker-fn v1.1.0
[INFO] [stderr]    Compiling tinyvec_macros v0.1.0
[INFO] [stderr]    Compiling parking v2.0.0
[INFO] [stderr]    Compiling fastrand v1.6.0
[INFO] [stderr]    Compiling slab v0.4.5
[INFO] [stderr]    Compiling tinyvec v1.5.1
[INFO] [stderr]    Compiling standback v0.2.17
[INFO] [stderr]    Compiling wasm-bindgen-shared v0.2.78
[INFO] [stderr]    Compiling proc-macro-hack v0.5.19
[INFO] [stderr]    Compiling form_urlencoded v1.0.1
[INFO] [stderr]    Compiling async-channel v1.6.1
[INFO] [stderr]    Compiling itoa v0.4.8
[INFO] [stderr]    Compiling unicode-bidi v0.3.7
[INFO] [stderr]    Compiling cpufeatures v0.2.1
[INFO] [stderr]    Compiling getrandom v0.1.16
[INFO] [stderr]    Compiling base64 v0.13.0
[INFO] [stderr]    Compiling cpuid-bool v0.2.0
[INFO] [stderr]    Compiling bumpalo v3.8.0
[INFO] [stderr]    Compiling const_fn v0.4.8
[INFO] [stderr]    Compiling crossbeam-utils v0.8.5
[INFO] [stderr]    Compiling async-task v4.0.3
[INFO] [stderr]    Compiling quote v1.0.14
[INFO] [stderr]    Compiling getrandom v0.2.3
[INFO] [stderr]    Compiling futures-lite v1.12.0
[INFO] [stderr]    Compiling socket2 v0.4.2
[INFO] [stderr]    Compiling rand_core v0.6.3
[INFO] [stderr]    Compiling num_cpus v1.13.1
[INFO] [stderr]    Compiling unicase v2.6.0
[INFO] [stderr]    Compiling libz-sys v1.1.3
[INFO] [stderr]    Compiling libnghttp2-sys v0.1.7+1.45.0
[INFO] [stderr]    Compiling openssl-sys v0.9.72
[INFO] [stderr]    Compiling curl-sys v0.4.51+curl-7.80.0
[INFO] [stderr]    Compiling rand_chacha v0.3.1
[INFO] [stderr]    Compiling ring v0.16.20
[INFO] [stderr]    Compiling time v0.2.27
[INFO] [stderr]    Compiling atomic-waker v1.0.0
[INFO] [stderr]    Compiling unicode-normalization v0.1.19
[INFO] [stderr]    Compiling untrusted v0.7.1
[INFO] [stderr]    Compiling spin v0.5.2
[INFO] [stderr]    Compiling pin-utils v0.1.0
[INFO] [stderr]    Compiling scopeguard v1.1.0
[INFO] [stderr]    Compiling futures-sink v0.3.19
[INFO] [stderr]    Compiling bytes v1.1.0
[INFO] [stderr]    Compiling lock_api v0.4.5
[INFO] [stderr]    Compiling rand v0.8.4
[INFO] [stderr]    Compiling rand_core v0.5.1
[INFO] [stderr]    Compiling async-executor v1.4.1
[INFO] [stderr]    Compiling blocking v1.1.0
[INFO] [stderr]    Compiling cookie v0.14.4
[INFO] [stderr]    Compiling async-mutex v1.4.0
[INFO] [stderr]    Compiling http v0.2.5
[INFO] [stderr]    Compiling digest v0.9.0
[INFO] [stderr]    Compiling cipher v0.2.5
[INFO] [stderr]    Compiling block-buffer v0.9.0
[INFO] [stderr]    Compiling universal-hash v0.4.1
[INFO] [stderr]    Compiling crypto-mac v0.10.1
[INFO] [stderr]    Compiling polyval v0.4.5
[INFO] [stderr]    Compiling aes-soft v0.6.4
[INFO] [stderr]    Compiling hmac v0.10.1
[INFO] [stderr]    Compiling ctr v0.6.0
[INFO] [stderr]    Compiling aead v0.3.2
[INFO] [stderr]    Compiling tracing-core v0.1.21
[INFO] [stderr]    Compiling ident_case v1.0.1
[INFO] [stderr]    Compiling ryu v1.0.9
[INFO] [stderr]    Compiling anyhow v1.0.52
[INFO] [stderr]    Compiling strsim v0.10.0
[INFO] [stderr]    Compiling ghash v0.3.1
[INFO] [stderr]    Compiling futures-task v0.3.19
[INFO] [stderr]    Compiling curl v0.4.41
[INFO] [stderr]    Compiling serde_json v1.0.73
[INFO] [stderr]    Compiling wasm-bindgen v0.2.78
[INFO] [stderr]    Compiling hkdf v0.10.0
[INFO] [stderr]    Compiling aes v0.6.0
[INFO] [stderr]    Compiling sha2 v0.9.8
[INFO] [stderr]    Compiling aes-gcm v0.8.0
[INFO] [stderr]    Compiling rand_chacha v0.2.2
[INFO] [stderr]    Compiling idna v0.2.3
[INFO] [stderr]    Compiling spinning_top v0.2.4
[INFO] [stderr]    Compiling async-lock v2.4.0
[INFO] [stderr]    Compiling http-types v2.12.0
[INFO] [stderr]    Compiling async-trait v0.1.52
[INFO] [stderr]    Compiling futures-util v0.3.19
[INFO] [stderr]    Compiling itoa v1.0.1
[INFO] [stderr]    Compiling openssl-probe v0.1.4
[INFO] [stderr]    Compiling isahc v0.9.14
[INFO] [stderr]    Compiling httparse v1.5.1
[INFO] [stderr]    Compiling mime_guess v2.0.3
[INFO] [stderr]    Compiling rand v0.7.3
[INFO] [stderr]    Compiling flume v0.9.2
[INFO] [stderr]    Compiling sluice v0.5.5
[INFO] [stderr]    Compiling bytes v0.5.6
[INFO] [stderr]    Compiling infer v0.2.3
[INFO] [stderr]    Compiling encoding_rs v0.8.30
[INFO] [stderr]    Compiling rustversion v1.0.6
[INFO] [stderr]    Compiling sha-1 v0.9.8
[INFO] [stderr]    Compiling dashmap v4.0.2
[INFO] [stderr]    Compiling mime v0.3.16
[INFO] [stderr]    Compiling byteorder v1.4.3
[INFO] [stderr]    Compiling utf-8 v0.7.6
[INFO] [stderr]    Compiling webpki v0.21.4
[INFO] [stderr]    Compiling sct v0.6.1
[INFO] [stderr]    Compiling darling_core v0.13.1
[INFO] [stderr]    Compiling webpki-roots v0.21.1
[INFO] [stderr]    Compiling ctor v0.1.21
[INFO] [stderr]    Compiling thiserror-impl v1.0.30
[INFO] [stderr]    Compiling time-macros-impl v0.1.2
[INFO] [stderr]    Compiling pin-project-internal v1.0.9
[INFO] [stderr]    Compiling tracing-attributes v0.1.18
[INFO] [stderr]    Compiling async-attributes v1.1.2
[INFO] [stderr]    Compiling futures-macro v0.3.19
[INFO] [stderr]    Compiling time-macros v0.1.1
[INFO] [stderr]    Compiling darling_macro v0.13.1
[INFO] [stderr]    Compiling thiserror v1.0.30
[INFO] [stderr]    Compiling polling v2.2.0
[INFO] [stderr]    Compiling wasm-bindgen-backend v0.2.78
[INFO] [stderr]    Compiling tracing v0.1.29
[INFO] [stderr]    Compiling kv-log-macro v1.0.7
[INFO] [stderr]    Compiling rustls v0.19.1
[INFO] [stderr]    Compiling async-io v1.6.0
[INFO] [stderr]    Compiling pin-project v1.0.9
[INFO] [stderr]    Compiling darling v0.13.1
[INFO] [stderr]    Compiling tracing-futures v0.2.5
[INFO] [stderr]    Compiling serde_with_macros v1.5.1
[INFO] [stderr]    Compiling async-global-executor v2.0.2
[INFO] [stderr]    Compiling async-std v1.10.0
[INFO] [stderr]    Compiling wasm-bindgen-macro-support v0.2.78
[INFO] [stderr]    Compiling wasm-bindgen-macro v0.2.78
[INFO] [stderr]    Compiling async-tls v0.11.0
[INFO] [stderr]    Compiling js-sys v0.3.55
[INFO] [stderr]    Compiling url v2.2.2
[INFO] [stderr]    Compiling serde_qs v0.8.5
[INFO] [stderr]    Compiling serde_urlencoded v0.7.0
[INFO] [stderr]    Compiling serde_with v1.11.0
[INFO] [stderr]    Compiling web-sys v0.3.55
[INFO] [stderr]    Compiling tungstenite v0.16.0
[INFO] [stderr]    Compiling async-tungstenite v0.16.1
[INFO] [stderr]    Compiling http-client v6.5.1
[INFO] [stderr]    Compiling surf v2.3.2
[INFO] [stderr]    Compiling slack-rust v0.0.1-alpha (/opt/rustwide/workdir)
[INFO] [stderr]     Finished `dev` profile [unoptimized + debuginfo] target(s) in 52.09s
[INFO] [stderr] warning: the following packages contain code that will be rejected by a future version of Rust: wasm-bindgen v0.2.78
[INFO] [stderr] note: to see what the problems were, use the option `--future-incompat-report`, or run `cargo report future-incompatibilities --id 1`
[INFO] running `Command { std: "docker" "inspect" "bcf3757c37af48be38ebfa591de1ea3936db1a594996206858ef4219ca7030ca", kill_on_drop: false }`
[INFO] running `Command { std: "docker" "rm" "-f" "bcf3757c37af48be38ebfa591de1ea3936db1a594996206858ef4219ca7030ca", kill_on_drop: false }`
[INFO] [stdout] bcf3757c37af48be38ebfa591de1ea3936db1a594996206858ef4219ca7030ca
[INFO] running `Command { std: "docker" "create" "-v" "/var/lib/crater-agent-workspace/builds/worker-5-tc1/target:/opt/rustwide/target:rw,Z" "-v" "/var/lib/crater-agent-workspace/builds/worker-5-tc1/source:/opt/rustwide/workdir:ro,Z" "-v" "/var/lib/crater-agent-workspace/cargo-home:/opt/rustwide/cargo-home:ro,Z" "-v" "/var/lib/crater-agent-workspace/rustup-home:/opt/rustwide/rustup-home:ro,Z" "-e" "SOURCE_DIR=/opt/rustwide/workdir" "-e" "CARGO_TARGET_DIR=/opt/rustwide/target" "-e" "CARGO_INCREMENTAL=0" "-e" "RUST_BACKTRACE=full" "-e" "RUSTFLAGS=--cap-lints=warn" "-e" "RUSTDOCFLAGS=--cap-lints=warn" "-e" "CARGO_HOME=/opt/rustwide/cargo-home" "-e" "RUSTUP_HOME=/opt/rustwide/rustup-home" "-w" "/opt/rustwide/workdir" "-m" "1610612736" "--user" "0:0" "--network" "none" "ghcr.io/rust-lang/crates-build-env/linux@sha256:f3a9d4ad9d972b27faf3965f35b62e55ba32bbce8f20bc8fe909558a86702fde" "/opt/rustwide/cargo-home/bin/cargo" "+1.83.0" "test" "--frozen" "--no-run" "--message-format=json", kill_on_drop: false }`
[INFO] [stdout] 5aab5fdcf8091b16e96e4cbfec53430fd7a82ad05445ec95dc1cb73122d7d057
[INFO] running `Command { std: "docker" "start" "-a" "5aab5fdcf8091b16e96e4cbfec53430fd7a82ad05445ec95dc1cb73122d7d057", kill_on_drop: false }`
[INFO] [stderr]    Compiling num-traits v0.2.14
[INFO] [stderr]    Compiling aho-corasick v0.7.18
[INFO] [stderr]    Compiling regex-syntax v0.6.25
[INFO] [stderr]    Compiling predicates-core v1.0.2
[INFO] [stderr]    Compiling either v1.6.1
[INFO] [stderr]    Compiling normalize-line-endings v0.3.0
[INFO] [stderr]    Compiling termtree v0.2.3
[INFO] [stderr]    Compiling difflib v0.4.0
[INFO] [stderr]    Compiling mockall_derive v0.11.0
[INFO] [stderr]    Compiling atty v0.2.14
[INFO] [stderr]    Compiling humantime v2.1.0
[INFO] [stderr]    Compiling fragile v1.0.0
[INFO] [stderr]    Compiling downcast v0.11.0
[INFO] [stderr]    Compiling termcolor v1.1.2
[INFO] [stderr]    Compiling predicates-tree v1.0.4
[INFO] [stderr]    Compiling itertools v0.10.3
[INFO] [stderr]    Compiling float-cmp v0.9.0
[INFO] [stderr]    Compiling regex v1.5.4
[INFO] [stderr]    Compiling predicates v2.1.0
[INFO] [stderr]    Compiling env_logger v0.9.0
[INFO] [stderr]    Compiling mockall v0.11.0
[INFO] [stderr]    Compiling slack-rust v0.0.1-alpha (/opt/rustwide/workdir)
[INFO] [stderr]     Finished `test` profile [unoptimized + debuginfo] target(s) in 38.60s
[INFO] [stderr] warning: the following packages contain code that will be rejected by a future version of Rust: wasm-bindgen v0.2.78
[INFO] [stderr] note: to see what the problems were, use the option `--future-incompat-report`, or run `cargo report future-incompatibilities --id 1`
[INFO] running `Command { std: "docker" "inspect" "5aab5fdcf8091b16e96e4cbfec53430fd7a82ad05445ec95dc1cb73122d7d057", kill_on_drop: false }`
[INFO] running `Command { std: "docker" "rm" "-f" "5aab5fdcf8091b16e96e4cbfec53430fd7a82ad05445ec95dc1cb73122d7d057", kill_on_drop: false }`
[INFO] [stdout] 5aab5fdcf8091b16e96e4cbfec53430fd7a82ad05445ec95dc1cb73122d7d057
[INFO] running `Command { std: "docker" "create" "-v" "/var/lib/crater-agent-workspace/builds/worker-5-tc1/target:/opt/rustwide/target:rw,Z" "-v" "/var/lib/crater-agent-workspace/builds/worker-5-tc1/source:/opt/rustwide/workdir:ro,Z" "-v" "/var/lib/crater-agent-workspace/cargo-home:/opt/rustwide/cargo-home:ro,Z" "-v" "/var/lib/crater-agent-workspace/rustup-home:/opt/rustwide/rustup-home:ro,Z" "-e" "SOURCE_DIR=/opt/rustwide/workdir" "-e" "CARGO_TARGET_DIR=/opt/rustwide/target" "-e" "CARGO_INCREMENTAL=0" "-e" "RUST_BACKTRACE=full" "-e" "RUSTFLAGS=--cap-lints=warn" "-e" "RUSTDOCFLAGS=--cap-lints=warn" "-e" "CARGO_HOME=/opt/rustwide/cargo-home" "-e" "RUSTUP_HOME=/opt/rustwide/rustup-home" "-w" "/opt/rustwide/workdir" "-m" "1610612736" "--user" "0:0" "--network" "none" "ghcr.io/rust-lang/crates-build-env/linux@sha256:f3a9d4ad9d972b27faf3965f35b62e55ba32bbce8f20bc8fe909558a86702fde" "/opt/rustwide/cargo-home/bin/cargo" "+1.83.0" "test" "--frozen", kill_on_drop: false }`
[INFO] [stdout] 3147b05239f54389d9f98d60e8e0181517a3006972cd9aafcb541cff02c55b06
[INFO] running `Command { std: "docker" "start" "-a" "3147b05239f54389d9f98d60e8e0181517a3006972cd9aafcb541cff02c55b06", kill_on_drop: false }`
[INFO] [stderr]     Finished `test` profile [unoptimized + debuginfo] target(s) in 0.46s
[INFO] [stderr] warning: the following packages contain code that will be rejected by a future version of Rust: wasm-bindgen v0.2.78
[INFO] [stderr] note: to see what the problems were, use the option `--future-incompat-report`, or run `cargo report future-incompatibilities --id 1`
[INFO] [stderr]      Running unittests src/lib.rs (/opt/rustwide/target/debug/deps/slack_rust-bf12b3f083dca9f5)
[INFO] [stdout] 
[INFO] [stdout] running 203 tests
[INFO] [stdout] test apps::connections_open::test::convert_response ... ok
[INFO] [stdout] test apps::uninstall::test::convert_request ... ok
[INFO] [stdout] test auth::revoke::test::convert_request ... ok
[INFO] [stdout] test auth::revoke::test::convert_response ... ok
[INFO] [stdout] test chat::delete::test::convert_response ... ok
[INFO] [stdout] test auth::teams_list::test::convert_response ... ok
[INFO] [stdout] test chat::delete_scheduled_message::test::convert_request ... ok
[INFO] [stdout] test chat::get_permalink::test::convert_request ... ok
[INFO] [stdout] test chat::get_permalink::test::convert_response ... ok
[INFO] [stdout] test chat::me_message::test::convert_response ... ok
[INFO] [stdout] test chat::me_message::test::convert_request ... ok
[INFO] [stdout] test chat::delete::test::convert_request ... ok
[INFO] [stdout] test auth::test::test::convert_response ... ok
[INFO] [stdout] test chat::post_ephemeral::test::convert_request ... ok
[INFO] [stdout] test auth::teams_list::test::convert_request ... ok
[INFO] [stdout] test apps::connections_open::test::test_connections_open ... ok
[INFO] [stdout] test chat::delete_scheduled_message::test::test_delete_scheduled_message ... ok
[INFO] [stdout] test chat::post_ephemeral::test::test_post_ephemeral ... ok
[INFO] [stdout] test chat::post_message::test::test_post_message ... ok
[INFO] [stdout] test apps::uninstall::test::test_uninstall ... ok
[INFO] [stdout] test chat::schedule_message::test::convert_request ... ok
[INFO] [stdout] test chat::post_message::test::convert_request ... ok
[INFO] [stdout] test auth::test::test::test_auth_test ... ok
[INFO] [stdout] test auth::teams_list::test::test_teams_list ... ok
[INFO] [stdout] test auth::revoke::test::test_revoke ... ok
[INFO] [stdout] test chat::schedule_message::test::test_scheduled_message ... ok
[INFO] [stdout] test chat::me_message::test::test_me_message ... ok
[INFO] [stdout] test chat::schedule_message::test::convert_response ... ok
[INFO] [stdout] test chat::post_message::test::convert_response ... ok
[INFO] [stdout] test chat::delete::test::test_delete ... ok
[INFO] [stdout] test chat::get_permalink::test::test_get_permalink ... ok
[INFO] [stdout] test chat::scheduled_messages_list::test::convert_request ... ok
[INFO] [stdout] test chat::scheduled_messages_list::test::convert_response ... ok
[INFO] [stdout] test conversations::archive::test::convert_request ... ok
[INFO] [stdout] test chat::update::test::test_update ... ok
[INFO] [stdout] test conversations::accept_shared_invite::test::test_accept_shared_invite ... ok
[INFO] [stdout] test conversations::close::test::convert_request ... ok
[INFO] [stdout] test conversations::accept_shared_invite::test::convert_request ... ok
[INFO] [stdout] test conversations::close::test::convert_response ... ok
[INFO] [stdout] test conversations::close::test::test_close ... ok
[INFO] [stdout] test conversations::create::test::convert_request ... ok
[INFO] [stdout] test conversations::archive::test::test_archive ... ok
[INFO] [stdout] test conversations::approve_shared_invite::test::test_approve_shared_invite ... ok
[INFO] [stdout] test conversations::decline_shared_invite::test::test_decline_shared_invite ... ok
[INFO] [stdout] test conversations::create::test::test_create ... ok
[INFO] [stdout] test conversations::create::test::convert_response ... ok
[INFO] [stdout] test conversations::decline_shared_invite::test::convert_request ... ok
[INFO] [stdout] test conversations::history::test::convert_request ... ok
[INFO] [stdout] test conversations::info::test::convert_response ... ok
[INFO] [stdout] test conversations::history::test::test_history ... ok
[INFO] [stdout] test chat::post_ephemeral::test::convert_response ... ok
[INFO] [stdout] test conversations::info::test::convert_request ... ok
[INFO] [stdout] test chat::update::test::convert_response ... ok
[INFO] [stdout] test chat::update::test::convert_request ... ok
[INFO] [stdout] test conversations::approve_shared_invite::test::convert_request ... ok
[INFO] [stdout] test chat::scheduled_messages_list::test::test_scheduled_messages_list ... ok
[INFO] [stdout] test conversations::accept_shared_invite::test::convert_response ... ok
[INFO] [stdout] test conversations::invite::test::test_invite ... ok
[INFO] [stdout] test conversations::invite::test::convert_response ... ok
[INFO] [stdout] test conversations::leave::test::convert_response ... ok
[INFO] [stdout] test conversations::leave::test::test_leave ... ok
[INFO] [stdout] test conversations::invite_shared::test::convert_request ... ok
[INFO] [stdout] test conversations::invite_shared::test::convert_response ... ok
[INFO] [stdout] test conversations::invite_shared::test::test_invite_shared ... ok
[INFO] [stdout] test conversations::join::test::convert_request ... ok
[INFO] [stdout] test conversations::list::test::convert_response ... ok
[INFO] [stdout] test conversations::kick::test::convert_request ... ok
[INFO] [stdout] test conversations::list::test::convert_request ... ok
[INFO] [stdout] test conversations::leave::test::convert_request ... ok
[INFO] [stdout] test conversations::history::test::convert_response ... ok
[INFO] [stdout] test conversations::invite::test::convert_request ... ok
[INFO] [stdout] test conversations::members::test::convert_response ... ok
[INFO] [stdout] test conversations::open::test::convert_request ... ok
[INFO] [stdout] test conversations::list::test::test_list ... ok
[INFO] [stdout] test conversations::rename::test::convert_request ... ok
[INFO] [stdout] test conversations::kick::test::test_approve_shared_invite ... ok
[INFO] [stdout] test conversations::info::test::test_info ... ok
[INFO] [stdout] test conversations::replies::test::convert_request ... ok
[INFO] [stdout] test conversations::open::test::test_open ... ok
[INFO] [stdout] test conversations::mark::test::convert_request ... ok
[INFO] [stdout] test conversations::replies::test::convert_response ... ok
[INFO] [stdout] test conversations::rename::test::test_rename ... ok
[INFO] [stdout] test conversations::set_topic::test::convert_request ... ok
[INFO] [stdout] test conversations::join::test::convert_response ... ok
[INFO] [stdout] test conversations::mark::test::test_mark ... ok
[INFO] [stdout] test conversations::set_topic::test::convert_response ... ok
[INFO] [stdout] test conversations::join::test::test_join ... ok
[INFO] [stdout] test conversations::set_topic::test::test_set_topic ... ok
[INFO] [stdout] test conversations::members::test::test_members ... ok
[INFO] [stdout] test conversations::open::test::convert_response ... ok
[INFO] [stdout] test conversations::members::test::convert_request ... ok
[INFO] [stdout] test conversations::set_purpose::test::convert_request ... ok
[INFO] [stdout] test conversations::rename::test::convert_response ... ok
[INFO] [stdout] test conversations::replies::test::test_replies ... ok
[INFO] [stdout] test conversations::unarchive::test::test_unarchive ... ok
[INFO] [stdout] test dnd::info::test::convert_request ... ok
[INFO] [stdout] test conversations::set_purpose::test::convert_response ... ok
[INFO] [stdout] test conversations::set_purpose::test::test_set_purpose ... ok
[INFO] [stdout] test dnd::info::test::convert_response ... ok
[INFO] [stdout] test reactions::get::test::convert_request ... ok
[INFO] [stdout] test dnd::info::test::test_info ... ok
[INFO] [stdout] test reactions::get::test::convert_response ... ok
[INFO] [stdout] test reactions::list::test::convert_request ... ok
[INFO] [stdout] test reactions::remove::test::convert_request ... ok
[INFO] [stdout] test reminders::delete::test::test_delete ... ok
[INFO] [stdout] test reactions::get::test::test_get ... ok
[INFO] [stdout] test reactions::list::test::convert_response ... ok
[INFO] [stdout] test reminders::info::test::convert_response ... ok
[INFO] [stdout] test reactions::add::test::convert_request ... ok
[INFO] [stdout] test reminders::info::test::test_info ... ok
[INFO] [stdout] test reminders::complete::test::test_complete ... ok
[INFO] [stdout] test conversations::unarchive::test::convert_request ... ok
[INFO] [stdout] test reminders::list::test::convert_request ... ok
[INFO] [stdout] test reminders::complete::test::convert_request ... ok
[INFO] [stdout] test reactions::add::test::test_add ... ok
[INFO] [stdout] test reminders::list::test::convert_response ... ok
[INFO] [stdout] test socket::event::test::deserialize_disconnect_event ... ok
[INFO] [stdout] test reminders::list::test::test_list ... ok
[INFO] [stdout] test socket::event::test::serialize_acknowledge_message ... ok
[INFO] [stdout] test team::billable_info::test::convert_request ... ok
[INFO] [stdout] test team::billable_info::test::convert_response ... ok
[INFO] [stdout] test reminders::add::test::convert_response ... ok
[INFO] [stdout] test reminders::add::test::test_add ... ok
[INFO] [stdout] test reactions::list::test::test_list ... ok
[INFO] [stdout] test team::access_logs::test::test_access_logs ... ok
[INFO] [stdout] test team::billing_info::test::convert_response ... ok
[INFO] [stdout] test team::access_logs::test::convert_response ... ok
[INFO] [stdout] test team::billing_info::test::test_info ... ok
[INFO] [stdout] test team::billable_info::test::test_billable_info ... ok
[INFO] [stdout] test team::info::test::test_info ... ok
[INFO] [stdout] test reminders::info::test::convert_request ... ok
[INFO] [stdout] test team::info::test::convert_request ... ok
[INFO] [stdout] test team::preferences_list::test::convert_response ... ok
[INFO] [stdout] test reactions::remove::test::test_remove ... ok
[INFO] [stdout] test socket::event::test::deserialize_hello_event ... ok
[INFO] [stdout] test socket::event::test::deserialize_interactive_event ... ok
[INFO] [stdout] test team::profile_get::test::convert_request ... ok
[INFO] [stdout] test team::integration_logs::test::convert_response ... ok
[INFO] [stdout] test socket::event::test::deserialize_events_api ... ok
[INFO] [stdout] test reminders::add::test::convert_request ... ok
[INFO] [stdout] test reminders::delete::test::convert_request ... ok
[INFO] [stdout] test team::integration_logs::test::convert_request ... ok
[INFO] [stdout] test team::integration_logs::test::test_integration_logs ... ok
[INFO] [stdout] test team::profile_get::test::convert_response ... ok
[INFO] [stdout] test usergroups::disable::test::convert_response ... ok
[INFO] [stdout] test team::info::test::convert_response ... ok
[INFO] [stdout] test team::profile_get::test::test_profile_get ... ok
[INFO] [stdout] test usergroups::create::test::convert_request ... ok
[INFO] [stdout] test team::access_logs::test::convert_request ... ok
[INFO] [stdout] test usergroups::enable::test::convert_response ... ok
[INFO] [stdout] test usergroups::disable::test::test_disable ... ok
[INFO] [stdout] test usergroups::disable::test::convert_request ... ok
[INFO] [stdout] test team::preferences_list::test::test_preferences_list ... ok
[INFO] [stdout] test socket::event::test::deserialize_slash_commands_event ... ok
[INFO] [stdout] test usergroups::create::test::test_create ... ok
[INFO] [stdout] test usergroups::list::test::convert_request ... ok
[INFO] [stdout] test usergroups::create::test::convert_response ... ok
[INFO] [stdout] test usergroups::list::test::test_list ... ok
[INFO] [stdout] test usergroups::list::test::convert_response ... ok
[INFO] [stdout] test usergroups::enable::test::test_enable ... ok
[INFO] [stdout] test usergroups::users::list::test::test_list ... ok
[INFO] [stdout] test usergroups::update::test::test_update ... ok
[INFO] [stdout] test usergroups::users::list::test::convert_response ... ok
[INFO] [stdout] test usergroups::update::test::convert_request ... ok
[INFO] [stdout] test users::conversations::test::convert_response ... ok
[INFO] [stdout] test users::conversations::test::convert_request ... ok
[INFO] [stdout] test usergroups::users::list::test::convert_request ... ok
[INFO] [stdout] test usergroups::enable::test::convert_request ... ok
[INFO] [stdout] test users::conversations::test::test_conversations ... ok
[INFO] [stdout] test usergroups::update::test::convert_response ... ok
[INFO] [stdout] test users::get_presence::test::convert_request ... ok
[INFO] [stdout] test users::delete_photo::test::test_delete_photo ... ok
[INFO] [stdout] test usergroups::users::update::test::convert_request ... ok
[INFO] [stdout] test usergroups::users::update::test::convert_response ... ok
[INFO] [stdout] test users::get_presence::test::convert_response ... ok
[INFO] [stdout] test users::identity::test::convert_response ... ok
[INFO] [stdout] test users::info::test::convert_response ... ok
[INFO] [stdout] test users::list::test::convert_response ... ok
[INFO] [stdout] test users::info::test::convert_request ... ok
[INFO] [stdout] test users::set_presence::test::test_set_presence ... ok
[INFO] [stdout] test users::identity::test::test_identity ... ok
[INFO] [stdout] test views::open::test::convert_response ... ok
[INFO] [stdout] test views::publish::test::convert_response ... ok
[INFO] [stdout] test views::publish::test::test_publish ... ok
[INFO] [stdout] test views::publish::test::convert_request ... ok
[INFO] [stdout] test users::info::test::test_info ... ok
[INFO] [stdout] test views::push::test::convert_request ... ok
[INFO] [stdout] test users::list::test::convert_request ... ok
[INFO] [stdout] test usergroups::users::update::test::test_update ... ok
[INFO] [stdout] test users::list::test::test_list ... ok
[INFO] [stdout] test users::lookup_by_email::test::convert_response ... ok
[INFO] [stdout] test users::set_presence::test::convert_request ... ok
[INFO] [stdout] test views::push::test::convert_response ... ok
[INFO] [stdout] test views::open::test::convert_request ... ok
[INFO] [stdout] test views::update::test::convert_request ... ok
[INFO] [stdout] test views::update::test::convert_response ... ok
[INFO] [stdout] test views::open::test::test_open ... ok
[INFO] [stdout] test users::get_presence::test::test_get_presence ... ok
[INFO] [stdout] test views::push::test::test_push ... ok
[INFO] [stdout] test users::lookup_by_email::test::test_lookup_by_email ... ok
[INFO] [stdout] test users::lookup_by_email::test::convert_request ... ok
[INFO] [stdout] test views::update::test::test_update ... ok
[INFO] [stdout] test socket::socket_mode::test::test_socket_mode ... FAILED
[INFO] [stdout] 
[INFO] [stdout] failures:
[INFO] [stdout] 
[INFO] [stdout] ---- socket::socket_mode::test::test_socket_mode stdout ----
[INFO] [stdout] thread 'socket::socket_mode::test::test_socket_mode' panicked at src/socket/socket_mode.rs:355:29:
[INFO] [stdout] socket mode run error.
[INFO] [stdout] stack backtrace:
[INFO] [stdout]    0:     0x5d14aa8a73ea - std::backtrace_rs::backtrace::libunwind::trace::h5a5b8284f2d0c266
[INFO] [stdout]                                at /rustc/90b35a6239c3d8bdabc530a6a0816f7ff89a0aaf/library/std/src/../../backtrace/src/backtrace/libunwind.rs:116:5
[INFO] [stdout]    1:     0x5d14aa8a73ea - std::backtrace_rs::backtrace::trace_unsynchronized::h76d4f1c9b0b875e3
[INFO] [stdout]                                at /rustc/90b35a6239c3d8bdabc530a6a0816f7ff89a0aaf/library/std/src/../../backtrace/src/backtrace/mod.rs:66:5
[INFO] [stdout]    2:     0x5d14aa8a73ea - std::sys::backtrace::_print_fmt::hc4546b8364a537c6
[INFO] [stdout]                                at /rustc/90b35a6239c3d8bdabc530a6a0816f7ff89a0aaf/library/std/src/sys/backtrace.rs:66:9
[INFO] [stdout]    3:     0x5d14aa8a73ea - <std::sys::backtrace::BacktraceLock::print::DisplayBacktrace as core::fmt::Display>::fmt::h5b6bd5631a6d1f6b
[INFO] [stdout]                                at /rustc/90b35a6239c3d8bdabc530a6a0816f7ff89a0aaf/library/std/src/sys/backtrace.rs:39:26
[INFO] [stdout]    4:     0x5d14aa8ce6a3 - core::fmt::rt::Argument::fmt::h270f6602a2b96f62
[INFO] [stdout]                                at /rustc/90b35a6239c3d8bdabc530a6a0816f7ff89a0aaf/library/core/src/fmt/rt.rs:177:76
[INFO] [stdout]    5:     0x5d14aa8ce6a3 - core::fmt::write::h7550c97b06c86515
[INFO] [stdout]                                at /rustc/90b35a6239c3d8bdabc530a6a0816f7ff89a0aaf/library/core/src/fmt/mod.rs:1186:21
[INFO] [stdout]    6:     0x5d14aa8a3a03 - std::io::Write::write_fmt::h509ff860e5956e5e
[INFO] [stdout]                                at /rustc/90b35a6239c3d8bdabc530a6a0816f7ff89a0aaf/library/std/src/io/mod.rs:1839:15
[INFO] [stdout]    7:     0x5d14aa8a7232 - std::sys::backtrace::BacktraceLock::print::h2395ccd2c84ba3aa
[INFO] [stdout]                                at /rustc/90b35a6239c3d8bdabc530a6a0816f7ff89a0aaf/library/std/src/sys/backtrace.rs:42:9
[INFO] [stdout]    8:     0x5d14aa8a884a - std::panicking::default_hook::{{closure}}::he19d4c7230e07961
[INFO] [stdout]                                at /rustc/90b35a6239c3d8bdabc530a6a0816f7ff89a0aaf/library/std/src/panicking.rs:268:22
[INFO] [stdout]    9:     0x5d14aa8a8654 - std::panicking::default_hook::hf614597d3c67bbdb
[INFO] [stdout]                                at /rustc/90b35a6239c3d8bdabc530a6a0816f7ff89a0aaf/library/std/src/panicking.rs:292:9
[INFO] [stdout]   10:     0x5d14aa3e7809 - <alloc::boxed::Box<F,A> as core::ops::function::Fn<Args>>::call::h39b51ce4599c23d1
[INFO] [stdout]                                at /rustc/90b35a6239c3d8bdabc530a6a0816f7ff89a0aaf/library/alloc/src/boxed.rs:2468:9
[INFO] [stdout]   11:     0x5d14aa3e7809 - test::test_main::{{closure}}::he977ae839a582784
[INFO] [stdout]                                at /rustc/90b35a6239c3d8bdabc530a6a0816f7ff89a0aaf/library/test/src/lib.rs:133:21
[INFO] [stdout]   12:     0x5d14aa8a8ee8 - <alloc::boxed::Box<F,A> as core::ops::function::Fn<Args>>::call::h9455091b6b06f9fb
[INFO] [stdout]                                at /rustc/90b35a6239c3d8bdabc530a6a0816f7ff89a0aaf/library/alloc/src/boxed.rs:2468:9
[INFO] [stdout]   13:     0x5d14aa8a8ee8 - std::panicking::rust_panic_with_hook::h8942133a8b252070
[INFO] [stdout]                                at /rustc/90b35a6239c3d8bdabc530a6a0816f7ff89a0aaf/library/std/src/panicking.rs:809:13
[INFO] [stdout]   14:     0x5d14aa3a1ada - std::panicking::begin_panic::{{closure}}::h0db415dd93905886
[INFO] [stdout]                                at /rustc/90b35a6239c3d8bdabc530a6a0816f7ff89a0aaf/library/std/src/panicking.rs:738:9
[INFO] [stdout]   15:     0x5d14aa39f18a - std::sys::backtrace::__rust_end_short_backtrace::had4251261f7bff48
[INFO] [stdout]                                at /rustc/90b35a6239c3d8bdabc530a6a0816f7ff89a0aaf/library/std/src/sys/backtrace.rs:170:18
[INFO] [stdout]   16:     0x5d14aa3a1a85 - std::panicking::begin_panic::hf53ce99f8710dcda
[INFO] [stdout]                                at /rustc/90b35a6239c3d8bdabc530a6a0816f7ff89a0aaf/library/std/src/panicking.rs:737:5
[INFO] [stdout]   17:     0x5d14aa336d05 - slack_rust::socket::socket_mode::test::test_socket_mode::{{closure}}::{{closure}}::h87737aa1d9d6200c
[INFO] [stdout]                                at /opt/rustwide/workdir/src/socket/socket_mode.rs:355:29
[INFO] [stdout]   18:     0x5d14aa25193b - core::result::Result<T,E>::unwrap_or_else::h55e71c51e9191f96
[INFO] [stdout]                                at /rustc/90b35a6239c3d8bdabc530a6a0816f7ff89a0aaf/library/core/src/result.rs:1458:23
[INFO] [stdout]   19:     0x5d14aa336c10 - slack_rust::socket::socket_mode::test::test_socket_mode::{{closure}}::hf33432a6dc7bb2bb
[INFO] [stdout]                                at /opt/rustwide/workdir/src/socket/socket_mode.rs:342:9
[INFO] [stdout]   20:     0x5d14a9d45b22 - <async_std::task::builder::SupportTaskLocals<F> as core::future::future::Future>::poll::{{closure}}::h15f0a655b4b32710
[INFO] [stdout]                                at /opt/rustwide/cargo-home/registry/src/index.crates.io-6f17d22bba15001f/async-std-1.10.0/src/task/builder.rs:199:17
[INFO] [stdout]   21:     0x5d14a9fccbec - async_std::task::task_locals_wrapper::TaskLocalsWrapper::set_current::{{closure}}::h32ef59caebbd3efa
[INFO] [stdout]                                at /opt/rustwide/cargo-home/registry/src/index.crates.io-6f17d22bba15001f/async-std-1.10.0/src/task/task_locals_wrapper.rs:60:13
[INFO] [stdout]   22:     0x5d14a9ca71fa - std::thread::local::LocalKey<T>::try_with::h466d113c7cdb5706
[INFO] [stdout]                                at /rustc/90b35a6239c3d8bdabc530a6a0816f7ff89a0aaf/library/std/src/thread/local.rs:283:12
[INFO] [stdout]   23:     0x5d14a9c91d3a - std::thread::local::LocalKey<T>::with::h16d653976511aa4c
[INFO] [stdout]                                at /rustc/90b35a6239c3d8bdabc530a6a0816f7ff89a0aaf/library/std/src/thread/local.rs:260:9
[INFO] [stdout]   24:     0x5d14a9fc97d8 - async_std::task::task_locals_wrapper::TaskLocalsWrapper::set_current::h984ee309ac5194ff
[INFO] [stdout]                                at /opt/rustwide/cargo-home/registry/src/index.crates.io-6f17d22bba15001f/async-std-1.10.0/src/task/task_locals_wrapper.rs:55:9
[INFO] [stdout]   25:     0x5d14a9d44b91 - <async_std::task::builder::SupportTaskLocals<F> as core::future::future::Future>::poll::h40a21944ed621abf
[INFO] [stdout]                                at /opt/rustwide/cargo-home/registry/src/index.crates.io-6f17d22bba15001f/async-std-1.10.0/src/task/builder.rs:197:13
[INFO] [stdout]   26:     0x5d14aa217224 - <futures_lite::future::Or<F1,F2> as core::future::future::Future>::poll::h31c35d93f375e61f
[INFO] [stdout]                                at /opt/rustwide/cargo-home/registry/src/index.crates.io-6f17d22bba15001f/futures-lite-1.12.0/src/future.rs:526:33
[INFO] [stdout]   27:     0x5d14a9f65659 - async_executor::Executor::run::{{closure}}::hf72eb80ae36cca78
[INFO] [stdout]                                at /opt/rustwide/cargo-home/registry/src/index.crates.io-6f17d22bba15001f/async-executor-1.4.1/src/lib.rs:242:32
[INFO] [stdout]   28:     0x5d14a9f52834 - async_executor::LocalExecutor::run::{{closure}}::ha9715e84e1556cb6
[INFO] [stdout]                                at /opt/rustwide/cargo-home/registry/src/index.crates.io-6f17d22bba15001f/async-executor-1.4.1/src/lib.rs:447:34
[INFO] [stdout]   29:     0x5d14a9efd78c - async_io::driver::block_on::hc014713ba79e3479
[INFO] [stdout]                                at /opt/rustwide/cargo-home/registry/src/index.crates.io-6f17d22bba15001f/async-io-1.6.0/src/driver.rs:142:33
[INFO] [stdout]   30:     0x5d14a9f76fc9 - async_global_executor::reactor::block_on::{{closure}}::haffb4498c321da6c
[INFO] [stdout]                                at /opt/rustwide/cargo-home/registry/src/index.crates.io-6f17d22bba15001f/async-global-executor-2.0.2/src/reactor.rs:3:18
[INFO] [stdout]   31:     0x5d14a9f76459 - async_global_executor::reactor::block_on::hea0640795961b37f
[INFO] [stdout]                                at /opt/rustwide/cargo-home/registry/src/index.crates.io-6f17d22bba15001f/async-global-executor-2.0.2/src/reactor.rs:12:5
[INFO] [stdout]   32:     0x5d14a9fbedab - async_global_executor::executor::block_on::{{closure}}::hba6e4756de5747f6
[INFO] [stdout]                                at /opt/rustwide/cargo-home/registry/src/index.crates.io-6f17d22bba15001f/async-global-executor-2.0.2/src/executor.rs:26:36
[INFO] [stdout]   33:     0x5d14a9cb01e3 - std::thread::local::LocalKey<T>::try_with::h77f2991d2c23be8e
[INFO] [stdout]                                at /rustc/90b35a6239c3d8bdabc530a6a0816f7ff89a0aaf/library/std/src/thread/local.rs:283:12
[INFO] [stdout]   34:     0x5d14a9c957ba - std::thread::local::LocalKey<T>::with::h78ef1ebf0b42d936
[INFO] [stdout]                                at /rustc/90b35a6239c3d8bdabc530a6a0816f7ff89a0aaf/library/std/src/thread/local.rs:260:9
[INFO] [stdout]   35:     0x5d14a9fbd7c4 - async_global_executor::executor::block_on::hf1f091a04e078709
[INFO] [stdout]                                at /opt/rustwide/cargo-home/registry/src/index.crates.io-6f17d22bba15001f/async-global-executor-2.0.2/src/executor.rs:26:5
[INFO] [stdout]   36:     0x5d14a9d67c0c - async_std::task::builder::Builder::blocking::{{closure}}::{{closure}}::h11bed4ae9fc897d9
[INFO] [stdout]                                at /opt/rustwide/cargo-home/registry/src/index.crates.io-6f17d22bba15001f/async-std-1.10.0/src/task/builder.rs:171:25
[INFO] [stdout]   37:     0x5d14a9fce366 - async_std::task::task_locals_wrapper::TaskLocalsWrapper::set_current::{{closure}}::h5b9830a25482ac03
[INFO] [stdout]                                at /opt/rustwide/cargo-home/registry/src/index.crates.io-6f17d22bba15001f/async-std-1.10.0/src/task/task_locals_wrapper.rs:60:13
[INFO] [stdout]   38:     0x5d14a9caa315 - std::thread::local::LocalKey<T>::try_with::h58ad3c9ae18426f9
[INFO] [stdout]                                at /rustc/90b35a6239c3d8bdabc530a6a0816f7ff89a0aaf/library/std/src/thread/local.rs:283:12
[INFO] [stdout]   39:     0x5d14a9c99aba - std::thread::local::LocalKey<T>::with::hef2de0fbf8b74799
[INFO] [stdout]                                at /rustc/90b35a6239c3d8bdabc530a6a0816f7ff89a0aaf/library/std/src/thread/local.rs:260:9
[INFO] [stdout]   40:     0x5d14a9fc8745 - async_std::task::task_locals_wrapper::TaskLocalsWrapper::set_current::h2cf36ed90b0461f5
[INFO] [stdout]                                at /opt/rustwide/cargo-home/registry/src/index.crates.io-6f17d22bba15001f/async-std-1.10.0/src/task/task_locals_wrapper.rs:55:9
[INFO] [stdout]   41:     0x5d14a9d65a66 - async_std::task::builder::Builder::blocking::{{closure}}::ha4c06d10526895e9
[INFO] [stdout]                                at /opt/rustwide/cargo-home/registry/src/index.crates.io-6f17d22bba15001f/async-std-1.10.0/src/task/builder.rs:168:17
[INFO] [stdout]   42:     0x5d14a9ca1253 - std::thread::local::LocalKey<T>::try_with::h2840292e9ef42610
[INFO] [stdout]                                at /rustc/90b35a6239c3d8bdabc530a6a0816f7ff89a0aaf/library/std/src/thread/local.rs:283:12
[INFO] [stdout]   43:     0x5d14a9c99a8a - std::thread::local::LocalKey<T>::with::hef17edf14728b885
[INFO] [stdout]                                at /rustc/90b35a6239c3d8bdabc530a6a0816f7ff89a0aaf/library/std/src/thread/local.rs:260:9
[INFO] [stdout]   44:     0x5d14a9d5ddc4 - async_std::task::builder::Builder::blocking::hb8f5ded20af6ceb1
[INFO] [stdout]                                at /opt/rustwide/cargo-home/registry/src/index.crates.io-6f17d22bba15001f/async-std-1.10.0/src/task/builder.rs:161:9
[INFO] [stdout]   45:     0x5d14a9e2059c - async_std::task::block_on::block_on::h8c07fb2cb6b2a019
[INFO] [stdout]                                at /opt/rustwide/cargo-home/registry/src/index.crates.io-6f17d22bba15001f/async-std-1.10.0/src/task/block_on.rs:33:5
[INFO] [stdout]   46:     0x5d14aa336004 - slack_rust::socket::socket_mode::test::test_socket_mode::h11b93d091ceb2580
[INFO] [stdout]                                at /opt/rustwide/workdir/src/socket/socket_mode.rs:272:5
[INFO] [stdout]   47:     0x5d14aa335fb7 - slack_rust::socket::socket_mode::test::test_socket_mode::{{closure}}::h466e260b6716071d
[INFO] [stdout]                                at /opt/rustwide/workdir/src/socket/socket_mode.rs:272:23
[INFO] [stdout]   48:     0x5d14a9ddaa46 - core::ops::function::FnOnce::call_once::h29839d8e41626fd8
[INFO] [stdout]                                at /rustc/90b35a6239c3d8bdabc530a6a0816f7ff89a0aaf/library/core/src/ops/function.rs:250:5
[INFO] [stdout]   49:     0x5d14aa3ec1cb - core::ops::function::FnOnce::call_once::h109cf8051a59b34e
[INFO] [stdout]                                at /rustc/90b35a6239c3d8bdabc530a6a0816f7ff89a0aaf/library/core/src/ops/function.rs:250:5
[INFO] [stdout]   50:     0x5d14aa3ec1cb - test::__rust_begin_short_backtrace::hf4fff89d377446ba
[INFO] [stdout]                                at /rustc/90b35a6239c3d8bdabc530a6a0816f7ff89a0aaf/library/test/src/lib.rs:621:18
[INFO] [stdout]   51:     0x5d14aa3eba07 - test::run_test_in_process::{{closure}}::h0e39181dd7ee5a43
[INFO] [stdout]                                at /rustc/90b35a6239c3d8bdabc530a6a0816f7ff89a0aaf/library/test/src/lib.rs:644:60
[INFO] [stdout]   52:     0x5d14aa3eba07 - <core::panic::unwind_safe::AssertUnwindSafe<F> as core::ops::function::FnOnce<()>>::call_once::hc5a66a30f0bdfd1f
[INFO] [stdout]                                at /rustc/90b35a6239c3d8bdabc530a6a0816f7ff89a0aaf/library/core/src/panic/unwind_safe.rs:272:9
[INFO] [stdout]   53:     0x5d14aa3eba07 - std::panicking::try::do_call::h873b7cf639554a5e
[INFO] [stdout]                                at /rustc/90b35a6239c3d8bdabc530a6a0816f7ff89a0aaf/library/std/src/panicking.rs:557:40
[INFO] [stdout]   54:     0x5d14aa3eba07 - std::panicking::try::hdb19862fad9c8bd1
[INFO] [stdout]                                at /rustc/90b35a6239c3d8bdabc530a6a0816f7ff89a0aaf/library/std/src/panicking.rs:520:19
[INFO] [stdout]   55:     0x5d14aa3eba07 - std::panic::catch_unwind::h281fe732d236d260
[INFO] [stdout]                                at /rustc/90b35a6239c3d8bdabc530a6a0816f7ff89a0aaf/library/std/src/panic.rs:358:14
[INFO] [stdout]   56:     0x5d14aa3eba07 - test::run_test_in_process::h949b6df8457ed338
[INFO] [stdout]                                at /rustc/90b35a6239c3d8bdabc530a6a0816f7ff89a0aaf/library/test/src/lib.rs:644:27
[INFO] [stdout]   57:     0x5d14aa3eba07 - test::run_test::{{closure}}::h52c556a6d4740e10
[INFO] [stdout]                                at /rustc/90b35a6239c3d8bdabc530a6a0816f7ff89a0aaf/library/test/src/lib.rs:565:43
[INFO] [stdout]   58:     0x5d14aa3b0ce4 - test::run_test::{{closure}}::h4237f6381c45ccb9
[INFO] [stdout]                                at /rustc/90b35a6239c3d8bdabc530a6a0816f7ff89a0aaf/library/test/src/lib.rs:595:41
[INFO] [stdout]   59:     0x5d14aa3b0ce4 - std::sys::backtrace::__rust_begin_short_backtrace::h505c97a579eca628
[INFO] [stdout]                                at /rustc/90b35a6239c3d8bdabc530a6a0816f7ff89a0aaf/library/std/src/sys/backtrace.rs:154:18
[INFO] [stdout]   60:     0x5d14aa3b43ae - std::thread::Builder::spawn_unchecked_::{{closure}}::{{closure}}::h9e86b2e2bc107ea3
[INFO] [stdout]                                at /rustc/90b35a6239c3d8bdabc530a6a0816f7ff89a0aaf/library/std/src/thread/mod.rs:538:17
[INFO] [stdout]   61:     0x5d14aa3b43ae - <core::panic::unwind_safe::AssertUnwindSafe<F> as core::ops::function::FnOnce<()>>::call_once::h8b06ddb275ff4a25
[INFO] [stdout]                                at /rustc/90b35a6239c3d8bdabc530a6a0816f7ff89a0aaf/library/core/src/panic/unwind_safe.rs:272:9
[INFO] [stdout]   62:     0x5d14aa3b43ae - std::panicking::try::do_call::hb26ecd7cd9a9355d
[INFO] [stdout]                                at /rustc/90b35a6239c3d8bdabc530a6a0816f7ff89a0aaf/library/std/src/panicking.rs:557:40
[INFO] [stdout]   63:     0x5d14aa3b43ae - std::panicking::try::h8ddeca9d705f9069
[INFO] [stdout]                                at /rustc/90b35a6239c3d8bdabc530a6a0816f7ff89a0aaf/library/std/src/panicking.rs:520:19
[INFO] [stdout]   64:     0x5d14aa3b43ae - std::panic::catch_unwind::h49e1c33078844c46
[INFO] [stdout]                                at /rustc/90b35a6239c3d8bdabc530a6a0816f7ff89a0aaf/library/std/src/panic.rs:358:14
[INFO] [stdout]   65:     0x5d14aa3b43ae - std::thread::Builder::spawn_unchecked_::{{closure}}::h6073db6ff56ad35d
[INFO] [stdout]                                at /rustc/90b35a6239c3d8bdabc530a6a0816f7ff89a0aaf/library/std/src/thread/mod.rs:537:30
[INFO] [stdout]   66:     0x5d14aa3b43ae - core::ops::function::FnOnce::call_once{{vtable.shim}}::h2c5a5f3779c774f1
[INFO] [stdout]                                at /rustc/90b35a6239c3d8bdabc530a6a0816f7ff89a0aaf/library/core/src/ops/function.rs:250:5
[INFO] [stdout]   67:     0x5d14aa8acd1b - <alloc::boxed::Box<F,A> as core::ops::function::FnOnce<Args>>::call_once::hf75717d9f28faebf
[INFO] [stdout]                                at /rustc/90b35a6239c3d8bdabc530a6a0816f7ff89a0aaf/library/alloc/src/boxed.rs:2454:9
[INFO] [stdout]   68:     0x5d14aa8acd1b - <alloc::boxed::Box<F,A> as core::ops::function::FnOnce<Args>>::call_once::h7bd883a5f3c5f3c1
[INFO] [stdout]                                at /rustc/90b35a6239c3d8bdabc530a6a0816f7ff89a0aaf/library/alloc/src/boxed.rs:2454:9
[INFO] [stdout]   69:     0x5d14aa8acd1b - std::sys::pal::unix::thread::Thread::new::thread_start::hcc78f3943333fa94
[INFO] [stdout]                                at /rustc/90b35a6239c3d8bdabc530a6a0816f7ff89a0aaf/library/std/src/sys/pal/unix/thread.rs:105:17
[INFO] [stdout]   70:     0x7e64701a7ac3 - <unknown>
[INFO] [stdout]   71:     0x7e6470238a04 - clone
[INFO] [stdout]   72:                0x0 - <unknown>
[INFO] [stdout] 
[INFO] [stdout] 
[INFO] [stdout] failures:
[INFO] [stdout]     socket::socket_mode::test::test_socket_mode
[INFO] [stdout] 
[INFO] [stdout] test result: FAILED. 202 passed; 1 failed; 0 ignored; 0 measured; 0 filtered out; finished in 0.30s
[INFO] [stdout] 
[INFO] [stderr] error: test failed, to rerun pass `--lib`
[INFO] running `Command { std: "docker" "inspect" "3147b05239f54389d9f98d60e8e0181517a3006972cd9aafcb541cff02c55b06", kill_on_drop: false }`
[INFO] running `Command { std: "docker" "rm" "-f" "3147b05239f54389d9f98d60e8e0181517a3006972cd9aafcb541cff02c55b06", kill_on_drop: false }`
[INFO] [stdout] 3147b05239f54389d9f98d60e8e0181517a3006972cd9aafcb541cff02c55b06
