[INFO] fetching crate pumps 0.0.4...
[INFO] testing pumps-0.0.4 against beta-2024-12-08 for beta-1.84.0-4-retry
[INFO] extracting crate pumps 0.0.4 into /workspace/builds/worker-4-tc2/source
[INFO] validating manifest of crates.io crate pumps 0.0.4 on toolchain beta-2024-12-08
[INFO] running `Command { std: CARGO_HOME="/workspace/cargo-home" RUSTUP_HOME="/workspace/rustup-home" "/workspace/cargo-home/bin/cargo" "+beta-2024-12-08" "metadata" "--manifest-path" "Cargo.toml" "--no-deps", kill_on_drop: false }`
[INFO] started tweaking crates.io crate pumps 0.0.4
[INFO] finished tweaking crates.io crate pumps 0.0.4
[INFO] tweaked toml for crates.io crate pumps 0.0.4 written to /workspace/builds/worker-4-tc2/source/Cargo.toml
[INFO] running `Command { std: CARGO_HOME="/workspace/cargo-home" RUSTUP_HOME="/workspace/rustup-home" "/workspace/cargo-home/bin/cargo" "+beta-2024-12-08" "generate-lockfile" "--manifest-path" "Cargo.toml", kill_on_drop: false }`
[INFO] [stderr]     Updating crates.io index
[INFO] [stderr]     Blocking waiting for file lock on package cache
[INFO] [stderr]      Locking 51 packages to latest compatible versions
[INFO] running `Command { std: CARGO_HOME="/workspace/cargo-home" RUSTUP_HOME="/workspace/rustup-home" "/workspace/cargo-home/bin/cargo" "+beta-2024-12-08" "fetch" "--manifest-path" "Cargo.toml", kill_on_drop: false }`
[INFO] [stderr]     Blocking waiting for file lock on package cache
[INFO] [stderr]     Blocking waiting for file lock on package cache
[INFO] running `Command { std: "docker" "create" "-v" "/var/lib/crater-agent-workspace/builds/worker-4-tc2/target:/opt/rustwide/target:rw,Z" "-v" "/var/lib/crater-agent-workspace/builds/worker-4-tc2/source:/opt/rustwide/workdir:ro,Z" "-v" "/var/lib/crater-agent-workspace/cargo-home:/opt/rustwide/cargo-home:ro,Z" "-v" "/var/lib/crater-agent-workspace/rustup-home:/opt/rustwide/rustup-home:ro,Z" "-e" "SOURCE_DIR=/opt/rustwide/workdir" "-e" "CARGO_TARGET_DIR=/opt/rustwide/target" "-e" "CARGO_HOME=/opt/rustwide/cargo-home" "-e" "RUSTUP_HOME=/opt/rustwide/rustup-home" "-w" "/opt/rustwide/workdir" "-m" "1610612736" "--user" "0:0" "--network" "none" "ghcr.io/rust-lang/crates-build-env/linux@sha256:f3a9d4ad9d972b27faf3965f35b62e55ba32bbce8f20bc8fe909558a86702fde" "/opt/rustwide/cargo-home/bin/cargo" "+beta-2024-12-08" "metadata" "--no-deps" "--format-version=1", kill_on_drop: false }`
[INFO] [stdout] 1d26064bc56cc22405cb071183c7afefba4fd2959a079ce2bd09f9dbdb0557d2
[INFO] running `Command { std: "docker" "start" "-a" "1d26064bc56cc22405cb071183c7afefba4fd2959a079ce2bd09f9dbdb0557d2", kill_on_drop: false }`
[INFO] running `Command { std: "docker" "inspect" "1d26064bc56cc22405cb071183c7afefba4fd2959a079ce2bd09f9dbdb0557d2", kill_on_drop: false }`
[INFO] running `Command { std: "docker" "rm" "-f" "1d26064bc56cc22405cb071183c7afefba4fd2959a079ce2bd09f9dbdb0557d2", kill_on_drop: false }`
[INFO] [stdout] 1d26064bc56cc22405cb071183c7afefba4fd2959a079ce2bd09f9dbdb0557d2
[INFO] running `Command { std: "docker" "create" "-v" "/var/lib/crater-agent-workspace/builds/worker-4-tc2/target:/opt/rustwide/target:rw,Z" "-v" "/var/lib/crater-agent-workspace/builds/worker-4-tc2/source:/opt/rustwide/workdir:ro,Z" "-v" "/var/lib/crater-agent-workspace/cargo-home:/opt/rustwide/cargo-home:ro,Z" "-v" "/var/lib/crater-agent-workspace/rustup-home:/opt/rustwide/rustup-home:ro,Z" "-e" "SOURCE_DIR=/opt/rustwide/workdir" "-e" "CARGO_TARGET_DIR=/opt/rustwide/target" "-e" "CARGO_INCREMENTAL=0" "-e" "RUST_BACKTRACE=full" "-e" "RUSTFLAGS=--cap-lints=warn" "-e" "RUSTDOCFLAGS=--cap-lints=warn" "-e" "CARGO_HOME=/opt/rustwide/cargo-home" "-e" "RUSTUP_HOME=/opt/rustwide/rustup-home" "-w" "/opt/rustwide/workdir" "-m" "1610612736" "--user" "0:0" "--network" "none" "ghcr.io/rust-lang/crates-build-env/linux@sha256:f3a9d4ad9d972b27faf3965f35b62e55ba32bbce8f20bc8fe909558a86702fde" "/opt/rustwide/cargo-home/bin/cargo" "+beta-2024-12-08" "build" "--frozen" "--message-format=json", kill_on_drop: false }`
[INFO] [stdout] d4812e0160de4aee4350456537e1984478a418169efb5d453b232a2764f3efa8
[INFO] running `Command { std: "docker" "start" "-a" "d4812e0160de4aee4350456537e1984478a418169efb5d453b232a2764f3efa8", kill_on_drop: false }`
[INFO] [stderr]    Compiling autocfg v1.4.0
[INFO] [stderr]    Compiling proc-macro2 v1.0.92
[INFO] [stderr]    Compiling unicode-ident v1.0.14
[INFO] [stderr]    Compiling libc v0.2.168
[INFO] [stderr]    Compiling futures-sink v0.3.31
[INFO] [stderr]    Compiling futures-core v0.3.31
[INFO] [stderr]    Compiling pin-project-lite v0.2.15
[INFO] [stderr]    Compiling parking_lot_core v0.9.10
[INFO] [stderr]    Compiling scopeguard v1.2.0
[INFO] [stderr]    Compiling futures-io v0.3.31
[INFO] [stderr]    Compiling futures-task v0.3.31
[INFO] [stderr]    Compiling pin-utils v0.1.0
[INFO] [stderr]    Compiling smallvec v1.13.2
[INFO] [stderr]    Compiling memchr v2.7.4
[INFO] [stderr]    Compiling cfg-if v1.0.0
[INFO] [stderr]    Compiling bytes v1.9.0
[INFO] [stderr]    Compiling futures-channel v0.3.31
[INFO] [stderr]    Compiling slab v0.4.9
[INFO] [stderr]    Compiling lock_api v0.4.12
[INFO] [stderr]    Compiling quote v1.0.37
[INFO] [stderr]    Compiling mio v1.0.3
[INFO] [stderr]    Compiling signal-hook-registry v1.4.2
[INFO] [stderr]    Compiling socket2 v0.5.8
[INFO] [stderr]    Compiling syn v2.0.90
[INFO] [stderr]    Compiling parking_lot v0.12.3
[INFO] [stderr]    Compiling futures-macro v0.3.31
[INFO] [stderr]    Compiling tokio-macros v2.4.0
[INFO] [stderr]    Compiling tokio v1.42.0
[INFO] [stderr]    Compiling futures-util v0.3.31
[INFO] [stderr]    Compiling futures-executor v0.3.31
[INFO] [stderr]    Compiling futures v0.3.31
[INFO] [stderr]    Compiling pumps v0.0.4 (/opt/rustwide/workdir)
[INFO] [stderr]     Finished `dev` profile [unoptimized + debuginfo] target(s) in 16.23s
[INFO] running `Command { std: "docker" "inspect" "d4812e0160de4aee4350456537e1984478a418169efb5d453b232a2764f3efa8", kill_on_drop: false }`
[INFO] running `Command { std: "docker" "rm" "-f" "d4812e0160de4aee4350456537e1984478a418169efb5d453b232a2764f3efa8", kill_on_drop: false }`
[INFO] [stdout] d4812e0160de4aee4350456537e1984478a418169efb5d453b232a2764f3efa8
[INFO] running `Command { std: "docker" "create" "-v" "/var/lib/crater-agent-workspace/builds/worker-4-tc2/target:/opt/rustwide/target:rw,Z" "-v" "/var/lib/crater-agent-workspace/builds/worker-4-tc2/source:/opt/rustwide/workdir:ro,Z" "-v" "/var/lib/crater-agent-workspace/cargo-home:/opt/rustwide/cargo-home:ro,Z" "-v" "/var/lib/crater-agent-workspace/rustup-home:/opt/rustwide/rustup-home:ro,Z" "-e" "SOURCE_DIR=/opt/rustwide/workdir" "-e" "CARGO_TARGET_DIR=/opt/rustwide/target" "-e" "CARGO_INCREMENTAL=0" "-e" "RUST_BACKTRACE=full" "-e" "RUSTFLAGS=--cap-lints=warn" "-e" "RUSTDOCFLAGS=--cap-lints=warn" "-e" "CARGO_HOME=/opt/rustwide/cargo-home" "-e" "RUSTUP_HOME=/opt/rustwide/rustup-home" "-w" "/opt/rustwide/workdir" "-m" "1610612736" "--user" "0:0" "--network" "none" "ghcr.io/rust-lang/crates-build-env/linux@sha256:f3a9d4ad9d972b27faf3965f35b62e55ba32bbce8f20bc8fe909558a86702fde" "/opt/rustwide/cargo-home/bin/cargo" "+beta-2024-12-08" "test" "--frozen" "--no-run" "--message-format=json", kill_on_drop: false }`
[INFO] [stdout] 70fce4d135d9d04452871509e120e895c46d07b0af1e50ccef26867778a675e1
[INFO] running `Command { std: "docker" "start" "-a" "70fce4d135d9d04452871509e120e895c46d07b0af1e50ccef26867778a675e1", kill_on_drop: false }`
[INFO] [stderr]    Compiling pumps v0.0.4 (/opt/rustwide/workdir)
[INFO] [stderr]     Finished `test` profile [unoptimized + debuginfo] target(s) in 5.34s
[INFO] running `Command { std: "docker" "inspect" "70fce4d135d9d04452871509e120e895c46d07b0af1e50ccef26867778a675e1", kill_on_drop: false }`
[INFO] running `Command { std: "docker" "rm" "-f" "70fce4d135d9d04452871509e120e895c46d07b0af1e50ccef26867778a675e1", kill_on_drop: false }`
[INFO] [stdout] 70fce4d135d9d04452871509e120e895c46d07b0af1e50ccef26867778a675e1
[INFO] running `Command { std: "docker" "create" "-v" "/var/lib/crater-agent-workspace/builds/worker-4-tc2/target:/opt/rustwide/target:rw,Z" "-v" "/var/lib/crater-agent-workspace/builds/worker-4-tc2/source:/opt/rustwide/workdir:ro,Z" "-v" "/var/lib/crater-agent-workspace/cargo-home:/opt/rustwide/cargo-home:ro,Z" "-v" "/var/lib/crater-agent-workspace/rustup-home:/opt/rustwide/rustup-home:ro,Z" "-e" "SOURCE_DIR=/opt/rustwide/workdir" "-e" "CARGO_TARGET_DIR=/opt/rustwide/target" "-e" "CARGO_INCREMENTAL=0" "-e" "RUST_BACKTRACE=full" "-e" "RUSTFLAGS=--cap-lints=warn" "-e" "RUSTDOCFLAGS=--cap-lints=warn" "-e" "CARGO_HOME=/opt/rustwide/cargo-home" "-e" "RUSTUP_HOME=/opt/rustwide/rustup-home" "-w" "/opt/rustwide/workdir" "-m" "1610612736" "--user" "0:0" "--network" "none" "ghcr.io/rust-lang/crates-build-env/linux@sha256:f3a9d4ad9d972b27faf3965f35b62e55ba32bbce8f20bc8fe909558a86702fde" "/opt/rustwide/cargo-home/bin/cargo" "+beta-2024-12-08" "test" "--frozen", kill_on_drop: false }`
[INFO] [stdout] 6358bd7bedfa80c9b67f3ad827c5076818f6ae0b6a2fb16c3c97ff913f55edcf
[INFO] running `Command { std: "docker" "start" "-a" "6358bd7bedfa80c9b67f3ad827c5076818f6ae0b6a2fb16c3c97ff913f55edcf", kill_on_drop: false }`
[INFO] [stderr]     Finished `test` profile [unoptimized + debuginfo] target(s) in 0.04s
[INFO] [stderr]      Running unittests src/lib.rs (/opt/rustwide/target/debug/deps/pumps-44dc73828de37e84)
[INFO] [stdout] 
[INFO] [stdout] running 30 tests
[INFO] [stdout] test pipeline::tests::test_custom_pump ... ok
[INFO] [stdout] test pipeline::tests::test_pipeline ... ok
[INFO] [stdout] test pumps::backpressure::test::backpressure_buffers_less_from_given_n ... ok
[INFO] [stdout] test pumps::backpressure::test::backpressure_buffers_1_input_at_a_time ... ok
[INFO] [stdout] test pipeline::tests::test_from_iter ... ok
[INFO] [stdout] test pipeline::tests::test_from_stream ... ok
[INFO] [stdout] test pipeline::tests::test_from_futures_channel ... ok
[INFO] [stdout] test pumps::backpressure::test::backpressure_buffers_vecates_when_consumed ... ok
[INFO] [stdout] test pumps::backpressure_with_relief_valve::test::backpressure_with_relief_valve_drops_old_inputs ... ok
[INFO] [stdout] test pumps::backpressure_with_relief_valve::test::backpressure_with_relief_valve_consumer_keeps_up ... ok
[INFO] [stdout] test pumps::backpressure_with_relief_valve::test::backpressure_with_relief_valve_drops_old_inputs_from_the_start ... ok
[INFO] [stdout] test pumps::batch::tests::batch_batches_n_items ... ok
[INFO] [stdout] test pumps::enumerate::tests::enumerate_works ... ok
[INFO] [stdout] test pumps::filter_map::tests::filter_map_works ... ok
[INFO] [stdout] test pumps::flatten::test::flatten_ordered ... ok
[INFO] [stdout] test pumps::map::tests::map_works ... ok
[INFO] [stdout] test pumps::flatten::test::flatten_unordered ... ok
[INFO] [stdout] test pumps::map_ok::tests::map_ok_works ... ok
[INFO] [stdout] test pumps::skip::tests::skip_works ... ok
[INFO] [stdout] test pumps::take::tests::take_works ... ok
[INFO] [stdout] test pumps::map_err::tests::map_err_works ... ok
[INFO] [stdout] test pumps::batch_while_with_expiry::tests::batch_while_batches_while_predicate_is_true ... ok
[INFO] [stdout] test pumps::batch_while_with_expiry::tests::batch_while_with_expiry_batches_while_predicate_is_true ... ok
[INFO] [stdout] test pipeline::tests::panic_handling ... ok
[INFO] [stdout] test pumps::backpressure::test::backpressure_buffers_n_inputs_while_not_consumed ... ok
[INFO] [stdout] test pumps::batch_while_with_expiry::tests::batch_while_with_expiry_emits_batch_on_expire ... ok
[INFO] [stdout] test concurrency_base::test::concurrency_2_unordered ... ok
[INFO] [stdout] test concurrency_base::test::concurrency_2_ordered ... ok
[INFO] [stdout] test concurrency_base::test::concurrency_2_ordered_stops_without_consumer ... ok
[INFO] [stdout] test concurrency_base::test::serial ... ok
[INFO] [stdout] 
[INFO] [stdout] test result: ok. 30 passed; 0 failed; 0 ignored; 0 measured; 0 filtered out; finished in 0.61s
[INFO] [stdout] 
[INFO] [stderr]    Doc-tests pumps
[INFO] [stdout] 
[INFO] [stdout] running 20 tests
[INFO] [stdout] test src/lib.rs - (line 41) ... ignored
[INFO] [stdout] test src/pipeline.rs - pipeline::Pipeline<Out>::pump (line 136) ... ok
[INFO] [stdout] test src/concurrency.rs - concurrency::Concurrency (line 12) ... ok
[INFO] [stdout] test src/lib.rs - (line 15) ... FAILED
[INFO] [stdout] test src/pipeline.rs - pipeline::Pipeline (line 35) ... FAILED
[INFO] [stdout] test src/pumps/pump.rs - pumps::pump::Pump (line 5) ... ok
[INFO] [stdout] test src/pipeline.rs - pipeline::Pipeline<Out>::batch_while_with_expiry (line 307) ... ok
[INFO] [stdout] test src/pipeline.rs - pipeline::Pipeline<Out>::backpressure (line 371) ... FAILED
[INFO] [stdout] test src/lib.rs - (line 74) ... ok
[INFO] [stdout] test src/lib.rs - (line 126) ... ok
[INFO] [stdout] test src/pipeline.rs - pipeline::Pipeline<Out>::batch_while (line 263) ... ok
[INFO] [stdout] test src/pipeline.rs - pipeline::Pipeline (line 55) ... ok
[INFO] [stdout] test src/pipeline.rs - pipeline::Pipeline<Out>::enumerate (line 218) ... ok
[INFO] [stdout] test src/pipeline.rs - pipeline::Pipeline<Out>::batch (line 239) ... ok
[INFO] [stdout] test src/lib.rs - (line 110) ... ok
[INFO] [stdout] test src/pipeline.rs - pipeline::Pipeline<Out>::map (line 156) ... ok
[INFO] [stdout] test src/pipeline.rs - pipeline::Pipeline<Out>::filter_map (line 189) ... ok
[INFO] [stdout] test src/pipeline.rs - pipeline::Pipeline<Result<OutOk,OutErr>>::map_err (line 494) ... ok
[INFO] [stdout] test src/pipeline.rs - pipeline::Pipeline<Pipeline<Out>>::flatten (line 435) ... ok
[INFO] [stdout] test src/pipeline.rs - pipeline::Pipeline<Result<OutOk,OutErr>>::map_ok (line 459) ... ok
[INFO] [stdout] 
[INFO] [stdout] failures:
[INFO] [stdout] 
[INFO] [stdout] ---- src/lib.rs - (line 15) stdout ----
[INFO] [stdout] Couldn't compile the test.
[INFO] [stdout] ---- src/pipeline.rs - pipeline::Pipeline (line 35) stdout ----
[INFO] [stdout] Couldn't compile the test.
[INFO] [stdout] ---- src/pipeline.rs - pipeline::Pipeline<Out>::backpressure (line 371) stdout ----
[INFO] [stdout] Couldn't compile the test.
[INFO] [stdout] 
[INFO] [stdout] failures:
[INFO] [stdout]     src/lib.rs - (line 15)
[INFO] [stdout]     src/pipeline.rs - pipeline::Pipeline (line 35)
[INFO] [stdout]     src/pipeline.rs - pipeline::Pipeline<Out>::backpressure (line 371)
[INFO] [stdout] 
[INFO] [stdout] test result: FAILED. 16 passed; 3 failed; 1 ignored; 0 measured; 0 filtered out; finished in 4.86s
[INFO] [stdout] 
[INFO] [stderr] error: doctest failed, to rerun pass `--doc`
[INFO] running `Command { std: "docker" "inspect" "6358bd7bedfa80c9b67f3ad827c5076818f6ae0b6a2fb16c3c97ff913f55edcf", kill_on_drop: false }`
[INFO] running `Command { std: "docker" "rm" "-f" "6358bd7bedfa80c9b67f3ad827c5076818f6ae0b6a2fb16c3c97ff913f55edcf", kill_on_drop: false }`
[INFO] [stdout] 6358bd7bedfa80c9b67f3ad827c5076818f6ae0b6a2fb16c3c97ff913f55edcf
